{"id":18210,"date":"2025-01-13T15:19:56","date_gmt":"2025-01-13T15:19:56","guid":{"rendered":"https:\/\/aivlisoft.com\/?post_type=product&#038;p=18210"},"modified":"2025-01-14T20:19:54","modified_gmt":"2025-01-14T20:19:54","slug":"edimax-ew-7822umx-adapter-wifi6-ax1800-usb-3-0","status":"publish","type":"product","link":"https:\/\/aivlisoft.net\/shop\/producto\/edimax-ew-7822umx-adapter-wifi6-ax1800-usb-3-0\/","title":{"rendered":"Edimax EW-7822UMX Adapter WiFi6 AX1800 USB 3.0"},"content":{"rendered":"<p><strong>AX1800 Wi-Fi 6 Velocidad ultrarr&aacute;pida<\/strong>: M&aacute;x. velocidad de transferencia de datos de hasta 1201 Mbps (5 GHz) y 573 Mbps (2,4 GHz)<\/p>\n<p><strong>Tecnolog&iacute;a 802.11ax de alto rendimiento:<\/strong> compatible con OFDMA y MU-MIMO, lo que permite una mayor eficiencia Wi-Fi<\/p>\n<p><strong>Wi-Fi seguro:<\/strong> Seguridad Wi-Fi de alto nivel compatible con WPA3-SAE (Personal), 802.1x, WEP, WPA TKIP y WPA2 AES\/modo mixto para PSK y TLS<\/p>\n<p><strong>F&aacute;cil instalaci&oacute;n:<\/strong> instalaci&oacute;n simple y r&aacute;pida en 3 pasos a trav&eacute;s de un puerto USB 3.0<\/p>\n<p><strong>Actualizaci&oacute;n instant&aacute;nea a Wi-Fi 6:<\/strong> agregue Wi-Fi 6 de manera simple y r&aacute;pida a su PC y computadora port&aacute;til a trav&eacute;s del puerto USB<\/p>\n<p><strong>Amplia compatibilidad: <\/strong>funciona con cualquier enrutador\/AP\/extensor Wi-Fi y cumple con los est&aacute;ndares 802.11a\/b\/g\/n\/ac.<\/p>\n<p><strong>Compatible <\/strong>con sistema operativo Windows 10 y Linux<\/p>\n<p><strong>Excelente para juegos, video HD, m&uacute;sica de alta calidad y transferencias de archivos grandes<\/strong><br \/>&nbsp;<\/p>\n<table class=\"tabla_caracteristicas k-table\" width=\"100%\">\n<tr>\n<td valign=\"top\"><strong>Marca<\/strong><\/td>\n<td>Edimax<\/td>\n<\/tr>\n<tr>\n<td><strong>Modelo<\/strong><\/td>\n<td><strong>EW-7822UMX<\/strong><\/td>\n<\/tr>\n<tr>\n<td><strong>Hardware<\/strong><\/td>\n<td>&#8211; Interfaz: 1 x USB 3.0 Tipo A<br \/>\t\t\t&#8211; Indicador LED: 1 x LED de enlace\/actividad<br \/>\t\t\t&#8211; Antena: 2 x antena PIFA interna (2T2R)<br \/>\t\t\t&#8211; Dimensiones: 103,6 (largo) x 30,1 (ancho) x 15 (alto) mm (4,08 (largo) x 1,19 (ancho) x 0,59 (alto) pulgadas)<br \/>\t\t\t&#8211; Peso: 25 g<\/td>\n<\/tr>\n<tr>\n<td><strong>Inal&aacute;mbricas<\/strong><\/td>\n<td>&#8211; Est&aacute;ndar<br \/>\t\t\t&nbsp; 2,4 GHz: IEEE 802.11b, 802,11g, 802.11n<br \/>\t\t\t&nbsp; 5 GHz: IEEE 802.11ax, 802.11ac, 802.11a, 802.11n<br \/>\t\t\t&#8211; Banda de frecuencia<br \/>\t\t\t&nbsp; 2,4 GHz: 2,4000~2,4835 GHz<br \/>\t\t\t&nbsp; 5GHz: 5.150~5.825GHz<br \/>\t\t\t&nbsp; *Sujeto a las regulaciones locales.<br \/>\t\t\t&#8211; Velocidad m&aacute;xima de datos<br \/>\t\t\t&nbsp; 11a: Hasta 54 Mbps<br \/>\t\t\t&nbsp; 11b: Hasta 11 Mbps<br \/>\t\t\t&nbsp; 11g: Hasta 54Mbps<br \/>\t\t\t&nbsp; 11n: Hasta 400Mbps<br \/>\t\t\t&nbsp; 11ac: Hasta 867 Mbps<br \/>\t\t\t&nbsp; 11ax (2,4 GHz): hasta 574 Mbps<br \/>\t\t\t&nbsp; 11ax (5GHz): Hasta 1201Mbps<br \/>\t\t\t&#8211; Potencia de salida 2,4 GHz:<br \/>\t\t\t&nbsp; 11b(11M): 18&plusmn;1.5dBm<br \/>\t\t\t&nbsp; 11g(54M): 15&plusmn;1.5dBm<br \/>\t\t\t&nbsp; 11n(20MHz, MCS7): 13&plusmn;1.5dBm<br \/>\t\t\t&nbsp; 11n(40MHz, MCS7): 13&plusmn;1.5dBm<br \/>\t\t\t&#8211; Potencia de salida 5GHz:<br \/>\t\t\t&nbsp; 11a(54M): 15&plusmn;1.5dBm<br \/>\t\t\t&nbsp; 11n(20MHz, MCS7): 13&plusmn;1.5dBm<br \/>\t\t\t&nbsp; 11n(40MHz, MCS7): 13&plusmn;1.5dBm<br \/>\t\t\t&nbsp; 11ac(80MHz, VHTMCS9): 12&plusmn;1.5dBm<br \/>\t\t\t&#8211; Sensibilidad del receptor 2,4 GHz:<br \/>\t\t\t&nbsp; 11b(11M): -80&plusmn;2dBm<br \/>\t\t\t&nbsp; 11g(54M): -68&plusmn;2dBm<br \/>\t\t\t&nbsp; 11n(20MHz, MCS7): -66&plusmn;2dBm<br \/>\t\t\t&nbsp; 11n(40MHz, MCS7): -65&plusmn;2dBm<br \/>\t\t\t&#8211; Sensibilidad del receptor 5 GHz:<br \/>\t\t\t&nbsp; 11a(54M): -68&plusmn;2dBm<br \/>\t\t\t&nbsp; 11n(20MHz, MCS7): -65&plusmn;2dBm<br \/>\t\t\t&nbsp; 11n(40MHz, MCS7): -62&plusmn;2dBm<br \/>\t\t\t&nbsp; 11ac(80MHz, VHTMCS9): -52&plusmn;2dBm<br \/>\t\t\t&#8211; Requisitos del sistema<br \/>\t\t\t&nbsp; WPA3-SAE (Personal), 802.1x, WEP, WPA TKIP y WPA2 AES\/modo mixto para PSK y TLS<br \/>\t\t\t&nbsp; Software WPS (Configuraci&oacute;n Wi-Fi Protegida)<\/td>\n<\/tr>\n<tr>\n<td><strong>Otras Caracter&iacute;sticas<\/strong><\/td>\n<td>&#8211; Requisitos del sistema<br \/>\t\t\t&nbsp; Windows 10<br \/>\t\t\t&nbsp; Linux: Kernel 3.13 &#8211; 5.9 (solo compatible con Fedora y Ubuntu)<br \/>\t\t\t&nbsp; *La informaci&oacute;n adicional de la versi&oacute;n se anunciar&aacute; en el sitio web de EDIMAX.<br \/>\t\t\t&#8211; Temperatura de la condici&oacute;n ambiental:<br \/>\t\t\t&nbsp; Temperatura de funcionamiento: 0~40&deg;C (32~104&deg;F)<br \/>\t\t\t&nbsp; Temperatura de almacenamiento: -20~65&deg;C (-4~149&deg;F)<br \/>\t\t\t&#8211; Humedad:<br \/>\t\t\t&nbsp; Humedad de funcionamiento: 10~90 % (sin condensaci&oacute;n)<br \/>\t\t\t&nbsp; Humedad de almacenamiento: 10~90 % (sin condensaci&oacute;n)<br \/>\t\t\t&#8211; Certificaci&oacute;n: CE, FCC, BSMI, NCC<\/td>\n<\/tr>\n<tr>\n<td><strong>Fecha de revisi&oacute;n<\/strong><\/td>\n<td>07-09-2022 por MPM<\/td>\n<\/tr>\n<\/table>\n<p><br class=\"k-br\" \/>&nbsp;<\/p>\n","protected":false},"excerpt":{"rendered":"<p>AX1800 Wi-Fi 6 Velocidad ultrarr&aacute;pida: M&aacute;x. velocidad de transferencia de datos de hasta 1201 Mbps (5 GHz) y 573 Mbps (2,4 GHz) Tecnolog&iacute;a 802.11ax de alto rendimiento: compatible con OFDMA y MU-MIMO, lo que permite una mayor eficiencia Wi-Fi Wi-Fi seguro: Seguridad Wi-Fi de alto nivel compatible con WPA3-SAE (Personal), 802.1x, WEP, WPA TKIP y&hellip;&nbsp;<a href=\"https:\/\/aivlisoft.net\/shop\/producto\/edimax-ew-7822umx-adapter-wifi6-ax1800-usb-3-0\/\" rel=\"bookmark\"><span class=\"screen-reader-text\">Edimax EW-7822UMX Adapter WiFi6 AX1800 USB 3.0<\/span><\/a><\/p>\n","protected":false},"featured_media":18211,"template":"","meta":{"neve_meta_sidebar":"","neve_meta_container":"","neve_meta_enable_content_width":"","neve_meta_content_width":0,"neve_meta_title_alignment":"","neve_meta_author_avatar":"","neve_post_elements_order":"","neve_meta_disable_header":"","neve_meta_disable_footer":"","neve_meta_disable_title":""},"product_brand":[],"product_cat":[15,1399,8705,8702],"product_tag":[6664],"class_list":{"0":"post-18210","1":"product","2":"type-product","3":"status-publish","4":"has-post-thumbnail","6":"product_cat-sin-categorizar","7":"product_cat-accesorios-redes","8":"product_cat-accesorios-redes-wifi","9":"product_cat-herramientasconectores-redes","10":"product_tag-ew-7822umx","12":"first","13":"instock","14":"taxable","15":"shipping-taxable","16":"purchasable","17":"product-type-simple"},"yoast_head":"<!-- This site is optimized with the Yoast SEO plugin v26.0 - https:\/\/yoast.com\/wordpress\/plugins\/seo\/ -->\n<title>Edimax EW-7822UMX Adapter WiFi6 AX1800 USB 3.0 - Aivlisoft Inform\u00e1tica<\/title>\n<meta name=\"robots\" content=\"index, follow, max-snippet:-1, max-image-preview:large, max-video-preview:-1\" \/>\n<link rel=\"canonical\" href=\"https:\/\/aivlisoft.net\/shop\/producto\/edimax-ew-7822umx-adapter-wifi6-ax1800-usb-3-0\/\" \/>\n<meta property=\"og:locale\" content=\"es_ES\" \/>\n<meta property=\"og:type\" content=\"article\" \/>\n<meta property=\"og:title\" content=\"Edimax EW-7822UMX Adapter WiFi6 AX1800 USB 3.0 - Aivlisoft Inform\u00e1tica\" \/>\n<meta property=\"og:description\" content=\"AX1800 Wi-Fi 6 Velocidad ultrarr&aacute;pida: M&aacute;x. velocidad de transferencia de datos de hasta 1201 Mbps (5 GHz) y 573 Mbps (2,4 GHz) Tecnolog&iacute;a 802.11ax de alto rendimiento: compatible con OFDMA y MU-MIMO, lo que permite una mayor eficiencia Wi-Fi Wi-Fi seguro: Seguridad Wi-Fi de alto nivel compatible con WPA3-SAE (Personal), 802.1x, WEP, WPA TKIP y&hellip;&nbsp;Edimax EW-7822UMX Adapter WiFi6 AX1800 USB 3.0\" \/>\n<meta property=\"og:url\" content=\"https:\/\/aivlisoft.net\/shop\/producto\/edimax-ew-7822umx-adapter-wifi6-ax1800-usb-3-0\/\" \/>\n<meta property=\"og:site_name\" content=\"Aivlisoft Inform\u00e1tica\" \/>\n<meta property=\"article:modified_time\" content=\"2025-01-14T20:19:54+00:00\" \/>\n<meta property=\"og:image\" content=\"https:\/\/aivlisoft.net\/shop\/wp-content\/uploads\/2025\/01\/NADAIN0279_800.jpg\" \/>\n\t<meta property=\"og:image:width\" content=\"800\" \/>\n\t<meta property=\"og:image:height\" content=\"800\" \/>\n\t<meta property=\"og:image:type\" content=\"image\/jpeg\" \/>\n<meta name=\"twitter:card\" content=\"summary_large_image\" \/>\n<meta name=\"twitter:label1\" content=\"Tiempo de lectura\" \/>\n\t<meta name=\"twitter:data1\" content=\"3 minutos\" \/>\n<script type=\"application\/ld+json\" class=\"yoast-schema-graph\">{\"@context\":\"https:\/\/schema.org\",\"@graph\":[{\"@type\":\"WebPage\",\"@id\":\"https:\/\/aivlisoft.net\/shop\/producto\/edimax-ew-7822umx-adapter-wifi6-ax1800-usb-3-0\/\",\"url\":\"https:\/\/aivlisoft.net\/shop\/producto\/edimax-ew-7822umx-adapter-wifi6-ax1800-usb-3-0\/\",\"name\":\"Edimax EW-7822UMX Adapter WiFi6 AX1800 USB 3.0 - Aivlisoft Inform\u00e1tica\",\"isPartOf\":{\"@id\":\"https:\/\/aivlisoft.net\/shop\/#website\"},\"primaryImageOfPage\":{\"@id\":\"https:\/\/aivlisoft.net\/shop\/producto\/edimax-ew-7822umx-adapter-wifi6-ax1800-usb-3-0\/#primaryimage\"},\"image\":{\"@id\":\"https:\/\/aivlisoft.net\/shop\/producto\/edimax-ew-7822umx-adapter-wifi6-ax1800-usb-3-0\/#primaryimage\"},\"thumbnailUrl\":\"https:\/\/aivlisoft.net\/shop\/wp-content\/uploads\/2025\/01\/NADAIN0279_800.jpg\",\"datePublished\":\"2025-01-13T15:19:56+00:00\",\"dateModified\":\"2025-01-14T20:19:54+00:00\",\"breadcrumb\":{\"@id\":\"https:\/\/aivlisoft.net\/shop\/producto\/edimax-ew-7822umx-adapter-wifi6-ax1800-usb-3-0\/#breadcrumb\"},\"inLanguage\":\"es\",\"potentialAction\":[{\"@type\":\"ReadAction\",\"target\":[\"https:\/\/aivlisoft.net\/shop\/producto\/edimax-ew-7822umx-adapter-wifi6-ax1800-usb-3-0\/\"]}]},{\"@type\":\"ImageObject\",\"inLanguage\":\"es\",\"@id\":\"https:\/\/aivlisoft.net\/shop\/producto\/edimax-ew-7822umx-adapter-wifi6-ax1800-usb-3-0\/#primaryimage\",\"url\":\"https:\/\/aivlisoft.net\/shop\/wp-content\/uploads\/2025\/01\/NADAIN0279_800.jpg\",\"contentUrl\":\"https:\/\/aivlisoft.net\/shop\/wp-content\/uploads\/2025\/01\/NADAIN0279_800.jpg\",\"width\":800,\"height\":800},{\"@type\":\"BreadcrumbList\",\"@id\":\"https:\/\/aivlisoft.net\/shop\/producto\/edimax-ew-7822umx-adapter-wifi6-ax1800-usb-3-0\/#breadcrumb\",\"itemListElement\":[{\"@type\":\"ListItem\",\"position\":1,\"name\":\"Portada\",\"item\":\"https:\/\/aivlisoft.net\/shop\/\"},{\"@type\":\"ListItem\",\"position\":2,\"name\":\"Tienda\",\"item\":\"https:\/\/aivlisoft.net\/shop\/tienda\/\"},{\"@type\":\"ListItem\",\"position\":3,\"name\":\"Edimax EW-7822UMX Adapter WiFi6 AX1800 USB 3.0\"}]},{\"@type\":\"WebSite\",\"@id\":\"https:\/\/aivlisoft.net\/shop\/#website\",\"url\":\"https:\/\/aivlisoft.net\/shop\/\",\"name\":\"Aivlisoft Inform\u00e1tica\",\"description\":\"En Aivlisoft Inform\u00e1tica ofrecemos soluciones tecnol\u00f3gicas para empresas: venta de ordenadores, consumibles, perif\u00e9ricos y m\u00e1s. Calidad, atenci\u00f3n personalizada y los mejores precios para tu negocio.\",\"publisher\":{\"@id\":\"https:\/\/aivlisoft.net\/shop\/#organization\"},\"potentialAction\":[{\"@type\":\"SearchAction\",\"target\":{\"@type\":\"EntryPoint\",\"urlTemplate\":\"https:\/\/aivlisoft.net\/shop\/?s={search_term_string}\"},\"query-input\":{\"@type\":\"PropertyValueSpecification\",\"valueRequired\":true,\"valueName\":\"search_term_string\"}}],\"inLanguage\":\"es\"},{\"@type\":\"Organization\",\"@id\":\"https:\/\/aivlisoft.net\/shop\/#organization\",\"name\":\"Aivlisoft Inform\u00e1tica\",\"url\":\"https:\/\/aivlisoft.net\/shop\/\",\"logo\":{\"@type\":\"ImageObject\",\"inLanguage\":\"es\",\"@id\":\"https:\/\/aivlisoft.net\/shop\/#\/schema\/logo\/image\/\",\"url\":\"https:\/\/aivlisoft.net\/shop\/wp-content\/uploads\/2024\/12\/removal.ai_5b848c54-0cdf-4140-95c5-c5536bb7573b-logodef.png\",\"contentUrl\":\"https:\/\/aivlisoft.net\/shop\/wp-content\/uploads\/2024\/12\/removal.ai_5b848c54-0cdf-4140-95c5-c5536bb7573b-logodef.png\",\"width\":484,\"height\":182,\"caption\":\"Aivlisoft Inform\u00e1tica\"},\"image\":{\"@id\":\"https:\/\/aivlisoft.net\/shop\/#\/schema\/logo\/image\/\"}}]}<\/script>\n<!-- \/ Yoast SEO plugin. -->","yoast_head_json":{"title":"Edimax EW-7822UMX Adapter WiFi6 AX1800 USB 3.0 - Aivlisoft Inform\u00e1tica","robots":{"index":"index","follow":"follow","max-snippet":"max-snippet:-1","max-image-preview":"max-image-preview:large","max-video-preview":"max-video-preview:-1"},"canonical":"https:\/\/aivlisoft.net\/shop\/producto\/edimax-ew-7822umx-adapter-wifi6-ax1800-usb-3-0\/","og_locale":"es_ES","og_type":"article","og_title":"Edimax EW-7822UMX Adapter WiFi6 AX1800 USB 3.0 - Aivlisoft Inform\u00e1tica","og_description":"AX1800 Wi-Fi 6 Velocidad ultrarr&aacute;pida: M&aacute;x. velocidad de transferencia de datos de hasta 1201 Mbps (5 GHz) y 573 Mbps (2,4 GHz) Tecnolog&iacute;a 802.11ax de alto rendimiento: compatible con OFDMA y MU-MIMO, lo que permite una mayor eficiencia Wi-Fi Wi-Fi seguro: Seguridad Wi-Fi de alto nivel compatible con WPA3-SAE (Personal), 802.1x, WEP, WPA TKIP y&hellip;&nbsp;Edimax EW-7822UMX Adapter WiFi6 AX1800 USB 3.0","og_url":"https:\/\/aivlisoft.net\/shop\/producto\/edimax-ew-7822umx-adapter-wifi6-ax1800-usb-3-0\/","og_site_name":"Aivlisoft Inform\u00e1tica","article_modified_time":"2025-01-14T20:19:54+00:00","og_image":[{"width":800,"height":800,"url":"https:\/\/aivlisoft.net\/shop\/wp-content\/uploads\/2025\/01\/NADAIN0279_800.jpg","type":"image\/jpeg"}],"twitter_card":"summary_large_image","twitter_misc":{"Tiempo de lectura":"3 minutos"},"schema":{"@context":"https:\/\/schema.org","@graph":[{"@type":"WebPage","@id":"https:\/\/aivlisoft.net\/shop\/producto\/edimax-ew-7822umx-adapter-wifi6-ax1800-usb-3-0\/","url":"https:\/\/aivlisoft.net\/shop\/producto\/edimax-ew-7822umx-adapter-wifi6-ax1800-usb-3-0\/","name":"Edimax EW-7822UMX Adapter WiFi6 AX1800 USB 3.0 - Aivlisoft Inform\u00e1tica","isPartOf":{"@id":"https:\/\/aivlisoft.net\/shop\/#website"},"primaryImageOfPage":{"@id":"https:\/\/aivlisoft.net\/shop\/producto\/edimax-ew-7822umx-adapter-wifi6-ax1800-usb-3-0\/#primaryimage"},"image":{"@id":"https:\/\/aivlisoft.net\/shop\/producto\/edimax-ew-7822umx-adapter-wifi6-ax1800-usb-3-0\/#primaryimage"},"thumbnailUrl":"https:\/\/aivlisoft.net\/shop\/wp-content\/uploads\/2025\/01\/NADAIN0279_800.jpg","datePublished":"2025-01-13T15:19:56+00:00","dateModified":"2025-01-14T20:19:54+00:00","breadcrumb":{"@id":"https:\/\/aivlisoft.net\/shop\/producto\/edimax-ew-7822umx-adapter-wifi6-ax1800-usb-3-0\/#breadcrumb"},"inLanguage":"es","potentialAction":[{"@type":"ReadAction","target":["https:\/\/aivlisoft.net\/shop\/producto\/edimax-ew-7822umx-adapter-wifi6-ax1800-usb-3-0\/"]}]},{"@type":"ImageObject","inLanguage":"es","@id":"https:\/\/aivlisoft.net\/shop\/producto\/edimax-ew-7822umx-adapter-wifi6-ax1800-usb-3-0\/#primaryimage","url":"https:\/\/aivlisoft.net\/shop\/wp-content\/uploads\/2025\/01\/NADAIN0279_800.jpg","contentUrl":"https:\/\/aivlisoft.net\/shop\/wp-content\/uploads\/2025\/01\/NADAIN0279_800.jpg","width":800,"height":800},{"@type":"BreadcrumbList","@id":"https:\/\/aivlisoft.net\/shop\/producto\/edimax-ew-7822umx-adapter-wifi6-ax1800-usb-3-0\/#breadcrumb","itemListElement":[{"@type":"ListItem","position":1,"name":"Portada","item":"https:\/\/aivlisoft.net\/shop\/"},{"@type":"ListItem","position":2,"name":"Tienda","item":"https:\/\/aivlisoft.net\/shop\/tienda\/"},{"@type":"ListItem","position":3,"name":"Edimax EW-7822UMX Adapter WiFi6 AX1800 USB 3.0"}]},{"@type":"WebSite","@id":"https:\/\/aivlisoft.net\/shop\/#website","url":"https:\/\/aivlisoft.net\/shop\/","name":"Aivlisoft Inform\u00e1tica","description":"En Aivlisoft Inform\u00e1tica ofrecemos soluciones tecnol\u00f3gicas para empresas: venta de ordenadores, consumibles, perif\u00e9ricos y m\u00e1s. Calidad, atenci\u00f3n personalizada y los mejores precios para tu negocio.","publisher":{"@id":"https:\/\/aivlisoft.net\/shop\/#organization"},"potentialAction":[{"@type":"SearchAction","target":{"@type":"EntryPoint","urlTemplate":"https:\/\/aivlisoft.net\/shop\/?s={search_term_string}"},"query-input":{"@type":"PropertyValueSpecification","valueRequired":true,"valueName":"search_term_string"}}],"inLanguage":"es"},{"@type":"Organization","@id":"https:\/\/aivlisoft.net\/shop\/#organization","name":"Aivlisoft Inform\u00e1tica","url":"https:\/\/aivlisoft.net\/shop\/","logo":{"@type":"ImageObject","inLanguage":"es","@id":"https:\/\/aivlisoft.net\/shop\/#\/schema\/logo\/image\/","url":"https:\/\/aivlisoft.net\/shop\/wp-content\/uploads\/2024\/12\/removal.ai_5b848c54-0cdf-4140-95c5-c5536bb7573b-logodef.png","contentUrl":"https:\/\/aivlisoft.net\/shop\/wp-content\/uploads\/2024\/12\/removal.ai_5b848c54-0cdf-4140-95c5-c5536bb7573b-logodef.png","width":484,"height":182,"caption":"Aivlisoft Inform\u00e1tica"},"image":{"@id":"https:\/\/aivlisoft.net\/shop\/#\/schema\/logo\/image\/"}}]}},"_links":{"self":[{"href":"https:\/\/aivlisoft.net\/shop\/wp-json\/wp\/v2\/product\/18210","targetHints":{"allow":["GET"]}}],"collection":[{"href":"https:\/\/aivlisoft.net\/shop\/wp-json\/wp\/v2\/product"}],"about":[{"href":"https:\/\/aivlisoft.net\/shop\/wp-json\/wp\/v2\/types\/product"}],"wp:featuredmedia":[{"embeddable":true,"href":"https:\/\/aivlisoft.net\/shop\/wp-json\/wp\/v2\/media\/18211"}],"wp:attachment":[{"href":"https:\/\/aivlisoft.net\/shop\/wp-json\/wp\/v2\/media?parent=18210"}],"wp:term":[{"taxonomy":"product_brand","embeddable":true,"href":"https:\/\/aivlisoft.net\/shop\/wp-json\/wp\/v2\/product_brand?post=18210"},{"taxonomy":"product_cat","embeddable":true,"href":"https:\/\/aivlisoft.net\/shop\/wp-json\/wp\/v2\/product_cat?post=18210"},{"taxonomy":"product_tag","embeddable":true,"href":"https:\/\/aivlisoft.net\/shop\/wp-json\/wp\/v2\/product_tag?post=18210"}],"curies":[{"name":"wp","href":"https:\/\/api.w.org\/{rel}","templated":true}]}}