{"id":18207,"date":"2025-01-13T15:19:54","date_gmt":"2025-01-13T15:19:54","guid":{"rendered":"https:\/\/aivlisoft.com\/?post_type=product&#038;p=18207"},"modified":"2025-01-14T20:19:54","modified_gmt":"2025-01-14T20:19:54","slug":"tp-link-tapo-p115-1-pack-wifi-enchufe-int-mini","status":"publish","type":"product","link":"https:\/\/aivlisoft.net\/shop\/producto\/tp-link-tapo-p115-1-pack-wifi-enchufe-int-mini\/","title":{"rendered":"TP-Link Tapo P115 (1-pack) WiFi Enchufe Int. Mini"},"content":{"rendered":"<p><strong>Control remoto: <\/strong>encienda\/apague instant&aacute;neamente los dispositivos conectados donde quiera que est&eacute; a trav&eacute;s de la aplicaci&oacute;n Tapo<br \/><strong>Horario: <\/strong>preestablezca un horario para administrar autom&aacute;ticamente los dispositivos<br \/><strong>Temporizador:<\/strong> cree listas de temporizadores de cuenta regresiva para dispositivos electr&oacute;nicos conectados<br \/><strong>Monitoreo de energ&iacute;a:<\/strong> controle el consumo de energ&iacute;a y el gasto de energ&iacute;a en tiempo real a trav&eacute;s de la aplicaci&oacute;n Tapo<br \/><strong>Control de voz: <\/strong>administre su enchufe inteligente con comandos de voz a trav&eacute;s de Amazon Alexa o el Asistente de Google<br \/><strong>Modo Ausente: <\/strong>enciende y apaga autom&aacute;ticamente los dispositivos en diferentes momentos para dar la apariencia de que alguien est&aacute; en casa<br \/><strong>Dise&ntilde;o compacto: <\/strong>tama&ntilde;o mini para evitar el bloqueo de enchufes adyacentes<br \/><strong>F&aacute;cil configuraci&oacute;n y uso:<\/strong> no se requiere concentrador, configure r&aacute;pidamente y administre f&aacute;cilmente a trav&eacute;s de la aplicaci&oacute;n gratuita<br \/>&nbsp;<\/p>\n<table class=\"tabla_caracteristicas k-table\" width=\"100%\">\n<tr>\n<td valign=\"top\"><strong>Marca<\/strong><\/td>\n<td>TP-Link<\/td>\n<\/tr>\n<tr>\n<td><strong>Modelo<\/strong><\/td>\n<td><strong>Tapo P115(1-pack)<\/strong><\/td>\n<\/tr>\n<tr>\n<td><strong>Inal&aacute;mbricas<\/strong><\/td>\n<td>&#8211; Protocolo: IEEE802.11b\/g\/n<br \/>\t\t\t&#8211; Tipo inal&aacute;mbrico: 2,4 GHz<br \/>\t\t\t&#8211; Requisitos del sistema: Android 4.4 o superior, iOS 10 o superior<\/td>\n<\/tr>\n<tr>\n<td><strong>Otras Caracter&iacute;sticas<\/strong><\/td>\n<td>&#8211; Energ&iacute;a: CA 220-240 V~50\/60 Hz<br \/>\t\t\t&#8211; Carga m&aacute;xima: 3680W, 16A<br \/>\t\t\t&#8211; Dimensiones (alto x ancho x profundidad): 49 x 49 x 60mm<br \/>\t\t\t&#8211; Botones:<br \/>\t\t\t&nbsp; Bot&oacute;n de encendido<br \/>\t\t\t&nbsp; LED de estado<br \/>\t\t\t&#8211; Certificaci&oacute;n: CE RoHS<br \/>\t\t\t&#8211; Temperatura de funcionamiento: 0 &ordm;C&ndash;35 &ordm;C<br \/>\t\t\t&#8211; Humedad de funcionamiento: 10%&ndash;90%HR, sin condensaci&oacute;n<br \/>\t\t\t<strong>Contenidos del paquete:<\/strong><br \/>\t\t\t&#8211; Tapo P115<br \/>\t\t\t&#8211; Gu&iacute;a de inicio r&aacute;pido<\/td>\n<\/tr>\n<tr>\n<td><strong>Fecha de revisi&oacute;n<\/strong><\/td>\n<td>07-09-2022 por MPM<\/td>\n<\/tr>\n<\/table>\n<p><br class=\"k-br\" \/>&nbsp;<\/p>\n","protected":false},"excerpt":{"rendered":"<p>Control remoto: encienda\/apague instant&aacute;neamente los dispositivos conectados donde quiera que est&eacute; a trav&eacute;s de la aplicaci&oacute;n TapoHorario: preestablezca un horario para administrar autom&aacute;ticamente los dispositivosTemporizador: cree listas de temporizadores de cuenta regresiva para dispositivos electr&oacute;nicos conectadosMonitoreo de energ&iacute;a: controle el consumo de energ&iacute;a y el gasto de energ&iacute;a en tiempo real a trav&eacute;s de la&hellip;&nbsp;<a href=\"https:\/\/aivlisoft.net\/shop\/producto\/tp-link-tapo-p115-1-pack-wifi-enchufe-int-mini\/\" rel=\"bookmark\"><span class=\"screen-reader-text\">TP-Link Tapo P115 (1-pack) WiFi Enchufe Int. Mini<\/span><\/a><\/p>\n","protected":false},"featured_media":18208,"template":"","meta":{"neve_meta_sidebar":"","neve_meta_container":"","neve_meta_enable_content_width":"","neve_meta_content_width":0,"neve_meta_title_alignment":"","neve_meta_author_avatar":"","neve_post_elements_order":"","neve_meta_disable_header":"","neve_meta_disable_footer":"","neve_meta_disable_title":""},"product_brand":[],"product_cat":[15,1399,8705,8702],"product_tag":[6663],"class_list":{"0":"post-18207","1":"product","2":"type-product","3":"status-publish","4":"has-post-thumbnail","6":"product_cat-sin-categorizar","7":"product_cat-accesorios-redes","8":"product_cat-accesorios-redes-wifi","9":"product_cat-herramientasconectores-redes","10":"product_tag-tapo-p1151-pack","12":"first","13":"instock","14":"taxable","15":"shipping-taxable","16":"purchasable","17":"product-type-simple"},"yoast_head":"<!-- This site is optimized with the Yoast SEO plugin v26.0 - https:\/\/yoast.com\/wordpress\/plugins\/seo\/ -->\n<title>TP-Link Tapo P115 (1-pack) WiFi Enchufe Int. Mini - Aivlisoft Inform\u00e1tica<\/title>\n<meta name=\"robots\" content=\"index, follow, max-snippet:-1, max-image-preview:large, max-video-preview:-1\" \/>\n<link rel=\"canonical\" href=\"https:\/\/aivlisoft.net\/shop\/producto\/tp-link-tapo-p115-1-pack-wifi-enchufe-int-mini\/\" \/>\n<meta property=\"og:locale\" content=\"es_ES\" \/>\n<meta property=\"og:type\" content=\"article\" \/>\n<meta property=\"og:title\" content=\"TP-Link Tapo P115 (1-pack) WiFi Enchufe Int. Mini - Aivlisoft Inform\u00e1tica\" \/>\n<meta property=\"og:description\" content=\"Control remoto: encienda\/apague instant&aacute;neamente los dispositivos conectados donde quiera que est&eacute; a trav&eacute;s de la aplicaci&oacute;n TapoHorario: preestablezca un horario para administrar autom&aacute;ticamente los dispositivosTemporizador: cree listas de temporizadores de cuenta regresiva para dispositivos electr&oacute;nicos conectadosMonitoreo de energ&iacute;a: controle el consumo de energ&iacute;a y el gasto de energ&iacute;a en tiempo real a trav&eacute;s de la&hellip;&nbsp;TP-Link Tapo P115 (1-pack) WiFi Enchufe Int. Mini\" \/>\n<meta property=\"og:url\" content=\"https:\/\/aivlisoft.net\/shop\/producto\/tp-link-tapo-p115-1-pack-wifi-enchufe-int-mini\/\" \/>\n<meta property=\"og:site_name\" content=\"Aivlisoft Inform\u00e1tica\" \/>\n<meta property=\"article:modified_time\" content=\"2025-01-14T20:19:54+00:00\" \/>\n<meta property=\"og:image\" content=\"https:\/\/aivlisoft.net\/shop\/wp-content\/uploads\/2025\/01\/NADAIN0278_800.jpg\" \/>\n\t<meta property=\"og:image:width\" content=\"800\" \/>\n\t<meta property=\"og:image:height\" content=\"800\" \/>\n\t<meta property=\"og:image:type\" content=\"image\/jpeg\" \/>\n<meta name=\"twitter:card\" content=\"summary_large_image\" \/>\n<meta name=\"twitter:label1\" content=\"Tiempo de lectura\" \/>\n\t<meta name=\"twitter:data1\" content=\"1 minuto\" \/>\n<script type=\"application\/ld+json\" class=\"yoast-schema-graph\">{\"@context\":\"https:\/\/schema.org\",\"@graph\":[{\"@type\":\"WebPage\",\"@id\":\"https:\/\/aivlisoft.net\/shop\/producto\/tp-link-tapo-p115-1-pack-wifi-enchufe-int-mini\/\",\"url\":\"https:\/\/aivlisoft.net\/shop\/producto\/tp-link-tapo-p115-1-pack-wifi-enchufe-int-mini\/\",\"name\":\"TP-Link Tapo P115 (1-pack) WiFi Enchufe Int. Mini - Aivlisoft Inform\u00e1tica\",\"isPartOf\":{\"@id\":\"https:\/\/aivlisoft.net\/shop\/#website\"},\"primaryImageOfPage\":{\"@id\":\"https:\/\/aivlisoft.net\/shop\/producto\/tp-link-tapo-p115-1-pack-wifi-enchufe-int-mini\/#primaryimage\"},\"image\":{\"@id\":\"https:\/\/aivlisoft.net\/shop\/producto\/tp-link-tapo-p115-1-pack-wifi-enchufe-int-mini\/#primaryimage\"},\"thumbnailUrl\":\"https:\/\/aivlisoft.net\/shop\/wp-content\/uploads\/2025\/01\/NADAIN0278_800.jpg\",\"datePublished\":\"2025-01-13T15:19:54+00:00\",\"dateModified\":\"2025-01-14T20:19:54+00:00\",\"breadcrumb\":{\"@id\":\"https:\/\/aivlisoft.net\/shop\/producto\/tp-link-tapo-p115-1-pack-wifi-enchufe-int-mini\/#breadcrumb\"},\"inLanguage\":\"es\",\"potentialAction\":[{\"@type\":\"ReadAction\",\"target\":[\"https:\/\/aivlisoft.net\/shop\/producto\/tp-link-tapo-p115-1-pack-wifi-enchufe-int-mini\/\"]}]},{\"@type\":\"ImageObject\",\"inLanguage\":\"es\",\"@id\":\"https:\/\/aivlisoft.net\/shop\/producto\/tp-link-tapo-p115-1-pack-wifi-enchufe-int-mini\/#primaryimage\",\"url\":\"https:\/\/aivlisoft.net\/shop\/wp-content\/uploads\/2025\/01\/NADAIN0278_800.jpg\",\"contentUrl\":\"https:\/\/aivlisoft.net\/shop\/wp-content\/uploads\/2025\/01\/NADAIN0278_800.jpg\",\"width\":800,\"height\":800},{\"@type\":\"BreadcrumbList\",\"@id\":\"https:\/\/aivlisoft.net\/shop\/producto\/tp-link-tapo-p115-1-pack-wifi-enchufe-int-mini\/#breadcrumb\",\"itemListElement\":[{\"@type\":\"ListItem\",\"position\":1,\"name\":\"Portada\",\"item\":\"https:\/\/aivlisoft.net\/shop\/\"},{\"@type\":\"ListItem\",\"position\":2,\"name\":\"Tienda\",\"item\":\"https:\/\/aivlisoft.net\/shop\/tienda\/\"},{\"@type\":\"ListItem\",\"position\":3,\"name\":\"TP-Link Tapo P115 (1-pack) WiFi Enchufe Int. Mini\"}]},{\"@type\":\"WebSite\",\"@id\":\"https:\/\/aivlisoft.net\/shop\/#website\",\"url\":\"https:\/\/aivlisoft.net\/shop\/\",\"name\":\"Aivlisoft Inform\u00e1tica\",\"description\":\"En Aivlisoft Inform\u00e1tica ofrecemos soluciones tecnol\u00f3gicas para empresas: venta de ordenadores, consumibles, perif\u00e9ricos y m\u00e1s. Calidad, atenci\u00f3n personalizada y los mejores precios para tu negocio.\",\"publisher\":{\"@id\":\"https:\/\/aivlisoft.net\/shop\/#organization\"},\"potentialAction\":[{\"@type\":\"SearchAction\",\"target\":{\"@type\":\"EntryPoint\",\"urlTemplate\":\"https:\/\/aivlisoft.net\/shop\/?s={search_term_string}\"},\"query-input\":{\"@type\":\"PropertyValueSpecification\",\"valueRequired\":true,\"valueName\":\"search_term_string\"}}],\"inLanguage\":\"es\"},{\"@type\":\"Organization\",\"@id\":\"https:\/\/aivlisoft.net\/shop\/#organization\",\"name\":\"Aivlisoft Inform\u00e1tica\",\"url\":\"https:\/\/aivlisoft.net\/shop\/\",\"logo\":{\"@type\":\"ImageObject\",\"inLanguage\":\"es\",\"@id\":\"https:\/\/aivlisoft.net\/shop\/#\/schema\/logo\/image\/\",\"url\":\"https:\/\/aivlisoft.net\/shop\/wp-content\/uploads\/2024\/12\/removal.ai_5b848c54-0cdf-4140-95c5-c5536bb7573b-logodef.png\",\"contentUrl\":\"https:\/\/aivlisoft.net\/shop\/wp-content\/uploads\/2024\/12\/removal.ai_5b848c54-0cdf-4140-95c5-c5536bb7573b-logodef.png\",\"width\":484,\"height\":182,\"caption\":\"Aivlisoft Inform\u00e1tica\"},\"image\":{\"@id\":\"https:\/\/aivlisoft.net\/shop\/#\/schema\/logo\/image\/\"}}]}<\/script>\n<!-- \/ Yoast SEO plugin. -->","yoast_head_json":{"title":"TP-Link Tapo P115 (1-pack) WiFi Enchufe Int. Mini - Aivlisoft Inform\u00e1tica","robots":{"index":"index","follow":"follow","max-snippet":"max-snippet:-1","max-image-preview":"max-image-preview:large","max-video-preview":"max-video-preview:-1"},"canonical":"https:\/\/aivlisoft.net\/shop\/producto\/tp-link-tapo-p115-1-pack-wifi-enchufe-int-mini\/","og_locale":"es_ES","og_type":"article","og_title":"TP-Link Tapo P115 (1-pack) WiFi Enchufe Int. Mini - Aivlisoft Inform\u00e1tica","og_description":"Control remoto: encienda\/apague instant&aacute;neamente los dispositivos conectados donde quiera que est&eacute; a trav&eacute;s de la aplicaci&oacute;n TapoHorario: preestablezca un horario para administrar autom&aacute;ticamente los dispositivosTemporizador: cree listas de temporizadores de cuenta regresiva para dispositivos electr&oacute;nicos conectadosMonitoreo de energ&iacute;a: controle el consumo de energ&iacute;a y el gasto de energ&iacute;a en tiempo real a trav&eacute;s de la&hellip;&nbsp;TP-Link Tapo P115 (1-pack) WiFi Enchufe Int. Mini","og_url":"https:\/\/aivlisoft.net\/shop\/producto\/tp-link-tapo-p115-1-pack-wifi-enchufe-int-mini\/","og_site_name":"Aivlisoft Inform\u00e1tica","article_modified_time":"2025-01-14T20:19:54+00:00","og_image":[{"width":800,"height":800,"url":"https:\/\/aivlisoft.net\/shop\/wp-content\/uploads\/2025\/01\/NADAIN0278_800.jpg","type":"image\/jpeg"}],"twitter_card":"summary_large_image","twitter_misc":{"Tiempo de lectura":"1 minuto"},"schema":{"@context":"https:\/\/schema.org","@graph":[{"@type":"WebPage","@id":"https:\/\/aivlisoft.net\/shop\/producto\/tp-link-tapo-p115-1-pack-wifi-enchufe-int-mini\/","url":"https:\/\/aivlisoft.net\/shop\/producto\/tp-link-tapo-p115-1-pack-wifi-enchufe-int-mini\/","name":"TP-Link Tapo P115 (1-pack) WiFi Enchufe Int. Mini - Aivlisoft Inform\u00e1tica","isPartOf":{"@id":"https:\/\/aivlisoft.net\/shop\/#website"},"primaryImageOfPage":{"@id":"https:\/\/aivlisoft.net\/shop\/producto\/tp-link-tapo-p115-1-pack-wifi-enchufe-int-mini\/#primaryimage"},"image":{"@id":"https:\/\/aivlisoft.net\/shop\/producto\/tp-link-tapo-p115-1-pack-wifi-enchufe-int-mini\/#primaryimage"},"thumbnailUrl":"https:\/\/aivlisoft.net\/shop\/wp-content\/uploads\/2025\/01\/NADAIN0278_800.jpg","datePublished":"2025-01-13T15:19:54+00:00","dateModified":"2025-01-14T20:19:54+00:00","breadcrumb":{"@id":"https:\/\/aivlisoft.net\/shop\/producto\/tp-link-tapo-p115-1-pack-wifi-enchufe-int-mini\/#breadcrumb"},"inLanguage":"es","potentialAction":[{"@type":"ReadAction","target":["https:\/\/aivlisoft.net\/shop\/producto\/tp-link-tapo-p115-1-pack-wifi-enchufe-int-mini\/"]}]},{"@type":"ImageObject","inLanguage":"es","@id":"https:\/\/aivlisoft.net\/shop\/producto\/tp-link-tapo-p115-1-pack-wifi-enchufe-int-mini\/#primaryimage","url":"https:\/\/aivlisoft.net\/shop\/wp-content\/uploads\/2025\/01\/NADAIN0278_800.jpg","contentUrl":"https:\/\/aivlisoft.net\/shop\/wp-content\/uploads\/2025\/01\/NADAIN0278_800.jpg","width":800,"height":800},{"@type":"BreadcrumbList","@id":"https:\/\/aivlisoft.net\/shop\/producto\/tp-link-tapo-p115-1-pack-wifi-enchufe-int-mini\/#breadcrumb","itemListElement":[{"@type":"ListItem","position":1,"name":"Portada","item":"https:\/\/aivlisoft.net\/shop\/"},{"@type":"ListItem","position":2,"name":"Tienda","item":"https:\/\/aivlisoft.net\/shop\/tienda\/"},{"@type":"ListItem","position":3,"name":"TP-Link Tapo P115 (1-pack) WiFi Enchufe Int. Mini"}]},{"@type":"WebSite","@id":"https:\/\/aivlisoft.net\/shop\/#website","url":"https:\/\/aivlisoft.net\/shop\/","name":"Aivlisoft Inform\u00e1tica","description":"En Aivlisoft Inform\u00e1tica ofrecemos soluciones tecnol\u00f3gicas para empresas: venta de ordenadores, consumibles, perif\u00e9ricos y m\u00e1s. Calidad, atenci\u00f3n personalizada y los mejores precios para tu negocio.","publisher":{"@id":"https:\/\/aivlisoft.net\/shop\/#organization"},"potentialAction":[{"@type":"SearchAction","target":{"@type":"EntryPoint","urlTemplate":"https:\/\/aivlisoft.net\/shop\/?s={search_term_string}"},"query-input":{"@type":"PropertyValueSpecification","valueRequired":true,"valueName":"search_term_string"}}],"inLanguage":"es"},{"@type":"Organization","@id":"https:\/\/aivlisoft.net\/shop\/#organization","name":"Aivlisoft Inform\u00e1tica","url":"https:\/\/aivlisoft.net\/shop\/","logo":{"@type":"ImageObject","inLanguage":"es","@id":"https:\/\/aivlisoft.net\/shop\/#\/schema\/logo\/image\/","url":"https:\/\/aivlisoft.net\/shop\/wp-content\/uploads\/2024\/12\/removal.ai_5b848c54-0cdf-4140-95c5-c5536bb7573b-logodef.png","contentUrl":"https:\/\/aivlisoft.net\/shop\/wp-content\/uploads\/2024\/12\/removal.ai_5b848c54-0cdf-4140-95c5-c5536bb7573b-logodef.png","width":484,"height":182,"caption":"Aivlisoft Inform\u00e1tica"},"image":{"@id":"https:\/\/aivlisoft.net\/shop\/#\/schema\/logo\/image\/"}}]}},"_links":{"self":[{"href":"https:\/\/aivlisoft.net\/shop\/wp-json\/wp\/v2\/product\/18207","targetHints":{"allow":["GET"]}}],"collection":[{"href":"https:\/\/aivlisoft.net\/shop\/wp-json\/wp\/v2\/product"}],"about":[{"href":"https:\/\/aivlisoft.net\/shop\/wp-json\/wp\/v2\/types\/product"}],"wp:featuredmedia":[{"embeddable":true,"href":"https:\/\/aivlisoft.net\/shop\/wp-json\/wp\/v2\/media\/18208"}],"wp:attachment":[{"href":"https:\/\/aivlisoft.net\/shop\/wp-json\/wp\/v2\/media?parent=18207"}],"wp:term":[{"taxonomy":"product_brand","embeddable":true,"href":"https:\/\/aivlisoft.net\/shop\/wp-json\/wp\/v2\/product_brand?post=18207"},{"taxonomy":"product_cat","embeddable":true,"href":"https:\/\/aivlisoft.net\/shop\/wp-json\/wp\/v2\/product_cat?post=18207"},{"taxonomy":"product_tag","embeddable":true,"href":"https:\/\/aivlisoft.net\/shop\/wp-json\/wp\/v2\/product_tag?post=18207"}],"curies":[{"name":"wp","href":"https:\/\/api.w.org\/{rel}","templated":true}]}}