{"id":18089,"date":"2025-01-13T15:18:45","date_gmt":"2025-01-13T15:18:45","guid":{"rendered":"https:\/\/aivlisoft.com\/?post_type=product&#038;p=18089"},"modified":"2025-01-14T20:21:07","modified_gmt":"2025-01-14T20:21:07","slug":"edimax-ew-7822ulc-tarjeta-red-wifi-ac1200-nano-usb","status":"publish","type":"product","link":"https:\/\/aivlisoft.net\/shop\/producto\/edimax-ew-7822ulc-tarjeta-red-wifi-ac1200-nano-usb\/","title":{"rendered":"Edimax EW-7822ULC Tarjeta Red WiFi AC1200 Nano USB"},"content":{"rendered":"<p><strong>Adaptador USB AC1200 de doble banda MU-MIMO<\/strong><br \/>&#8211; Doble banda simult&aacute;nea seleccionable de alta velocidad AC1200: M&aacute;xima velocidad de hasta 300 Mbps (2.4 GHz) y 867 Mbps (5 GHz) con est&aacute;ndar Wi-Fi 802.11ac y compatible con los est&aacute;ndares anteriores 802.11a\/b\/g\/n.<br \/>&#8211; F&aacute;cil actualizaci&oacute;n 11ac: Actualice su &uacute;nica banda Wi-Fi de 2.4 GHz a la doble banda Wi-Fi 11ac para una mejor cobertura y una velocidad de Wi-Fi m&aacute;s veloz sin ninguna configuraci&oacute;n.<br \/>&#8211; 11ac Wave 2 MU-MIMO: La m&aacute;s reciente tecnolog&iacute;a 11ac ejecuta cuatro transmisiones y sirve varios dispositivos a la vez.<br \/>&#8211; Wi-Fi eficiente con la tecnolog&iacute;a de conformaci&oacute;n de haces: Al admitir las se&ntilde;ales con conformaci&oacute;n direccional de haces, el rendimiento del Wi-Fi mejora notablemente y ofrece m&aacute;s fiabilidad, alcance y cobertura y menos p&eacute;rdida de se&ntilde;al.<br \/>&#8211; Dise&ntilde;o peque&ntilde;o y elegante: El adaptador Wi-Fi AC1200 con tecnolog&iacute;a MU-MIMO m&aacute;s peque&ntilde;o del mundo.<br \/>&#8211; Wi-Fi seguro: Incorpora encriptado 64\/128-bit WEP, WPA y WPA2 que aporta un mayor nivel de seguridad.<br \/>&#8211; Conexiones inal&aacute;mbricas con solo pulsar un bot&oacute;n: Dotado de un bot&oacute;n de software WPS (configuraci&oacute;n protegida por Wi-Fi) para una conexi&oacute;n inal&aacute;mbrica f&aacute;cil.<\/p>\n<table class=\"tabla_caracteristicas k-table\" width=\"100%\">\n<tbody>\n<tr>\n<td valign=\"top\"><strong>Marca<\/strong><\/td>\n<td>Edimax<\/td>\n<\/tr>\n<tr>\n<td valign=\"top\"><strong>Modelo<\/strong><\/td>\n<td valign=\"top\"><strong>EW-7822ULC<\/strong><\/td>\n<\/tr>\n<tr>\n<td valign=\"top\"><strong>Caracteristicas<\/strong><\/td>\n<td><strong>Interfaz<\/strong><br \/>&#8211; 1 USB 2.0 de tipo A <br \/>&#8211; 1 LED de conexi&oacute;n\/actividad<br \/><strong>Antena<\/strong><br \/>&#8211; 2 antenas internas (2T2R)<br \/><strong>Dimensiones<\/strong><br \/>&#8211; 7.1 (H) x 14.9 (A) x 20 (D) mm ?<br \/>&#8211; Peso: 2g<br \/><strong>Conexi&oacute;n inal&aacute;mbrica<\/strong><br \/><strong>Est&aacute;ndares<\/strong><br \/>&#8211; 2.4GHz: IEEE 802.11b, 802.11g, 802.11n<br \/>&#8211; 5GHz: IEEE 802.11ac, 802.11a, 802.11n<br \/><strong>Frecuencia<\/strong><br \/>&#8211; 2.4000 &#8211; 2.4835 GHz<br \/>&#8211; 5.150 &#8211; 5.825 GHz<br \/>&#8211; FCC: Banda 1:&nbsp; 5.150~5.250 (GHz); Banda 4:&nbsp; 5.745~5.850 (GHz)<br \/>&#8211; CE: Banda 1: 5.150~5.250 (GHz)<br \/><strong>Potencia de salida<\/strong><br \/>&#8211; 2.4GHz: <br \/>&#8211; 11b(11M): 8&plusmn;1.5dBm<br \/>&#8211; 11g(54M): 7&plusmn;1.5dBm <br \/>&#8211; 11n(20MHz, MCS7): 6&plusmn;1.5dBm<br \/>&#8211; 11n(40MHz, MCS7): 6&plusmn;1.5dBm <br \/>&#8211; 5GHz: <br \/>&#8211; 11a(54M): 7&plusmn;1.5 dBm<br \/>&#8211; 11n(20MHz, MCS7): 6&plusmn;1.5 dBm <br \/>&#8211; 11n(40MHz, MCS7): 6&plusmn;1.5dBm<br \/>&#8211; 11ac(80MHz, VHTMCS9): 4&plusmn;1.5dBm<br \/><strong>Alcance de funcionamiento<\/strong><br \/>&#8211; 11a: 6\/9\/12\/24\/36\/48\/54 Mbps<br \/>&#8211; 11b: 1\/2\/5.5\/11 Mbps; 11g: 6\/9\/12\/24\/36\/48\/54 Mbps <br \/>&#8211; 11 n (20 MHz): MCS0-07, hasta 144 Mbps <br \/>&#8211; 11 n (40 MHz): MCS0-07, hasta 300 Mbps <br \/>&#8211; 11ac (80 MHz): VHTMCS0-9, hasta 867 Mbps<br \/><strong>Seguridad<\/strong><br \/>&#8211; WEP 64\/128-bit, WPA, WPA2<br \/>&#8211; Configuraci&oacute;n WPS de software<br \/><strong>Otros<\/strong><br \/><strong>Volumen de suministro<\/strong><br \/>&#8211; Gu&iacute;a de instalaci&oacute;n r&aacute;pida<br \/>&#8211; CD (Gu&iacute;a de instalaci&oacute;n r&aacute;pida y asistente de instalaci&oacute;n pluriling&uuml;es)<br \/><strong>Requisitos del sistema<\/strong><br \/>&#8211; Windows 7\/8\/8.1 o superior<br \/>&#8211; Mac OS 10.9 o superior<br \/><strong>Entorno<\/strong><br \/>&#8211; Temperatura de funcionamiento: 32~104&deg;F (0~40 &deg;C)<br \/>&#8211; Temperatura de almacenamiento: -4~140 &deg;F (-20~60 &deg;C)<br \/>&#8211; Humedad de funcionamiento: 0~90 % (sin condensaci&oacute;n)<br \/>&#8211; Humedad de almacenamiento: M&aacute;x. 95 % (sin condensaci&oacute;n)<\/td>\n<\/tr>\n<tr>\n<td valign=\"top\"><strong>Fecha Revisi&oacute;n<\/strong><\/td>\n<td>15-02-2017 por MSB<\/td>\n<\/tr>\n<\/tbody>\n<\/table>\n","protected":false},"excerpt":{"rendered":"<p>Adaptador USB AC1200 de doble banda MU-MIMO&#8211; Doble banda simult&aacute;nea seleccionable de alta velocidad AC1200: M&aacute;xima velocidad de hasta 300 Mbps (2.4 GHz) y 867 Mbps (5 GHz) con est&aacute;ndar Wi-Fi 802.11ac y compatible con los est&aacute;ndares anteriores 802.11a\/b\/g\/n.&#8211; F&aacute;cil actualizaci&oacute;n 11ac: Actualice su &uacute;nica banda Wi-Fi de 2.4 GHz a la doble banda Wi-Fi&hellip;&nbsp;<a href=\"https:\/\/aivlisoft.net\/shop\/producto\/edimax-ew-7822ulc-tarjeta-red-wifi-ac1200-nano-usb\/\" rel=\"bookmark\"><span class=\"screen-reader-text\">Edimax EW-7822ULC Tarjeta Red WiFi AC1200 Nano USB<\/span><\/a><\/p>\n","protected":false},"featured_media":18090,"template":"","meta":{"neve_meta_sidebar":"","neve_meta_container":"","neve_meta_enable_content_width":"","neve_meta_content_width":0,"neve_meta_title_alignment":"","neve_meta_author_avatar":"","neve_post_elements_order":"","neve_meta_disable_header":"","neve_meta_disable_footer":"","neve_meta_disable_title":""},"product_brand":[],"product_cat":[15,1399,8705],"product_tag":[6628],"class_list":{"0":"post-18089","1":"product","2":"type-product","3":"status-publish","4":"has-post-thumbnail","6":"product_cat-sin-categorizar","7":"product_cat-accesorios-redes","8":"product_cat-accesorios-redes-wifi","9":"product_tag-ew-7822ulc","11":"first","12":"instock","13":"taxable","14":"shipping-taxable","15":"purchasable","16":"product-type-simple"},"yoast_head":"<!-- This site is optimized with the Yoast SEO plugin v26.0 - https:\/\/yoast.com\/wordpress\/plugins\/seo\/ -->\n<title>Edimax EW-7822ULC Tarjeta Red WiFi AC1200 Nano USB - Aivlisoft Inform\u00e1tica<\/title>\n<meta name=\"robots\" content=\"index, follow, max-snippet:-1, max-image-preview:large, max-video-preview:-1\" \/>\n<link rel=\"canonical\" href=\"https:\/\/aivlisoft.net\/shop\/producto\/edimax-ew-7822ulc-tarjeta-red-wifi-ac1200-nano-usb\/\" \/>\n<meta property=\"og:locale\" content=\"es_ES\" \/>\n<meta property=\"og:type\" content=\"article\" \/>\n<meta property=\"og:title\" content=\"Edimax EW-7822ULC Tarjeta Red WiFi AC1200 Nano USB - Aivlisoft Inform\u00e1tica\" \/>\n<meta property=\"og:description\" content=\"Adaptador USB AC1200 de doble banda MU-MIMO&#8211; Doble banda simult&aacute;nea seleccionable de alta velocidad AC1200: M&aacute;xima velocidad de hasta 300 Mbps (2.4 GHz) y 867 Mbps (5 GHz) con est&aacute;ndar Wi-Fi 802.11ac y compatible con los est&aacute;ndares anteriores 802.11a\/b\/g\/n.&#8211; F&aacute;cil actualizaci&oacute;n 11ac: Actualice su &uacute;nica banda Wi-Fi de 2.4 GHz a la doble banda Wi-Fi&hellip;&nbsp;Edimax EW-7822ULC Tarjeta Red WiFi AC1200 Nano USB\" \/>\n<meta property=\"og:url\" content=\"https:\/\/aivlisoft.net\/shop\/producto\/edimax-ew-7822ulc-tarjeta-red-wifi-ac1200-nano-usb\/\" \/>\n<meta property=\"og:site_name\" content=\"Aivlisoft Inform\u00e1tica\" \/>\n<meta property=\"article:modified_time\" content=\"2025-01-14T20:21:07+00:00\" \/>\n<meta property=\"og:image\" content=\"https:\/\/aivlisoft.net\/shop\/wp-content\/uploads\/2025\/01\/NADAIN0204_800.jpg\" \/>\n\t<meta property=\"og:image:width\" content=\"800\" \/>\n\t<meta property=\"og:image:height\" content=\"800\" \/>\n\t<meta property=\"og:image:type\" content=\"image\/jpeg\" \/>\n<meta name=\"twitter:card\" content=\"summary_large_image\" \/>\n<meta name=\"twitter:label1\" content=\"Tiempo de lectura\" \/>\n\t<meta name=\"twitter:data1\" content=\"2 minutos\" \/>\n<script type=\"application\/ld+json\" class=\"yoast-schema-graph\">{\"@context\":\"https:\/\/schema.org\",\"@graph\":[{\"@type\":\"WebPage\",\"@id\":\"https:\/\/aivlisoft.net\/shop\/producto\/edimax-ew-7822ulc-tarjeta-red-wifi-ac1200-nano-usb\/\",\"url\":\"https:\/\/aivlisoft.net\/shop\/producto\/edimax-ew-7822ulc-tarjeta-red-wifi-ac1200-nano-usb\/\",\"name\":\"Edimax EW-7822ULC Tarjeta Red WiFi AC1200 Nano USB - Aivlisoft Inform\u00e1tica\",\"isPartOf\":{\"@id\":\"https:\/\/aivlisoft.net\/shop\/#website\"},\"primaryImageOfPage\":{\"@id\":\"https:\/\/aivlisoft.net\/shop\/producto\/edimax-ew-7822ulc-tarjeta-red-wifi-ac1200-nano-usb\/#primaryimage\"},\"image\":{\"@id\":\"https:\/\/aivlisoft.net\/shop\/producto\/edimax-ew-7822ulc-tarjeta-red-wifi-ac1200-nano-usb\/#primaryimage\"},\"thumbnailUrl\":\"https:\/\/aivlisoft.net\/shop\/wp-content\/uploads\/2025\/01\/NADAIN0204_800.jpg\",\"datePublished\":\"2025-01-13T15:18:45+00:00\",\"dateModified\":\"2025-01-14T20:21:07+00:00\",\"breadcrumb\":{\"@id\":\"https:\/\/aivlisoft.net\/shop\/producto\/edimax-ew-7822ulc-tarjeta-red-wifi-ac1200-nano-usb\/#breadcrumb\"},\"inLanguage\":\"es\",\"potentialAction\":[{\"@type\":\"ReadAction\",\"target\":[\"https:\/\/aivlisoft.net\/shop\/producto\/edimax-ew-7822ulc-tarjeta-red-wifi-ac1200-nano-usb\/\"]}]},{\"@type\":\"ImageObject\",\"inLanguage\":\"es\",\"@id\":\"https:\/\/aivlisoft.net\/shop\/producto\/edimax-ew-7822ulc-tarjeta-red-wifi-ac1200-nano-usb\/#primaryimage\",\"url\":\"https:\/\/aivlisoft.net\/shop\/wp-content\/uploads\/2025\/01\/NADAIN0204_800.jpg\",\"contentUrl\":\"https:\/\/aivlisoft.net\/shop\/wp-content\/uploads\/2025\/01\/NADAIN0204_800.jpg\",\"width\":800,\"height\":800},{\"@type\":\"BreadcrumbList\",\"@id\":\"https:\/\/aivlisoft.net\/shop\/producto\/edimax-ew-7822ulc-tarjeta-red-wifi-ac1200-nano-usb\/#breadcrumb\",\"itemListElement\":[{\"@type\":\"ListItem\",\"position\":1,\"name\":\"Portada\",\"item\":\"https:\/\/aivlisoft.net\/shop\/\"},{\"@type\":\"ListItem\",\"position\":2,\"name\":\"Tienda\",\"item\":\"https:\/\/aivlisoft.net\/shop\/tienda\/\"},{\"@type\":\"ListItem\",\"position\":3,\"name\":\"Edimax EW-7822ULC Tarjeta Red WiFi AC1200 Nano USB\"}]},{\"@type\":\"WebSite\",\"@id\":\"https:\/\/aivlisoft.net\/shop\/#website\",\"url\":\"https:\/\/aivlisoft.net\/shop\/\",\"name\":\"Aivlisoft Inform\u00e1tica\",\"description\":\"En Aivlisoft Inform\u00e1tica ofrecemos soluciones tecnol\u00f3gicas para empresas: venta de ordenadores, consumibles, perif\u00e9ricos y m\u00e1s. Calidad, atenci\u00f3n personalizada y los mejores precios para tu negocio.\",\"publisher\":{\"@id\":\"https:\/\/aivlisoft.net\/shop\/#organization\"},\"potentialAction\":[{\"@type\":\"SearchAction\",\"target\":{\"@type\":\"EntryPoint\",\"urlTemplate\":\"https:\/\/aivlisoft.net\/shop\/?s={search_term_string}\"},\"query-input\":{\"@type\":\"PropertyValueSpecification\",\"valueRequired\":true,\"valueName\":\"search_term_string\"}}],\"inLanguage\":\"es\"},{\"@type\":\"Organization\",\"@id\":\"https:\/\/aivlisoft.net\/shop\/#organization\",\"name\":\"Aivlisoft Inform\u00e1tica\",\"url\":\"https:\/\/aivlisoft.net\/shop\/\",\"logo\":{\"@type\":\"ImageObject\",\"inLanguage\":\"es\",\"@id\":\"https:\/\/aivlisoft.net\/shop\/#\/schema\/logo\/image\/\",\"url\":\"https:\/\/aivlisoft.net\/shop\/wp-content\/uploads\/2024\/12\/removal.ai_5b848c54-0cdf-4140-95c5-c5536bb7573b-logodef.png\",\"contentUrl\":\"https:\/\/aivlisoft.net\/shop\/wp-content\/uploads\/2024\/12\/removal.ai_5b848c54-0cdf-4140-95c5-c5536bb7573b-logodef.png\",\"width\":484,\"height\":182,\"caption\":\"Aivlisoft Inform\u00e1tica\"},\"image\":{\"@id\":\"https:\/\/aivlisoft.net\/shop\/#\/schema\/logo\/image\/\"}}]}<\/script>\n<!-- \/ Yoast SEO plugin. -->","yoast_head_json":{"title":"Edimax EW-7822ULC Tarjeta Red WiFi AC1200 Nano USB - Aivlisoft Inform\u00e1tica","robots":{"index":"index","follow":"follow","max-snippet":"max-snippet:-1","max-image-preview":"max-image-preview:large","max-video-preview":"max-video-preview:-1"},"canonical":"https:\/\/aivlisoft.net\/shop\/producto\/edimax-ew-7822ulc-tarjeta-red-wifi-ac1200-nano-usb\/","og_locale":"es_ES","og_type":"article","og_title":"Edimax EW-7822ULC Tarjeta Red WiFi AC1200 Nano USB - Aivlisoft Inform\u00e1tica","og_description":"Adaptador USB AC1200 de doble banda MU-MIMO&#8211; Doble banda simult&aacute;nea seleccionable de alta velocidad AC1200: M&aacute;xima velocidad de hasta 300 Mbps (2.4 GHz) y 867 Mbps (5 GHz) con est&aacute;ndar Wi-Fi 802.11ac y compatible con los est&aacute;ndares anteriores 802.11a\/b\/g\/n.&#8211; F&aacute;cil actualizaci&oacute;n 11ac: Actualice su &uacute;nica banda Wi-Fi de 2.4 GHz a la doble banda Wi-Fi&hellip;&nbsp;Edimax EW-7822ULC Tarjeta Red WiFi AC1200 Nano USB","og_url":"https:\/\/aivlisoft.net\/shop\/producto\/edimax-ew-7822ulc-tarjeta-red-wifi-ac1200-nano-usb\/","og_site_name":"Aivlisoft Inform\u00e1tica","article_modified_time":"2025-01-14T20:21:07+00:00","og_image":[{"width":800,"height":800,"url":"https:\/\/aivlisoft.net\/shop\/wp-content\/uploads\/2025\/01\/NADAIN0204_800.jpg","type":"image\/jpeg"}],"twitter_card":"summary_large_image","twitter_misc":{"Tiempo de lectura":"2 minutos"},"schema":{"@context":"https:\/\/schema.org","@graph":[{"@type":"WebPage","@id":"https:\/\/aivlisoft.net\/shop\/producto\/edimax-ew-7822ulc-tarjeta-red-wifi-ac1200-nano-usb\/","url":"https:\/\/aivlisoft.net\/shop\/producto\/edimax-ew-7822ulc-tarjeta-red-wifi-ac1200-nano-usb\/","name":"Edimax EW-7822ULC Tarjeta Red WiFi AC1200 Nano USB - Aivlisoft Inform\u00e1tica","isPartOf":{"@id":"https:\/\/aivlisoft.net\/shop\/#website"},"primaryImageOfPage":{"@id":"https:\/\/aivlisoft.net\/shop\/producto\/edimax-ew-7822ulc-tarjeta-red-wifi-ac1200-nano-usb\/#primaryimage"},"image":{"@id":"https:\/\/aivlisoft.net\/shop\/producto\/edimax-ew-7822ulc-tarjeta-red-wifi-ac1200-nano-usb\/#primaryimage"},"thumbnailUrl":"https:\/\/aivlisoft.net\/shop\/wp-content\/uploads\/2025\/01\/NADAIN0204_800.jpg","datePublished":"2025-01-13T15:18:45+00:00","dateModified":"2025-01-14T20:21:07+00:00","breadcrumb":{"@id":"https:\/\/aivlisoft.net\/shop\/producto\/edimax-ew-7822ulc-tarjeta-red-wifi-ac1200-nano-usb\/#breadcrumb"},"inLanguage":"es","potentialAction":[{"@type":"ReadAction","target":["https:\/\/aivlisoft.net\/shop\/producto\/edimax-ew-7822ulc-tarjeta-red-wifi-ac1200-nano-usb\/"]}]},{"@type":"ImageObject","inLanguage":"es","@id":"https:\/\/aivlisoft.net\/shop\/producto\/edimax-ew-7822ulc-tarjeta-red-wifi-ac1200-nano-usb\/#primaryimage","url":"https:\/\/aivlisoft.net\/shop\/wp-content\/uploads\/2025\/01\/NADAIN0204_800.jpg","contentUrl":"https:\/\/aivlisoft.net\/shop\/wp-content\/uploads\/2025\/01\/NADAIN0204_800.jpg","width":800,"height":800},{"@type":"BreadcrumbList","@id":"https:\/\/aivlisoft.net\/shop\/producto\/edimax-ew-7822ulc-tarjeta-red-wifi-ac1200-nano-usb\/#breadcrumb","itemListElement":[{"@type":"ListItem","position":1,"name":"Portada","item":"https:\/\/aivlisoft.net\/shop\/"},{"@type":"ListItem","position":2,"name":"Tienda","item":"https:\/\/aivlisoft.net\/shop\/tienda\/"},{"@type":"ListItem","position":3,"name":"Edimax EW-7822ULC Tarjeta Red WiFi AC1200 Nano USB"}]},{"@type":"WebSite","@id":"https:\/\/aivlisoft.net\/shop\/#website","url":"https:\/\/aivlisoft.net\/shop\/","name":"Aivlisoft Inform\u00e1tica","description":"En Aivlisoft Inform\u00e1tica ofrecemos soluciones tecnol\u00f3gicas para empresas: venta de ordenadores, consumibles, perif\u00e9ricos y m\u00e1s. Calidad, atenci\u00f3n personalizada y los mejores precios para tu negocio.","publisher":{"@id":"https:\/\/aivlisoft.net\/shop\/#organization"},"potentialAction":[{"@type":"SearchAction","target":{"@type":"EntryPoint","urlTemplate":"https:\/\/aivlisoft.net\/shop\/?s={search_term_string}"},"query-input":{"@type":"PropertyValueSpecification","valueRequired":true,"valueName":"search_term_string"}}],"inLanguage":"es"},{"@type":"Organization","@id":"https:\/\/aivlisoft.net\/shop\/#organization","name":"Aivlisoft Inform\u00e1tica","url":"https:\/\/aivlisoft.net\/shop\/","logo":{"@type":"ImageObject","inLanguage":"es","@id":"https:\/\/aivlisoft.net\/shop\/#\/schema\/logo\/image\/","url":"https:\/\/aivlisoft.net\/shop\/wp-content\/uploads\/2024\/12\/removal.ai_5b848c54-0cdf-4140-95c5-c5536bb7573b-logodef.png","contentUrl":"https:\/\/aivlisoft.net\/shop\/wp-content\/uploads\/2024\/12\/removal.ai_5b848c54-0cdf-4140-95c5-c5536bb7573b-logodef.png","width":484,"height":182,"caption":"Aivlisoft Inform\u00e1tica"},"image":{"@id":"https:\/\/aivlisoft.net\/shop\/#\/schema\/logo\/image\/"}}]}},"_links":{"self":[{"href":"https:\/\/aivlisoft.net\/shop\/wp-json\/wp\/v2\/product\/18089","targetHints":{"allow":["GET"]}}],"collection":[{"href":"https:\/\/aivlisoft.net\/shop\/wp-json\/wp\/v2\/product"}],"about":[{"href":"https:\/\/aivlisoft.net\/shop\/wp-json\/wp\/v2\/types\/product"}],"wp:featuredmedia":[{"embeddable":true,"href":"https:\/\/aivlisoft.net\/shop\/wp-json\/wp\/v2\/media\/18090"}],"wp:attachment":[{"href":"https:\/\/aivlisoft.net\/shop\/wp-json\/wp\/v2\/media?parent=18089"}],"wp:term":[{"taxonomy":"product_brand","embeddable":true,"href":"https:\/\/aivlisoft.net\/shop\/wp-json\/wp\/v2\/product_brand?post=18089"},{"taxonomy":"product_cat","embeddable":true,"href":"https:\/\/aivlisoft.net\/shop\/wp-json\/wp\/v2\/product_cat?post=18089"},{"taxonomy":"product_tag","embeddable":true,"href":"https:\/\/aivlisoft.net\/shop\/wp-json\/wp\/v2\/product_tag?post=18089"}],"curies":[{"name":"wp","href":"https:\/\/api.w.org\/{rel}","templated":true}]}}