{"id":18087,"date":"2025-01-13T15:18:44","date_gmt":"2025-01-13T15:18:44","guid":{"rendered":"https:\/\/aivlisoft.com\/?post_type=product&#038;p=18087"},"modified":"2025-01-14T20:21:09","modified_gmt":"2025-01-14T20:21:09","slug":"ubiquiti-mpower-mpower-mini-1xschuko-wifi","status":"publish","type":"product","link":"https:\/\/aivlisoft.net\/shop\/producto\/ubiquiti-mpower-mpower-mini-1xschuko-wifi\/","title":{"rendered":"Ubiquiti mPower MPOWER MINI 1xSchuko WiFi"},"content":{"rendered":"<p>1 enchufe conmutable con detecci&oacute;n de potencia 1 x Lan, 802.11b\/g\/n.<br \/>MFI &trade; es un sistema de gesti&oacute;n de m&aacute;quina a m&aacute;quina de Ubiquiti Networks, Inc. mediante hardware. MFI puede ser gestionado y controlado desde el software de controlador de MFI. El software del dispositivo de MFI le permite crear reglas que dan lugar las acciones basadas en los datos de sus sensores MFI. Por ejemplo, con la detecci&oacute;n de movimiento se podr&iacute;a encender una luz , o una lectura de temperatura caliente, podr&iacute;a activar un ventilador. La plataforma MFI es compatible con dispositivos de otros fabricantes , por lo que las opciones ilimitadas.<br \/>Instalaci&oacute;n Plug and Play. Utilice un cable Ethernet est&aacute;ndar para conectar m&aacute;quinas y sensores. Utilice WiFi para conectar sin problemas MFI a su red IP . Dispositivo de escalabilidad ilimitada .<br \/>Numerosas funcionalidades. Puede crear relaciones s&oacute;lidas entre los sensores , m&aacute;quinas y dispositivos alimentados. Cloud y Apoyo Mobile Access m&uacute;ltiples MFI redes desde cualquier ubicaci&oacute;n remota a trav&eacute;s de un navegador web. Los nuevos dispositivos pueden ser localizados al instante y se aprovisionan a trav&eacute;s del cloud. Sofisticada experiencia para el usuario, desde la detecci&oacute;n autom&aacute;tica de las m&aacute;quinas a trav&eacute;s de la creaci&oacute;n de reglas intuitivas y potentes, el Controlador MFI transforma una red de m&aacute;quinas en una sinfon&iacute;a automatizada.<\/p>\n<table class=\"tabla_caracteristicas k-table\" width=\"100%\">\n<tbody>\n<tr>\n<td><strong>Marca<\/strong><\/td>\n<td>Ubiquiti<\/td>\n<\/tr>\n<tr>\n<td valign=\"top\"><strong>Modelo<\/strong><\/td>\n<td><strong>MPOWER-MINI<\/strong><\/td>\n<\/tr>\n<tr>\n<td valign=\"top\"><strong>Puertos<\/strong><\/td>\n<td>&#8211; 1 x Ethernet<\/td>\n<\/tr>\n<tr>\n<td valign=\"top\"><strong>Caracteristicas<\/strong><\/td>\n<td>&#8211; Dimensiones: 110,8 x 71 x 36 mm<br \/>&#8211; Montaje de soporte de montaje mural ( kit incluido)<br \/>&#8211; Normas WiFi 802.11b\/g\/n<br \/>&#8211; Memoria 16 MB de RAM, 8 MB ??Flash<br \/>&#8211; Temperatura de funcionamiento -10 a 45 &deg; C<br \/>&#8211; Humedad 95 % RH m&aacute;x .<br \/>&#8211; 1 puertos conmutables independientes de CA de la UE<\/td>\n<\/tr>\n<tr>\n<td valign=\"top\"><strong>Enlaces<\/strong><\/td>\n<td><a href=\"https:\/\/dl.ubnt.com\/datasheets\/mfi\/mFi_DS.pdf\" target=\"_blank\">Folleto t&eacute;cnico<\/a><br \/><a href=\"https:\/\/dl.ubnt.com\/guides\/mfi\/mFi_mPower_mini_EU_QSG.pdf\" target=\"_blank\">Gu&iacute;a de usuario<\/a><\/td>\n<\/tr>\n<tr>\n<td><strong>Fecha de revisi&oacute;n<\/strong><\/td>\n<td>19-05-2016 por MSB<\/td>\n<\/tr>\n<\/tbody>\n<\/table>\n","protected":false},"excerpt":{"rendered":"<p>1 enchufe conmutable con detecci&oacute;n de potencia 1 x Lan, 802.11b\/g\/n.MFI &trade; es un sistema de gesti&oacute;n de m&aacute;quina a m&aacute;quina de Ubiquiti Networks, Inc. mediante hardware. MFI puede ser gestionado y controlado desde el software de controlador de MFI. El software del dispositivo de MFI le permite crear reglas que dan lugar las acciones&hellip;&nbsp;<a href=\"https:\/\/aivlisoft.net\/shop\/producto\/ubiquiti-mpower-mpower-mini-1xschuko-wifi\/\" rel=\"bookmark\"><span class=\"screen-reader-text\">Ubiquiti mPower MPOWER MINI 1xSchuko WiFi<\/span><\/a><\/p>\n","protected":false},"featured_media":18088,"template":"","meta":{"neve_meta_sidebar":"","neve_meta_container":"","neve_meta_enable_content_width":"","neve_meta_content_width":0,"neve_meta_title_alignment":"","neve_meta_author_avatar":"","neve_post_elements_order":"","neve_meta_disable_header":"","neve_meta_disable_footer":"","neve_meta_disable_title":""},"product_brand":[],"product_cat":[15,1399,8705],"product_tag":[6627],"class_list":{"0":"post-18087","1":"product","2":"type-product","3":"status-publish","4":"has-post-thumbnail","6":"product_cat-sin-categorizar","7":"product_cat-accesorios-redes","8":"product_cat-accesorios-redes-wifi","9":"product_tag-mpower-mini","11":"first","12":"instock","13":"taxable","14":"shipping-taxable","15":"purchasable","16":"product-type-simple"},"yoast_head":"<!-- This site is optimized with the Yoast SEO plugin v26.0 - https:\/\/yoast.com\/wordpress\/plugins\/seo\/ -->\n<title>Ubiquiti mPower MPOWER MINI 1xSchuko WiFi - Aivlisoft Inform\u00e1tica<\/title>\n<meta name=\"robots\" content=\"index, follow, max-snippet:-1, max-image-preview:large, max-video-preview:-1\" \/>\n<link rel=\"canonical\" href=\"https:\/\/aivlisoft.net\/shop\/producto\/ubiquiti-mpower-mpower-mini-1xschuko-wifi\/\" \/>\n<meta property=\"og:locale\" content=\"es_ES\" \/>\n<meta property=\"og:type\" content=\"article\" \/>\n<meta property=\"og:title\" content=\"Ubiquiti mPower MPOWER MINI 1xSchuko WiFi - Aivlisoft Inform\u00e1tica\" \/>\n<meta property=\"og:description\" content=\"1 enchufe conmutable con detecci&oacute;n de potencia 1 x Lan, 802.11b\/g\/n.MFI &trade; es un sistema de gesti&oacute;n de m&aacute;quina a m&aacute;quina de Ubiquiti Networks, Inc. mediante hardware. MFI puede ser gestionado y controlado desde el software de controlador de MFI. El software del dispositivo de MFI le permite crear reglas que dan lugar las acciones&hellip;&nbsp;Ubiquiti mPower MPOWER MINI 1xSchuko WiFi\" \/>\n<meta property=\"og:url\" content=\"https:\/\/aivlisoft.net\/shop\/producto\/ubiquiti-mpower-mpower-mini-1xschuko-wifi\/\" \/>\n<meta property=\"og:site_name\" content=\"Aivlisoft Inform\u00e1tica\" \/>\n<meta property=\"article:modified_time\" content=\"2025-01-14T20:21:09+00:00\" \/>\n<meta property=\"og:image\" content=\"https:\/\/aivlisoft.net\/shop\/wp-content\/uploads\/2025\/01\/NADAIN0195_800.jpg\" \/>\n\t<meta property=\"og:image:width\" content=\"800\" \/>\n\t<meta property=\"og:image:height\" content=\"800\" \/>\n\t<meta property=\"og:image:type\" content=\"image\/jpeg\" \/>\n<meta name=\"twitter:card\" content=\"summary_large_image\" \/>\n<meta name=\"twitter:label1\" content=\"Tiempo de lectura\" \/>\n\t<meta name=\"twitter:data1\" content=\"2 minutos\" \/>\n<script type=\"application\/ld+json\" class=\"yoast-schema-graph\">{\"@context\":\"https:\/\/schema.org\",\"@graph\":[{\"@type\":\"WebPage\",\"@id\":\"https:\/\/aivlisoft.net\/shop\/producto\/ubiquiti-mpower-mpower-mini-1xschuko-wifi\/\",\"url\":\"https:\/\/aivlisoft.net\/shop\/producto\/ubiquiti-mpower-mpower-mini-1xschuko-wifi\/\",\"name\":\"Ubiquiti mPower MPOWER MINI 1xSchuko WiFi - Aivlisoft Inform\u00e1tica\",\"isPartOf\":{\"@id\":\"https:\/\/aivlisoft.net\/shop\/#website\"},\"primaryImageOfPage\":{\"@id\":\"https:\/\/aivlisoft.net\/shop\/producto\/ubiquiti-mpower-mpower-mini-1xschuko-wifi\/#primaryimage\"},\"image\":{\"@id\":\"https:\/\/aivlisoft.net\/shop\/producto\/ubiquiti-mpower-mpower-mini-1xschuko-wifi\/#primaryimage\"},\"thumbnailUrl\":\"https:\/\/aivlisoft.net\/shop\/wp-content\/uploads\/2025\/01\/NADAIN0195_800.jpg\",\"datePublished\":\"2025-01-13T15:18:44+00:00\",\"dateModified\":\"2025-01-14T20:21:09+00:00\",\"breadcrumb\":{\"@id\":\"https:\/\/aivlisoft.net\/shop\/producto\/ubiquiti-mpower-mpower-mini-1xschuko-wifi\/#breadcrumb\"},\"inLanguage\":\"es\",\"potentialAction\":[{\"@type\":\"ReadAction\",\"target\":[\"https:\/\/aivlisoft.net\/shop\/producto\/ubiquiti-mpower-mpower-mini-1xschuko-wifi\/\"]}]},{\"@type\":\"ImageObject\",\"inLanguage\":\"es\",\"@id\":\"https:\/\/aivlisoft.net\/shop\/producto\/ubiquiti-mpower-mpower-mini-1xschuko-wifi\/#primaryimage\",\"url\":\"https:\/\/aivlisoft.net\/shop\/wp-content\/uploads\/2025\/01\/NADAIN0195_800.jpg\",\"contentUrl\":\"https:\/\/aivlisoft.net\/shop\/wp-content\/uploads\/2025\/01\/NADAIN0195_800.jpg\",\"width\":800,\"height\":800},{\"@type\":\"BreadcrumbList\",\"@id\":\"https:\/\/aivlisoft.net\/shop\/producto\/ubiquiti-mpower-mpower-mini-1xschuko-wifi\/#breadcrumb\",\"itemListElement\":[{\"@type\":\"ListItem\",\"position\":1,\"name\":\"Portada\",\"item\":\"https:\/\/aivlisoft.net\/shop\/\"},{\"@type\":\"ListItem\",\"position\":2,\"name\":\"Tienda\",\"item\":\"https:\/\/aivlisoft.net\/shop\/tienda\/\"},{\"@type\":\"ListItem\",\"position\":3,\"name\":\"Ubiquiti mPower MPOWER MINI 1xSchuko WiFi\"}]},{\"@type\":\"WebSite\",\"@id\":\"https:\/\/aivlisoft.net\/shop\/#website\",\"url\":\"https:\/\/aivlisoft.net\/shop\/\",\"name\":\"Aivlisoft Inform\u00e1tica\",\"description\":\"En Aivlisoft Inform\u00e1tica ofrecemos soluciones tecnol\u00f3gicas para empresas: venta de ordenadores, consumibles, perif\u00e9ricos y m\u00e1s. Calidad, atenci\u00f3n personalizada y los mejores precios para tu negocio.\",\"publisher\":{\"@id\":\"https:\/\/aivlisoft.net\/shop\/#organization\"},\"potentialAction\":[{\"@type\":\"SearchAction\",\"target\":{\"@type\":\"EntryPoint\",\"urlTemplate\":\"https:\/\/aivlisoft.net\/shop\/?s={search_term_string}\"},\"query-input\":{\"@type\":\"PropertyValueSpecification\",\"valueRequired\":true,\"valueName\":\"search_term_string\"}}],\"inLanguage\":\"es\"},{\"@type\":\"Organization\",\"@id\":\"https:\/\/aivlisoft.net\/shop\/#organization\",\"name\":\"Aivlisoft Inform\u00e1tica\",\"url\":\"https:\/\/aivlisoft.net\/shop\/\",\"logo\":{\"@type\":\"ImageObject\",\"inLanguage\":\"es\",\"@id\":\"https:\/\/aivlisoft.net\/shop\/#\/schema\/logo\/image\/\",\"url\":\"https:\/\/aivlisoft.net\/shop\/wp-content\/uploads\/2024\/12\/removal.ai_5b848c54-0cdf-4140-95c5-c5536bb7573b-logodef.png\",\"contentUrl\":\"https:\/\/aivlisoft.net\/shop\/wp-content\/uploads\/2024\/12\/removal.ai_5b848c54-0cdf-4140-95c5-c5536bb7573b-logodef.png\",\"width\":484,\"height\":182,\"caption\":\"Aivlisoft Inform\u00e1tica\"},\"image\":{\"@id\":\"https:\/\/aivlisoft.net\/shop\/#\/schema\/logo\/image\/\"}}]}<\/script>\n<!-- \/ Yoast SEO plugin. -->","yoast_head_json":{"title":"Ubiquiti mPower MPOWER MINI 1xSchuko WiFi - Aivlisoft Inform\u00e1tica","robots":{"index":"index","follow":"follow","max-snippet":"max-snippet:-1","max-image-preview":"max-image-preview:large","max-video-preview":"max-video-preview:-1"},"canonical":"https:\/\/aivlisoft.net\/shop\/producto\/ubiquiti-mpower-mpower-mini-1xschuko-wifi\/","og_locale":"es_ES","og_type":"article","og_title":"Ubiquiti mPower MPOWER MINI 1xSchuko WiFi - Aivlisoft Inform\u00e1tica","og_description":"1 enchufe conmutable con detecci&oacute;n de potencia 1 x Lan, 802.11b\/g\/n.MFI &trade; es un sistema de gesti&oacute;n de m&aacute;quina a m&aacute;quina de Ubiquiti Networks, Inc. mediante hardware. MFI puede ser gestionado y controlado desde el software de controlador de MFI. El software del dispositivo de MFI le permite crear reglas que dan lugar las acciones&hellip;&nbsp;Ubiquiti mPower MPOWER MINI 1xSchuko WiFi","og_url":"https:\/\/aivlisoft.net\/shop\/producto\/ubiquiti-mpower-mpower-mini-1xschuko-wifi\/","og_site_name":"Aivlisoft Inform\u00e1tica","article_modified_time":"2025-01-14T20:21:09+00:00","og_image":[{"width":800,"height":800,"url":"https:\/\/aivlisoft.net\/shop\/wp-content\/uploads\/2025\/01\/NADAIN0195_800.jpg","type":"image\/jpeg"}],"twitter_card":"summary_large_image","twitter_misc":{"Tiempo de lectura":"2 minutos"},"schema":{"@context":"https:\/\/schema.org","@graph":[{"@type":"WebPage","@id":"https:\/\/aivlisoft.net\/shop\/producto\/ubiquiti-mpower-mpower-mini-1xschuko-wifi\/","url":"https:\/\/aivlisoft.net\/shop\/producto\/ubiquiti-mpower-mpower-mini-1xschuko-wifi\/","name":"Ubiquiti mPower MPOWER MINI 1xSchuko WiFi - Aivlisoft Inform\u00e1tica","isPartOf":{"@id":"https:\/\/aivlisoft.net\/shop\/#website"},"primaryImageOfPage":{"@id":"https:\/\/aivlisoft.net\/shop\/producto\/ubiquiti-mpower-mpower-mini-1xschuko-wifi\/#primaryimage"},"image":{"@id":"https:\/\/aivlisoft.net\/shop\/producto\/ubiquiti-mpower-mpower-mini-1xschuko-wifi\/#primaryimage"},"thumbnailUrl":"https:\/\/aivlisoft.net\/shop\/wp-content\/uploads\/2025\/01\/NADAIN0195_800.jpg","datePublished":"2025-01-13T15:18:44+00:00","dateModified":"2025-01-14T20:21:09+00:00","breadcrumb":{"@id":"https:\/\/aivlisoft.net\/shop\/producto\/ubiquiti-mpower-mpower-mini-1xschuko-wifi\/#breadcrumb"},"inLanguage":"es","potentialAction":[{"@type":"ReadAction","target":["https:\/\/aivlisoft.net\/shop\/producto\/ubiquiti-mpower-mpower-mini-1xschuko-wifi\/"]}]},{"@type":"ImageObject","inLanguage":"es","@id":"https:\/\/aivlisoft.net\/shop\/producto\/ubiquiti-mpower-mpower-mini-1xschuko-wifi\/#primaryimage","url":"https:\/\/aivlisoft.net\/shop\/wp-content\/uploads\/2025\/01\/NADAIN0195_800.jpg","contentUrl":"https:\/\/aivlisoft.net\/shop\/wp-content\/uploads\/2025\/01\/NADAIN0195_800.jpg","width":800,"height":800},{"@type":"BreadcrumbList","@id":"https:\/\/aivlisoft.net\/shop\/producto\/ubiquiti-mpower-mpower-mini-1xschuko-wifi\/#breadcrumb","itemListElement":[{"@type":"ListItem","position":1,"name":"Portada","item":"https:\/\/aivlisoft.net\/shop\/"},{"@type":"ListItem","position":2,"name":"Tienda","item":"https:\/\/aivlisoft.net\/shop\/tienda\/"},{"@type":"ListItem","position":3,"name":"Ubiquiti mPower MPOWER MINI 1xSchuko WiFi"}]},{"@type":"WebSite","@id":"https:\/\/aivlisoft.net\/shop\/#website","url":"https:\/\/aivlisoft.net\/shop\/","name":"Aivlisoft Inform\u00e1tica","description":"En Aivlisoft Inform\u00e1tica ofrecemos soluciones tecnol\u00f3gicas para empresas: venta de ordenadores, consumibles, perif\u00e9ricos y m\u00e1s. Calidad, atenci\u00f3n personalizada y los mejores precios para tu negocio.","publisher":{"@id":"https:\/\/aivlisoft.net\/shop\/#organization"},"potentialAction":[{"@type":"SearchAction","target":{"@type":"EntryPoint","urlTemplate":"https:\/\/aivlisoft.net\/shop\/?s={search_term_string}"},"query-input":{"@type":"PropertyValueSpecification","valueRequired":true,"valueName":"search_term_string"}}],"inLanguage":"es"},{"@type":"Organization","@id":"https:\/\/aivlisoft.net\/shop\/#organization","name":"Aivlisoft Inform\u00e1tica","url":"https:\/\/aivlisoft.net\/shop\/","logo":{"@type":"ImageObject","inLanguage":"es","@id":"https:\/\/aivlisoft.net\/shop\/#\/schema\/logo\/image\/","url":"https:\/\/aivlisoft.net\/shop\/wp-content\/uploads\/2024\/12\/removal.ai_5b848c54-0cdf-4140-95c5-c5536bb7573b-logodef.png","contentUrl":"https:\/\/aivlisoft.net\/shop\/wp-content\/uploads\/2024\/12\/removal.ai_5b848c54-0cdf-4140-95c5-c5536bb7573b-logodef.png","width":484,"height":182,"caption":"Aivlisoft Inform\u00e1tica"},"image":{"@id":"https:\/\/aivlisoft.net\/shop\/#\/schema\/logo\/image\/"}}]}},"_links":{"self":[{"href":"https:\/\/aivlisoft.net\/shop\/wp-json\/wp\/v2\/product\/18087","targetHints":{"allow":["GET"]}}],"collection":[{"href":"https:\/\/aivlisoft.net\/shop\/wp-json\/wp\/v2\/product"}],"about":[{"href":"https:\/\/aivlisoft.net\/shop\/wp-json\/wp\/v2\/types\/product"}],"wp:featuredmedia":[{"embeddable":true,"href":"https:\/\/aivlisoft.net\/shop\/wp-json\/wp\/v2\/media\/18088"}],"wp:attachment":[{"href":"https:\/\/aivlisoft.net\/shop\/wp-json\/wp\/v2\/media?parent=18087"}],"wp:term":[{"taxonomy":"product_brand","embeddable":true,"href":"https:\/\/aivlisoft.net\/shop\/wp-json\/wp\/v2\/product_brand?post=18087"},{"taxonomy":"product_cat","embeddable":true,"href":"https:\/\/aivlisoft.net\/shop\/wp-json\/wp\/v2\/product_cat?post=18087"},{"taxonomy":"product_tag","embeddable":true,"href":"https:\/\/aivlisoft.net\/shop\/wp-json\/wp\/v2\/product_tag?post=18087"}],"curies":[{"name":"wp","href":"https:\/\/api.w.org\/{rel}","templated":true}]}}