{"id":18079,"date":"2025-01-13T15:18:36","date_gmt":"2025-01-13T15:18:36","guid":{"rendered":"https:\/\/aivlisoft.com\/?post_type=product&#038;p=18079"},"modified":"2025-01-14T20:21:10","modified_gmt":"2025-01-14T20:21:10","slug":"d-link-dwc-1000-controlador-inalambrico-4xgb","status":"publish","type":"product","link":"https:\/\/aivlisoft.net\/shop\/producto\/d-link-dwc-1000-controlador-inalambrico-4xgb\/","title":{"rendered":"D-Link DWC-1000 Controlador Inalambrico 4xGB"},"content":{"rendered":"<div>El controlador inal&aacute;mbrico DWC-1000 de D-Link es un gestor de red LAN inal&aacute;mbrica centralizada desarrollado espec&iacute;ficamente para campus, sucursales y peque&ntilde;as y medianas empresas (pymes) que buscan una soluci&oacute;n f&aacute;cil de usar y escalable para administrar y configurar su red inal&aacute;mbrica. Tiene la capacidad de manejar hasta seis puntos de acceso inal&aacute;mbrico (ampliable a 24) y un m&aacute;ximo de 96 puntos de acceso inal&aacute;mbricos en un Cluster Controller. Con los puntos de acceso auto gestionados y la gesti&oacute;n de un solo punto permite a los clientes adquirir un sistema de clase empresarial sin la carga de ejecutar configuraciones grandes y complejas. Con un sistema de detecci&oacute;n de seguridad robusta y completa, el DWC-1000 tambi&eacute;n permite que los puntos de acceso bloquear posibles ataques de los usuarios y los dispositivos no autorizados.<\/div>\n<p><\/p>\n<table class=\"tabla_caracteristicas\" width=\"100%\">\n<tbody>\n<tr>\n<td><strong>Marca<\/strong><\/td>\n<td>D-link<\/td>\n<\/tr>\n<tr>\n<td><strong>Modelo<\/strong><\/td>\n<td><b>DWC-1000<\/b><\/td>\n<\/tr>\n<tr>\n<td valign=\"top\"><strong>Especificaciones<\/strong><\/td>\n<td>\n<div>\n<div><strong>Interfaces<\/strong><br \/>\t\t\t4x Gigabit LAN ports<br \/>\t\t\t2x Gigabit option ports3<br \/>\t\t\t2x USB 2.0 ports<br \/>\t\t\t1x Console (RJ-45) port<\/div>\n<div>&nbsp;<\/div>\n<div><strong>Capacity and performance<\/strong><br \/>\t\t\tDefault\/maximum APs per unit: 6\/241<br \/>\t\t\tDefault\/maximum APs when using a cluster of 4 x DWC-1000: 24\/961<br \/>\t\t\tConcurrent Captive Portal authentication users (wired\/wireless): 124\/400<br \/>\t\t\tDedicated IPSec VPN tunnels: 70<br \/>\t\t\tDedicated PPTP\/L2TP VPN tunnels: 25<br \/>\t\t\tDedicated SSL VPN tunnels: 20<\/div>\n<div>&nbsp;<\/div>\n<div><strong>Compatible Access Points<\/strong><br \/>\t\t\tDWL-2600AP<br \/>\t\t\tDWL-3600AP<br \/>\t\t\tDWL-6600AP<br \/>\t\t\tDWL-8600AP<\/div>\n<div>&nbsp;<\/div>\n<div><strong>AP discovery &amp; control<\/strong><br \/>\t\t\tLayer 2<br \/>\t\t\tLayer 3<\/div>\n<div>&nbsp;<\/div>\n<div><strong>AP monitoring<\/strong><br \/>\t\t\tManaged AP<br \/>\t\t\tRogue AP<br \/>\t\t\tAuthentication fail AP<br \/>\t\t\tStandalone AP<\/div>\n<div>&nbsp;<\/div>\n<div><strong>Client monitoring<\/strong><br \/>\t\t\tAuthenticated client<br \/>\t\t\tRogue client<br \/>\t\t\tAuthentication fail client<br \/>\t\t\tAd-hoc client<\/div>\n<div>&nbsp;<\/div>\n<div><strong>Centralised management<\/strong><br \/>\t\t\tRF channel pattern<br \/>\t\t\tRF power output<br \/>\t\t\tSecurity policy<\/div>\n<div>&nbsp;<\/div>\n<div><strong>Roaming<\/strong><br \/>\t\t\tFast roaming<br \/>\t\t\tIntra\/inter-controlling roaming<br \/>\t\t\tIntra\/inter-subnet roaming<\/div>\n<div>&nbsp;<\/div>\n<div><strong>Wireless security<\/strong><br \/>\t\t\tWEP<br \/>\t\t\tDynamic WEP<br \/>\t\t\tWPA Personal\/Enterprise<br \/>\t\t\tWPA2 Personal\/Enterprise<\/div>\n<div>&nbsp;<\/div>\n<div><strong>LAN security<\/strong><br \/>\t\t\t802.1x port-based access control<br \/>\t\t\tGuest VLAN<\/div>\n<div>&nbsp;<\/div>\n<div><strong>Wireless Intrusion Detection &amp; Prevention System (WIDS)<\/strong><br \/>\t\t\tRogue\/Valid AP classification<br \/>\t\t\tRogue AP mitigation<\/div>\n<div>&nbsp;<\/div>\n<div><strong>Authentication<\/strong><br \/>\t\t\tCaptive portal<br \/>\t\t\tGuest management4<br \/>\t\t\tMAC authentication<\/div>\n<div>&nbsp;<\/div>\n<div><strong>VLAN<\/strong><br \/>\t\t\tVLAN group: up to 255 entries<br \/>\t\t\t802.1q VLAN<br \/>\t\t\tSubnet-based VLAN<br \/>\t\t\tPort-based VLAN<\/div>\n<div>&nbsp;<\/div>\n<div><strong>Firewall system2<\/strong><br \/>\t\t\tPolicy: 100 rules per feature, up to 600 rules total<br \/>\t\t\tDynamic routing: RIPv1, RIPv2<br \/>\t\t\tDynamic DNS<br \/>\t\t\tNAT\/PAT<br \/>\t\t\tWeb content filtering (Static URL\/Keywords)<\/div>\n<div>&nbsp;<\/div>\n<div><strong>Networking2<\/strong><br \/>\t\t\tRoute failover<br \/>\t\t\tOutbound load balancing<\/div>\n<div>&nbsp;<\/div>\n<div><strong>Virtual Private Network (VPN) 2<\/strong><br \/>\t\t\tEncryption: DES, 3DES, AES, Twofish, Blowfish, CAST-128, NULL<br \/>\t\t\tIPSec NAT Traversal<br \/>\t\t\tDead Peer Detection<br \/>\t\t\tIP Encapsulating Security Payload (ESP)<br \/>\t\t\tIP Authentication Header (AH)<br \/>\t\t\tVPN Tunnel Keep Alive<br \/>\t\t\tHub and Spoke<\/div>\n<div>&nbsp;<\/div>\n<div><strong>SSL Virtual Private Network (SSL VPN) 2<\/strong><br \/>\t\t\tEncryption: DES, 3DES, AES<br \/>\t\t\tMessage integrity: MD5, SHA1<\/div>\n<div>&nbsp;<\/div>\n<div><strong>System management<\/strong><br \/>\t\t\tWeb based user interface (HTTP)<br \/>\t\t\tCommand line interface (CLI)<br \/>\t\t\tSNMP v1, v2c, v3<\/div>\n<\/p><\/div>\n<\/td>\n<\/tr>\n<tr>\n<td valign=\"top\"><strong>Otras caracter&iacute;sticas<\/strong><\/td>\n<td>\n<p><strong><span style=\"line-height: 1.6;\">Physical and environmental<\/span><\/strong><\/p>\n<div>Internal power supply: DC 12V\/2.5A<br \/>\t\t\tMax. Power Consumption: 19.3 W<br \/>\t\t\tDimensions: 280 x 180 x 44 mm (W x L x H)<br \/>\t\t\tWeight: 1.7 Kg.<br \/>\t\t\tOperation Temperature: 0 to 40 &deg;C<br \/>\t\t\tStorage Temperature: -20 to 70 &deg;C<br \/>\t\t\tOperation Humidity: 5% to 95%, Non-condensing<\/div>\n<div>&nbsp;<\/div>\n<div><strong>Certifications<\/strong><br \/>\t\t\tFCC Class B<br \/>\t\t\tCE Class B<br \/>\t\t\tVCCI<br \/>\t\t\tC-tick<br \/>\t\t\tIC<br \/>\t\t\tcUL, LVD (EN60950-1)<\/div>\n<div>&nbsp;<\/div>\n<div><em>1 The number of managed APs can be increased by purchasing additional DWC-1000-6AP-LIC licenses<br \/>\t\t\t2 Feature enabled by purchasing the DWC-1000-VPN-LIC license<br \/>\t\t\t3 The first port is enabled by default. The second port is enabled by purchasing the DWC-1000-VPN-LIC license<br \/>\t\t\t4 Supported on firmware 4.2.0.3 or later. Please refer to the configuration guide available in the download section for DWC-1000 for more information.<\/em><\/div>\n<\/td>\n<\/tr>\n<tr>\n<td>Fecha Revisi&oacute;n<\/td>\n<td>29-10-2014 por MIG<\/td>\n<\/tr>\n<\/tbody>\n<\/table>\n","protected":false},"excerpt":{"rendered":"<p>El controlador inal&aacute;mbrico DWC-1000 de D-Link es un gestor de red LAN inal&aacute;mbrica centralizada desarrollado espec&iacute;ficamente para campus, sucursales y peque&ntilde;as y medianas empresas (pymes) que buscan una soluci&oacute;n f&aacute;cil de usar y escalable para administrar y configurar su red inal&aacute;mbrica. Tiene la capacidad de manejar hasta seis puntos de acceso inal&aacute;mbrico (ampliable a 24)&hellip;&nbsp;<a href=\"https:\/\/aivlisoft.net\/shop\/producto\/d-link-dwc-1000-controlador-inalambrico-4xgb\/\" rel=\"bookmark\"><span class=\"screen-reader-text\">D-Link DWC-1000 Controlador Inalambrico 4xGB<\/span><\/a><\/p>\n","protected":false},"featured_media":18080,"template":"","meta":{"neve_meta_sidebar":"","neve_meta_container":"","neve_meta_enable_content_width":"","neve_meta_content_width":0,"neve_meta_title_alignment":"","neve_meta_author_avatar":"","neve_post_elements_order":"","neve_meta_disable_header":"","neve_meta_disable_footer":"","neve_meta_disable_title":""},"product_brand":[],"product_cat":[15,1399,8705],"product_tag":[6624],"class_list":{"0":"post-18079","1":"product","2":"type-product","3":"status-publish","4":"has-post-thumbnail","6":"product_cat-sin-categorizar","7":"product_cat-accesorios-redes","8":"product_cat-accesorios-redes-wifi","9":"product_tag-dwc-1000","11":"first","12":"instock","13":"taxable","14":"shipping-taxable","15":"purchasable","16":"product-type-simple"},"yoast_head":"<!-- This site is optimized with the Yoast SEO plugin v26.0 - https:\/\/yoast.com\/wordpress\/plugins\/seo\/ -->\n<title>D-Link DWC-1000 Controlador Inalambrico 4xGB - Aivlisoft Inform\u00e1tica<\/title>\n<meta name=\"robots\" content=\"index, follow, max-snippet:-1, max-image-preview:large, max-video-preview:-1\" \/>\n<link rel=\"canonical\" href=\"https:\/\/aivlisoft.net\/shop\/producto\/d-link-dwc-1000-controlador-inalambrico-4xgb\/\" \/>\n<meta property=\"og:locale\" content=\"es_ES\" \/>\n<meta property=\"og:type\" content=\"article\" \/>\n<meta property=\"og:title\" content=\"D-Link DWC-1000 Controlador Inalambrico 4xGB - Aivlisoft Inform\u00e1tica\" \/>\n<meta property=\"og:description\" content=\"El controlador inal&aacute;mbrico DWC-1000 de D-Link es un gestor de red LAN inal&aacute;mbrica centralizada desarrollado espec&iacute;ficamente para campus, sucursales y peque&ntilde;as y medianas empresas (pymes) que buscan una soluci&oacute;n f&aacute;cil de usar y escalable para administrar y configurar su red inal&aacute;mbrica. Tiene la capacidad de manejar hasta seis puntos de acceso inal&aacute;mbrico (ampliable a 24)&hellip;&nbsp;D-Link DWC-1000 Controlador Inalambrico 4xGB\" \/>\n<meta property=\"og:url\" content=\"https:\/\/aivlisoft.net\/shop\/producto\/d-link-dwc-1000-controlador-inalambrico-4xgb\/\" \/>\n<meta property=\"og:site_name\" content=\"Aivlisoft Inform\u00e1tica\" \/>\n<meta property=\"article:modified_time\" content=\"2025-01-14T20:21:10+00:00\" \/>\n<meta property=\"og:image\" content=\"https:\/\/aivlisoft.net\/shop\/wp-content\/uploads\/2025\/01\/NADAIN0163_800.jpg\" \/>\n\t<meta property=\"og:image:width\" content=\"800\" \/>\n\t<meta property=\"og:image:height\" content=\"800\" \/>\n\t<meta property=\"og:image:type\" content=\"image\/jpeg\" \/>\n<meta name=\"twitter:card\" content=\"summary_large_image\" \/>\n<meta name=\"twitter:label1\" content=\"Tiempo de lectura\" \/>\n\t<meta name=\"twitter:data1\" content=\"3 minutos\" \/>\n<script type=\"application\/ld+json\" class=\"yoast-schema-graph\">{\"@context\":\"https:\/\/schema.org\",\"@graph\":[{\"@type\":\"WebPage\",\"@id\":\"https:\/\/aivlisoft.net\/shop\/producto\/d-link-dwc-1000-controlador-inalambrico-4xgb\/\",\"url\":\"https:\/\/aivlisoft.net\/shop\/producto\/d-link-dwc-1000-controlador-inalambrico-4xgb\/\",\"name\":\"D-Link DWC-1000 Controlador Inalambrico 4xGB - Aivlisoft Inform\u00e1tica\",\"isPartOf\":{\"@id\":\"https:\/\/aivlisoft.net\/shop\/#website\"},\"primaryImageOfPage\":{\"@id\":\"https:\/\/aivlisoft.net\/shop\/producto\/d-link-dwc-1000-controlador-inalambrico-4xgb\/#primaryimage\"},\"image\":{\"@id\":\"https:\/\/aivlisoft.net\/shop\/producto\/d-link-dwc-1000-controlador-inalambrico-4xgb\/#primaryimage\"},\"thumbnailUrl\":\"https:\/\/aivlisoft.net\/shop\/wp-content\/uploads\/2025\/01\/NADAIN0163_800.jpg\",\"datePublished\":\"2025-01-13T15:18:36+00:00\",\"dateModified\":\"2025-01-14T20:21:10+00:00\",\"breadcrumb\":{\"@id\":\"https:\/\/aivlisoft.net\/shop\/producto\/d-link-dwc-1000-controlador-inalambrico-4xgb\/#breadcrumb\"},\"inLanguage\":\"es\",\"potentialAction\":[{\"@type\":\"ReadAction\",\"target\":[\"https:\/\/aivlisoft.net\/shop\/producto\/d-link-dwc-1000-controlador-inalambrico-4xgb\/\"]}]},{\"@type\":\"ImageObject\",\"inLanguage\":\"es\",\"@id\":\"https:\/\/aivlisoft.net\/shop\/producto\/d-link-dwc-1000-controlador-inalambrico-4xgb\/#primaryimage\",\"url\":\"https:\/\/aivlisoft.net\/shop\/wp-content\/uploads\/2025\/01\/NADAIN0163_800.jpg\",\"contentUrl\":\"https:\/\/aivlisoft.net\/shop\/wp-content\/uploads\/2025\/01\/NADAIN0163_800.jpg\",\"width\":800,\"height\":800},{\"@type\":\"BreadcrumbList\",\"@id\":\"https:\/\/aivlisoft.net\/shop\/producto\/d-link-dwc-1000-controlador-inalambrico-4xgb\/#breadcrumb\",\"itemListElement\":[{\"@type\":\"ListItem\",\"position\":1,\"name\":\"Portada\",\"item\":\"https:\/\/aivlisoft.net\/shop\/\"},{\"@type\":\"ListItem\",\"position\":2,\"name\":\"Tienda\",\"item\":\"https:\/\/aivlisoft.net\/shop\/tienda\/\"},{\"@type\":\"ListItem\",\"position\":3,\"name\":\"D-Link DWC-1000 Controlador Inalambrico 4xGB\"}]},{\"@type\":\"WebSite\",\"@id\":\"https:\/\/aivlisoft.net\/shop\/#website\",\"url\":\"https:\/\/aivlisoft.net\/shop\/\",\"name\":\"Aivlisoft Inform\u00e1tica\",\"description\":\"En Aivlisoft Inform\u00e1tica ofrecemos soluciones tecnol\u00f3gicas para empresas: venta de ordenadores, consumibles, perif\u00e9ricos y m\u00e1s. Calidad, atenci\u00f3n personalizada y los mejores precios para tu negocio.\",\"publisher\":{\"@id\":\"https:\/\/aivlisoft.net\/shop\/#organization\"},\"potentialAction\":[{\"@type\":\"SearchAction\",\"target\":{\"@type\":\"EntryPoint\",\"urlTemplate\":\"https:\/\/aivlisoft.net\/shop\/?s={search_term_string}\"},\"query-input\":{\"@type\":\"PropertyValueSpecification\",\"valueRequired\":true,\"valueName\":\"search_term_string\"}}],\"inLanguage\":\"es\"},{\"@type\":\"Organization\",\"@id\":\"https:\/\/aivlisoft.net\/shop\/#organization\",\"name\":\"Aivlisoft Inform\u00e1tica\",\"url\":\"https:\/\/aivlisoft.net\/shop\/\",\"logo\":{\"@type\":\"ImageObject\",\"inLanguage\":\"es\",\"@id\":\"https:\/\/aivlisoft.net\/shop\/#\/schema\/logo\/image\/\",\"url\":\"https:\/\/aivlisoft.net\/shop\/wp-content\/uploads\/2024\/12\/removal.ai_5b848c54-0cdf-4140-95c5-c5536bb7573b-logodef.png\",\"contentUrl\":\"https:\/\/aivlisoft.net\/shop\/wp-content\/uploads\/2024\/12\/removal.ai_5b848c54-0cdf-4140-95c5-c5536bb7573b-logodef.png\",\"width\":484,\"height\":182,\"caption\":\"Aivlisoft Inform\u00e1tica\"},\"image\":{\"@id\":\"https:\/\/aivlisoft.net\/shop\/#\/schema\/logo\/image\/\"}}]}<\/script>\n<!-- \/ Yoast SEO plugin. -->","yoast_head_json":{"title":"D-Link DWC-1000 Controlador Inalambrico 4xGB - Aivlisoft Inform\u00e1tica","robots":{"index":"index","follow":"follow","max-snippet":"max-snippet:-1","max-image-preview":"max-image-preview:large","max-video-preview":"max-video-preview:-1"},"canonical":"https:\/\/aivlisoft.net\/shop\/producto\/d-link-dwc-1000-controlador-inalambrico-4xgb\/","og_locale":"es_ES","og_type":"article","og_title":"D-Link DWC-1000 Controlador Inalambrico 4xGB - Aivlisoft Inform\u00e1tica","og_description":"El controlador inal&aacute;mbrico DWC-1000 de D-Link es un gestor de red LAN inal&aacute;mbrica centralizada desarrollado espec&iacute;ficamente para campus, sucursales y peque&ntilde;as y medianas empresas (pymes) que buscan una soluci&oacute;n f&aacute;cil de usar y escalable para administrar y configurar su red inal&aacute;mbrica. Tiene la capacidad de manejar hasta seis puntos de acceso inal&aacute;mbrico (ampliable a 24)&hellip;&nbsp;D-Link DWC-1000 Controlador Inalambrico 4xGB","og_url":"https:\/\/aivlisoft.net\/shop\/producto\/d-link-dwc-1000-controlador-inalambrico-4xgb\/","og_site_name":"Aivlisoft Inform\u00e1tica","article_modified_time":"2025-01-14T20:21:10+00:00","og_image":[{"width":800,"height":800,"url":"https:\/\/aivlisoft.net\/shop\/wp-content\/uploads\/2025\/01\/NADAIN0163_800.jpg","type":"image\/jpeg"}],"twitter_card":"summary_large_image","twitter_misc":{"Tiempo de lectura":"3 minutos"},"schema":{"@context":"https:\/\/schema.org","@graph":[{"@type":"WebPage","@id":"https:\/\/aivlisoft.net\/shop\/producto\/d-link-dwc-1000-controlador-inalambrico-4xgb\/","url":"https:\/\/aivlisoft.net\/shop\/producto\/d-link-dwc-1000-controlador-inalambrico-4xgb\/","name":"D-Link DWC-1000 Controlador Inalambrico 4xGB - Aivlisoft Inform\u00e1tica","isPartOf":{"@id":"https:\/\/aivlisoft.net\/shop\/#website"},"primaryImageOfPage":{"@id":"https:\/\/aivlisoft.net\/shop\/producto\/d-link-dwc-1000-controlador-inalambrico-4xgb\/#primaryimage"},"image":{"@id":"https:\/\/aivlisoft.net\/shop\/producto\/d-link-dwc-1000-controlador-inalambrico-4xgb\/#primaryimage"},"thumbnailUrl":"https:\/\/aivlisoft.net\/shop\/wp-content\/uploads\/2025\/01\/NADAIN0163_800.jpg","datePublished":"2025-01-13T15:18:36+00:00","dateModified":"2025-01-14T20:21:10+00:00","breadcrumb":{"@id":"https:\/\/aivlisoft.net\/shop\/producto\/d-link-dwc-1000-controlador-inalambrico-4xgb\/#breadcrumb"},"inLanguage":"es","potentialAction":[{"@type":"ReadAction","target":["https:\/\/aivlisoft.net\/shop\/producto\/d-link-dwc-1000-controlador-inalambrico-4xgb\/"]}]},{"@type":"ImageObject","inLanguage":"es","@id":"https:\/\/aivlisoft.net\/shop\/producto\/d-link-dwc-1000-controlador-inalambrico-4xgb\/#primaryimage","url":"https:\/\/aivlisoft.net\/shop\/wp-content\/uploads\/2025\/01\/NADAIN0163_800.jpg","contentUrl":"https:\/\/aivlisoft.net\/shop\/wp-content\/uploads\/2025\/01\/NADAIN0163_800.jpg","width":800,"height":800},{"@type":"BreadcrumbList","@id":"https:\/\/aivlisoft.net\/shop\/producto\/d-link-dwc-1000-controlador-inalambrico-4xgb\/#breadcrumb","itemListElement":[{"@type":"ListItem","position":1,"name":"Portada","item":"https:\/\/aivlisoft.net\/shop\/"},{"@type":"ListItem","position":2,"name":"Tienda","item":"https:\/\/aivlisoft.net\/shop\/tienda\/"},{"@type":"ListItem","position":3,"name":"D-Link DWC-1000 Controlador Inalambrico 4xGB"}]},{"@type":"WebSite","@id":"https:\/\/aivlisoft.net\/shop\/#website","url":"https:\/\/aivlisoft.net\/shop\/","name":"Aivlisoft Inform\u00e1tica","description":"En Aivlisoft Inform\u00e1tica ofrecemos soluciones tecnol\u00f3gicas para empresas: venta de ordenadores, consumibles, perif\u00e9ricos y m\u00e1s. Calidad, atenci\u00f3n personalizada y los mejores precios para tu negocio.","publisher":{"@id":"https:\/\/aivlisoft.net\/shop\/#organization"},"potentialAction":[{"@type":"SearchAction","target":{"@type":"EntryPoint","urlTemplate":"https:\/\/aivlisoft.net\/shop\/?s={search_term_string}"},"query-input":{"@type":"PropertyValueSpecification","valueRequired":true,"valueName":"search_term_string"}}],"inLanguage":"es"},{"@type":"Organization","@id":"https:\/\/aivlisoft.net\/shop\/#organization","name":"Aivlisoft Inform\u00e1tica","url":"https:\/\/aivlisoft.net\/shop\/","logo":{"@type":"ImageObject","inLanguage":"es","@id":"https:\/\/aivlisoft.net\/shop\/#\/schema\/logo\/image\/","url":"https:\/\/aivlisoft.net\/shop\/wp-content\/uploads\/2024\/12\/removal.ai_5b848c54-0cdf-4140-95c5-c5536bb7573b-logodef.png","contentUrl":"https:\/\/aivlisoft.net\/shop\/wp-content\/uploads\/2024\/12\/removal.ai_5b848c54-0cdf-4140-95c5-c5536bb7573b-logodef.png","width":484,"height":182,"caption":"Aivlisoft Inform\u00e1tica"},"image":{"@id":"https:\/\/aivlisoft.net\/shop\/#\/schema\/logo\/image\/"}}]}},"_links":{"self":[{"href":"https:\/\/aivlisoft.net\/shop\/wp-json\/wp\/v2\/product\/18079","targetHints":{"allow":["GET"]}}],"collection":[{"href":"https:\/\/aivlisoft.net\/shop\/wp-json\/wp\/v2\/product"}],"about":[{"href":"https:\/\/aivlisoft.net\/shop\/wp-json\/wp\/v2\/types\/product"}],"wp:featuredmedia":[{"embeddable":true,"href":"https:\/\/aivlisoft.net\/shop\/wp-json\/wp\/v2\/media\/18080"}],"wp:attachment":[{"href":"https:\/\/aivlisoft.net\/shop\/wp-json\/wp\/v2\/media?parent=18079"}],"wp:term":[{"taxonomy":"product_brand","embeddable":true,"href":"https:\/\/aivlisoft.net\/shop\/wp-json\/wp\/v2\/product_brand?post=18079"},{"taxonomy":"product_cat","embeddable":true,"href":"https:\/\/aivlisoft.net\/shop\/wp-json\/wp\/v2\/product_cat?post=18079"},{"taxonomy":"product_tag","embeddable":true,"href":"https:\/\/aivlisoft.net\/shop\/wp-json\/wp\/v2\/product_tag?post=18079"}],"curies":[{"name":"wp","href":"https:\/\/api.w.org\/{rel}","templated":true}]}}