{"id":18070,"date":"2025-01-13T15:18:32","date_gmt":"2025-01-13T15:18:32","guid":{"rendered":"https:\/\/aivlisoft.com\/?post_type=product&#038;p=18070"},"modified":"2025-01-14T20:21:14","modified_gmt":"2025-01-14T20:21:14","slug":"tp-link-archer-t4u-tarjeta-red-wifi-ac1300-usb","status":"publish","type":"product","link":"https:\/\/aivlisoft.net\/shop\/producto\/tp-link-archer-t4u-tarjeta-red-wifi-ac1300-usb\/","title":{"rendered":"TP-LINK Archer T4U Tarjeta Red WiFi AC1300 USB"},"content":{"rendered":"<div>\tAC1200 Wireless Dual Band USB Adapter<br \/>\t<strong>Archer T4U<\/strong><\/p>\n<p>\tPrestaciones:<br \/>\t&#8211; Velocidad inal&aacute;mbrica ultra-r&aacute;pida de 1200 (867+300) Mbps con <strong>802.11ac<\/strong><br \/>\t&#8211; Conexiones de banda dual libres de latencia para streaming de v&iacute;deo de alta definici&oacute;n y juegos<br \/>\t&#8211; Puerto <strong>&#8203;&#8203;USB 3.0<\/strong> &#8211; Hasta 10 veces m&aacute;s r&aacute;pido que USB 2.0<br \/>\t&#8211; Encriptaci&oacute;n sencilla de seguridad inal&aacute;mbrica con s&oacute;lo pulsar el bot&oacute;n <strong>WPS<\/strong><br \/>\t&#8211; Equipado con un cable de extensi&oacute;n USB para un despliegue flexible<br \/>\t&nbsp;<\/div>\n<p><\/p>\n<table class=\"tabla_caracteristicas\" width=\"100%\">\n<tbody>\n<tr>\n<td valign=\"top\" width=\"35%\">\t\t\t\t<b><small><font face=\"Tahoma,Arial, Helvetica, sans-serif\" style=\"font-size: 11px\">Marca<\/font><\/small><\/b><\/td>\n<td valign=\"top\" width=\"65%\">\t\t\t\t<font face=\"Tahoma,Arial, Helvetica, sans-serif\"><small><font face=\"Tahoma,Arial, Helvetica, sans-serif\" style=\"font-size: 11px\">TP-LINK<\/font><\/small><\/font><\/td>\n<\/tr>\n<tr>\n<td valign=\"top\" width=\"35%\">\t\t\t\t<b><small><font face=\"Tahoma,Arial, Helvetica, sans-serif\" style=\"font-size: 11px\">Modelo<\/font><\/small><\/b><\/td>\n<td valign=\"top\" width=\"65%\">\t\t\t\t<font face=\"Tahoma,Arial, Helvetica, sans-serif\"><small><font face=\"Tahoma,Arial, Helvetica, sans-serif\" style=\"font-size: 11px\">Archer T4U<\/font><\/small><\/font><\/td>\n<\/tr>\n<tr>\n<td valign=\"top\" width=\"35%\">\t\t\t\t<b><small><font face=\"Tahoma,Arial, Helvetica, sans-serif\" style=\"font-size: 11px\">Tipo<\/font><\/small><\/b><\/td>\n<td valign=\"top\" width=\"65%\">\t\t\t\t<small><font face=\"Tahoma,Arial, Helvetica, sans-serif\" style=\"font-size: 11px\"><span style=\"color: rgb(0, 0, 0); font-family: Tahoma, Arial, Helvetica, sans-serif; font-size: 11px; font-style: normal; font-variant: normal; font-weight: normal; letter-spacing: normal; line-height: normal; orphans: auto; text-align: start; text-indent: 0px; text-transform: none; white-space: normal; widows: auto; word-spacing: 0px; -webkit-text-stroke-width: 0px; display: inline !important; float: none; background-color: rgb(255, 255, 255);\">Adaptador inal&aacute;mbrico dual band USB<\/span><\/font><\/small><\/td>\n<\/tr>\n<tr>\n<td valign=\"top\" width=\"35%\">\t\t\t\t<b><small><font face=\"Tahoma,Arial, Helvetica, sans-serif\" style=\"font-size: 11px\">Especificaciones<\/font><\/small><\/b><\/td>\n<td valign=\"top\" width=\"65%\">\n<div>\t\t\t\t\t<small><font face=\"Tahoma,Arial, Helvetica, sans-serif\" style=\"font-size: 11px\">&#8211; Interfaz: USB 3.0<br \/>\t\t\t\t\t&#8211; Botones: Bot&oacute;n WPS<br \/>\t\t\t\t\t&#8211; Tipo de antena: Omni-direccional<br \/>\t\t\t\t\t&#8211; Est&aacute;ndares Inal&aacute;mbricos:<br \/>\t\t\t\t\t&nbsp; IEEE 802.11ac, IEEE 802.11a,<br \/>\t\t\t\t\t&nbsp; IEEE 802.11b,IEEE 802.11g, IEEE 802.11n<br \/>\t\t\t\t\t&#8211; Frecuencia:<br \/>\t\t\t\t\t&nbsp; 2.4GHz<br \/>\t\t\t\t\t&nbsp; 5GHz<br \/>\t\t\t\t\t&#8211; Tasas de transferencia <br \/>\t\t\t\t\t&nbsp; 2.4GHz<br \/>\t\t\t\t\t&nbsp; 11n: Up to 300Mbps(din&aacute;mico)<br \/>\t\t\t\t\t&nbsp; 11g: Up to 54Mbps(din&aacute;mico)<br \/>\t\t\t\t\t&nbsp; 11b: Up to 11Mbps(din&aacute;mico)<br \/>\t\t\t\t\t&nbsp; 5GHz<br \/>\t\t\t\t\t&nbsp; 11ac: Up to 867Mbps(din&aacute;mico)<br \/>\t\t\t\t\t&nbsp; 11a: Up to 54Mbps(din&aacute;mico)<br \/>\t\t\t\t\t&#8211; PIRE: &lt;20dBm (PIRE)<br \/>\t\t\t\t\t&#8211; Sensibilidad de Recepci&oacute;n:<br \/>\t\t\t\t\t&nbsp; 5GHz&#65306;<br \/>\t\t\t\t\t&nbsp; 11a 6Mbps: -88dBm<br \/>\t\t\t\t\t&nbsp; 11a 54Mbps: -71dBm<br \/>\t\t\t\t\t&nbsp; 11ac HT20: -65dBm<br \/>\t\t\t\t\t&nbsp; 11ac HT40: -60dBm<br \/>\t\t\t\t\t&nbsp; 11ac HT80: -56dBm<br \/>\t\t\t\t\t&nbsp; 2.4GHz:<br \/>\t\t\t\t\t&nbsp; 11b 11Mbps: -90dBm<br \/>\t\t\t\t\t&nbsp; 11g 54Mbps: -73dBm<br \/>\t\t\t\t\t&nbsp; 11n HT20: -71dBm<br \/>\t\t\t\t\t&nbsp; 11n HT40: -68dBm<br \/>\t\t\t\t\t&#8211; Modos Inal&aacute;mbricos:<br \/>\t\t\t\t\t&nbsp; Ad-Hoc \/ Modo infraestructura<br \/>\t\t\t\t\t&#8211; Seguridad Inal&aacute;mbrica:<br \/>\t\t\t\t\t&nbsp; Soporte WEP a 64\/128 bit, WPA-PSK\/WPA2-PSK 802.1x<br \/>\t\t\t\t\t&#8211; Tecnolog&iacute;a de modulaci&oacute;n:<br \/>\t\t\t\t\t&nbsp; DBPSK, DQPSK, CCK, OFDM, 16-QAM, 64-QAM,<br \/>\t\t\t\t\t&nbsp; 256-QAM<\/font><\/small><\/div>\n<\/td>\n<\/tr>\n<tr>\n<td valign=\"top\" width=\"35%\">\t\t\t\t<b><small><font face=\"Tahoma,Arial, Helvetica, sans-serif\" style=\"font-size: 11px\">Otras caracter&iacute;sticas<\/font><\/small><\/b><\/td>\n<td valign=\"top\" width=\"65%\">\n<div>\t\t\t\t\t<small><font face=\"Tahoma,Arial, Helvetica, sans-serif\" style=\"font-size: 11px\">&#8211; Certificaciones: CE, FCC, RoHS<br \/>\t\t\t\t\t&#8211; Dimensiones (W X D X H): <br \/>\t\t\t\t\t&nbsp; 92.2&times;29&times;14.6mm<br \/>\t\t\t\t\t&#8211; Contenido del Paquete:<br \/>\t\t\t\t\t&nbsp; Adaptador inal&aacute;mbrico Archer T4U<br \/>\t\t\t\t\t&nbsp; CD de Utilidades<br \/>\t\t\t\t\t&nbsp; Gu&iacute;a r&aacute;pida de instalaci&oacute;n<br \/>\t\t\t\t\t&nbsp; Cable extensor USB<br \/>\t\t\t\t\t&#8211; Requisitos del sistema:<br \/>\t\t\t\t\t&nbsp; Windows 8 (32\/64bits), Windows 7 (32\/64bits), Windows XP(32\/64bits)<br \/>\t\t\t\t\t&#8211; Factores ambientales<br \/>\t\t\t\t\t&nbsp; -Temperatura de Funcionamiento:<br \/>\t\t\t\t\t&nbsp;&nbsp; 0&deg;C~40&deg;C (32&deg;F ~104&deg;F)<br \/>\t\t\t\t\t&nbsp; -Temperatura de Almacenamiento:<br \/>\t\t\t\t\t&nbsp;&nbsp; -40&deg;C~70&deg;C (-40&deg;F ~158&deg;F)<br \/>\t\t\t\t\t&nbsp; -Humedad de Funcionamiento:<br \/>\t\t\t\t\t&nbsp;&nbsp; 10%~90% sin condensaci&oacute;n<br \/>\t\t\t\t\t&nbsp; -Humedad de Almacenamiento:<br \/>\t\t\t\t\t&nbsp;&nbsp; 5%~90% sin condensaci&oacute;n<br \/>\t\t\t\t\t<\/font><\/small><\/div>\n<\/td>\n<\/tr>\n<tr>\n<td valign=\"top\" width=\"35%\">\t\t\t\t<b><small><font face=\"Tahoma,Arial, Helvetica, sans-serif\" style=\"font-size: 11px\">Fecha de revisi&oacute;n<\/font><\/small><\/b><\/td>\n<td valign=\"top\" width=\"65%\">\t\t\t\t<small><font face=\"Tahoma,Arial, Helvetica, sans-serif\" style=\"font-size: 11px\">27-06-2014 por FE4<br \/>\t\t\t\t<\/font><\/small><\/td>\n<\/tr>\n<\/tbody>\n<\/table>\n","protected":false},"excerpt":{"rendered":"<p>AC1200 Wireless Dual Band USB Adapter Archer T4U Prestaciones: &#8211; Velocidad inal&aacute;mbrica ultra-r&aacute;pida de 1200 (867+300) Mbps con 802.11ac &#8211; Conexiones de banda dual libres de latencia para streaming de v&iacute;deo de alta definici&oacute;n y juegos &#8211; Puerto &#8203;&#8203;USB 3.0 &#8211; Hasta 10 veces m&aacute;s r&aacute;pido que USB 2.0 &#8211; Encriptaci&oacute;n sencilla de seguridad inal&aacute;mbrica&hellip;&nbsp;<a href=\"https:\/\/aivlisoft.net\/shop\/producto\/tp-link-archer-t4u-tarjeta-red-wifi-ac1300-usb\/\" rel=\"bookmark\"><span class=\"screen-reader-text\">TP-LINK Archer T4U Tarjeta Red WiFi AC1300 USB<\/span><\/a><\/p>\n","protected":false},"featured_media":18071,"template":"","meta":{"neve_meta_sidebar":"","neve_meta_container":"","neve_meta_enable_content_width":"","neve_meta_content_width":0,"neve_meta_title_alignment":"","neve_meta_author_avatar":"","neve_post_elements_order":"","neve_meta_disable_header":"","neve_meta_disable_footer":"","neve_meta_disable_title":""},"product_brand":[],"product_cat":[15,1399,8705],"product_tag":[6622],"class_list":{"0":"post-18070","1":"product","2":"type-product","3":"status-publish","4":"has-post-thumbnail","6":"product_cat-sin-categorizar","7":"product_cat-accesorios-redes","8":"product_cat-accesorios-redes-wifi","9":"product_tag-archer-t4u","11":"first","12":"instock","13":"taxable","14":"shipping-taxable","15":"purchasable","16":"product-type-simple"},"yoast_head":"<!-- This site is optimized with the Yoast SEO plugin v26.0 - https:\/\/yoast.com\/wordpress\/plugins\/seo\/ -->\n<title>TP-LINK Archer T4U Tarjeta Red WiFi AC1300 USB - Aivlisoft Inform\u00e1tica<\/title>\n<meta name=\"robots\" content=\"index, follow, max-snippet:-1, max-image-preview:large, max-video-preview:-1\" \/>\n<link rel=\"canonical\" href=\"https:\/\/aivlisoft.net\/shop\/producto\/tp-link-archer-t4u-tarjeta-red-wifi-ac1300-usb\/\" \/>\n<meta property=\"og:locale\" content=\"es_ES\" \/>\n<meta property=\"og:type\" content=\"article\" \/>\n<meta property=\"og:title\" content=\"TP-LINK Archer T4U Tarjeta Red WiFi AC1300 USB - Aivlisoft Inform\u00e1tica\" \/>\n<meta property=\"og:description\" content=\"AC1200 Wireless Dual Band USB Adapter Archer T4U Prestaciones: &#8211; Velocidad inal&aacute;mbrica ultra-r&aacute;pida de 1200 (867+300) Mbps con 802.11ac &#8211; Conexiones de banda dual libres de latencia para streaming de v&iacute;deo de alta definici&oacute;n y juegos &#8211; Puerto &#8203;&#8203;USB 3.0 &#8211; Hasta 10 veces m&aacute;s r&aacute;pido que USB 2.0 &#8211; Encriptaci&oacute;n sencilla de seguridad inal&aacute;mbrica&hellip;&nbsp;TP-LINK Archer T4U Tarjeta Red WiFi AC1300 USB\" \/>\n<meta property=\"og:url\" content=\"https:\/\/aivlisoft.net\/shop\/producto\/tp-link-archer-t4u-tarjeta-red-wifi-ac1300-usb\/\" \/>\n<meta property=\"og:site_name\" content=\"Aivlisoft Inform\u00e1tica\" \/>\n<meta property=\"article:modified_time\" content=\"2025-01-14T20:21:14+00:00\" \/>\n<meta property=\"og:image\" content=\"https:\/\/aivlisoft.net\/shop\/wp-content\/uploads\/2025\/01\/NADAIN0154_800.jpg\" \/>\n\t<meta property=\"og:image:width\" content=\"800\" \/>\n\t<meta property=\"og:image:height\" content=\"800\" \/>\n\t<meta property=\"og:image:type\" content=\"image\/jpeg\" \/>\n<meta name=\"twitter:card\" content=\"summary_large_image\" \/>\n<meta name=\"twitter:label1\" content=\"Tiempo de lectura\" \/>\n\t<meta name=\"twitter:data1\" content=\"2 minutos\" \/>\n<script type=\"application\/ld+json\" class=\"yoast-schema-graph\">{\"@context\":\"https:\/\/schema.org\",\"@graph\":[{\"@type\":\"WebPage\",\"@id\":\"https:\/\/aivlisoft.net\/shop\/producto\/tp-link-archer-t4u-tarjeta-red-wifi-ac1300-usb\/\",\"url\":\"https:\/\/aivlisoft.net\/shop\/producto\/tp-link-archer-t4u-tarjeta-red-wifi-ac1300-usb\/\",\"name\":\"TP-LINK Archer T4U Tarjeta Red WiFi AC1300 USB - Aivlisoft Inform\u00e1tica\",\"isPartOf\":{\"@id\":\"https:\/\/aivlisoft.net\/shop\/#website\"},\"primaryImageOfPage\":{\"@id\":\"https:\/\/aivlisoft.net\/shop\/producto\/tp-link-archer-t4u-tarjeta-red-wifi-ac1300-usb\/#primaryimage\"},\"image\":{\"@id\":\"https:\/\/aivlisoft.net\/shop\/producto\/tp-link-archer-t4u-tarjeta-red-wifi-ac1300-usb\/#primaryimage\"},\"thumbnailUrl\":\"https:\/\/aivlisoft.net\/shop\/wp-content\/uploads\/2025\/01\/NADAIN0154_800.jpg\",\"datePublished\":\"2025-01-13T15:18:32+00:00\",\"dateModified\":\"2025-01-14T20:21:14+00:00\",\"breadcrumb\":{\"@id\":\"https:\/\/aivlisoft.net\/shop\/producto\/tp-link-archer-t4u-tarjeta-red-wifi-ac1300-usb\/#breadcrumb\"},\"inLanguage\":\"es\",\"potentialAction\":[{\"@type\":\"ReadAction\",\"target\":[\"https:\/\/aivlisoft.net\/shop\/producto\/tp-link-archer-t4u-tarjeta-red-wifi-ac1300-usb\/\"]}]},{\"@type\":\"ImageObject\",\"inLanguage\":\"es\",\"@id\":\"https:\/\/aivlisoft.net\/shop\/producto\/tp-link-archer-t4u-tarjeta-red-wifi-ac1300-usb\/#primaryimage\",\"url\":\"https:\/\/aivlisoft.net\/shop\/wp-content\/uploads\/2025\/01\/NADAIN0154_800.jpg\",\"contentUrl\":\"https:\/\/aivlisoft.net\/shop\/wp-content\/uploads\/2025\/01\/NADAIN0154_800.jpg\",\"width\":800,\"height\":800},{\"@type\":\"BreadcrumbList\",\"@id\":\"https:\/\/aivlisoft.net\/shop\/producto\/tp-link-archer-t4u-tarjeta-red-wifi-ac1300-usb\/#breadcrumb\",\"itemListElement\":[{\"@type\":\"ListItem\",\"position\":1,\"name\":\"Portada\",\"item\":\"https:\/\/aivlisoft.net\/shop\/\"},{\"@type\":\"ListItem\",\"position\":2,\"name\":\"Tienda\",\"item\":\"https:\/\/aivlisoft.net\/shop\/tienda\/\"},{\"@type\":\"ListItem\",\"position\":3,\"name\":\"TP-LINK Archer T4U Tarjeta Red WiFi AC1300 USB\"}]},{\"@type\":\"WebSite\",\"@id\":\"https:\/\/aivlisoft.net\/shop\/#website\",\"url\":\"https:\/\/aivlisoft.net\/shop\/\",\"name\":\"Aivlisoft Inform\u00e1tica\",\"description\":\"En Aivlisoft Inform\u00e1tica ofrecemos soluciones tecnol\u00f3gicas para empresas: venta de ordenadores, consumibles, perif\u00e9ricos y m\u00e1s. Calidad, atenci\u00f3n personalizada y los mejores precios para tu negocio.\",\"publisher\":{\"@id\":\"https:\/\/aivlisoft.net\/shop\/#organization\"},\"potentialAction\":[{\"@type\":\"SearchAction\",\"target\":{\"@type\":\"EntryPoint\",\"urlTemplate\":\"https:\/\/aivlisoft.net\/shop\/?s={search_term_string}\"},\"query-input\":{\"@type\":\"PropertyValueSpecification\",\"valueRequired\":true,\"valueName\":\"search_term_string\"}}],\"inLanguage\":\"es\"},{\"@type\":\"Organization\",\"@id\":\"https:\/\/aivlisoft.net\/shop\/#organization\",\"name\":\"Aivlisoft Inform\u00e1tica\",\"url\":\"https:\/\/aivlisoft.net\/shop\/\",\"logo\":{\"@type\":\"ImageObject\",\"inLanguage\":\"es\",\"@id\":\"https:\/\/aivlisoft.net\/shop\/#\/schema\/logo\/image\/\",\"url\":\"https:\/\/aivlisoft.net\/shop\/wp-content\/uploads\/2024\/12\/removal.ai_5b848c54-0cdf-4140-95c5-c5536bb7573b-logodef.png\",\"contentUrl\":\"https:\/\/aivlisoft.net\/shop\/wp-content\/uploads\/2024\/12\/removal.ai_5b848c54-0cdf-4140-95c5-c5536bb7573b-logodef.png\",\"width\":484,\"height\":182,\"caption\":\"Aivlisoft Inform\u00e1tica\"},\"image\":{\"@id\":\"https:\/\/aivlisoft.net\/shop\/#\/schema\/logo\/image\/\"}}]}<\/script>\n<!-- \/ Yoast SEO plugin. -->","yoast_head_json":{"title":"TP-LINK Archer T4U Tarjeta Red WiFi AC1300 USB - Aivlisoft Inform\u00e1tica","robots":{"index":"index","follow":"follow","max-snippet":"max-snippet:-1","max-image-preview":"max-image-preview:large","max-video-preview":"max-video-preview:-1"},"canonical":"https:\/\/aivlisoft.net\/shop\/producto\/tp-link-archer-t4u-tarjeta-red-wifi-ac1300-usb\/","og_locale":"es_ES","og_type":"article","og_title":"TP-LINK Archer T4U Tarjeta Red WiFi AC1300 USB - Aivlisoft Inform\u00e1tica","og_description":"AC1200 Wireless Dual Band USB Adapter Archer T4U Prestaciones: &#8211; Velocidad inal&aacute;mbrica ultra-r&aacute;pida de 1200 (867+300) Mbps con 802.11ac &#8211; Conexiones de banda dual libres de latencia para streaming de v&iacute;deo de alta definici&oacute;n y juegos &#8211; Puerto &#8203;&#8203;USB 3.0 &#8211; Hasta 10 veces m&aacute;s r&aacute;pido que USB 2.0 &#8211; Encriptaci&oacute;n sencilla de seguridad inal&aacute;mbrica&hellip;&nbsp;TP-LINK Archer T4U Tarjeta Red WiFi AC1300 USB","og_url":"https:\/\/aivlisoft.net\/shop\/producto\/tp-link-archer-t4u-tarjeta-red-wifi-ac1300-usb\/","og_site_name":"Aivlisoft Inform\u00e1tica","article_modified_time":"2025-01-14T20:21:14+00:00","og_image":[{"width":800,"height":800,"url":"https:\/\/aivlisoft.net\/shop\/wp-content\/uploads\/2025\/01\/NADAIN0154_800.jpg","type":"image\/jpeg"}],"twitter_card":"summary_large_image","twitter_misc":{"Tiempo de lectura":"2 minutos"},"schema":{"@context":"https:\/\/schema.org","@graph":[{"@type":"WebPage","@id":"https:\/\/aivlisoft.net\/shop\/producto\/tp-link-archer-t4u-tarjeta-red-wifi-ac1300-usb\/","url":"https:\/\/aivlisoft.net\/shop\/producto\/tp-link-archer-t4u-tarjeta-red-wifi-ac1300-usb\/","name":"TP-LINK Archer T4U Tarjeta Red WiFi AC1300 USB - Aivlisoft Inform\u00e1tica","isPartOf":{"@id":"https:\/\/aivlisoft.net\/shop\/#website"},"primaryImageOfPage":{"@id":"https:\/\/aivlisoft.net\/shop\/producto\/tp-link-archer-t4u-tarjeta-red-wifi-ac1300-usb\/#primaryimage"},"image":{"@id":"https:\/\/aivlisoft.net\/shop\/producto\/tp-link-archer-t4u-tarjeta-red-wifi-ac1300-usb\/#primaryimage"},"thumbnailUrl":"https:\/\/aivlisoft.net\/shop\/wp-content\/uploads\/2025\/01\/NADAIN0154_800.jpg","datePublished":"2025-01-13T15:18:32+00:00","dateModified":"2025-01-14T20:21:14+00:00","breadcrumb":{"@id":"https:\/\/aivlisoft.net\/shop\/producto\/tp-link-archer-t4u-tarjeta-red-wifi-ac1300-usb\/#breadcrumb"},"inLanguage":"es","potentialAction":[{"@type":"ReadAction","target":["https:\/\/aivlisoft.net\/shop\/producto\/tp-link-archer-t4u-tarjeta-red-wifi-ac1300-usb\/"]}]},{"@type":"ImageObject","inLanguage":"es","@id":"https:\/\/aivlisoft.net\/shop\/producto\/tp-link-archer-t4u-tarjeta-red-wifi-ac1300-usb\/#primaryimage","url":"https:\/\/aivlisoft.net\/shop\/wp-content\/uploads\/2025\/01\/NADAIN0154_800.jpg","contentUrl":"https:\/\/aivlisoft.net\/shop\/wp-content\/uploads\/2025\/01\/NADAIN0154_800.jpg","width":800,"height":800},{"@type":"BreadcrumbList","@id":"https:\/\/aivlisoft.net\/shop\/producto\/tp-link-archer-t4u-tarjeta-red-wifi-ac1300-usb\/#breadcrumb","itemListElement":[{"@type":"ListItem","position":1,"name":"Portada","item":"https:\/\/aivlisoft.net\/shop\/"},{"@type":"ListItem","position":2,"name":"Tienda","item":"https:\/\/aivlisoft.net\/shop\/tienda\/"},{"@type":"ListItem","position":3,"name":"TP-LINK Archer T4U Tarjeta Red WiFi AC1300 USB"}]},{"@type":"WebSite","@id":"https:\/\/aivlisoft.net\/shop\/#website","url":"https:\/\/aivlisoft.net\/shop\/","name":"Aivlisoft Inform\u00e1tica","description":"En Aivlisoft Inform\u00e1tica ofrecemos soluciones tecnol\u00f3gicas para empresas: venta de ordenadores, consumibles, perif\u00e9ricos y m\u00e1s. Calidad, atenci\u00f3n personalizada y los mejores precios para tu negocio.","publisher":{"@id":"https:\/\/aivlisoft.net\/shop\/#organization"},"potentialAction":[{"@type":"SearchAction","target":{"@type":"EntryPoint","urlTemplate":"https:\/\/aivlisoft.net\/shop\/?s={search_term_string}"},"query-input":{"@type":"PropertyValueSpecification","valueRequired":true,"valueName":"search_term_string"}}],"inLanguage":"es"},{"@type":"Organization","@id":"https:\/\/aivlisoft.net\/shop\/#organization","name":"Aivlisoft Inform\u00e1tica","url":"https:\/\/aivlisoft.net\/shop\/","logo":{"@type":"ImageObject","inLanguage":"es","@id":"https:\/\/aivlisoft.net\/shop\/#\/schema\/logo\/image\/","url":"https:\/\/aivlisoft.net\/shop\/wp-content\/uploads\/2024\/12\/removal.ai_5b848c54-0cdf-4140-95c5-c5536bb7573b-logodef.png","contentUrl":"https:\/\/aivlisoft.net\/shop\/wp-content\/uploads\/2024\/12\/removal.ai_5b848c54-0cdf-4140-95c5-c5536bb7573b-logodef.png","width":484,"height":182,"caption":"Aivlisoft Inform\u00e1tica"},"image":{"@id":"https:\/\/aivlisoft.net\/shop\/#\/schema\/logo\/image\/"}}]}},"_links":{"self":[{"href":"https:\/\/aivlisoft.net\/shop\/wp-json\/wp\/v2\/product\/18070","targetHints":{"allow":["GET"]}}],"collection":[{"href":"https:\/\/aivlisoft.net\/shop\/wp-json\/wp\/v2\/product"}],"about":[{"href":"https:\/\/aivlisoft.net\/shop\/wp-json\/wp\/v2\/types\/product"}],"wp:featuredmedia":[{"embeddable":true,"href":"https:\/\/aivlisoft.net\/shop\/wp-json\/wp\/v2\/media\/18071"}],"wp:attachment":[{"href":"https:\/\/aivlisoft.net\/shop\/wp-json\/wp\/v2\/media?parent=18070"}],"wp:term":[{"taxonomy":"product_brand","embeddable":true,"href":"https:\/\/aivlisoft.net\/shop\/wp-json\/wp\/v2\/product_brand?post=18070"},{"taxonomy":"product_cat","embeddable":true,"href":"https:\/\/aivlisoft.net\/shop\/wp-json\/wp\/v2\/product_cat?post=18070"},{"taxonomy":"product_tag","embeddable":true,"href":"https:\/\/aivlisoft.net\/shop\/wp-json\/wp\/v2\/product_tag?post=18070"}],"curies":[{"name":"wp","href":"https:\/\/api.w.org\/{rel}","templated":true}]}}