{"id":18028,"date":"2025-01-13T15:18:06","date_gmt":"2025-01-13T15:18:06","guid":{"rendered":"https:\/\/aivlisoft.com\/?post_type=product&#038;p=18028"},"modified":"2025-01-14T11:36:52","modified_gmt":"2025-01-14T11:36:52","slug":"tp-link-sm5110lsb-10-modulo-10gb-sfp-sm-lc-10km","status":"publish","type":"product","link":"https:\/\/aivlisoft.net\/shop\/producto\/tp-link-sm5110lsb-10-modulo-10gb-sfp-sm-lc-10km\/","title":{"rendered":"TP-Link SM5110LSB-10 Modulo 10Gb SFP+ SM LC 10km"},"content":{"rendered":"<p><\/p>\n<table class=\"tabla_caracteristicas\" width=\"100%\">\n<tr>\n<td valign=\"top\"><strong>Marca<\/strong><\/td>\n<td>TP-Link<\/td>\n<\/tr>\n<tr>\n<td valign=\"top\"><strong>Modelo<\/strong><\/td>\n<td><strong>SM5110LSB-10<\/strong><\/td>\n<\/tr>\n<tr>\n<td valign=\"top\"><strong>Caracter&iacute;sticas<\/strong><\/td>\n<td>&#8211; Est&aacute;ndares y protocolos:<br \/>\t\t\t&nbsp; IEEE 802.3ae<br \/>\t\t\t&nbsp; SFF 8431, SFF 8432, SFF-8472<br \/>\t\t\t&#8211; Longitud de onda<br \/>\t\t\t&nbsp; TX: 1270 nm<br \/>\t\t\t&nbsp; Recepci&oacute;n: 1330 nm<br \/>\t\t\t&#8211; Fuente de Alimentaci&oacute;n: 3.3V<br \/>\t\t\t&#8211; Tipo de Fibra: 9&mu;m\/125&mu;m Monomodo<br \/>\t\t\t&#8211; Longitud M&aacute;xima de Cable: 10km<br \/>\t\t\t&#8211; Tasa de datos: 10,3125 Gbps<br \/>\t\t\t&#8211; Conector: LC\/UPC<br \/>\t\t\t&#8211; Cumplimiento normativo: CE, FCC, RoHS<br \/>\t\t\t<strong>Factores Ambientales<\/strong><br \/>\t\t\t&#8211; Temperatura de funcionamiento: 0&deg;C a 70&deg;C (32&ndash;158 ?)<br \/>\t\t\t&#8211; Temperatura de almacenamiento: -40&deg;C a 85&deg;C (-40&deg;F a 185&deg;F)<br \/>\t\t\t&#8211; Humedad de funcionamiento: 10% a 90% RH sin condensaci&oacute;n<br \/>\t\t\t&#8211; Humedad de almacenamiento: 5% a 90% RH sin condensaci&oacute;n<br \/>\t\t\t<strong>Caracter&iacute;sticas de Hardware<\/strong><br \/>\t\t\t&#8211; DDM<br \/>\t\t\t&#8211; Intercambiables en caliente<br \/>\t\t\t<strong>Dimensiones<\/strong><br \/>\t\t\t&#8211; 57 x 14 x 12.0 mm<br \/>\t\t\t<strong>Contenido<\/strong><br \/>\t\t\t&#8211; SM5110LSB-10<br \/>\t\t\t&#8211; Gu&iacute;a de instalaci&oacute;n<\/td>\n<\/tr>\n<tr>\n<td valign=\"top\"><strong>Fecha de revisi&oacute;n<\/strong><\/td>\n<td>07-11-2024 por RTY<\/td>\n<\/tr>\n<\/table>\n","protected":false},"excerpt":{"rendered":"<p>Marca TP-Link Modelo SM5110LSB-10 Caracter&iacute;sticas &#8211; Est&aacute;ndares y protocolos: &nbsp; IEEE 802.3ae &nbsp; SFF 8431, SFF 8432, SFF-8472 &#8211; Longitud de onda &nbsp; TX: 1270 nm &nbsp; Recepci&oacute;n: 1330 nm &#8211; Fuente de Alimentaci&oacute;n: 3.3V &#8211; Tipo de Fibra: 9&mu;m\/125&mu;m Monomodo &#8211; Longitud M&aacute;xima de Cable: 10km &#8211; Tasa de datos: 10,3125 Gbps &#8211; Conector:&hellip;&nbsp;<a href=\"https:\/\/aivlisoft.net\/shop\/producto\/tp-link-sm5110lsb-10-modulo-10gb-sfp-sm-lc-10km\/\" rel=\"bookmark\"><span class=\"screen-reader-text\">TP-Link SM5110LSB-10 Modulo 10Gb SFP+ SM LC 10km<\/span><\/a><\/p>\n","protected":false},"featured_media":0,"template":"","meta":{"neve_meta_sidebar":"","neve_meta_container":"","neve_meta_enable_content_width":"","neve_meta_content_width":0,"neve_meta_title_alignment":"","neve_meta_author_avatar":"","neve_post_elements_order":"","neve_meta_disable_header":"","neve_meta_disable_footer":"","neve_meta_disable_title":""},"product_brand":[],"product_cat":[8763],"product_tag":[6608],"class_list":{"0":"post-18028","1":"product","2":"type-product","3":"status-publish","5":"product_cat-red-cableada","6":"product_tag-sm5110lsb-10","8":"first","9":"instock","10":"taxable","11":"shipping-taxable","12":"purchasable","13":"product-type-simple"},"yoast_head":"<!-- This site is optimized with the Yoast SEO plugin v26.0 - https:\/\/yoast.com\/wordpress\/plugins\/seo\/ -->\n<title>TP-Link SM5110LSB-10 Modulo 10Gb SFP+ SM LC 10km - Aivlisoft Inform\u00e1tica<\/title>\n<meta name=\"robots\" content=\"index, follow, max-snippet:-1, max-image-preview:large, max-video-preview:-1\" \/>\n<link rel=\"canonical\" href=\"https:\/\/aivlisoft.net\/shop\/producto\/tp-link-sm5110lsb-10-modulo-10gb-sfp-sm-lc-10km\/\" \/>\n<meta property=\"og:locale\" content=\"es_ES\" \/>\n<meta property=\"og:type\" content=\"article\" \/>\n<meta property=\"og:title\" content=\"TP-Link SM5110LSB-10 Modulo 10Gb SFP+ SM LC 10km - Aivlisoft Inform\u00e1tica\" \/>\n<meta property=\"og:description\" content=\"Marca TP-Link Modelo SM5110LSB-10 Caracter&iacute;sticas &#8211; Est&aacute;ndares y protocolos: &nbsp; IEEE 802.3ae &nbsp; SFF 8431, SFF 8432, SFF-8472 &#8211; Longitud de onda &nbsp; TX: 1270 nm &nbsp; Recepci&oacute;n: 1330 nm &#8211; Fuente de Alimentaci&oacute;n: 3.3V &#8211; Tipo de Fibra: 9&mu;m\/125&mu;m Monomodo &#8211; Longitud M&aacute;xima de Cable: 10km &#8211; Tasa de datos: 10,3125 Gbps &#8211; Conector:&hellip;&nbsp;TP-Link SM5110LSB-10 Modulo 10Gb SFP+ SM LC 10km\" \/>\n<meta property=\"og:url\" content=\"https:\/\/aivlisoft.net\/shop\/producto\/tp-link-sm5110lsb-10-modulo-10gb-sfp-sm-lc-10km\/\" \/>\n<meta property=\"og:site_name\" content=\"Aivlisoft Inform\u00e1tica\" \/>\n<meta property=\"article:modified_time\" content=\"2025-01-14T11:36:52+00:00\" \/>\n<meta name=\"twitter:card\" content=\"summary_large_image\" \/>\n<meta name=\"twitter:label1\" content=\"Tiempo de lectura\" \/>\n\t<meta name=\"twitter:data1\" content=\"1 minuto\" \/>\n<script type=\"application\/ld+json\" class=\"yoast-schema-graph\">{\"@context\":\"https:\/\/schema.org\",\"@graph\":[{\"@type\":\"WebPage\",\"@id\":\"https:\/\/aivlisoft.net\/shop\/producto\/tp-link-sm5110lsb-10-modulo-10gb-sfp-sm-lc-10km\/\",\"url\":\"https:\/\/aivlisoft.net\/shop\/producto\/tp-link-sm5110lsb-10-modulo-10gb-sfp-sm-lc-10km\/\",\"name\":\"TP-Link SM5110LSB-10 Modulo 10Gb SFP+ SM LC 10km - Aivlisoft Inform\u00e1tica\",\"isPartOf\":{\"@id\":\"https:\/\/aivlisoft.net\/shop\/#website\"},\"datePublished\":\"2025-01-13T15:18:06+00:00\",\"dateModified\":\"2025-01-14T11:36:52+00:00\",\"breadcrumb\":{\"@id\":\"https:\/\/aivlisoft.net\/shop\/producto\/tp-link-sm5110lsb-10-modulo-10gb-sfp-sm-lc-10km\/#breadcrumb\"},\"inLanguage\":\"es\",\"potentialAction\":[{\"@type\":\"ReadAction\",\"target\":[\"https:\/\/aivlisoft.net\/shop\/producto\/tp-link-sm5110lsb-10-modulo-10gb-sfp-sm-lc-10km\/\"]}]},{\"@type\":\"BreadcrumbList\",\"@id\":\"https:\/\/aivlisoft.net\/shop\/producto\/tp-link-sm5110lsb-10-modulo-10gb-sfp-sm-lc-10km\/#breadcrumb\",\"itemListElement\":[{\"@type\":\"ListItem\",\"position\":1,\"name\":\"Portada\",\"item\":\"https:\/\/aivlisoft.net\/shop\/\"},{\"@type\":\"ListItem\",\"position\":2,\"name\":\"Tienda\",\"item\":\"https:\/\/aivlisoft.net\/shop\/tienda\/\"},{\"@type\":\"ListItem\",\"position\":3,\"name\":\"TP-Link SM5110LSB-10 Modulo 10Gb SFP+ SM LC 10km\"}]},{\"@type\":\"WebSite\",\"@id\":\"https:\/\/aivlisoft.net\/shop\/#website\",\"url\":\"https:\/\/aivlisoft.net\/shop\/\",\"name\":\"Aivlisoft Inform\u00e1tica\",\"description\":\"En Aivlisoft Inform\u00e1tica ofrecemos soluciones tecnol\u00f3gicas para empresas: venta de ordenadores, consumibles, perif\u00e9ricos y m\u00e1s. Calidad, atenci\u00f3n personalizada y los mejores precios para tu negocio.\",\"publisher\":{\"@id\":\"https:\/\/aivlisoft.net\/shop\/#organization\"},\"potentialAction\":[{\"@type\":\"SearchAction\",\"target\":{\"@type\":\"EntryPoint\",\"urlTemplate\":\"https:\/\/aivlisoft.net\/shop\/?s={search_term_string}\"},\"query-input\":{\"@type\":\"PropertyValueSpecification\",\"valueRequired\":true,\"valueName\":\"search_term_string\"}}],\"inLanguage\":\"es\"},{\"@type\":\"Organization\",\"@id\":\"https:\/\/aivlisoft.net\/shop\/#organization\",\"name\":\"Aivlisoft Inform\u00e1tica\",\"url\":\"https:\/\/aivlisoft.net\/shop\/\",\"logo\":{\"@type\":\"ImageObject\",\"inLanguage\":\"es\",\"@id\":\"https:\/\/aivlisoft.net\/shop\/#\/schema\/logo\/image\/\",\"url\":\"https:\/\/aivlisoft.net\/shop\/wp-content\/uploads\/2024\/12\/removal.ai_5b848c54-0cdf-4140-95c5-c5536bb7573b-logodef.png\",\"contentUrl\":\"https:\/\/aivlisoft.net\/shop\/wp-content\/uploads\/2024\/12\/removal.ai_5b848c54-0cdf-4140-95c5-c5536bb7573b-logodef.png\",\"width\":484,\"height\":182,\"caption\":\"Aivlisoft Inform\u00e1tica\"},\"image\":{\"@id\":\"https:\/\/aivlisoft.net\/shop\/#\/schema\/logo\/image\/\"}}]}<\/script>\n<!-- \/ Yoast SEO plugin. -->","yoast_head_json":{"title":"TP-Link SM5110LSB-10 Modulo 10Gb SFP+ SM LC 10km - Aivlisoft Inform\u00e1tica","robots":{"index":"index","follow":"follow","max-snippet":"max-snippet:-1","max-image-preview":"max-image-preview:large","max-video-preview":"max-video-preview:-1"},"canonical":"https:\/\/aivlisoft.net\/shop\/producto\/tp-link-sm5110lsb-10-modulo-10gb-sfp-sm-lc-10km\/","og_locale":"es_ES","og_type":"article","og_title":"TP-Link SM5110LSB-10 Modulo 10Gb SFP+ SM LC 10km - Aivlisoft Inform\u00e1tica","og_description":"Marca TP-Link Modelo SM5110LSB-10 Caracter&iacute;sticas &#8211; Est&aacute;ndares y protocolos: &nbsp; IEEE 802.3ae &nbsp; SFF 8431, SFF 8432, SFF-8472 &#8211; Longitud de onda &nbsp; TX: 1270 nm &nbsp; Recepci&oacute;n: 1330 nm &#8211; Fuente de Alimentaci&oacute;n: 3.3V &#8211; Tipo de Fibra: 9&mu;m\/125&mu;m Monomodo &#8211; Longitud M&aacute;xima de Cable: 10km &#8211; Tasa de datos: 10,3125 Gbps &#8211; Conector:&hellip;&nbsp;TP-Link SM5110LSB-10 Modulo 10Gb SFP+ SM LC 10km","og_url":"https:\/\/aivlisoft.net\/shop\/producto\/tp-link-sm5110lsb-10-modulo-10gb-sfp-sm-lc-10km\/","og_site_name":"Aivlisoft Inform\u00e1tica","article_modified_time":"2025-01-14T11:36:52+00:00","twitter_card":"summary_large_image","twitter_misc":{"Tiempo de lectura":"1 minuto"},"schema":{"@context":"https:\/\/schema.org","@graph":[{"@type":"WebPage","@id":"https:\/\/aivlisoft.net\/shop\/producto\/tp-link-sm5110lsb-10-modulo-10gb-sfp-sm-lc-10km\/","url":"https:\/\/aivlisoft.net\/shop\/producto\/tp-link-sm5110lsb-10-modulo-10gb-sfp-sm-lc-10km\/","name":"TP-Link SM5110LSB-10 Modulo 10Gb SFP+ SM LC 10km - Aivlisoft Inform\u00e1tica","isPartOf":{"@id":"https:\/\/aivlisoft.net\/shop\/#website"},"datePublished":"2025-01-13T15:18:06+00:00","dateModified":"2025-01-14T11:36:52+00:00","breadcrumb":{"@id":"https:\/\/aivlisoft.net\/shop\/producto\/tp-link-sm5110lsb-10-modulo-10gb-sfp-sm-lc-10km\/#breadcrumb"},"inLanguage":"es","potentialAction":[{"@type":"ReadAction","target":["https:\/\/aivlisoft.net\/shop\/producto\/tp-link-sm5110lsb-10-modulo-10gb-sfp-sm-lc-10km\/"]}]},{"@type":"BreadcrumbList","@id":"https:\/\/aivlisoft.net\/shop\/producto\/tp-link-sm5110lsb-10-modulo-10gb-sfp-sm-lc-10km\/#breadcrumb","itemListElement":[{"@type":"ListItem","position":1,"name":"Portada","item":"https:\/\/aivlisoft.net\/shop\/"},{"@type":"ListItem","position":2,"name":"Tienda","item":"https:\/\/aivlisoft.net\/shop\/tienda\/"},{"@type":"ListItem","position":3,"name":"TP-Link SM5110LSB-10 Modulo 10Gb SFP+ SM LC 10km"}]},{"@type":"WebSite","@id":"https:\/\/aivlisoft.net\/shop\/#website","url":"https:\/\/aivlisoft.net\/shop\/","name":"Aivlisoft Inform\u00e1tica","description":"En Aivlisoft Inform\u00e1tica ofrecemos soluciones tecnol\u00f3gicas para empresas: venta de ordenadores, consumibles, perif\u00e9ricos y m\u00e1s. Calidad, atenci\u00f3n personalizada y los mejores precios para tu negocio.","publisher":{"@id":"https:\/\/aivlisoft.net\/shop\/#organization"},"potentialAction":[{"@type":"SearchAction","target":{"@type":"EntryPoint","urlTemplate":"https:\/\/aivlisoft.net\/shop\/?s={search_term_string}"},"query-input":{"@type":"PropertyValueSpecification","valueRequired":true,"valueName":"search_term_string"}}],"inLanguage":"es"},{"@type":"Organization","@id":"https:\/\/aivlisoft.net\/shop\/#organization","name":"Aivlisoft Inform\u00e1tica","url":"https:\/\/aivlisoft.net\/shop\/","logo":{"@type":"ImageObject","inLanguage":"es","@id":"https:\/\/aivlisoft.net\/shop\/#\/schema\/logo\/image\/","url":"https:\/\/aivlisoft.net\/shop\/wp-content\/uploads\/2024\/12\/removal.ai_5b848c54-0cdf-4140-95c5-c5536bb7573b-logodef.png","contentUrl":"https:\/\/aivlisoft.net\/shop\/wp-content\/uploads\/2024\/12\/removal.ai_5b848c54-0cdf-4140-95c5-c5536bb7573b-logodef.png","width":484,"height":182,"caption":"Aivlisoft Inform\u00e1tica"},"image":{"@id":"https:\/\/aivlisoft.net\/shop\/#\/schema\/logo\/image\/"}}]}},"_links":{"self":[{"href":"https:\/\/aivlisoft.net\/shop\/wp-json\/wp\/v2\/product\/18028","targetHints":{"allow":["GET"]}}],"collection":[{"href":"https:\/\/aivlisoft.net\/shop\/wp-json\/wp\/v2\/product"}],"about":[{"href":"https:\/\/aivlisoft.net\/shop\/wp-json\/wp\/v2\/types\/product"}],"wp:attachment":[{"href":"https:\/\/aivlisoft.net\/shop\/wp-json\/wp\/v2\/media?parent=18028"}],"wp:term":[{"taxonomy":"product_brand","embeddable":true,"href":"https:\/\/aivlisoft.net\/shop\/wp-json\/wp\/v2\/product_brand?post=18028"},{"taxonomy":"product_cat","embeddable":true,"href":"https:\/\/aivlisoft.net\/shop\/wp-json\/wp\/v2\/product_cat?post=18028"},{"taxonomy":"product_tag","embeddable":true,"href":"https:\/\/aivlisoft.net\/shop\/wp-json\/wp\/v2\/product_tag?post=18028"}],"curies":[{"name":"wp","href":"https:\/\/api.w.org\/{rel}","templated":true}]}}