{"id":17849,"date":"2025-01-13T15:16:24","date_gmt":"2025-01-13T15:16:24","guid":{"rendered":"https:\/\/aivlisoft.com\/?post_type=product&#038;p=17849"},"modified":"2025-01-14T11:35:45","modified_gmt":"2025-01-14T11:35:45","slug":"tp-link-poe160s-inyector-poe-2xgb","status":"publish","type":"product","link":"https:\/\/aivlisoft.net\/shop\/producto\/tp-link-poe160s-inyector-poe-2xgb\/","title":{"rendered":"TP-Link PoE160S Inyector PoE+ 2xGb"},"content":{"rendered":"<p><strong>TL-POE160S Inyector PoE+<\/strong><br \/>&#8211; 2 puertos Gigabit garantizan una transmisi&oacute;n m&aacute;s r&aacute;pida<br \/>&#8211; Cumple con los est&aacute;ndares IEEE802.3af\/at, suministra hasta 30 W<br \/>&#8211; Reduce los costos de infraestructura al transmitir datos y energ&iacute;a simult&aacute;neamente a trav&eacute;s de un cable Ethernet<br \/>&#8211; Determina y suministra autom&aacute;ticamente la potencia exacta para satisfacer las necesidades del dispositivo<br \/>&#8211; El dise&ntilde;o de escritorio y montaje en pared se adapta a la mayor&iacute;a de los escenarios de instalaci&oacute;n<br \/>&#8211; Instalaci&oacute;n Plug &amp; Play, no requiere configuraci&oacute;n<br \/>&#8211; Fuente de alimentaci&oacute;n integrada<\/p>\n<table class=\"tabla_caracteristicas k-table\" width=\"100%\">\n<tr>\n<td valign=\"top\"><strong>Marca<\/strong><\/td>\n<td>TP-Link<\/td>\n<\/tr>\n<tr>\n<td valign=\"top\"><strong>Modelo<\/strong><\/td>\n<td valign=\"top\"><strong>TL-POE160S<\/strong><\/td>\n<\/tr>\n<tr>\n<td valign=\"top\"><strong>Interfaz<\/strong><\/td>\n<td>&#8211; 1 x puerto de entrada de datos RJ45 de 10\/100\/1000 Mbps<br \/>\t\t\t&#8211; 1 x puerto RJ45 de alimentaci&oacute;n + salida de datos a 10\/100\/1000 Mb<\/td>\n<\/tr>\n<tr>\n<td valign=\"top\"><strong>Otras caracter&iacute;sticas<\/strong><\/td>\n<td>&#8211; Medios de Red: 10BASE-T:<br \/>\t\t\t&nbsp; cable UTP categor&iacute;a 3, 4, 5 (m&aacute;ximo 100 m)<br \/>\t\t\t&nbsp; EIA \/ TIA-568 100&Omega; STP (m&aacute;ximo 100 m)<br \/>\t\t\t&nbsp; 100BASE-TX: cable UTP categor&iacute;a 5, 5e (m&aacute;ximo 100 m)<br \/>\t\t\t&nbsp; EIA \/ TIA-568 100&Omega; STP (m&aacute;ximo 100 m)<br \/>\t\t\t&nbsp; 1000BASE-T: cable UTP categor&iacute;a 5, 5e, 6 (m&aacute;ximo 100 m)<br \/>\t\t\t&#8211; Consumo de Potencia:<br \/>\t\t\t&nbsp; Entrada: 100-240 V, 50\/60 Hz<br \/>\t\t\t&nbsp; Salida: autodetermina los requisitos de energ&iacute;a necesarios (m&aacute;x.30 W)<br \/>\t\t\t&#8211; Funciones B&aacute;sicas:<br \/>\t\t\t&nbsp; El algoritmo de detecci&oacute;n autom&aacute;tica permite proporcionar energ&iacute;a con 802.3af \/ at PD<br \/>\t\t\t&nbsp; Determina autom&aacute;ticamente los requisitos de energ&iacute;a necesarios<br \/>\t\t\t&nbsp; Compatible con montaje en pared y escritorio<br \/>\t\t\t&nbsp; Conecta y reproduce<br \/>\t\t\t&#8211; Indicador de LED:<br \/>\t\t\t&nbsp; ENCENDIDO: Suministrando energ&iacute;a normalmente<br \/>\t\t\t&nbsp; APAGADO: Sin fuente de alimentaci&oacute;n<br \/>\t\t\t&#8211; Dimensiones: 4.9*2.3*1.4 in (125*59.4*36.8 mm)<br \/>\t\t\t&#8211; Est&aacute;ndares y Protocolos: IEEE802.3i, IEEE802.3u, IEEE802.3ab, IEEE802.3af, IEEE802.3at<br \/>\t\t\t&#8211; Certificaci&oacute;n: FCC, CE, RoHS<\/td>\n<\/tr>\n<tr>\n<td valign=\"top\"><strong>Fecha Revisi&oacute;n<\/strong><\/td>\n<td>23-11-2021 por MSB<\/td>\n<\/tr>\n<\/table>\n","protected":false},"excerpt":{"rendered":"<p>TL-POE160S Inyector PoE+&#8211; 2 puertos Gigabit garantizan una transmisi&oacute;n m&aacute;s r&aacute;pida&#8211; Cumple con los est&aacute;ndares IEEE802.3af\/at, suministra hasta 30 W&#8211; Reduce los costos de infraestructura al transmitir datos y energ&iacute;a simult&aacute;neamente a trav&eacute;s de un cable Ethernet&#8211; Determina y suministra autom&aacute;ticamente la potencia exacta para satisfacer las necesidades del dispositivo&#8211; El dise&ntilde;o de escritorio y&hellip;&nbsp;<a href=\"https:\/\/aivlisoft.net\/shop\/producto\/tp-link-poe160s-inyector-poe-2xgb\/\" rel=\"bookmark\"><span class=\"screen-reader-text\">TP-Link PoE160S Inyector PoE+ 2xGb<\/span><\/a><\/p>\n","protected":false},"featured_media":17850,"template":"","meta":{"neve_meta_sidebar":"","neve_meta_container":"","neve_meta_enable_content_width":"","neve_meta_content_width":0,"neve_meta_title_alignment":"","neve_meta_author_avatar":"","neve_post_elements_order":"","neve_meta_disable_header":"","neve_meta_disable_footer":"","neve_meta_disable_title":""},"product_brand":[],"product_cat":[8763],"product_tag":[6554],"class_list":{"0":"post-17849","1":"product","2":"type-product","3":"status-publish","4":"has-post-thumbnail","6":"product_cat-red-cableada","7":"product_tag-poe160s","9":"first","10":"instock","11":"taxable","12":"shipping-taxable","13":"purchasable","14":"product-type-simple"},"yoast_head":"<!-- This site is optimized with the Yoast SEO plugin v26.0 - https:\/\/yoast.com\/wordpress\/plugins\/seo\/ -->\n<title>TP-Link PoE160S Inyector PoE+ 2xGb - Aivlisoft Inform\u00e1tica<\/title>\n<meta name=\"robots\" content=\"index, follow, max-snippet:-1, max-image-preview:large, max-video-preview:-1\" \/>\n<link rel=\"canonical\" href=\"https:\/\/aivlisoft.net\/shop\/producto\/tp-link-poe160s-inyector-poe-2xgb\/\" \/>\n<meta property=\"og:locale\" content=\"es_ES\" \/>\n<meta property=\"og:type\" content=\"article\" \/>\n<meta property=\"og:title\" content=\"TP-Link PoE160S Inyector PoE+ 2xGb - Aivlisoft Inform\u00e1tica\" \/>\n<meta property=\"og:description\" content=\"TL-POE160S Inyector PoE+&#8211; 2 puertos Gigabit garantizan una transmisi&oacute;n m&aacute;s r&aacute;pida&#8211; Cumple con los est&aacute;ndares IEEE802.3af\/at, suministra hasta 30 W&#8211; Reduce los costos de infraestructura al transmitir datos y energ&iacute;a simult&aacute;neamente a trav&eacute;s de un cable Ethernet&#8211; Determina y suministra autom&aacute;ticamente la potencia exacta para satisfacer las necesidades del dispositivo&#8211; El dise&ntilde;o de escritorio y&hellip;&nbsp;TP-Link PoE160S Inyector PoE+ 2xGb\" \/>\n<meta property=\"og:url\" content=\"https:\/\/aivlisoft.net\/shop\/producto\/tp-link-poe160s-inyector-poe-2xgb\/\" \/>\n<meta property=\"og:site_name\" content=\"Aivlisoft Inform\u00e1tica\" \/>\n<meta property=\"article:modified_time\" content=\"2025-01-14T11:35:45+00:00\" \/>\n<meta property=\"og:image\" content=\"https:\/\/aivlisoft.net\/shop\/wp-content\/uploads\/2025\/01\/NADACA0206_800.jpg\" \/>\n\t<meta property=\"og:image:width\" content=\"800\" \/>\n\t<meta property=\"og:image:height\" content=\"800\" \/>\n\t<meta property=\"og:image:type\" content=\"image\/jpeg\" \/>\n<meta name=\"twitter:card\" content=\"summary_large_image\" \/>\n<meta name=\"twitter:label1\" content=\"Tiempo de lectura\" \/>\n\t<meta name=\"twitter:data1\" content=\"2 minutos\" \/>\n<script type=\"application\/ld+json\" class=\"yoast-schema-graph\">{\"@context\":\"https:\/\/schema.org\",\"@graph\":[{\"@type\":\"WebPage\",\"@id\":\"https:\/\/aivlisoft.net\/shop\/producto\/tp-link-poe160s-inyector-poe-2xgb\/\",\"url\":\"https:\/\/aivlisoft.net\/shop\/producto\/tp-link-poe160s-inyector-poe-2xgb\/\",\"name\":\"TP-Link PoE160S Inyector PoE+ 2xGb - Aivlisoft Inform\u00e1tica\",\"isPartOf\":{\"@id\":\"https:\/\/aivlisoft.net\/shop\/#website\"},\"primaryImageOfPage\":{\"@id\":\"https:\/\/aivlisoft.net\/shop\/producto\/tp-link-poe160s-inyector-poe-2xgb\/#primaryimage\"},\"image\":{\"@id\":\"https:\/\/aivlisoft.net\/shop\/producto\/tp-link-poe160s-inyector-poe-2xgb\/#primaryimage\"},\"thumbnailUrl\":\"https:\/\/aivlisoft.net\/shop\/wp-content\/uploads\/2025\/01\/NADACA0206_800.jpg\",\"datePublished\":\"2025-01-13T15:16:24+00:00\",\"dateModified\":\"2025-01-14T11:35:45+00:00\",\"breadcrumb\":{\"@id\":\"https:\/\/aivlisoft.net\/shop\/producto\/tp-link-poe160s-inyector-poe-2xgb\/#breadcrumb\"},\"inLanguage\":\"es\",\"potentialAction\":[{\"@type\":\"ReadAction\",\"target\":[\"https:\/\/aivlisoft.net\/shop\/producto\/tp-link-poe160s-inyector-poe-2xgb\/\"]}]},{\"@type\":\"ImageObject\",\"inLanguage\":\"es\",\"@id\":\"https:\/\/aivlisoft.net\/shop\/producto\/tp-link-poe160s-inyector-poe-2xgb\/#primaryimage\",\"url\":\"https:\/\/aivlisoft.net\/shop\/wp-content\/uploads\/2025\/01\/NADACA0206_800.jpg\",\"contentUrl\":\"https:\/\/aivlisoft.net\/shop\/wp-content\/uploads\/2025\/01\/NADACA0206_800.jpg\",\"width\":800,\"height\":800},{\"@type\":\"BreadcrumbList\",\"@id\":\"https:\/\/aivlisoft.net\/shop\/producto\/tp-link-poe160s-inyector-poe-2xgb\/#breadcrumb\",\"itemListElement\":[{\"@type\":\"ListItem\",\"position\":1,\"name\":\"Portada\",\"item\":\"https:\/\/aivlisoft.net\/shop\/\"},{\"@type\":\"ListItem\",\"position\":2,\"name\":\"Tienda\",\"item\":\"https:\/\/aivlisoft.net\/shop\/tienda\/\"},{\"@type\":\"ListItem\",\"position\":3,\"name\":\"TP-Link PoE160S Inyector PoE+ 2xGb\"}]},{\"@type\":\"WebSite\",\"@id\":\"https:\/\/aivlisoft.net\/shop\/#website\",\"url\":\"https:\/\/aivlisoft.net\/shop\/\",\"name\":\"Aivlisoft Inform\u00e1tica\",\"description\":\"En Aivlisoft Inform\u00e1tica ofrecemos soluciones tecnol\u00f3gicas para empresas: venta de ordenadores, consumibles, perif\u00e9ricos y m\u00e1s. Calidad, atenci\u00f3n personalizada y los mejores precios para tu negocio.\",\"publisher\":{\"@id\":\"https:\/\/aivlisoft.net\/shop\/#organization\"},\"potentialAction\":[{\"@type\":\"SearchAction\",\"target\":{\"@type\":\"EntryPoint\",\"urlTemplate\":\"https:\/\/aivlisoft.net\/shop\/?s={search_term_string}\"},\"query-input\":{\"@type\":\"PropertyValueSpecification\",\"valueRequired\":true,\"valueName\":\"search_term_string\"}}],\"inLanguage\":\"es\"},{\"@type\":\"Organization\",\"@id\":\"https:\/\/aivlisoft.net\/shop\/#organization\",\"name\":\"Aivlisoft Inform\u00e1tica\",\"url\":\"https:\/\/aivlisoft.net\/shop\/\",\"logo\":{\"@type\":\"ImageObject\",\"inLanguage\":\"es\",\"@id\":\"https:\/\/aivlisoft.net\/shop\/#\/schema\/logo\/image\/\",\"url\":\"https:\/\/aivlisoft.net\/shop\/wp-content\/uploads\/2024\/12\/removal.ai_5b848c54-0cdf-4140-95c5-c5536bb7573b-logodef.png\",\"contentUrl\":\"https:\/\/aivlisoft.net\/shop\/wp-content\/uploads\/2024\/12\/removal.ai_5b848c54-0cdf-4140-95c5-c5536bb7573b-logodef.png\",\"width\":484,\"height\":182,\"caption\":\"Aivlisoft Inform\u00e1tica\"},\"image\":{\"@id\":\"https:\/\/aivlisoft.net\/shop\/#\/schema\/logo\/image\/\"}}]}<\/script>\n<!-- \/ Yoast SEO plugin. -->","yoast_head_json":{"title":"TP-Link PoE160S Inyector PoE+ 2xGb - Aivlisoft Inform\u00e1tica","robots":{"index":"index","follow":"follow","max-snippet":"max-snippet:-1","max-image-preview":"max-image-preview:large","max-video-preview":"max-video-preview:-1"},"canonical":"https:\/\/aivlisoft.net\/shop\/producto\/tp-link-poe160s-inyector-poe-2xgb\/","og_locale":"es_ES","og_type":"article","og_title":"TP-Link PoE160S Inyector PoE+ 2xGb - Aivlisoft Inform\u00e1tica","og_description":"TL-POE160S Inyector PoE+&#8211; 2 puertos Gigabit garantizan una transmisi&oacute;n m&aacute;s r&aacute;pida&#8211; Cumple con los est&aacute;ndares IEEE802.3af\/at, suministra hasta 30 W&#8211; Reduce los costos de infraestructura al transmitir datos y energ&iacute;a simult&aacute;neamente a trav&eacute;s de un cable Ethernet&#8211; Determina y suministra autom&aacute;ticamente la potencia exacta para satisfacer las necesidades del dispositivo&#8211; El dise&ntilde;o de escritorio y&hellip;&nbsp;TP-Link PoE160S Inyector PoE+ 2xGb","og_url":"https:\/\/aivlisoft.net\/shop\/producto\/tp-link-poe160s-inyector-poe-2xgb\/","og_site_name":"Aivlisoft Inform\u00e1tica","article_modified_time":"2025-01-14T11:35:45+00:00","og_image":[{"width":800,"height":800,"url":"https:\/\/aivlisoft.net\/shop\/wp-content\/uploads\/2025\/01\/NADACA0206_800.jpg","type":"image\/jpeg"}],"twitter_card":"summary_large_image","twitter_misc":{"Tiempo de lectura":"2 minutos"},"schema":{"@context":"https:\/\/schema.org","@graph":[{"@type":"WebPage","@id":"https:\/\/aivlisoft.net\/shop\/producto\/tp-link-poe160s-inyector-poe-2xgb\/","url":"https:\/\/aivlisoft.net\/shop\/producto\/tp-link-poe160s-inyector-poe-2xgb\/","name":"TP-Link PoE160S Inyector PoE+ 2xGb - Aivlisoft Inform\u00e1tica","isPartOf":{"@id":"https:\/\/aivlisoft.net\/shop\/#website"},"primaryImageOfPage":{"@id":"https:\/\/aivlisoft.net\/shop\/producto\/tp-link-poe160s-inyector-poe-2xgb\/#primaryimage"},"image":{"@id":"https:\/\/aivlisoft.net\/shop\/producto\/tp-link-poe160s-inyector-poe-2xgb\/#primaryimage"},"thumbnailUrl":"https:\/\/aivlisoft.net\/shop\/wp-content\/uploads\/2025\/01\/NADACA0206_800.jpg","datePublished":"2025-01-13T15:16:24+00:00","dateModified":"2025-01-14T11:35:45+00:00","breadcrumb":{"@id":"https:\/\/aivlisoft.net\/shop\/producto\/tp-link-poe160s-inyector-poe-2xgb\/#breadcrumb"},"inLanguage":"es","potentialAction":[{"@type":"ReadAction","target":["https:\/\/aivlisoft.net\/shop\/producto\/tp-link-poe160s-inyector-poe-2xgb\/"]}]},{"@type":"ImageObject","inLanguage":"es","@id":"https:\/\/aivlisoft.net\/shop\/producto\/tp-link-poe160s-inyector-poe-2xgb\/#primaryimage","url":"https:\/\/aivlisoft.net\/shop\/wp-content\/uploads\/2025\/01\/NADACA0206_800.jpg","contentUrl":"https:\/\/aivlisoft.net\/shop\/wp-content\/uploads\/2025\/01\/NADACA0206_800.jpg","width":800,"height":800},{"@type":"BreadcrumbList","@id":"https:\/\/aivlisoft.net\/shop\/producto\/tp-link-poe160s-inyector-poe-2xgb\/#breadcrumb","itemListElement":[{"@type":"ListItem","position":1,"name":"Portada","item":"https:\/\/aivlisoft.net\/shop\/"},{"@type":"ListItem","position":2,"name":"Tienda","item":"https:\/\/aivlisoft.net\/shop\/tienda\/"},{"@type":"ListItem","position":3,"name":"TP-Link PoE160S Inyector PoE+ 2xGb"}]},{"@type":"WebSite","@id":"https:\/\/aivlisoft.net\/shop\/#website","url":"https:\/\/aivlisoft.net\/shop\/","name":"Aivlisoft Inform\u00e1tica","description":"En Aivlisoft Inform\u00e1tica ofrecemos soluciones tecnol\u00f3gicas para empresas: venta de ordenadores, consumibles, perif\u00e9ricos y m\u00e1s. Calidad, atenci\u00f3n personalizada y los mejores precios para tu negocio.","publisher":{"@id":"https:\/\/aivlisoft.net\/shop\/#organization"},"potentialAction":[{"@type":"SearchAction","target":{"@type":"EntryPoint","urlTemplate":"https:\/\/aivlisoft.net\/shop\/?s={search_term_string}"},"query-input":{"@type":"PropertyValueSpecification","valueRequired":true,"valueName":"search_term_string"}}],"inLanguage":"es"},{"@type":"Organization","@id":"https:\/\/aivlisoft.net\/shop\/#organization","name":"Aivlisoft Inform\u00e1tica","url":"https:\/\/aivlisoft.net\/shop\/","logo":{"@type":"ImageObject","inLanguage":"es","@id":"https:\/\/aivlisoft.net\/shop\/#\/schema\/logo\/image\/","url":"https:\/\/aivlisoft.net\/shop\/wp-content\/uploads\/2024\/12\/removal.ai_5b848c54-0cdf-4140-95c5-c5536bb7573b-logodef.png","contentUrl":"https:\/\/aivlisoft.net\/shop\/wp-content\/uploads\/2024\/12\/removal.ai_5b848c54-0cdf-4140-95c5-c5536bb7573b-logodef.png","width":484,"height":182,"caption":"Aivlisoft Inform\u00e1tica"},"image":{"@id":"https:\/\/aivlisoft.net\/shop\/#\/schema\/logo\/image\/"}}]}},"_links":{"self":[{"href":"https:\/\/aivlisoft.net\/shop\/wp-json\/wp\/v2\/product\/17849","targetHints":{"allow":["GET"]}}],"collection":[{"href":"https:\/\/aivlisoft.net\/shop\/wp-json\/wp\/v2\/product"}],"about":[{"href":"https:\/\/aivlisoft.net\/shop\/wp-json\/wp\/v2\/types\/product"}],"wp:featuredmedia":[{"embeddable":true,"href":"https:\/\/aivlisoft.net\/shop\/wp-json\/wp\/v2\/media\/17850"}],"wp:attachment":[{"href":"https:\/\/aivlisoft.net\/shop\/wp-json\/wp\/v2\/media?parent=17849"}],"wp:term":[{"taxonomy":"product_brand","embeddable":true,"href":"https:\/\/aivlisoft.net\/shop\/wp-json\/wp\/v2\/product_brand?post=17849"},{"taxonomy":"product_cat","embeddable":true,"href":"https:\/\/aivlisoft.net\/shop\/wp-json\/wp\/v2\/product_cat?post=17849"},{"taxonomy":"product_tag","embeddable":true,"href":"https:\/\/aivlisoft.net\/shop\/wp-json\/wp\/v2\/product_tag?post=17849"}],"curies":[{"name":"wp","href":"https:\/\/api.w.org\/{rel}","templated":true}]}}