{"id":17688,"date":"2025-01-13T15:14:43","date_gmt":"2025-01-13T15:14:43","guid":{"rendered":"https:\/\/aivlisoft.com\/?post_type=product&#038;p=17688"},"modified":"2025-01-14T11:34:43","modified_gmt":"2025-01-14T11:34:43","slug":"tp-link-ue300-adaptador-usb-3-0-ethernet-gigabit","status":"publish","type":"product","link":"https:\/\/aivlisoft.net\/shop\/producto\/tp-link-ue300-adaptador-usb-3-0-ethernet-gigabit\/","title":{"rendered":"TP-LINK UE300 Adaptador USB 3.0 Ethernet Gigabit"},"content":{"rendered":"<div>&#8211; La soluci&oacute;n m&aacute;s r&aacute;pida de USB 3.0 a Gigabit que garantiza gran velocidad de transferencia<br \/>&#8211; Conectar y Listo en Windows (XP\/Vista\/7\/8\/8.1), Mac OS X (10.9\/10.10), Linux OS. Nota: Necesario Driver para Mac OS X (10.5-10.8)<br \/>&#8211; Dise&ntilde;o Plegable y Port&aacute;til, ideal para adaptarse a su Ultrabook<\/div>\n<div>&nbsp;<\/div>\n<div>\n<div><strong>&iquest;Qu&eacute; Hace este Producto?<\/strong><\/div>\n<div>El Adaptador USB 3.0 a Ethernet Gigabit UE300 proporciona conectividad Gigabit Ethernet a su Ultrabook, MacBook Air o sobremesa a trav&eacute;s de un puerto USB 3.0. Es compatible con los est&aacute;ndares anteriores USB 2.0\/1.1, transfiere archivos a velocidad ultra r&aacute;pida mediante un puerto Ethernet.<\/div>\n<div>&nbsp;<\/div>\n<\/div>\n<p><\/p>\n<table class=\"tabla_caracteristicas\" width=\"100%\">\n<tbody>\n<tr>\n<td><strong>Marca<\/strong><\/td>\n<td>TP-LINK<\/td>\n<\/tr>\n<tr>\n<td><strong>Modelo<\/strong><\/td>\n<td><strong>UE300<\/strong><\/td>\n<\/tr>\n<tr>\n<td valign=\"top\"><strong>Caracter&iacute;sticas<\/strong><\/td>\n<td>\n<div>&#8211; Dimensiones: 71 x 26 x 16.2mm<br \/>\t\t\t&#8211; Interfaz de Entrada:<\/div>\n<div>&nbsp; 1 Puerto Ethernet RJ45 10\/100\/1000Mbps<br \/>\t\t\t&#8211; Interfaz de Salida: 1 Puerto USB 3.0<br \/>\t\t\t&#8211; Chipset: RTL8153<br \/>\t\t\t&#8211; Sistemas Soportados: Windows XP\/Vista\/7\/8\/8.1,<\/div>\n<div>&nbsp; Mac OS X 10.5\/10.6\/10.7\/10.8\/10.9\/10.10\/,<\/div>\n<div>&nbsp; Sistemas Basados en Linux<br \/>\t\t\t&#8211; Contenido de Paquete: Adaptador de Red USB 3.0 a<\/div>\n<div>&nbsp; Ethernet Gigabit, Gu&iacute;a de Instalaci&oacute;n R&aacute;pida<\/div>\n<\/td>\n<\/tr>\n<tr>\n<td><strong>Fecha de revisi&oacute;n<\/strong><\/td>\n<td>10-09-2015 por MSB<\/td>\n<\/tr>\n<\/tbody>\n<\/table>\n","protected":false},"excerpt":{"rendered":"<p>&#8211; La soluci&oacute;n m&aacute;s r&aacute;pida de USB 3.0 a Gigabit que garantiza gran velocidad de transferencia&#8211; Conectar y Listo en Windows (XP\/Vista\/7\/8\/8.1), Mac OS X (10.9\/10.10), Linux OS. Nota: Necesario Driver para Mac OS X (10.5-10.8)&#8211; Dise&ntilde;o Plegable y Port&aacute;til, ideal para adaptarse a su Ultrabook &nbsp; &iquest;Qu&eacute; Hace este Producto? El Adaptador USB 3.0&hellip;&nbsp;<a href=\"https:\/\/aivlisoft.net\/shop\/producto\/tp-link-ue300-adaptador-usb-3-0-ethernet-gigabit\/\" rel=\"bookmark\"><span class=\"screen-reader-text\">TP-LINK UE300 Adaptador USB 3.0 Ethernet Gigabit<\/span><\/a><\/p>\n","protected":false},"featured_media":17689,"template":"","meta":{"neve_meta_sidebar":"","neve_meta_container":"","neve_meta_enable_content_width":"","neve_meta_content_width":0,"neve_meta_title_alignment":"","neve_meta_author_avatar":"","neve_post_elements_order":"","neve_meta_disable_header":"","neve_meta_disable_footer":"","neve_meta_disable_title":""},"product_brand":[],"product_cat":[8763],"product_tag":[6496],"class_list":{"0":"post-17688","1":"product","2":"type-product","3":"status-publish","4":"has-post-thumbnail","6":"product_cat-red-cableada","7":"product_tag-ue300","9":"first","10":"instock","11":"taxable","12":"shipping-taxable","13":"purchasable","14":"product-type-simple"},"yoast_head":"<!-- This site is optimized with the Yoast SEO plugin v26.0 - https:\/\/yoast.com\/wordpress\/plugins\/seo\/ -->\n<title>TP-LINK UE300 Adaptador USB 3.0 Ethernet Gigabit - Aivlisoft Inform\u00e1tica<\/title>\n<meta name=\"robots\" content=\"index, follow, max-snippet:-1, max-image-preview:large, max-video-preview:-1\" \/>\n<link rel=\"canonical\" href=\"https:\/\/aivlisoft.net\/shop\/producto\/tp-link-ue300-adaptador-usb-3-0-ethernet-gigabit\/\" \/>\n<meta property=\"og:locale\" content=\"es_ES\" \/>\n<meta property=\"og:type\" content=\"article\" \/>\n<meta property=\"og:title\" content=\"TP-LINK UE300 Adaptador USB 3.0 Ethernet Gigabit - Aivlisoft Inform\u00e1tica\" \/>\n<meta property=\"og:description\" content=\"&#8211; La soluci&oacute;n m&aacute;s r&aacute;pida de USB 3.0 a Gigabit que garantiza gran velocidad de transferencia&#8211; Conectar y Listo en Windows (XP\/Vista\/7\/8\/8.1), Mac OS X (10.9\/10.10), Linux OS. Nota: Necesario Driver para Mac OS X (10.5-10.8)&#8211; Dise&ntilde;o Plegable y Port&aacute;til, ideal para adaptarse a su Ultrabook &nbsp; &iquest;Qu&eacute; Hace este Producto? El Adaptador USB 3.0&hellip;&nbsp;TP-LINK UE300 Adaptador USB 3.0 Ethernet Gigabit\" \/>\n<meta property=\"og:url\" content=\"https:\/\/aivlisoft.net\/shop\/producto\/tp-link-ue300-adaptador-usb-3-0-ethernet-gigabit\/\" \/>\n<meta property=\"og:site_name\" content=\"Aivlisoft Inform\u00e1tica\" \/>\n<meta property=\"article:modified_time\" content=\"2025-01-14T11:34:43+00:00\" \/>\n<meta property=\"og:image\" content=\"https:\/\/aivlisoft.net\/shop\/wp-content\/uploads\/2025\/01\/NADACA0092_800.jpg\" \/>\n\t<meta property=\"og:image:width\" content=\"800\" \/>\n\t<meta property=\"og:image:height\" content=\"800\" \/>\n\t<meta property=\"og:image:type\" content=\"image\/jpeg\" \/>\n<meta name=\"twitter:card\" content=\"summary_large_image\" \/>\n<meta name=\"twitter:label1\" content=\"Tiempo de lectura\" \/>\n\t<meta name=\"twitter:data1\" content=\"1 minuto\" \/>\n<script type=\"application\/ld+json\" class=\"yoast-schema-graph\">{\"@context\":\"https:\/\/schema.org\",\"@graph\":[{\"@type\":\"WebPage\",\"@id\":\"https:\/\/aivlisoft.net\/shop\/producto\/tp-link-ue300-adaptador-usb-3-0-ethernet-gigabit\/\",\"url\":\"https:\/\/aivlisoft.net\/shop\/producto\/tp-link-ue300-adaptador-usb-3-0-ethernet-gigabit\/\",\"name\":\"TP-LINK UE300 Adaptador USB 3.0 Ethernet Gigabit - Aivlisoft Inform\u00e1tica\",\"isPartOf\":{\"@id\":\"https:\/\/aivlisoft.net\/shop\/#website\"},\"primaryImageOfPage\":{\"@id\":\"https:\/\/aivlisoft.net\/shop\/producto\/tp-link-ue300-adaptador-usb-3-0-ethernet-gigabit\/#primaryimage\"},\"image\":{\"@id\":\"https:\/\/aivlisoft.net\/shop\/producto\/tp-link-ue300-adaptador-usb-3-0-ethernet-gigabit\/#primaryimage\"},\"thumbnailUrl\":\"https:\/\/aivlisoft.net\/shop\/wp-content\/uploads\/2025\/01\/NADACA0092_800.jpg\",\"datePublished\":\"2025-01-13T15:14:43+00:00\",\"dateModified\":\"2025-01-14T11:34:43+00:00\",\"breadcrumb\":{\"@id\":\"https:\/\/aivlisoft.net\/shop\/producto\/tp-link-ue300-adaptador-usb-3-0-ethernet-gigabit\/#breadcrumb\"},\"inLanguage\":\"es\",\"potentialAction\":[{\"@type\":\"ReadAction\",\"target\":[\"https:\/\/aivlisoft.net\/shop\/producto\/tp-link-ue300-adaptador-usb-3-0-ethernet-gigabit\/\"]}]},{\"@type\":\"ImageObject\",\"inLanguage\":\"es\",\"@id\":\"https:\/\/aivlisoft.net\/shop\/producto\/tp-link-ue300-adaptador-usb-3-0-ethernet-gigabit\/#primaryimage\",\"url\":\"https:\/\/aivlisoft.net\/shop\/wp-content\/uploads\/2025\/01\/NADACA0092_800.jpg\",\"contentUrl\":\"https:\/\/aivlisoft.net\/shop\/wp-content\/uploads\/2025\/01\/NADACA0092_800.jpg\",\"width\":800,\"height\":800},{\"@type\":\"BreadcrumbList\",\"@id\":\"https:\/\/aivlisoft.net\/shop\/producto\/tp-link-ue300-adaptador-usb-3-0-ethernet-gigabit\/#breadcrumb\",\"itemListElement\":[{\"@type\":\"ListItem\",\"position\":1,\"name\":\"Portada\",\"item\":\"https:\/\/aivlisoft.net\/shop\/\"},{\"@type\":\"ListItem\",\"position\":2,\"name\":\"Tienda\",\"item\":\"https:\/\/aivlisoft.net\/shop\/tienda\/\"},{\"@type\":\"ListItem\",\"position\":3,\"name\":\"TP-LINK UE300 Adaptador USB 3.0 Ethernet Gigabit\"}]},{\"@type\":\"WebSite\",\"@id\":\"https:\/\/aivlisoft.net\/shop\/#website\",\"url\":\"https:\/\/aivlisoft.net\/shop\/\",\"name\":\"Aivlisoft Inform\u00e1tica\",\"description\":\"En Aivlisoft Inform\u00e1tica ofrecemos soluciones tecnol\u00f3gicas para empresas: venta de ordenadores, consumibles, perif\u00e9ricos y m\u00e1s. Calidad, atenci\u00f3n personalizada y los mejores precios para tu negocio.\",\"publisher\":{\"@id\":\"https:\/\/aivlisoft.net\/shop\/#organization\"},\"potentialAction\":[{\"@type\":\"SearchAction\",\"target\":{\"@type\":\"EntryPoint\",\"urlTemplate\":\"https:\/\/aivlisoft.net\/shop\/?s={search_term_string}\"},\"query-input\":{\"@type\":\"PropertyValueSpecification\",\"valueRequired\":true,\"valueName\":\"search_term_string\"}}],\"inLanguage\":\"es\"},{\"@type\":\"Organization\",\"@id\":\"https:\/\/aivlisoft.net\/shop\/#organization\",\"name\":\"Aivlisoft Inform\u00e1tica\",\"url\":\"https:\/\/aivlisoft.net\/shop\/\",\"logo\":{\"@type\":\"ImageObject\",\"inLanguage\":\"es\",\"@id\":\"https:\/\/aivlisoft.net\/shop\/#\/schema\/logo\/image\/\",\"url\":\"https:\/\/aivlisoft.net\/shop\/wp-content\/uploads\/2024\/12\/removal.ai_5b848c54-0cdf-4140-95c5-c5536bb7573b-logodef.png\",\"contentUrl\":\"https:\/\/aivlisoft.net\/shop\/wp-content\/uploads\/2024\/12\/removal.ai_5b848c54-0cdf-4140-95c5-c5536bb7573b-logodef.png\",\"width\":484,\"height\":182,\"caption\":\"Aivlisoft Inform\u00e1tica\"},\"image\":{\"@id\":\"https:\/\/aivlisoft.net\/shop\/#\/schema\/logo\/image\/\"}}]}<\/script>\n<!-- \/ Yoast SEO plugin. -->","yoast_head_json":{"title":"TP-LINK UE300 Adaptador USB 3.0 Ethernet Gigabit - Aivlisoft Inform\u00e1tica","robots":{"index":"index","follow":"follow","max-snippet":"max-snippet:-1","max-image-preview":"max-image-preview:large","max-video-preview":"max-video-preview:-1"},"canonical":"https:\/\/aivlisoft.net\/shop\/producto\/tp-link-ue300-adaptador-usb-3-0-ethernet-gigabit\/","og_locale":"es_ES","og_type":"article","og_title":"TP-LINK UE300 Adaptador USB 3.0 Ethernet Gigabit - Aivlisoft Inform\u00e1tica","og_description":"&#8211; La soluci&oacute;n m&aacute;s r&aacute;pida de USB 3.0 a Gigabit que garantiza gran velocidad de transferencia&#8211; Conectar y Listo en Windows (XP\/Vista\/7\/8\/8.1), Mac OS X (10.9\/10.10), Linux OS. Nota: Necesario Driver para Mac OS X (10.5-10.8)&#8211; Dise&ntilde;o Plegable y Port&aacute;til, ideal para adaptarse a su Ultrabook &nbsp; &iquest;Qu&eacute; Hace este Producto? El Adaptador USB 3.0&hellip;&nbsp;TP-LINK UE300 Adaptador USB 3.0 Ethernet Gigabit","og_url":"https:\/\/aivlisoft.net\/shop\/producto\/tp-link-ue300-adaptador-usb-3-0-ethernet-gigabit\/","og_site_name":"Aivlisoft Inform\u00e1tica","article_modified_time":"2025-01-14T11:34:43+00:00","og_image":[{"width":800,"height":800,"url":"https:\/\/aivlisoft.net\/shop\/wp-content\/uploads\/2025\/01\/NADACA0092_800.jpg","type":"image\/jpeg"}],"twitter_card":"summary_large_image","twitter_misc":{"Tiempo de lectura":"1 minuto"},"schema":{"@context":"https:\/\/schema.org","@graph":[{"@type":"WebPage","@id":"https:\/\/aivlisoft.net\/shop\/producto\/tp-link-ue300-adaptador-usb-3-0-ethernet-gigabit\/","url":"https:\/\/aivlisoft.net\/shop\/producto\/tp-link-ue300-adaptador-usb-3-0-ethernet-gigabit\/","name":"TP-LINK UE300 Adaptador USB 3.0 Ethernet Gigabit - Aivlisoft Inform\u00e1tica","isPartOf":{"@id":"https:\/\/aivlisoft.net\/shop\/#website"},"primaryImageOfPage":{"@id":"https:\/\/aivlisoft.net\/shop\/producto\/tp-link-ue300-adaptador-usb-3-0-ethernet-gigabit\/#primaryimage"},"image":{"@id":"https:\/\/aivlisoft.net\/shop\/producto\/tp-link-ue300-adaptador-usb-3-0-ethernet-gigabit\/#primaryimage"},"thumbnailUrl":"https:\/\/aivlisoft.net\/shop\/wp-content\/uploads\/2025\/01\/NADACA0092_800.jpg","datePublished":"2025-01-13T15:14:43+00:00","dateModified":"2025-01-14T11:34:43+00:00","breadcrumb":{"@id":"https:\/\/aivlisoft.net\/shop\/producto\/tp-link-ue300-adaptador-usb-3-0-ethernet-gigabit\/#breadcrumb"},"inLanguage":"es","potentialAction":[{"@type":"ReadAction","target":["https:\/\/aivlisoft.net\/shop\/producto\/tp-link-ue300-adaptador-usb-3-0-ethernet-gigabit\/"]}]},{"@type":"ImageObject","inLanguage":"es","@id":"https:\/\/aivlisoft.net\/shop\/producto\/tp-link-ue300-adaptador-usb-3-0-ethernet-gigabit\/#primaryimage","url":"https:\/\/aivlisoft.net\/shop\/wp-content\/uploads\/2025\/01\/NADACA0092_800.jpg","contentUrl":"https:\/\/aivlisoft.net\/shop\/wp-content\/uploads\/2025\/01\/NADACA0092_800.jpg","width":800,"height":800},{"@type":"BreadcrumbList","@id":"https:\/\/aivlisoft.net\/shop\/producto\/tp-link-ue300-adaptador-usb-3-0-ethernet-gigabit\/#breadcrumb","itemListElement":[{"@type":"ListItem","position":1,"name":"Portada","item":"https:\/\/aivlisoft.net\/shop\/"},{"@type":"ListItem","position":2,"name":"Tienda","item":"https:\/\/aivlisoft.net\/shop\/tienda\/"},{"@type":"ListItem","position":3,"name":"TP-LINK UE300 Adaptador USB 3.0 Ethernet Gigabit"}]},{"@type":"WebSite","@id":"https:\/\/aivlisoft.net\/shop\/#website","url":"https:\/\/aivlisoft.net\/shop\/","name":"Aivlisoft Inform\u00e1tica","description":"En Aivlisoft Inform\u00e1tica ofrecemos soluciones tecnol\u00f3gicas para empresas: venta de ordenadores, consumibles, perif\u00e9ricos y m\u00e1s. Calidad, atenci\u00f3n personalizada y los mejores precios para tu negocio.","publisher":{"@id":"https:\/\/aivlisoft.net\/shop\/#organization"},"potentialAction":[{"@type":"SearchAction","target":{"@type":"EntryPoint","urlTemplate":"https:\/\/aivlisoft.net\/shop\/?s={search_term_string}"},"query-input":{"@type":"PropertyValueSpecification","valueRequired":true,"valueName":"search_term_string"}}],"inLanguage":"es"},{"@type":"Organization","@id":"https:\/\/aivlisoft.net\/shop\/#organization","name":"Aivlisoft Inform\u00e1tica","url":"https:\/\/aivlisoft.net\/shop\/","logo":{"@type":"ImageObject","inLanguage":"es","@id":"https:\/\/aivlisoft.net\/shop\/#\/schema\/logo\/image\/","url":"https:\/\/aivlisoft.net\/shop\/wp-content\/uploads\/2024\/12\/removal.ai_5b848c54-0cdf-4140-95c5-c5536bb7573b-logodef.png","contentUrl":"https:\/\/aivlisoft.net\/shop\/wp-content\/uploads\/2024\/12\/removal.ai_5b848c54-0cdf-4140-95c5-c5536bb7573b-logodef.png","width":484,"height":182,"caption":"Aivlisoft Inform\u00e1tica"},"image":{"@id":"https:\/\/aivlisoft.net\/shop\/#\/schema\/logo\/image\/"}}]}},"_links":{"self":[{"href":"https:\/\/aivlisoft.net\/shop\/wp-json\/wp\/v2\/product\/17688","targetHints":{"allow":["GET"]}}],"collection":[{"href":"https:\/\/aivlisoft.net\/shop\/wp-json\/wp\/v2\/product"}],"about":[{"href":"https:\/\/aivlisoft.net\/shop\/wp-json\/wp\/v2\/types\/product"}],"wp:featuredmedia":[{"embeddable":true,"href":"https:\/\/aivlisoft.net\/shop\/wp-json\/wp\/v2\/media\/17689"}],"wp:attachment":[{"href":"https:\/\/aivlisoft.net\/shop\/wp-json\/wp\/v2\/media?parent=17688"}],"wp:term":[{"taxonomy":"product_brand","embeddable":true,"href":"https:\/\/aivlisoft.net\/shop\/wp-json\/wp\/v2\/product_brand?post=17688"},{"taxonomy":"product_cat","embeddable":true,"href":"https:\/\/aivlisoft.net\/shop\/wp-json\/wp\/v2\/product_cat?post=17688"},{"taxonomy":"product_tag","embeddable":true,"href":"https:\/\/aivlisoft.net\/shop\/wp-json\/wp\/v2\/product_tag?post=17688"}],"curies":[{"name":"wp","href":"https:\/\/api.w.org\/{rel}","templated":true}]}}