{"id":17664,"date":"2025-01-13T15:14:26","date_gmt":"2025-01-13T15:14:26","guid":{"rendered":"https:\/\/aivlisoft.com\/?post_type=product&#038;p=17664"},"modified":"2025-01-14T11:34:31","modified_gmt":"2025-01-14T11:34:31","slug":"tp-link-poe150s-inyector-poe","status":"publish","type":"product","link":"https:\/\/aivlisoft.net\/shop\/producto\/tp-link-poe150s-inyector-poe\/","title":{"rendered":"TP-LINK PoE150S Inyector PoE"},"content":{"rendered":"<div style=\"text-align: justify;\">\t<strong>Inyector PoE<br \/>\tTL-POE150S<\/strong><\/p>\n<p>\t&#8211; Cumple con el est&aacute;dar IEEE 802.3af<br \/>\t&#8211; Determina de manera autom&aacute;tica los requerimientos de potencia<br \/>\t&#8211; Soporta Gigabit<br \/>\t&#8211; Soporte Plug-and-Play<\/p>\n<p>\tEl inyector PoE TL-POE150S cumple por completo el est&aacute;ndar IEEE 802.3af y puede funcionar con todos los equipos PoE o adaptadores de recepci&oacute;n PoE compatibles con la norma IEEE 802.3af tales como el modelo TL-POE10R de TP-LINK u otros dispositivos equivalentes. De este modo, puede llevar la red a aquellos puntos en los que no existe suministro el&eacute;ctrico y poder utilizar dispositivos tales como puntos de acceso y c&aacute;maras o tel&eacute;fonos IP.<\/p>\n<p>\t&nbsp;<\/p><\/div>\n<p><\/p>\n<table class=\"tabla_caracteristicas\" width=\"100%\">\n<tbody>\n<tr>\n<td valign=\"top\" width=\"35%\">\t\t\t\t<b><small><font face=\"Tahoma,Arial, Helvetica, sans-serif\" style=\"font-size: 11px;\">Marca<\/font><\/small><\/b><\/td>\n<td valign=\"top\" width=\"65%\">\t\t\t\t<font face=\"Tahoma, Arial, Helvetica, sans-serif\"><span style=\"font-size: 11px;\">TP-LINK<\/span><\/font><\/td>\n<\/tr>\n<tr>\n<td valign=\"top\" width=\"35%\">\t\t\t\t<b><small><font face=\"Tahoma,Arial, Helvetica, sans-serif\" style=\"font-size: 11px;\">Modelo<\/font><\/small><\/b><\/td>\n<td valign=\"top\" width=\"65%\">\t\t\t\t<small><font face=\"Tahoma,Arial, Helvetica, sans-serif\" style=\"font-size: 11px;\"><span style=\"font-weight: bold;\">TL-PoE150S<\/span><\/font><\/small><\/td>\n<\/tr>\n<tr>\n<td valign=\"top\" width=\"35%\">\t\t\t\t<b><small><font face=\"Tahoma,Arial, Helvetica, sans-serif\" style=\"font-size: 11px;\">Caracter&iacute;sticas<\/font><\/small><\/b><\/td>\n<td valign=\"top\" width=\"65%\">\n<div>\t\t\t\t\t<small><font face=\"Tahoma,Arial, Helvetica, sans-serif\"><span style=\"font-size: 11px;\">&#8211; Interfaces:<br \/>\t\t\t\t\t&nbsp; 2 puertos 10\/100\/1000Mbps RJ45 con<br \/>\t\t\t\t\t&nbsp; AUTO Negociaci&oacute;n\/AUTO MDI\/MDIX<br \/>\t\t\t\t\t&nbsp; 1 puerto de 48VDC<br \/>\t\t\t\t\t&#8211; Medios de Red:<br \/>\t\t\t\t\t&nbsp; 10BASE-T: cable UTP categor&iacute;a 3, 4, 5 (100 metros m&aacute;ximo)<br \/>\t\t\t\t\t&nbsp; EIA\/TIA-568 100&Omega; STP (m&aacute;ximo 100 m)<br \/>\t\t\t\t\t&nbsp; 100BASE-TX: cable UTP categor&iacute;as 5, 5e (m&aacute;ximo 100 metros)<br \/>\t\t\t\t\t&nbsp; EIA\/TIA-568 100&Omega; STP (m&aacute;ximo 100 m)<br \/>\t\t\t\t\t&nbsp; 1000BASE-T: cable UTP categor&iacute;a 5, 5e o 6 (100 metros m&aacute;ximo)<br \/>\t\t\t\t\t&#8211; Dimensiones (W X D X H): <br \/>\t\t\t\t\t&nbsp; 80.8*54*24 mm<br \/>\t\t\t\t\t&#8211; Indicador LED: PWR (alimentaci&oacute;n)<br \/>\t\t\t\t\t&#8211; Dimensiones (W X D X H):<br \/>\t\t\t\t\t&nbsp; 81*52*24 mm<br \/>\t\t\t\t\t&#8211; Fuente de alimentaci&oacute;n: 15,4 W (m&aacute;ximo 48 V DC)<br \/>\t\t\t\t\t&#8211; Soporta dispositivos compatibles con el est&aacute;ndar IEEE 802.3af<br \/>\t\t\t\t\t&#8211; Suministra alimentaci&oacute;n el&eacute;ctrica hasta 100 metros<br \/>\t\t\t\t\t&#8211; Identifica autom&aacute;ticamente los requisitos de alimentaci&oacute;n necesarios<\/span><br \/>\t\t\t\t\t<\/font><\/small><\/div>\n<\/td>\n<\/tr>\n<tr>\n<td valign=\"top\" width=\"35%\">\t\t\t\t<b><small><font face=\"Tahoma,Arial, Helvetica, sans-serif\" style=\"font-size: 11px;\">Otras Caracter&iacute;sticas<br \/>\t\t\t\t<\/font><\/small><\/b><\/td>\n<td valign=\"top\" width=\"65%\">\t\t\t\t<small><font face=\"Tahoma,Arial, Helvetica, sans-serif\" style=\"font-size: 11px;\"><small><font face=\"Tahoma,Arial, Helvetica, sans-serif\"><span style=\"font-size: 11px;\">&#8211; Certificaciones: FCC, CE<br \/>\t\t\t\t&#8211; Requisitos del sistema: <br \/>\t\t\t\t&nbsp; Microsoft&reg; Windows&reg; 98SE, NT, 2000, XP, Vista&trade; o Windows 7, MAC&reg; OS, NetWare&reg;, UNIX&reg; o Linux.<br \/>\t\t\t\t&#8211; Temperatura de funcionamiento: <br \/>\t\t\t\t&nbsp; 0&#8451; ~ 40&#8451; (32&#8457; ~ 104&#8457;)<br \/>\t\t\t\t&#8211; Temperatura de almacenamiento: <br \/>\t\t\t\t&nbsp; -40&#8451; ~ 70&#8451; (-40&#8457; ~ 158&#8457;)<br \/>\t\t\t\t&#8211; Humedad: 10% ~ 90% sin condensaci&oacute;n<br \/>\t\t\t\t&#8211; Humedad de almacenamiento: 5% ~ 90% sin condensaci&oacute;n<\/span><\/font><\/small> <\/font><\/small><\/td>\n<\/tr>\n<tr>\n<td valign=\"top\" width=\"35%\">\t\t\t\t<b><small><font face=\"Tahoma,Arial, Helvetica, sans-serif\" style=\"font-size: 11px;\">Fecha de revisi&oacute;n<\/font><\/small><\/b><\/td>\n<td valign=\"top\" width=\"65%\">\t\t\t\t<small><font face=\"Tahoma,Arial, Helvetica, sans-serif\" style=\"font-size: 11px;\">22-04-2014&nbsp; por FE4<\/font><\/small><\/td>\n<\/tr>\n<\/tbody>\n<\/table>\n","protected":false},"excerpt":{"rendered":"<p>Inyector PoE TL-POE150S &#8211; Cumple con el est&aacute;dar IEEE 802.3af &#8211; Determina de manera autom&aacute;tica los requerimientos de potencia &#8211; Soporta Gigabit &#8211; Soporte Plug-and-Play El inyector PoE TL-POE150S cumple por completo el est&aacute;ndar IEEE 802.3af y puede funcionar con todos los equipos PoE o adaptadores de recepci&oacute;n PoE compatibles con la norma IEEE 802.3af&hellip;&nbsp;<a href=\"https:\/\/aivlisoft.net\/shop\/producto\/tp-link-poe150s-inyector-poe\/\" rel=\"bookmark\"><span class=\"screen-reader-text\">TP-LINK PoE150S Inyector PoE<\/span><\/a><\/p>\n","protected":false},"featured_media":17665,"template":"","meta":{"neve_meta_sidebar":"","neve_meta_container":"","neve_meta_enable_content_width":"","neve_meta_content_width":0,"neve_meta_title_alignment":"","neve_meta_author_avatar":"","neve_post_elements_order":"","neve_meta_disable_header":"","neve_meta_disable_footer":"","neve_meta_disable_title":""},"product_brand":[],"product_cat":[8763],"product_tag":[6484],"class_list":{"0":"post-17664","1":"product","2":"type-product","3":"status-publish","4":"has-post-thumbnail","6":"product_cat-red-cableada","7":"product_tag-poe150s","9":"first","10":"instock","11":"taxable","12":"shipping-taxable","13":"purchasable","14":"product-type-simple"},"yoast_head":"<!-- This site is optimized with the Yoast SEO plugin v26.0 - https:\/\/yoast.com\/wordpress\/plugins\/seo\/ -->\n<title>TP-LINK PoE150S Inyector PoE - Aivlisoft Inform\u00e1tica<\/title>\n<meta name=\"robots\" content=\"index, follow, max-snippet:-1, max-image-preview:large, max-video-preview:-1\" \/>\n<link rel=\"canonical\" href=\"https:\/\/aivlisoft.net\/shop\/producto\/tp-link-poe150s-inyector-poe\/\" \/>\n<meta property=\"og:locale\" content=\"es_ES\" \/>\n<meta property=\"og:type\" content=\"article\" \/>\n<meta property=\"og:title\" content=\"TP-LINK PoE150S Inyector PoE - Aivlisoft Inform\u00e1tica\" \/>\n<meta property=\"og:description\" content=\"Inyector PoE TL-POE150S &#8211; Cumple con el est&aacute;dar IEEE 802.3af &#8211; Determina de manera autom&aacute;tica los requerimientos de potencia &#8211; Soporta Gigabit &#8211; Soporte Plug-and-Play El inyector PoE TL-POE150S cumple por completo el est&aacute;ndar IEEE 802.3af y puede funcionar con todos los equipos PoE o adaptadores de recepci&oacute;n PoE compatibles con la norma IEEE 802.3af&hellip;&nbsp;TP-LINK PoE150S Inyector PoE\" \/>\n<meta property=\"og:url\" content=\"https:\/\/aivlisoft.net\/shop\/producto\/tp-link-poe150s-inyector-poe\/\" \/>\n<meta property=\"og:site_name\" content=\"Aivlisoft Inform\u00e1tica\" \/>\n<meta property=\"article:modified_time\" content=\"2025-01-14T11:34:31+00:00\" \/>\n<meta property=\"og:image\" content=\"https:\/\/aivlisoft.net\/shop\/wp-content\/uploads\/2025\/01\/NADACA0062_large.jpg\" \/>\n\t<meta property=\"og:image:width\" content=\"400\" \/>\n\t<meta property=\"og:image:height\" content=\"400\" \/>\n\t<meta property=\"og:image:type\" content=\"image\/jpeg\" \/>\n<meta name=\"twitter:card\" content=\"summary_large_image\" \/>\n<meta name=\"twitter:label1\" content=\"Tiempo de lectura\" \/>\n\t<meta name=\"twitter:data1\" content=\"2 minutos\" \/>\n<script type=\"application\/ld+json\" class=\"yoast-schema-graph\">{\"@context\":\"https:\/\/schema.org\",\"@graph\":[{\"@type\":\"WebPage\",\"@id\":\"https:\/\/aivlisoft.net\/shop\/producto\/tp-link-poe150s-inyector-poe\/\",\"url\":\"https:\/\/aivlisoft.net\/shop\/producto\/tp-link-poe150s-inyector-poe\/\",\"name\":\"TP-LINK PoE150S Inyector PoE - Aivlisoft Inform\u00e1tica\",\"isPartOf\":{\"@id\":\"https:\/\/aivlisoft.net\/shop\/#website\"},\"primaryImageOfPage\":{\"@id\":\"https:\/\/aivlisoft.net\/shop\/producto\/tp-link-poe150s-inyector-poe\/#primaryimage\"},\"image\":{\"@id\":\"https:\/\/aivlisoft.net\/shop\/producto\/tp-link-poe150s-inyector-poe\/#primaryimage\"},\"thumbnailUrl\":\"https:\/\/aivlisoft.net\/shop\/wp-content\/uploads\/2025\/01\/NADACA0062_large.jpg\",\"datePublished\":\"2025-01-13T15:14:26+00:00\",\"dateModified\":\"2025-01-14T11:34:31+00:00\",\"breadcrumb\":{\"@id\":\"https:\/\/aivlisoft.net\/shop\/producto\/tp-link-poe150s-inyector-poe\/#breadcrumb\"},\"inLanguage\":\"es\",\"potentialAction\":[{\"@type\":\"ReadAction\",\"target\":[\"https:\/\/aivlisoft.net\/shop\/producto\/tp-link-poe150s-inyector-poe\/\"]}]},{\"@type\":\"ImageObject\",\"inLanguage\":\"es\",\"@id\":\"https:\/\/aivlisoft.net\/shop\/producto\/tp-link-poe150s-inyector-poe\/#primaryimage\",\"url\":\"https:\/\/aivlisoft.net\/shop\/wp-content\/uploads\/2025\/01\/NADACA0062_large.jpg\",\"contentUrl\":\"https:\/\/aivlisoft.net\/shop\/wp-content\/uploads\/2025\/01\/NADACA0062_large.jpg\",\"width\":400,\"height\":400},{\"@type\":\"BreadcrumbList\",\"@id\":\"https:\/\/aivlisoft.net\/shop\/producto\/tp-link-poe150s-inyector-poe\/#breadcrumb\",\"itemListElement\":[{\"@type\":\"ListItem\",\"position\":1,\"name\":\"Portada\",\"item\":\"https:\/\/aivlisoft.net\/shop\/\"},{\"@type\":\"ListItem\",\"position\":2,\"name\":\"Tienda\",\"item\":\"https:\/\/aivlisoft.net\/shop\/tienda\/\"},{\"@type\":\"ListItem\",\"position\":3,\"name\":\"TP-LINK PoE150S Inyector PoE\"}]},{\"@type\":\"WebSite\",\"@id\":\"https:\/\/aivlisoft.net\/shop\/#website\",\"url\":\"https:\/\/aivlisoft.net\/shop\/\",\"name\":\"Aivlisoft Inform\u00e1tica\",\"description\":\"En Aivlisoft Inform\u00e1tica ofrecemos soluciones tecnol\u00f3gicas para empresas: venta de ordenadores, consumibles, perif\u00e9ricos y m\u00e1s. Calidad, atenci\u00f3n personalizada y los mejores precios para tu negocio.\",\"publisher\":{\"@id\":\"https:\/\/aivlisoft.net\/shop\/#organization\"},\"potentialAction\":[{\"@type\":\"SearchAction\",\"target\":{\"@type\":\"EntryPoint\",\"urlTemplate\":\"https:\/\/aivlisoft.net\/shop\/?s={search_term_string}\"},\"query-input\":{\"@type\":\"PropertyValueSpecification\",\"valueRequired\":true,\"valueName\":\"search_term_string\"}}],\"inLanguage\":\"es\"},{\"@type\":\"Organization\",\"@id\":\"https:\/\/aivlisoft.net\/shop\/#organization\",\"name\":\"Aivlisoft Inform\u00e1tica\",\"url\":\"https:\/\/aivlisoft.net\/shop\/\",\"logo\":{\"@type\":\"ImageObject\",\"inLanguage\":\"es\",\"@id\":\"https:\/\/aivlisoft.net\/shop\/#\/schema\/logo\/image\/\",\"url\":\"https:\/\/aivlisoft.net\/shop\/wp-content\/uploads\/2024\/12\/removal.ai_5b848c54-0cdf-4140-95c5-c5536bb7573b-logodef.png\",\"contentUrl\":\"https:\/\/aivlisoft.net\/shop\/wp-content\/uploads\/2024\/12\/removal.ai_5b848c54-0cdf-4140-95c5-c5536bb7573b-logodef.png\",\"width\":484,\"height\":182,\"caption\":\"Aivlisoft Inform\u00e1tica\"},\"image\":{\"@id\":\"https:\/\/aivlisoft.net\/shop\/#\/schema\/logo\/image\/\"}}]}<\/script>\n<!-- \/ Yoast SEO plugin. -->","yoast_head_json":{"title":"TP-LINK PoE150S Inyector PoE - Aivlisoft Inform\u00e1tica","robots":{"index":"index","follow":"follow","max-snippet":"max-snippet:-1","max-image-preview":"max-image-preview:large","max-video-preview":"max-video-preview:-1"},"canonical":"https:\/\/aivlisoft.net\/shop\/producto\/tp-link-poe150s-inyector-poe\/","og_locale":"es_ES","og_type":"article","og_title":"TP-LINK PoE150S Inyector PoE - Aivlisoft Inform\u00e1tica","og_description":"Inyector PoE TL-POE150S &#8211; Cumple con el est&aacute;dar IEEE 802.3af &#8211; Determina de manera autom&aacute;tica los requerimientos de potencia &#8211; Soporta Gigabit &#8211; Soporte Plug-and-Play El inyector PoE TL-POE150S cumple por completo el est&aacute;ndar IEEE 802.3af y puede funcionar con todos los equipos PoE o adaptadores de recepci&oacute;n PoE compatibles con la norma IEEE 802.3af&hellip;&nbsp;TP-LINK PoE150S Inyector PoE","og_url":"https:\/\/aivlisoft.net\/shop\/producto\/tp-link-poe150s-inyector-poe\/","og_site_name":"Aivlisoft Inform\u00e1tica","article_modified_time":"2025-01-14T11:34:31+00:00","og_image":[{"width":400,"height":400,"url":"https:\/\/aivlisoft.net\/shop\/wp-content\/uploads\/2025\/01\/NADACA0062_large.jpg","type":"image\/jpeg"}],"twitter_card":"summary_large_image","twitter_misc":{"Tiempo de lectura":"2 minutos"},"schema":{"@context":"https:\/\/schema.org","@graph":[{"@type":"WebPage","@id":"https:\/\/aivlisoft.net\/shop\/producto\/tp-link-poe150s-inyector-poe\/","url":"https:\/\/aivlisoft.net\/shop\/producto\/tp-link-poe150s-inyector-poe\/","name":"TP-LINK PoE150S Inyector PoE - Aivlisoft Inform\u00e1tica","isPartOf":{"@id":"https:\/\/aivlisoft.net\/shop\/#website"},"primaryImageOfPage":{"@id":"https:\/\/aivlisoft.net\/shop\/producto\/tp-link-poe150s-inyector-poe\/#primaryimage"},"image":{"@id":"https:\/\/aivlisoft.net\/shop\/producto\/tp-link-poe150s-inyector-poe\/#primaryimage"},"thumbnailUrl":"https:\/\/aivlisoft.net\/shop\/wp-content\/uploads\/2025\/01\/NADACA0062_large.jpg","datePublished":"2025-01-13T15:14:26+00:00","dateModified":"2025-01-14T11:34:31+00:00","breadcrumb":{"@id":"https:\/\/aivlisoft.net\/shop\/producto\/tp-link-poe150s-inyector-poe\/#breadcrumb"},"inLanguage":"es","potentialAction":[{"@type":"ReadAction","target":["https:\/\/aivlisoft.net\/shop\/producto\/tp-link-poe150s-inyector-poe\/"]}]},{"@type":"ImageObject","inLanguage":"es","@id":"https:\/\/aivlisoft.net\/shop\/producto\/tp-link-poe150s-inyector-poe\/#primaryimage","url":"https:\/\/aivlisoft.net\/shop\/wp-content\/uploads\/2025\/01\/NADACA0062_large.jpg","contentUrl":"https:\/\/aivlisoft.net\/shop\/wp-content\/uploads\/2025\/01\/NADACA0062_large.jpg","width":400,"height":400},{"@type":"BreadcrumbList","@id":"https:\/\/aivlisoft.net\/shop\/producto\/tp-link-poe150s-inyector-poe\/#breadcrumb","itemListElement":[{"@type":"ListItem","position":1,"name":"Portada","item":"https:\/\/aivlisoft.net\/shop\/"},{"@type":"ListItem","position":2,"name":"Tienda","item":"https:\/\/aivlisoft.net\/shop\/tienda\/"},{"@type":"ListItem","position":3,"name":"TP-LINK PoE150S Inyector PoE"}]},{"@type":"WebSite","@id":"https:\/\/aivlisoft.net\/shop\/#website","url":"https:\/\/aivlisoft.net\/shop\/","name":"Aivlisoft Inform\u00e1tica","description":"En Aivlisoft Inform\u00e1tica ofrecemos soluciones tecnol\u00f3gicas para empresas: venta de ordenadores, consumibles, perif\u00e9ricos y m\u00e1s. Calidad, atenci\u00f3n personalizada y los mejores precios para tu negocio.","publisher":{"@id":"https:\/\/aivlisoft.net\/shop\/#organization"},"potentialAction":[{"@type":"SearchAction","target":{"@type":"EntryPoint","urlTemplate":"https:\/\/aivlisoft.net\/shop\/?s={search_term_string}"},"query-input":{"@type":"PropertyValueSpecification","valueRequired":true,"valueName":"search_term_string"}}],"inLanguage":"es"},{"@type":"Organization","@id":"https:\/\/aivlisoft.net\/shop\/#organization","name":"Aivlisoft Inform\u00e1tica","url":"https:\/\/aivlisoft.net\/shop\/","logo":{"@type":"ImageObject","inLanguage":"es","@id":"https:\/\/aivlisoft.net\/shop\/#\/schema\/logo\/image\/","url":"https:\/\/aivlisoft.net\/shop\/wp-content\/uploads\/2024\/12\/removal.ai_5b848c54-0cdf-4140-95c5-c5536bb7573b-logodef.png","contentUrl":"https:\/\/aivlisoft.net\/shop\/wp-content\/uploads\/2024\/12\/removal.ai_5b848c54-0cdf-4140-95c5-c5536bb7573b-logodef.png","width":484,"height":182,"caption":"Aivlisoft Inform\u00e1tica"},"image":{"@id":"https:\/\/aivlisoft.net\/shop\/#\/schema\/logo\/image\/"}}]}},"_links":{"self":[{"href":"https:\/\/aivlisoft.net\/shop\/wp-json\/wp\/v2\/product\/17664","targetHints":{"allow":["GET"]}}],"collection":[{"href":"https:\/\/aivlisoft.net\/shop\/wp-json\/wp\/v2\/product"}],"about":[{"href":"https:\/\/aivlisoft.net\/shop\/wp-json\/wp\/v2\/types\/product"}],"wp:featuredmedia":[{"embeddable":true,"href":"https:\/\/aivlisoft.net\/shop\/wp-json\/wp\/v2\/media\/17665"}],"wp:attachment":[{"href":"https:\/\/aivlisoft.net\/shop\/wp-json\/wp\/v2\/media?parent=17664"}],"wp:term":[{"taxonomy":"product_brand","embeddable":true,"href":"https:\/\/aivlisoft.net\/shop\/wp-json\/wp\/v2\/product_brand?post=17664"},{"taxonomy":"product_cat","embeddable":true,"href":"https:\/\/aivlisoft.net\/shop\/wp-json\/wp\/v2\/product_cat?post=17664"},{"taxonomy":"product_tag","embeddable":true,"href":"https:\/\/aivlisoft.net\/shop\/wp-json\/wp\/v2\/product_tag?post=17664"}],"curies":[{"name":"wp","href":"https:\/\/api.w.org\/{rel}","templated":true}]}}