{"id":17656,"date":"2025-01-13T15:14:22","date_gmt":"2025-01-13T15:14:22","guid":{"rendered":"https:\/\/aivlisoft.com\/?post_type=product&#038;p=17656"},"modified":"2025-01-14T11:34:27","modified_gmt":"2025-01-14T11:34:27","slug":"tp-link-mc220l-conversor-medios-sfp-055km-10km","status":"publish","type":"product","link":"https:\/\/aivlisoft.net\/shop\/producto\/tp-link-mc220l-conversor-medios-sfp-055km-10km\/","title":{"rendered":"TP-LINK MC220L Conversor Medios SFP 0,55Km \/ 10Km"},"content":{"rendered":"<div>\tEl MC220L es un convertidor de medios dise&ntilde;ado para convertir a los medios de fibra 1000BASE-SX\/LX\/LH a cobre 1000Base-T, o viceversa. Dise&ntilde;ado bajo las normas de IEEE802.3ab 1000Base-T e IEEE802.3z 1000Base-SX\/LX\/LH, el MC220L est&aacute; dise&ntilde;ado para su uso con cables de fibra multi-modo\/&uacute;nico-modo utilizando el conector tipo SC\/LC. Funciona a 850 nm en para la transmisi&oacute;n y recepci&oacute;n de datos con la adopci&oacute;n de fibra multimodo y 1310 nm para la transmisi&oacute;n y recepci&oacute;n de datos con la adopci&oacute;n de un solo modo.&nbsp; <\/p>\n<p>\tOtras caracter&iacute;sticas de este m&oacute;dulo incluyen la capacidad de ser utilizado como un dispositivo independiente (no requiere chasis) o con el chasis del sistema de 19&rdquo; TP-LINK, Auto MDI \/ MDI-X para el puerto TX, y los LEDs de estado del panel frontal. El MC220L transmitir&aacute; a distancias extendidas de fibra &oacute;ptica utilizando fibra multimodo hasta 0.55 kil&oacute;metros y 10 kil&oacute;metros cuando se utiliza fibra &oacute;ptica monomodo.<\/p><\/div>\n<p><\/p>\n<table class=\"tabla_caracteristicas\" width=\"100%\">\n<tbody>\n<tr>\n<td valign=\"top\" width=\"35%\">\t\t\t\t<b><font face=\"Tahoma, Arial, Helvetica, sans-serif\" style=\"font-size: 11px\">Marca<\/font><\/b><\/td>\n<td valign=\"top\">\t\t\t\t<font face=\"Tahoma, Arial, Helvetica, sans-serif\" style=\"font-size: 11px\">TP-LINK<\/font><\/td>\n<\/tr>\n<tr>\n<td valign=\"top\" width=\"35%\">\t\t\t\t<b><font face=\"Tahoma, Arial, Helvetica, sans-serif\" style=\"font-size: 11px\">Modelo<\/font><\/b><\/td>\n<td valign=\"top\">\t\t\t\t<strong><font face=\"Tahoma, Arial, Helvetica, sans-serif\" style=\"font-size: 11px\">MC220L<\/font><\/strong><\/td>\n<\/tr>\n<tr>\n<td valign=\"top\">\t\t\t\t<b><small><font face=\"Tahoma, Arial, Helvetica, sans-serif\" style=\"font-size: 11px\">Caracter&iacute;sticas<\/font><\/small><\/b><\/td>\n<td valign=\"top\">\n<div>\t\t\t\t\t<font face=\"Tahoma, Arial, Helvetica, sans-serif\" style=\"font-size: 11px\">&#8211; Trabaja a 1000Mbps en modo Full-D&uacute;plex para los puertos TX y FX<br \/>\t\t\t\t\t&#8211; Es compatible con el auto MID \/ MID-X para el puerto TX<br \/>\t\t\t\t\t&#8211; Proporciona la configuraci&oacute;n del switch de modo de transferencia de fuerza \/ Auto Para el puerto FX<br \/>\t\t\t\t\t&#8211; Puerto FX es compatible con hot-swappable<br \/>\t\t\t\t\t&#8211; Ampl&iacute;a la distancia de fibra de hasta 0.55 kilometros de fibra multimodo y 10 km de fibra de modo &uacute;nico<br \/>\t\t\t\t\t&#8211; F&aacute;cil de ver los indicadores LED que proporcionan el estado para supervisar f&aacute;cilmente la actividad de la red<br \/>\t\t\t\t\t&#8211; Fuente de alimentaci&oacute;n externa<br \/>\t\t\t\t\t<\/font><\/div>\n<\/td>\n<\/tr>\n<tr>\n<td valign=\"top\">\t\t\t\t<b><small><font face=\"Tahoma, Arial, Helvetica, sans-serif\" style=\"font-size: 11px\">Especificaciones<\/font><\/small><\/b><\/td>\n<td valign=\"top\">\t\t\t\t<font face=\"Tahoma, Arial, Helvetica, sans-serif\" style=\"font-size: 11px\">&#8211; Est&aacute;ndares y Protocolos: IEEE 802.3ab, IEEE 802.3z, IEEE 802.3x<br \/>\t\t\t\t&#8211; Funci&oacute;n B&aacute;sica: <br \/>\t\t\t\tControl de flujo full-duplex (IEEE 802.3x)<br \/>\t\t\t\tAmpl&iacute;a la distancia de fibra de hasta 0.5 kilometros con fibra 50\/125um<br \/>\t\t\t\t&#8211; Puertos&nbsp;&nbsp;&nbsp; <br \/>\t\t\t\t1 puerto Gigabit SFP<br \/>\t\t\t\t1 puerto 1000M RJ45 (Auto MDI\/MDIX)<br \/>\t\t\t\t&#8211; Longitud de Onda: Depende del m&oacute;dulo SFP utilizado<br \/>\t\t\t\t&#8211; Medios de Red 100BASE-T: Cable 5, 5e categor&iacute;a UTP (m&aacute;ximo 100m) EIA\/TIA-568 100O STP (m&aacute;ximo 100m)<br \/>\t\t\t\t&#8211; Medios de Red 100BASE-FX: fibra multi modo, &uacute;nico modo<br \/>\t\t\t\t&#8211; Medios de Red 1000BASE-FX: Multi-mode\/Single-mode SFP module<br \/>\t\t\t\t&#8211; Medios de Red 1000BASE-T: UTP category 5, 5e, 6 cable (maxium 100m) EIA\/TIA-568 100O STP (maximum 100m)<br \/>\t\t\t\t&#8211; Indicadores LED: PWR, LINK, RX<br \/>\t\t\t\t&#8211; Dimensiones (Largo x Ancho x Alto): 94.5x73x27 mm<br \/>\t\t\t\t&#8211; Suministro de Energ&iacute;a El&eacute;ctrica: Adaptador externo de energ&iacute;a<br \/>\t\t\t\t&#8211; Seguridad y Emisi&oacute;n: FCC, CE<br \/>\t\t\t\t&#8211; Temperatura de funcionamiento: 0&ordm; ~ 40&ordm; C<br \/>\t\t\t\t&#8211; Temperatura de almacenamiento: -40&ordm; ~ 70&ordm; C<br \/>\t\t\t\t&#8211; Humedad: 10% ~ 90% sin condensaci&oacute;n<br \/>\t\t\t\t&#8211; Humedad de almacenamiento: 5% ~ 90% sin condensaci&oacute;n<br \/>\t\t\t\t<\/font><\/td>\n<\/tr>\n<tr>\n<td valign=\"top\">\t\t\t\t<b><small><font face=\"Tahoma, Arial, Helvetica, sans-serif\" style=\"font-size: 11px\">Fecha Revisi&oacute;n<\/font><\/small><\/b><\/td>\n<td valign=\"top\">\t\t\t\t<font face=\"Tahoma, Arial, Helvetica, sans-serif\" style=\"font-size: 11px\">29-10-2013 por JAV<br \/>\t\t\t\t<\/font><\/td>\n<\/tr>\n<\/tbody>\n<\/table>\n","protected":false},"excerpt":{"rendered":"<p>El MC220L es un convertidor de medios dise&ntilde;ado para convertir a los medios de fibra 1000BASE-SX\/LX\/LH a cobre 1000Base-T, o viceversa. Dise&ntilde;ado bajo las normas de IEEE802.3ab 1000Base-T e IEEE802.3z 1000Base-SX\/LX\/LH, el MC220L est&aacute; dise&ntilde;ado para su uso con cables de fibra multi-modo\/&uacute;nico-modo utilizando el conector tipo SC\/LC. Funciona a 850 nm en para la&hellip;&nbsp;<a href=\"https:\/\/aivlisoft.net\/shop\/producto\/tp-link-mc220l-conversor-medios-sfp-055km-10km\/\" rel=\"bookmark\"><span class=\"screen-reader-text\">TP-LINK MC220L Conversor Medios SFP 0,55Km \/ 10Km<\/span><\/a><\/p>\n","protected":false},"featured_media":17657,"template":"","meta":{"neve_meta_sidebar":"","neve_meta_container":"","neve_meta_enable_content_width":"","neve_meta_content_width":0,"neve_meta_title_alignment":"","neve_meta_author_avatar":"","neve_post_elements_order":"","neve_meta_disable_header":"","neve_meta_disable_footer":"","neve_meta_disable_title":""},"product_brand":[],"product_cat":[8763],"product_tag":[6480],"class_list":{"0":"post-17656","1":"product","2":"type-product","3":"status-publish","4":"has-post-thumbnail","6":"product_cat-red-cableada","7":"product_tag-mc220l","9":"first","10":"instock","11":"taxable","12":"shipping-taxable","13":"purchasable","14":"product-type-simple"},"yoast_head":"<!-- This site is optimized with the Yoast SEO plugin v26.0 - https:\/\/yoast.com\/wordpress\/plugins\/seo\/ -->\n<title>TP-LINK MC220L Conversor Medios SFP 0,55Km \/ 10Km - Aivlisoft Inform\u00e1tica<\/title>\n<meta name=\"robots\" content=\"index, follow, max-snippet:-1, max-image-preview:large, max-video-preview:-1\" \/>\n<link rel=\"canonical\" href=\"https:\/\/aivlisoft.net\/shop\/producto\/tp-link-mc220l-conversor-medios-sfp-055km-10km\/\" \/>\n<meta property=\"og:locale\" content=\"es_ES\" \/>\n<meta property=\"og:type\" content=\"article\" \/>\n<meta property=\"og:title\" content=\"TP-LINK MC220L Conversor Medios SFP 0,55Km \/ 10Km - Aivlisoft Inform\u00e1tica\" \/>\n<meta property=\"og:description\" content=\"El MC220L es un convertidor de medios dise&ntilde;ado para convertir a los medios de fibra 1000BASE-SX\/LX\/LH a cobre 1000Base-T, o viceversa. Dise&ntilde;ado bajo las normas de IEEE802.3ab 1000Base-T e IEEE802.3z 1000Base-SX\/LX\/LH, el MC220L est&aacute; dise&ntilde;ado para su uso con cables de fibra multi-modo\/&uacute;nico-modo utilizando el conector tipo SC\/LC. Funciona a 850 nm en para la&hellip;&nbsp;TP-LINK MC220L Conversor Medios SFP 0,55Km \/ 10Km\" \/>\n<meta property=\"og:url\" content=\"https:\/\/aivlisoft.net\/shop\/producto\/tp-link-mc220l-conversor-medios-sfp-055km-10km\/\" \/>\n<meta property=\"og:site_name\" content=\"Aivlisoft Inform\u00e1tica\" \/>\n<meta property=\"article:modified_time\" content=\"2025-01-14T11:34:27+00:00\" \/>\n<meta property=\"og:image\" content=\"https:\/\/aivlisoft.net\/shop\/wp-content\/uploads\/2025\/01\/NADACA0058_large.jpg\" \/>\n\t<meta property=\"og:image:width\" content=\"400\" \/>\n\t<meta property=\"og:image:height\" content=\"400\" \/>\n\t<meta property=\"og:image:type\" content=\"image\/jpeg\" \/>\n<meta name=\"twitter:card\" content=\"summary_large_image\" \/>\n<meta name=\"twitter:label1\" content=\"Tiempo de lectura\" \/>\n\t<meta name=\"twitter:data1\" content=\"3 minutos\" \/>\n<script type=\"application\/ld+json\" class=\"yoast-schema-graph\">{\"@context\":\"https:\/\/schema.org\",\"@graph\":[{\"@type\":\"WebPage\",\"@id\":\"https:\/\/aivlisoft.net\/shop\/producto\/tp-link-mc220l-conversor-medios-sfp-055km-10km\/\",\"url\":\"https:\/\/aivlisoft.net\/shop\/producto\/tp-link-mc220l-conversor-medios-sfp-055km-10km\/\",\"name\":\"TP-LINK MC220L Conversor Medios SFP 0,55Km \/ 10Km - Aivlisoft Inform\u00e1tica\",\"isPartOf\":{\"@id\":\"https:\/\/aivlisoft.net\/shop\/#website\"},\"primaryImageOfPage\":{\"@id\":\"https:\/\/aivlisoft.net\/shop\/producto\/tp-link-mc220l-conversor-medios-sfp-055km-10km\/#primaryimage\"},\"image\":{\"@id\":\"https:\/\/aivlisoft.net\/shop\/producto\/tp-link-mc220l-conversor-medios-sfp-055km-10km\/#primaryimage\"},\"thumbnailUrl\":\"https:\/\/aivlisoft.net\/shop\/wp-content\/uploads\/2025\/01\/NADACA0058_large.jpg\",\"datePublished\":\"2025-01-13T15:14:22+00:00\",\"dateModified\":\"2025-01-14T11:34:27+00:00\",\"breadcrumb\":{\"@id\":\"https:\/\/aivlisoft.net\/shop\/producto\/tp-link-mc220l-conversor-medios-sfp-055km-10km\/#breadcrumb\"},\"inLanguage\":\"es\",\"potentialAction\":[{\"@type\":\"ReadAction\",\"target\":[\"https:\/\/aivlisoft.net\/shop\/producto\/tp-link-mc220l-conversor-medios-sfp-055km-10km\/\"]}]},{\"@type\":\"ImageObject\",\"inLanguage\":\"es\",\"@id\":\"https:\/\/aivlisoft.net\/shop\/producto\/tp-link-mc220l-conversor-medios-sfp-055km-10km\/#primaryimage\",\"url\":\"https:\/\/aivlisoft.net\/shop\/wp-content\/uploads\/2025\/01\/NADACA0058_large.jpg\",\"contentUrl\":\"https:\/\/aivlisoft.net\/shop\/wp-content\/uploads\/2025\/01\/NADACA0058_large.jpg\",\"width\":400,\"height\":400},{\"@type\":\"BreadcrumbList\",\"@id\":\"https:\/\/aivlisoft.net\/shop\/producto\/tp-link-mc220l-conversor-medios-sfp-055km-10km\/#breadcrumb\",\"itemListElement\":[{\"@type\":\"ListItem\",\"position\":1,\"name\":\"Portada\",\"item\":\"https:\/\/aivlisoft.net\/shop\/\"},{\"@type\":\"ListItem\",\"position\":2,\"name\":\"Tienda\",\"item\":\"https:\/\/aivlisoft.net\/shop\/tienda\/\"},{\"@type\":\"ListItem\",\"position\":3,\"name\":\"TP-LINK MC220L Conversor Medios SFP 0,55Km \/ 10Km\"}]},{\"@type\":\"WebSite\",\"@id\":\"https:\/\/aivlisoft.net\/shop\/#website\",\"url\":\"https:\/\/aivlisoft.net\/shop\/\",\"name\":\"Aivlisoft Inform\u00e1tica\",\"description\":\"En Aivlisoft Inform\u00e1tica ofrecemos soluciones tecnol\u00f3gicas para empresas: venta de ordenadores, consumibles, perif\u00e9ricos y m\u00e1s. Calidad, atenci\u00f3n personalizada y los mejores precios para tu negocio.\",\"publisher\":{\"@id\":\"https:\/\/aivlisoft.net\/shop\/#organization\"},\"potentialAction\":[{\"@type\":\"SearchAction\",\"target\":{\"@type\":\"EntryPoint\",\"urlTemplate\":\"https:\/\/aivlisoft.net\/shop\/?s={search_term_string}\"},\"query-input\":{\"@type\":\"PropertyValueSpecification\",\"valueRequired\":true,\"valueName\":\"search_term_string\"}}],\"inLanguage\":\"es\"},{\"@type\":\"Organization\",\"@id\":\"https:\/\/aivlisoft.net\/shop\/#organization\",\"name\":\"Aivlisoft Inform\u00e1tica\",\"url\":\"https:\/\/aivlisoft.net\/shop\/\",\"logo\":{\"@type\":\"ImageObject\",\"inLanguage\":\"es\",\"@id\":\"https:\/\/aivlisoft.net\/shop\/#\/schema\/logo\/image\/\",\"url\":\"https:\/\/aivlisoft.net\/shop\/wp-content\/uploads\/2024\/12\/removal.ai_5b848c54-0cdf-4140-95c5-c5536bb7573b-logodef.png\",\"contentUrl\":\"https:\/\/aivlisoft.net\/shop\/wp-content\/uploads\/2024\/12\/removal.ai_5b848c54-0cdf-4140-95c5-c5536bb7573b-logodef.png\",\"width\":484,\"height\":182,\"caption\":\"Aivlisoft Inform\u00e1tica\"},\"image\":{\"@id\":\"https:\/\/aivlisoft.net\/shop\/#\/schema\/logo\/image\/\"}}]}<\/script>\n<!-- \/ Yoast SEO plugin. -->","yoast_head_json":{"title":"TP-LINK MC220L Conversor Medios SFP 0,55Km \/ 10Km - Aivlisoft Inform\u00e1tica","robots":{"index":"index","follow":"follow","max-snippet":"max-snippet:-1","max-image-preview":"max-image-preview:large","max-video-preview":"max-video-preview:-1"},"canonical":"https:\/\/aivlisoft.net\/shop\/producto\/tp-link-mc220l-conversor-medios-sfp-055km-10km\/","og_locale":"es_ES","og_type":"article","og_title":"TP-LINK MC220L Conversor Medios SFP 0,55Km \/ 10Km - Aivlisoft Inform\u00e1tica","og_description":"El MC220L es un convertidor de medios dise&ntilde;ado para convertir a los medios de fibra 1000BASE-SX\/LX\/LH a cobre 1000Base-T, o viceversa. Dise&ntilde;ado bajo las normas de IEEE802.3ab 1000Base-T e IEEE802.3z 1000Base-SX\/LX\/LH, el MC220L est&aacute; dise&ntilde;ado para su uso con cables de fibra multi-modo\/&uacute;nico-modo utilizando el conector tipo SC\/LC. Funciona a 850 nm en para la&hellip;&nbsp;TP-LINK MC220L Conversor Medios SFP 0,55Km \/ 10Km","og_url":"https:\/\/aivlisoft.net\/shop\/producto\/tp-link-mc220l-conversor-medios-sfp-055km-10km\/","og_site_name":"Aivlisoft Inform\u00e1tica","article_modified_time":"2025-01-14T11:34:27+00:00","og_image":[{"width":400,"height":400,"url":"https:\/\/aivlisoft.net\/shop\/wp-content\/uploads\/2025\/01\/NADACA0058_large.jpg","type":"image\/jpeg"}],"twitter_card":"summary_large_image","twitter_misc":{"Tiempo de lectura":"3 minutos"},"schema":{"@context":"https:\/\/schema.org","@graph":[{"@type":"WebPage","@id":"https:\/\/aivlisoft.net\/shop\/producto\/tp-link-mc220l-conversor-medios-sfp-055km-10km\/","url":"https:\/\/aivlisoft.net\/shop\/producto\/tp-link-mc220l-conversor-medios-sfp-055km-10km\/","name":"TP-LINK MC220L Conversor Medios SFP 0,55Km \/ 10Km - Aivlisoft Inform\u00e1tica","isPartOf":{"@id":"https:\/\/aivlisoft.net\/shop\/#website"},"primaryImageOfPage":{"@id":"https:\/\/aivlisoft.net\/shop\/producto\/tp-link-mc220l-conversor-medios-sfp-055km-10km\/#primaryimage"},"image":{"@id":"https:\/\/aivlisoft.net\/shop\/producto\/tp-link-mc220l-conversor-medios-sfp-055km-10km\/#primaryimage"},"thumbnailUrl":"https:\/\/aivlisoft.net\/shop\/wp-content\/uploads\/2025\/01\/NADACA0058_large.jpg","datePublished":"2025-01-13T15:14:22+00:00","dateModified":"2025-01-14T11:34:27+00:00","breadcrumb":{"@id":"https:\/\/aivlisoft.net\/shop\/producto\/tp-link-mc220l-conversor-medios-sfp-055km-10km\/#breadcrumb"},"inLanguage":"es","potentialAction":[{"@type":"ReadAction","target":["https:\/\/aivlisoft.net\/shop\/producto\/tp-link-mc220l-conversor-medios-sfp-055km-10km\/"]}]},{"@type":"ImageObject","inLanguage":"es","@id":"https:\/\/aivlisoft.net\/shop\/producto\/tp-link-mc220l-conversor-medios-sfp-055km-10km\/#primaryimage","url":"https:\/\/aivlisoft.net\/shop\/wp-content\/uploads\/2025\/01\/NADACA0058_large.jpg","contentUrl":"https:\/\/aivlisoft.net\/shop\/wp-content\/uploads\/2025\/01\/NADACA0058_large.jpg","width":400,"height":400},{"@type":"BreadcrumbList","@id":"https:\/\/aivlisoft.net\/shop\/producto\/tp-link-mc220l-conversor-medios-sfp-055km-10km\/#breadcrumb","itemListElement":[{"@type":"ListItem","position":1,"name":"Portada","item":"https:\/\/aivlisoft.net\/shop\/"},{"@type":"ListItem","position":2,"name":"Tienda","item":"https:\/\/aivlisoft.net\/shop\/tienda\/"},{"@type":"ListItem","position":3,"name":"TP-LINK MC220L Conversor Medios SFP 0,55Km \/ 10Km"}]},{"@type":"WebSite","@id":"https:\/\/aivlisoft.net\/shop\/#website","url":"https:\/\/aivlisoft.net\/shop\/","name":"Aivlisoft Inform\u00e1tica","description":"En Aivlisoft Inform\u00e1tica ofrecemos soluciones tecnol\u00f3gicas para empresas: venta de ordenadores, consumibles, perif\u00e9ricos y m\u00e1s. Calidad, atenci\u00f3n personalizada y los mejores precios para tu negocio.","publisher":{"@id":"https:\/\/aivlisoft.net\/shop\/#organization"},"potentialAction":[{"@type":"SearchAction","target":{"@type":"EntryPoint","urlTemplate":"https:\/\/aivlisoft.net\/shop\/?s={search_term_string}"},"query-input":{"@type":"PropertyValueSpecification","valueRequired":true,"valueName":"search_term_string"}}],"inLanguage":"es"},{"@type":"Organization","@id":"https:\/\/aivlisoft.net\/shop\/#organization","name":"Aivlisoft Inform\u00e1tica","url":"https:\/\/aivlisoft.net\/shop\/","logo":{"@type":"ImageObject","inLanguage":"es","@id":"https:\/\/aivlisoft.net\/shop\/#\/schema\/logo\/image\/","url":"https:\/\/aivlisoft.net\/shop\/wp-content\/uploads\/2024\/12\/removal.ai_5b848c54-0cdf-4140-95c5-c5536bb7573b-logodef.png","contentUrl":"https:\/\/aivlisoft.net\/shop\/wp-content\/uploads\/2024\/12\/removal.ai_5b848c54-0cdf-4140-95c5-c5536bb7573b-logodef.png","width":484,"height":182,"caption":"Aivlisoft Inform\u00e1tica"},"image":{"@id":"https:\/\/aivlisoft.net\/shop\/#\/schema\/logo\/image\/"}}]}},"_links":{"self":[{"href":"https:\/\/aivlisoft.net\/shop\/wp-json\/wp\/v2\/product\/17656","targetHints":{"allow":["GET"]}}],"collection":[{"href":"https:\/\/aivlisoft.net\/shop\/wp-json\/wp\/v2\/product"}],"about":[{"href":"https:\/\/aivlisoft.net\/shop\/wp-json\/wp\/v2\/types\/product"}],"wp:featuredmedia":[{"embeddable":true,"href":"https:\/\/aivlisoft.net\/shop\/wp-json\/wp\/v2\/media\/17657"}],"wp:attachment":[{"href":"https:\/\/aivlisoft.net\/shop\/wp-json\/wp\/v2\/media?parent=17656"}],"wp:term":[{"taxonomy":"product_brand","embeddable":true,"href":"https:\/\/aivlisoft.net\/shop\/wp-json\/wp\/v2\/product_brand?post=17656"},{"taxonomy":"product_cat","embeddable":true,"href":"https:\/\/aivlisoft.net\/shop\/wp-json\/wp\/v2\/product_cat?post=17656"},{"taxonomy":"product_tag","embeddable":true,"href":"https:\/\/aivlisoft.net\/shop\/wp-json\/wp\/v2\/product_tag?post=17656"}],"curies":[{"name":"wp","href":"https:\/\/api.w.org\/{rel}","templated":true}]}}