{"id":17511,"date":"2025-01-13T15:12:49","date_gmt":"2025-01-13T15:12:49","guid":{"rendered":"https:\/\/aivlisoft.com\/?post_type=product&#038;p=17511"},"modified":"2025-01-14T20:29:22","modified_gmt":"2025-01-14T20:29:22","slug":"tcl-50p755-tv-50-4k-stvand-2xusb-3xhdmi","status":"publish","type":"product","link":"https:\/\/aivlisoft.net\/shop\/producto\/tcl-50p755-tv-50-4k-stvand-2xusb-3xhdmi\/","title":{"rendered":"TCL 50P755 TV 50&#8243; 4K STVAnd 2xUSB 3XHDMI"},"content":{"rendered":"<p><\/p>\n<table class=\"tabla_caracteristicas k-table\" width=\"100%\">\n<tr>\n<td valign=\"top\"><strong>Marca<\/strong><\/td>\n<td>TCL<\/td>\n<\/tr>\n<tr>\n<td valign=\"top\"><strong>Modelo<\/strong><\/td>\n<td><strong>50P755<\/strong><\/td>\n<\/tr>\n<tr>\n<td valign=\"top\"><strong>Pantalla<\/strong><\/td>\n<td>&#8211; Tama&ntilde;o de pantalla: <strong>50&#8243;<\/strong><br \/>\t\t\t&#8211; Pantalla plana<br \/>\t\t\t&#8211; Tipo de pantalla LCD<br \/>\t\t\t&#8211; Tipo de panel DLED<br \/>\t\t\t&#8211; Gama de colores: 93% DCI-P3<br \/>\t\t\t&#8211; Resoluci&oacute;n: 4K UHD<br \/>\t\t\t&#8211; Resoluci&oacute;n del panel: 3840&#215;2160<br \/>\t\t\t&#8211; Relaci&oacute;n de aspecto: 16:9<br \/>\t\t\t&#8211; Tasa de refrescamiento: MEMC(60Hz),120Hz VRR,DLG 120Hz<br \/>\t\t\t&#8211; Dolby Vision: Dolby Vision<br \/>\t\t\t&#8211; HLG<br \/>\t\t\t&#8211; HDR 10+<br \/>\t\t\t&#8211; Relaci&oacute;n de contraste: 5000:1<br \/>\t\t\t&#8211; Sistema de brillo (cd\/m2): 350 nits (typ)<\/td>\n<\/tr>\n<tr>\n<td valign=\"top\"><strong>Conectividad<\/strong><\/td>\n<td>&#8211; BlueTooth 5.0<br \/>\t\t\t&#8211; Wi-Fi: WiFi 5<br \/>\t\t\t<strong>Puertos<\/strong><br \/>\t\t\t&#8211; Versi&oacute;n: HDMI HDMI1.4 &amp; HDMI2.0 &amp; HDMI2.1, HDCP1.4 &amp; HDCP2.2<br \/>\t\t\t&#8211; HDMI2. 1 (eARC&amp;ARC)<br \/>\t\t\t&#8211; HDMI CEC<br \/>\t\t\t&#8211; PVR\/Timeshift<br \/>\t\t\t&#8211; Gu&iacute;a de programas (EPG): (solo para programas DTV)&nbsp;<\/td>\n<\/tr>\n<tr>\n<td valign=\"top\"><strong>Caracter&iacute;sticas<\/strong><\/td>\n<td>&#8211; Sistema operativo: Google TV<br \/>\t\t\t&#8211; Control de voz manos libres<br \/>\t\t\t&#8211; Asistente de Google integrado<br \/>\t\t\t<strong>Smart TV<\/strong><br \/>\t\t\t&#8211; Game Master<br \/>\t\t\t&#8211; Video Chat<br \/>\t\t\t&#8211; Miracast (pantalla inal&aacute;mbrica)<br \/>\t\t\t&#8211; Ajustes r&aacute;pidos<br \/>\t\t\t<strong>Sonido<\/strong><br \/>\t\t\t&#8211; Potencia de audio: 10W x 2<br \/>\t\t\t&#8211; Dolby Atmos<br \/>\t\t\t&#8211; Sonido premium DTS: DTS virtual X<br \/>\t\t\t&#8211; Canales de sonido: 2.0 Canales<br \/>\t\t\t<strong>Dimensiones<\/strong><br \/>\t\t\t&#8211; 1111 x 707 x 280 mm<br \/>\t\t\t&#8211; VESA: 300 x 300 mm<br \/>\t\t\t&#8211; 8,86 kg<\/td>\n<\/tr>\n<tr>\n<td valign=\"top\"><strong>Certificado energ&eacute;tico<\/strong><\/td>\n<td><a alt=\"Certificado energ&Atilde;&#402;?????&Atilde;&#402;????&Atilde;&#402;???&Atilde;&#402;??&Atilde;&#402;?&Atilde;&#8218;&Acirc;&copy;tico\" href=\"https:\/\/www.infortisa.com\/images\/content\/2024060610405628844MTVLED0873.webp\" target=\"_blank\">Ver certificado<\/a><\/td>\n<\/tr>\n<tr>\n<td valign=\"top\"><strong>Fecha de revisi&oacute;n<\/strong><\/td>\n<td>06-06-2024 por RTY<\/td>\n<\/tr>\n<\/table>\n","protected":false},"excerpt":{"rendered":"<p>Marca TCL Modelo 50P755 Pantalla &#8211; Tama&ntilde;o de pantalla: 50&#8243; &#8211; Pantalla plana &#8211; Tipo de pantalla LCD &#8211; Tipo de panel DLED &#8211; Gama de colores: 93% DCI-P3 &#8211; Resoluci&oacute;n: 4K UHD &#8211; Resoluci&oacute;n del panel: 3840&#215;2160 &#8211; Relaci&oacute;n de aspecto: 16:9 &#8211; Tasa de refrescamiento: MEMC(60Hz),120Hz VRR,DLG 120Hz &#8211; Dolby Vision: Dolby Vision&hellip;&nbsp;<a href=\"https:\/\/aivlisoft.net\/shop\/producto\/tcl-50p755-tv-50-4k-stvand-2xusb-3xhdmi\/\" rel=\"bookmark\"><span class=\"screen-reader-text\">TCL 50P755 TV 50&#8243; 4K STVAnd 2xUSB 3XHDMI<\/span><\/a><\/p>\n","protected":false},"featured_media":17512,"template":"","meta":{"neve_meta_sidebar":"","neve_meta_container":"","neve_meta_enable_content_width":"","neve_meta_content_width":0,"neve_meta_title_alignment":"","neve_meta_author_avatar":"","neve_post_elements_order":"","neve_meta_disable_header":"","neve_meta_disable_footer":"","neve_meta_disable_title":""},"product_brand":[],"product_cat":[15,8794],"product_tag":[6425],"class_list":{"0":"post-17511","1":"product","2":"type-product","3":"status-publish","4":"has-post-thumbnail","6":"product_cat-sin-categorizar","7":"product_cat-tv","8":"product_tag-50p755","10":"first","11":"instock","12":"taxable","13":"shipping-taxable","14":"purchasable","15":"product-type-simple"},"yoast_head":"<!-- This site is optimized with the Yoast SEO plugin v26.0 - https:\/\/yoast.com\/wordpress\/plugins\/seo\/ -->\n<title>TCL 50P755 TV 50&quot; 4K STVAnd 2xUSB 3XHDMI - Aivlisoft Inform\u00e1tica<\/title>\n<meta name=\"robots\" content=\"index, follow, max-snippet:-1, max-image-preview:large, max-video-preview:-1\" \/>\n<link rel=\"canonical\" href=\"https:\/\/aivlisoft.net\/shop\/producto\/tcl-50p755-tv-50-4k-stvand-2xusb-3xhdmi\/\" \/>\n<meta property=\"og:locale\" content=\"es_ES\" \/>\n<meta property=\"og:type\" content=\"article\" \/>\n<meta property=\"og:title\" content=\"TCL 50P755 TV 50&quot; 4K STVAnd 2xUSB 3XHDMI - Aivlisoft Inform\u00e1tica\" \/>\n<meta property=\"og:description\" content=\"Marca TCL Modelo 50P755 Pantalla &#8211; Tama&ntilde;o de pantalla: 50&#8243; &#8211; Pantalla plana &#8211; Tipo de pantalla LCD &#8211; Tipo de panel DLED &#8211; Gama de colores: 93% DCI-P3 &#8211; Resoluci&oacute;n: 4K UHD &#8211; Resoluci&oacute;n del panel: 3840&#215;2160 &#8211; Relaci&oacute;n de aspecto: 16:9 &#8211; Tasa de refrescamiento: MEMC(60Hz),120Hz VRR,DLG 120Hz &#8211; Dolby Vision: Dolby Vision&hellip;&nbsp;TCL 50P755 TV 50&#8243; 4K STVAnd 2xUSB 3XHDMI\" \/>\n<meta property=\"og:url\" content=\"https:\/\/aivlisoft.net\/shop\/producto\/tcl-50p755-tv-50-4k-stvand-2xusb-3xhdmi\/\" \/>\n<meta property=\"og:site_name\" content=\"Aivlisoft Inform\u00e1tica\" \/>\n<meta property=\"article:modified_time\" content=\"2025-01-14T20:29:22+00:00\" \/>\n<meta property=\"og:image\" content=\"https:\/\/aivlisoft.net\/shop\/wp-content\/uploads\/2025\/01\/MTVLED0873_800.jpg\" \/>\n\t<meta property=\"og:image:width\" content=\"800\" \/>\n\t<meta property=\"og:image:height\" content=\"800\" \/>\n\t<meta property=\"og:image:type\" content=\"image\/jpeg\" \/>\n<meta name=\"twitter:card\" content=\"summary_large_image\" \/>\n<meta name=\"twitter:label1\" content=\"Tiempo de lectura\" \/>\n\t<meta name=\"twitter:data1\" content=\"1 minuto\" \/>\n<script type=\"application\/ld+json\" class=\"yoast-schema-graph\">{\"@context\":\"https:\/\/schema.org\",\"@graph\":[{\"@type\":\"WebPage\",\"@id\":\"https:\/\/aivlisoft.net\/shop\/producto\/tcl-50p755-tv-50-4k-stvand-2xusb-3xhdmi\/\",\"url\":\"https:\/\/aivlisoft.net\/shop\/producto\/tcl-50p755-tv-50-4k-stvand-2xusb-3xhdmi\/\",\"name\":\"TCL 50P755 TV 50\\\" 4K STVAnd 2xUSB 3XHDMI - Aivlisoft Inform\u00e1tica\",\"isPartOf\":{\"@id\":\"https:\/\/aivlisoft.net\/shop\/#website\"},\"primaryImageOfPage\":{\"@id\":\"https:\/\/aivlisoft.net\/shop\/producto\/tcl-50p755-tv-50-4k-stvand-2xusb-3xhdmi\/#primaryimage\"},\"image\":{\"@id\":\"https:\/\/aivlisoft.net\/shop\/producto\/tcl-50p755-tv-50-4k-stvand-2xusb-3xhdmi\/#primaryimage\"},\"thumbnailUrl\":\"https:\/\/aivlisoft.net\/shop\/wp-content\/uploads\/2025\/01\/MTVLED0873_800.jpg\",\"datePublished\":\"2025-01-13T15:12:49+00:00\",\"dateModified\":\"2025-01-14T20:29:22+00:00\",\"breadcrumb\":{\"@id\":\"https:\/\/aivlisoft.net\/shop\/producto\/tcl-50p755-tv-50-4k-stvand-2xusb-3xhdmi\/#breadcrumb\"},\"inLanguage\":\"es\",\"potentialAction\":[{\"@type\":\"ReadAction\",\"target\":[\"https:\/\/aivlisoft.net\/shop\/producto\/tcl-50p755-tv-50-4k-stvand-2xusb-3xhdmi\/\"]}]},{\"@type\":\"ImageObject\",\"inLanguage\":\"es\",\"@id\":\"https:\/\/aivlisoft.net\/shop\/producto\/tcl-50p755-tv-50-4k-stvand-2xusb-3xhdmi\/#primaryimage\",\"url\":\"https:\/\/aivlisoft.net\/shop\/wp-content\/uploads\/2025\/01\/MTVLED0873_800.jpg\",\"contentUrl\":\"https:\/\/aivlisoft.net\/shop\/wp-content\/uploads\/2025\/01\/MTVLED0873_800.jpg\",\"width\":800,\"height\":800},{\"@type\":\"BreadcrumbList\",\"@id\":\"https:\/\/aivlisoft.net\/shop\/producto\/tcl-50p755-tv-50-4k-stvand-2xusb-3xhdmi\/#breadcrumb\",\"itemListElement\":[{\"@type\":\"ListItem\",\"position\":1,\"name\":\"Portada\",\"item\":\"https:\/\/aivlisoft.net\/shop\/\"},{\"@type\":\"ListItem\",\"position\":2,\"name\":\"Tienda\",\"item\":\"https:\/\/aivlisoft.net\/shop\/tienda\/\"},{\"@type\":\"ListItem\",\"position\":3,\"name\":\"TCL 50P755 TV 50&#8243; 4K STVAnd 2xUSB 3XHDMI\"}]},{\"@type\":\"WebSite\",\"@id\":\"https:\/\/aivlisoft.net\/shop\/#website\",\"url\":\"https:\/\/aivlisoft.net\/shop\/\",\"name\":\"Aivlisoft Inform\u00e1tica\",\"description\":\"En Aivlisoft Inform\u00e1tica ofrecemos soluciones tecnol\u00f3gicas para empresas: venta de ordenadores, consumibles, perif\u00e9ricos y m\u00e1s. Calidad, atenci\u00f3n personalizada y los mejores precios para tu negocio.\",\"publisher\":{\"@id\":\"https:\/\/aivlisoft.net\/shop\/#organization\"},\"potentialAction\":[{\"@type\":\"SearchAction\",\"target\":{\"@type\":\"EntryPoint\",\"urlTemplate\":\"https:\/\/aivlisoft.net\/shop\/?s={search_term_string}\"},\"query-input\":{\"@type\":\"PropertyValueSpecification\",\"valueRequired\":true,\"valueName\":\"search_term_string\"}}],\"inLanguage\":\"es\"},{\"@type\":\"Organization\",\"@id\":\"https:\/\/aivlisoft.net\/shop\/#organization\",\"name\":\"Aivlisoft Inform\u00e1tica\",\"url\":\"https:\/\/aivlisoft.net\/shop\/\",\"logo\":{\"@type\":\"ImageObject\",\"inLanguage\":\"es\",\"@id\":\"https:\/\/aivlisoft.net\/shop\/#\/schema\/logo\/image\/\",\"url\":\"https:\/\/aivlisoft.net\/shop\/wp-content\/uploads\/2024\/12\/removal.ai_5b848c54-0cdf-4140-95c5-c5536bb7573b-logodef.png\",\"contentUrl\":\"https:\/\/aivlisoft.net\/shop\/wp-content\/uploads\/2024\/12\/removal.ai_5b848c54-0cdf-4140-95c5-c5536bb7573b-logodef.png\",\"width\":484,\"height\":182,\"caption\":\"Aivlisoft Inform\u00e1tica\"},\"image\":{\"@id\":\"https:\/\/aivlisoft.net\/shop\/#\/schema\/logo\/image\/\"}}]}<\/script>\n<!-- \/ Yoast SEO plugin. -->","yoast_head_json":{"title":"TCL 50P755 TV 50\" 4K STVAnd 2xUSB 3XHDMI - Aivlisoft Inform\u00e1tica","robots":{"index":"index","follow":"follow","max-snippet":"max-snippet:-1","max-image-preview":"max-image-preview:large","max-video-preview":"max-video-preview:-1"},"canonical":"https:\/\/aivlisoft.net\/shop\/producto\/tcl-50p755-tv-50-4k-stvand-2xusb-3xhdmi\/","og_locale":"es_ES","og_type":"article","og_title":"TCL 50P755 TV 50\" 4K STVAnd 2xUSB 3XHDMI - Aivlisoft Inform\u00e1tica","og_description":"Marca TCL Modelo 50P755 Pantalla &#8211; Tama&ntilde;o de pantalla: 50&#8243; &#8211; Pantalla plana &#8211; Tipo de pantalla LCD &#8211; Tipo de panel DLED &#8211; Gama de colores: 93% DCI-P3 &#8211; Resoluci&oacute;n: 4K UHD &#8211; Resoluci&oacute;n del panel: 3840&#215;2160 &#8211; Relaci&oacute;n de aspecto: 16:9 &#8211; Tasa de refrescamiento: MEMC(60Hz),120Hz VRR,DLG 120Hz &#8211; Dolby Vision: Dolby Vision&hellip;&nbsp;TCL 50P755 TV 50&#8243; 4K STVAnd 2xUSB 3XHDMI","og_url":"https:\/\/aivlisoft.net\/shop\/producto\/tcl-50p755-tv-50-4k-stvand-2xusb-3xhdmi\/","og_site_name":"Aivlisoft Inform\u00e1tica","article_modified_time":"2025-01-14T20:29:22+00:00","og_image":[{"width":800,"height":800,"url":"https:\/\/aivlisoft.net\/shop\/wp-content\/uploads\/2025\/01\/MTVLED0873_800.jpg","type":"image\/jpeg"}],"twitter_card":"summary_large_image","twitter_misc":{"Tiempo de lectura":"1 minuto"},"schema":{"@context":"https:\/\/schema.org","@graph":[{"@type":"WebPage","@id":"https:\/\/aivlisoft.net\/shop\/producto\/tcl-50p755-tv-50-4k-stvand-2xusb-3xhdmi\/","url":"https:\/\/aivlisoft.net\/shop\/producto\/tcl-50p755-tv-50-4k-stvand-2xusb-3xhdmi\/","name":"TCL 50P755 TV 50\" 4K STVAnd 2xUSB 3XHDMI - Aivlisoft Inform\u00e1tica","isPartOf":{"@id":"https:\/\/aivlisoft.net\/shop\/#website"},"primaryImageOfPage":{"@id":"https:\/\/aivlisoft.net\/shop\/producto\/tcl-50p755-tv-50-4k-stvand-2xusb-3xhdmi\/#primaryimage"},"image":{"@id":"https:\/\/aivlisoft.net\/shop\/producto\/tcl-50p755-tv-50-4k-stvand-2xusb-3xhdmi\/#primaryimage"},"thumbnailUrl":"https:\/\/aivlisoft.net\/shop\/wp-content\/uploads\/2025\/01\/MTVLED0873_800.jpg","datePublished":"2025-01-13T15:12:49+00:00","dateModified":"2025-01-14T20:29:22+00:00","breadcrumb":{"@id":"https:\/\/aivlisoft.net\/shop\/producto\/tcl-50p755-tv-50-4k-stvand-2xusb-3xhdmi\/#breadcrumb"},"inLanguage":"es","potentialAction":[{"@type":"ReadAction","target":["https:\/\/aivlisoft.net\/shop\/producto\/tcl-50p755-tv-50-4k-stvand-2xusb-3xhdmi\/"]}]},{"@type":"ImageObject","inLanguage":"es","@id":"https:\/\/aivlisoft.net\/shop\/producto\/tcl-50p755-tv-50-4k-stvand-2xusb-3xhdmi\/#primaryimage","url":"https:\/\/aivlisoft.net\/shop\/wp-content\/uploads\/2025\/01\/MTVLED0873_800.jpg","contentUrl":"https:\/\/aivlisoft.net\/shop\/wp-content\/uploads\/2025\/01\/MTVLED0873_800.jpg","width":800,"height":800},{"@type":"BreadcrumbList","@id":"https:\/\/aivlisoft.net\/shop\/producto\/tcl-50p755-tv-50-4k-stvand-2xusb-3xhdmi\/#breadcrumb","itemListElement":[{"@type":"ListItem","position":1,"name":"Portada","item":"https:\/\/aivlisoft.net\/shop\/"},{"@type":"ListItem","position":2,"name":"Tienda","item":"https:\/\/aivlisoft.net\/shop\/tienda\/"},{"@type":"ListItem","position":3,"name":"TCL 50P755 TV 50&#8243; 4K STVAnd 2xUSB 3XHDMI"}]},{"@type":"WebSite","@id":"https:\/\/aivlisoft.net\/shop\/#website","url":"https:\/\/aivlisoft.net\/shop\/","name":"Aivlisoft Inform\u00e1tica","description":"En Aivlisoft Inform\u00e1tica ofrecemos soluciones tecnol\u00f3gicas para empresas: venta de ordenadores, consumibles, perif\u00e9ricos y m\u00e1s. Calidad, atenci\u00f3n personalizada y los mejores precios para tu negocio.","publisher":{"@id":"https:\/\/aivlisoft.net\/shop\/#organization"},"potentialAction":[{"@type":"SearchAction","target":{"@type":"EntryPoint","urlTemplate":"https:\/\/aivlisoft.net\/shop\/?s={search_term_string}"},"query-input":{"@type":"PropertyValueSpecification","valueRequired":true,"valueName":"search_term_string"}}],"inLanguage":"es"},{"@type":"Organization","@id":"https:\/\/aivlisoft.net\/shop\/#organization","name":"Aivlisoft Inform\u00e1tica","url":"https:\/\/aivlisoft.net\/shop\/","logo":{"@type":"ImageObject","inLanguage":"es","@id":"https:\/\/aivlisoft.net\/shop\/#\/schema\/logo\/image\/","url":"https:\/\/aivlisoft.net\/shop\/wp-content\/uploads\/2024\/12\/removal.ai_5b848c54-0cdf-4140-95c5-c5536bb7573b-logodef.png","contentUrl":"https:\/\/aivlisoft.net\/shop\/wp-content\/uploads\/2024\/12\/removal.ai_5b848c54-0cdf-4140-95c5-c5536bb7573b-logodef.png","width":484,"height":182,"caption":"Aivlisoft Inform\u00e1tica"},"image":{"@id":"https:\/\/aivlisoft.net\/shop\/#\/schema\/logo\/image\/"}}]}},"_links":{"self":[{"href":"https:\/\/aivlisoft.net\/shop\/wp-json\/wp\/v2\/product\/17511","targetHints":{"allow":["GET"]}}],"collection":[{"href":"https:\/\/aivlisoft.net\/shop\/wp-json\/wp\/v2\/product"}],"about":[{"href":"https:\/\/aivlisoft.net\/shop\/wp-json\/wp\/v2\/types\/product"}],"wp:featuredmedia":[{"embeddable":true,"href":"https:\/\/aivlisoft.net\/shop\/wp-json\/wp\/v2\/media\/17512"}],"wp:attachment":[{"href":"https:\/\/aivlisoft.net\/shop\/wp-json\/wp\/v2\/media?parent=17511"}],"wp:term":[{"taxonomy":"product_brand","embeddable":true,"href":"https:\/\/aivlisoft.net\/shop\/wp-json\/wp\/v2\/product_brand?post=17511"},{"taxonomy":"product_cat","embeddable":true,"href":"https:\/\/aivlisoft.net\/shop\/wp-json\/wp\/v2\/product_cat?post=17511"},{"taxonomy":"product_tag","embeddable":true,"href":"https:\/\/aivlisoft.net\/shop\/wp-json\/wp\/v2\/product_tag?post=17511"}],"curies":[{"name":"wp","href":"https:\/\/api.w.org\/{rel}","templated":true}]}}