{"id":17445,"date":"2025-01-13T15:12:15","date_gmt":"2025-01-13T15:12:15","guid":{"rendered":"https:\/\/aivlisoft.com\/?post_type=product&#038;p=17445"},"modified":"2025-01-14T20:29:31","modified_gmt":"2025-01-14T20:29:31","slug":"tcl-85c805-tv-85uhd-miniled-qled-googletv-144hz","status":"publish","type":"product","link":"https:\/\/aivlisoft.net\/shop\/producto\/tcl-85c805-tv-85uhd-miniled-qled-googletv-144hz\/","title":{"rendered":"TCL 85C805 TV 85&#8243;UHD MINILED QLED GOOGLETV 144Hz"},"content":{"rendered":"<p><\/p>\n<table class=\"tabla_caracteristicas k-table\" width=\"100%\">\n<tr>\n<td valign=\"top\"><strong>Marca<\/strong><\/td>\n<td>TCL<\/td>\n<\/tr>\n<tr>\n<td valign=\"top\"><strong>Modelo<\/strong><\/td>\n<td><strong>85C805<\/strong><\/td>\n<\/tr>\n<tr>\n<td valign=\"top\"><strong>Pantalla<\/strong><\/td>\n<td>&#8211; Tama&ntilde;o de pantalla: <strong>85&#8243; <\/strong>215,9 cm.<br \/>\t\t\t&#8211; Tipo de panel: QLED<br \/>\t\t\t&#8211; Amplia gama de colores: Quantum Dot<br \/>\t\t\t&#8211; Formatos: HDR Dolby Vision IQ, HDR10+, HDR10, HLG<br \/>\t\t\t&#8211; Motion clarity: 120 Hz de judder, de blur, 240 Hz motion acceleration<br \/>\t\t\t&#8211; &Iacute;ndice de rendimiento de imagen: 4000<br \/>\t\t\t&#8211; Resoluci&oacute;n: 3840 x 2160<br \/>\t\t\t&#8211; Contraste Din&aacute;mico: Mega<br \/>\t\t\t&#8211; Procesamiento de im&aacute;genes: AiPQ 3.0 Processor<br \/>\t\t\t&#8211; Mejora: UHD Deep Learning AI SR<br \/>\t\t\t&#8211; Gesti&oacute;n del color: WP\/20P\/CMS, 3D LUT calibration<br \/>\t\t\t&#8211; Reducci&oacute;n de ruido digital<\/td>\n<\/tr>\n<tr>\n<td valign=\"top\"><strong>Conectividad<\/strong><\/td>\n<td>&#8211; Compartir Wi-Fi: Chromecast &amp; T-cast<br \/>\t\t\t&#8211; Perfil bluetooth: A2DP, HID<br \/>\t\t\t&#8211; DLNA 1.5<br \/>\t\t\t&#8211; Soporte USB HID<br \/>\t\t\t<strong>Puertos<\/strong><br \/>\t\t\t&#8211; 4 x HDMI 2.1<br \/>\t\t\t&#8211; HDCP 2,3<br \/>\t\t\t&#8211; 4 x HDMI eARC\/ARC eARC HDMI<br \/>\t\t\t&#8211; 1 x USB 3.0<br \/>\t\t\t&#8211; Ethernet (LAN RJ-45)<br \/>\t\t\t&#8211; WiFi Built-in ac\/n\/g 2.4\/5Ghz MIMO<br \/>\t\t\t&#8211; Auricular<br \/>\t\t\t&#8211; RF in (IEC Terrestrial\/Cable) 1<br \/>\t\t\t&#8211; RF in (F Sat) 1<br \/>\t\t\t&#8211; Sat: Diseq \/ Unicable S&iacute; v.1.0 \/ ver. I &amp; II<br \/>\t\t\t&#8211; CI slot 1<br \/>\t\t\t&#8211; Resoluci&oacute;n m&aacute;xima HDMI 2160P\/120Hz 444 12bit, (2160P\/144Hz 444 10bit)<\/td>\n<\/tr>\n<tr>\n<td valign=\"top\"><strong>Caracter&iacute;sticas<\/strong><\/td>\n<td>&#8211; Soporte remoto para Smartphone\/Tablet<br \/>\t\t\t&#8211; USB multimedia Video up to 4K120: AVI, WMV, MP4 (H.265.H.264, VP9, AV1,&hellip;), MPG, TS, MKV, WebM, VP9, Audio: WMA, MP3, Pictures: HEIF, JPG, PNG, BMP, Text subtitles<br \/>\t\t\t&#8211; Modo Deportes<br \/>\t\t\t&#8211; Multiimagen PAT<br \/>\t\t\t&#8211; Temporizador S&iacute;<br \/>\t\t\t&#8211; Idiomas OSD: 29<br \/>\t\t\t<strong>Sintonizador<\/strong><br \/>\t\t\t&#8211; DTV Tuner: DVB-T2\/C\/S2<br \/>\t\t\t&#8211; Decodificaci&oacute;n de v&iacute;deo: H.265 UHD, H.264, MPEG-2<br \/>\t\t\t&#8211; Sintonizador anal&oacute;gico<br \/>\t\t\t&#8211; Sistemas de sintonizadores anal&oacute;gicos: PAL\/SECAM\/NTSC (AV) BG\/DK\/I\/LL<br \/>\t\t\t&#8211; CI+(1.4, ECP)<br \/>\t\t\t&#8211; EPG (DVB EIT\/SI) up to 8 days<br \/>\t\t\t&#8211; B&uacute;squeda autom&aacute;tica de canales<br \/>\t\t\t&#8211; HbbTV 2.0.3<br \/>\t\t\t&#8211; Teletexto<br \/>\t\t\t<strong>Smart TV<\/strong><br \/>\t\t\t&#8211; SmartTV GoogleTV (29 idiomas)<br \/>\t\t\t&#8211; Sistema operativo Android GoogleTV (ATV 12.0)<br \/>\t\t\t&#8211; 4K Netflix, YouTube, Amazon Prime, AppleTV+ y m&aacute;s<br \/>\t\t\t&#8211; Aplicaciones Google Play Store<br \/>\t\t\t&#8211; Aplicaciones: Google Play Store<br \/>\t\t\t&#8211; Procesador: Quad Core<br \/>\t\t\t&#8211; Memoria del sistema (DRAM): 3 GB<br \/>\t\t\t<strong>Sonido<\/strong><br \/>\t\t\t&#8211; Potencia sonora: 2x15W<br \/>\t\t\t&#8211; Dolby Audio: Dolby AC4, Dolby TrueHD<br \/>\t\t\t&#8211; Procesamiento: Dolby Atmos, DTS Virtual-X, virtualizaci&oacute;n y upmix<br \/>\t\t\t&#8211; Preajustes de ecualizador: 7 band<br \/>\t\t\t&#8211; Sistema de sonido tipo altavoz 2.0<br \/>\t\t\t&#8211; Altavoz de subgraves<br \/>\t\t\t&#8211; Control autom&aacute;tico de volumen<br \/>\t\t\t<strong>Dimensiones<\/strong><br \/>\t\t\t&#8211; 1890 x 1156 x 385 mm<br \/>\t\t\t&#8211; 42,20 kg<\/td>\n<\/tr>\n<tr>\n<td valign=\"top\"><strong>Certificado energ&eacute;tico<\/strong><\/td>\n<td><a alt=\"Certificado energ&Atilde;&#402;??????&Atilde;&#402;?????&Atilde;&#402;????&Atilde;&#402;???&Atilde;&#402;??&Atilde;&#402;?&Atilde;&#8218;&Acirc;&copy;tico\" href=\"https:\/\/www.infortisa.com\/images\/content\/2024060712182528844MTVLED0852.webp\" target=\"_blank\">Ver certificado<\/a><\/td>\n<\/tr>\n<tr>\n<td valign=\"top\"><strong>Fecha de revisi&oacute;n<\/strong><\/td>\n<td>07-06-2024 por RTY<\/td>\n<\/tr>\n<\/table>\n","protected":false},"excerpt":{"rendered":"<p>Marca TCL Modelo 85C805 Pantalla &#8211; Tama&ntilde;o de pantalla: 85&#8243; 215,9 cm. &#8211; Tipo de panel: QLED &#8211; Amplia gama de colores: Quantum Dot &#8211; Formatos: HDR Dolby Vision IQ, HDR10+, HDR10, HLG &#8211; Motion clarity: 120 Hz de judder, de blur, 240 Hz motion acceleration &#8211; &Iacute;ndice de rendimiento de imagen: 4000 &#8211; Resoluci&oacute;n:&hellip;&nbsp;<a href=\"https:\/\/aivlisoft.net\/shop\/producto\/tcl-85c805-tv-85uhd-miniled-qled-googletv-144hz\/\" rel=\"bookmark\"><span class=\"screen-reader-text\">TCL 85C805 TV 85&#8243;UHD MINILED QLED GOOGLETV 144Hz<\/span><\/a><\/p>\n","protected":false},"featured_media":17446,"template":"","meta":{"neve_meta_sidebar":"","neve_meta_container":"","neve_meta_enable_content_width":"","neve_meta_content_width":0,"neve_meta_title_alignment":"","neve_meta_author_avatar":"","neve_post_elements_order":"","neve_meta_disable_header":"","neve_meta_disable_footer":"","neve_meta_disable_title":""},"product_brand":[],"product_cat":[15,8794],"product_tag":[6410],"class_list":{"0":"post-17445","1":"product","2":"type-product","3":"status-publish","4":"has-post-thumbnail","6":"product_cat-sin-categorizar","7":"product_cat-tv","8":"product_tag-85c805","10":"first","11":"instock","12":"taxable","13":"shipping-taxable","14":"purchasable","15":"product-type-simple"},"yoast_head":"<!-- This site is optimized with the Yoast SEO plugin v26.0 - https:\/\/yoast.com\/wordpress\/plugins\/seo\/ -->\n<title>TCL 85C805 TV 85&quot;UHD MINILED QLED GOOGLETV 144Hz - Aivlisoft Inform\u00e1tica<\/title>\n<meta name=\"robots\" content=\"index, follow, max-snippet:-1, max-image-preview:large, max-video-preview:-1\" \/>\n<link rel=\"canonical\" href=\"https:\/\/aivlisoft.net\/shop\/producto\/tcl-85c805-tv-85uhd-miniled-qled-googletv-144hz\/\" \/>\n<meta property=\"og:locale\" content=\"es_ES\" \/>\n<meta property=\"og:type\" content=\"article\" \/>\n<meta property=\"og:title\" content=\"TCL 85C805 TV 85&quot;UHD MINILED QLED GOOGLETV 144Hz - Aivlisoft Inform\u00e1tica\" \/>\n<meta property=\"og:description\" content=\"Marca TCL Modelo 85C805 Pantalla &#8211; Tama&ntilde;o de pantalla: 85&#8243; 215,9 cm. &#8211; Tipo de panel: QLED &#8211; Amplia gama de colores: Quantum Dot &#8211; Formatos: HDR Dolby Vision IQ, HDR10+, HDR10, HLG &#8211; Motion clarity: 120 Hz de judder, de blur, 240 Hz motion acceleration &#8211; &Iacute;ndice de rendimiento de imagen: 4000 &#8211; Resoluci&oacute;n:&hellip;&nbsp;TCL 85C805 TV 85&#8243;UHD MINILED QLED GOOGLETV 144Hz\" \/>\n<meta property=\"og:url\" content=\"https:\/\/aivlisoft.net\/shop\/producto\/tcl-85c805-tv-85uhd-miniled-qled-googletv-144hz\/\" \/>\n<meta property=\"og:site_name\" content=\"Aivlisoft Inform\u00e1tica\" \/>\n<meta property=\"article:modified_time\" content=\"2025-01-14T20:29:31+00:00\" \/>\n<meta property=\"og:image\" content=\"https:\/\/aivlisoft.net\/shop\/wp-content\/uploads\/2025\/01\/MTVLED0852_800.jpg\" \/>\n\t<meta property=\"og:image:width\" content=\"800\" \/>\n\t<meta property=\"og:image:height\" content=\"800\" \/>\n\t<meta property=\"og:image:type\" content=\"image\/jpeg\" \/>\n<meta name=\"twitter:card\" content=\"summary_large_image\" \/>\n<meta name=\"twitter:label1\" content=\"Tiempo de lectura\" \/>\n\t<meta name=\"twitter:data1\" content=\"2 minutos\" \/>\n<script type=\"application\/ld+json\" class=\"yoast-schema-graph\">{\"@context\":\"https:\/\/schema.org\",\"@graph\":[{\"@type\":\"WebPage\",\"@id\":\"https:\/\/aivlisoft.net\/shop\/producto\/tcl-85c805-tv-85uhd-miniled-qled-googletv-144hz\/\",\"url\":\"https:\/\/aivlisoft.net\/shop\/producto\/tcl-85c805-tv-85uhd-miniled-qled-googletv-144hz\/\",\"name\":\"TCL 85C805 TV 85\\\"UHD MINILED QLED GOOGLETV 144Hz - Aivlisoft Inform\u00e1tica\",\"isPartOf\":{\"@id\":\"https:\/\/aivlisoft.net\/shop\/#website\"},\"primaryImageOfPage\":{\"@id\":\"https:\/\/aivlisoft.net\/shop\/producto\/tcl-85c805-tv-85uhd-miniled-qled-googletv-144hz\/#primaryimage\"},\"image\":{\"@id\":\"https:\/\/aivlisoft.net\/shop\/producto\/tcl-85c805-tv-85uhd-miniled-qled-googletv-144hz\/#primaryimage\"},\"thumbnailUrl\":\"https:\/\/aivlisoft.net\/shop\/wp-content\/uploads\/2025\/01\/MTVLED0852_800.jpg\",\"datePublished\":\"2025-01-13T15:12:15+00:00\",\"dateModified\":\"2025-01-14T20:29:31+00:00\",\"breadcrumb\":{\"@id\":\"https:\/\/aivlisoft.net\/shop\/producto\/tcl-85c805-tv-85uhd-miniled-qled-googletv-144hz\/#breadcrumb\"},\"inLanguage\":\"es\",\"potentialAction\":[{\"@type\":\"ReadAction\",\"target\":[\"https:\/\/aivlisoft.net\/shop\/producto\/tcl-85c805-tv-85uhd-miniled-qled-googletv-144hz\/\"]}]},{\"@type\":\"ImageObject\",\"inLanguage\":\"es\",\"@id\":\"https:\/\/aivlisoft.net\/shop\/producto\/tcl-85c805-tv-85uhd-miniled-qled-googletv-144hz\/#primaryimage\",\"url\":\"https:\/\/aivlisoft.net\/shop\/wp-content\/uploads\/2025\/01\/MTVLED0852_800.jpg\",\"contentUrl\":\"https:\/\/aivlisoft.net\/shop\/wp-content\/uploads\/2025\/01\/MTVLED0852_800.jpg\",\"width\":800,\"height\":800},{\"@type\":\"BreadcrumbList\",\"@id\":\"https:\/\/aivlisoft.net\/shop\/producto\/tcl-85c805-tv-85uhd-miniled-qled-googletv-144hz\/#breadcrumb\",\"itemListElement\":[{\"@type\":\"ListItem\",\"position\":1,\"name\":\"Portada\",\"item\":\"https:\/\/aivlisoft.net\/shop\/\"},{\"@type\":\"ListItem\",\"position\":2,\"name\":\"Tienda\",\"item\":\"https:\/\/aivlisoft.net\/shop\/tienda\/\"},{\"@type\":\"ListItem\",\"position\":3,\"name\":\"TCL 85C805 TV 85&#8243;UHD MINILED QLED GOOGLETV 144Hz\"}]},{\"@type\":\"WebSite\",\"@id\":\"https:\/\/aivlisoft.net\/shop\/#website\",\"url\":\"https:\/\/aivlisoft.net\/shop\/\",\"name\":\"Aivlisoft Inform\u00e1tica\",\"description\":\"En Aivlisoft Inform\u00e1tica ofrecemos soluciones tecnol\u00f3gicas para empresas: venta de ordenadores, consumibles, perif\u00e9ricos y m\u00e1s. Calidad, atenci\u00f3n personalizada y los mejores precios para tu negocio.\",\"publisher\":{\"@id\":\"https:\/\/aivlisoft.net\/shop\/#organization\"},\"potentialAction\":[{\"@type\":\"SearchAction\",\"target\":{\"@type\":\"EntryPoint\",\"urlTemplate\":\"https:\/\/aivlisoft.net\/shop\/?s={search_term_string}\"},\"query-input\":{\"@type\":\"PropertyValueSpecification\",\"valueRequired\":true,\"valueName\":\"search_term_string\"}}],\"inLanguage\":\"es\"},{\"@type\":\"Organization\",\"@id\":\"https:\/\/aivlisoft.net\/shop\/#organization\",\"name\":\"Aivlisoft Inform\u00e1tica\",\"url\":\"https:\/\/aivlisoft.net\/shop\/\",\"logo\":{\"@type\":\"ImageObject\",\"inLanguage\":\"es\",\"@id\":\"https:\/\/aivlisoft.net\/shop\/#\/schema\/logo\/image\/\",\"url\":\"https:\/\/aivlisoft.net\/shop\/wp-content\/uploads\/2024\/12\/removal.ai_5b848c54-0cdf-4140-95c5-c5536bb7573b-logodef.png\",\"contentUrl\":\"https:\/\/aivlisoft.net\/shop\/wp-content\/uploads\/2024\/12\/removal.ai_5b848c54-0cdf-4140-95c5-c5536bb7573b-logodef.png\",\"width\":484,\"height\":182,\"caption\":\"Aivlisoft Inform\u00e1tica\"},\"image\":{\"@id\":\"https:\/\/aivlisoft.net\/shop\/#\/schema\/logo\/image\/\"}}]}<\/script>\n<!-- \/ Yoast SEO plugin. -->","yoast_head_json":{"title":"TCL 85C805 TV 85\"UHD MINILED QLED GOOGLETV 144Hz - Aivlisoft Inform\u00e1tica","robots":{"index":"index","follow":"follow","max-snippet":"max-snippet:-1","max-image-preview":"max-image-preview:large","max-video-preview":"max-video-preview:-1"},"canonical":"https:\/\/aivlisoft.net\/shop\/producto\/tcl-85c805-tv-85uhd-miniled-qled-googletv-144hz\/","og_locale":"es_ES","og_type":"article","og_title":"TCL 85C805 TV 85\"UHD MINILED QLED GOOGLETV 144Hz - Aivlisoft Inform\u00e1tica","og_description":"Marca TCL Modelo 85C805 Pantalla &#8211; Tama&ntilde;o de pantalla: 85&#8243; 215,9 cm. &#8211; Tipo de panel: QLED &#8211; Amplia gama de colores: Quantum Dot &#8211; Formatos: HDR Dolby Vision IQ, HDR10+, HDR10, HLG &#8211; Motion clarity: 120 Hz de judder, de blur, 240 Hz motion acceleration &#8211; &Iacute;ndice de rendimiento de imagen: 4000 &#8211; Resoluci&oacute;n:&hellip;&nbsp;TCL 85C805 TV 85&#8243;UHD MINILED QLED GOOGLETV 144Hz","og_url":"https:\/\/aivlisoft.net\/shop\/producto\/tcl-85c805-tv-85uhd-miniled-qled-googletv-144hz\/","og_site_name":"Aivlisoft Inform\u00e1tica","article_modified_time":"2025-01-14T20:29:31+00:00","og_image":[{"width":800,"height":800,"url":"https:\/\/aivlisoft.net\/shop\/wp-content\/uploads\/2025\/01\/MTVLED0852_800.jpg","type":"image\/jpeg"}],"twitter_card":"summary_large_image","twitter_misc":{"Tiempo de lectura":"2 minutos"},"schema":{"@context":"https:\/\/schema.org","@graph":[{"@type":"WebPage","@id":"https:\/\/aivlisoft.net\/shop\/producto\/tcl-85c805-tv-85uhd-miniled-qled-googletv-144hz\/","url":"https:\/\/aivlisoft.net\/shop\/producto\/tcl-85c805-tv-85uhd-miniled-qled-googletv-144hz\/","name":"TCL 85C805 TV 85\"UHD MINILED QLED GOOGLETV 144Hz - Aivlisoft Inform\u00e1tica","isPartOf":{"@id":"https:\/\/aivlisoft.net\/shop\/#website"},"primaryImageOfPage":{"@id":"https:\/\/aivlisoft.net\/shop\/producto\/tcl-85c805-tv-85uhd-miniled-qled-googletv-144hz\/#primaryimage"},"image":{"@id":"https:\/\/aivlisoft.net\/shop\/producto\/tcl-85c805-tv-85uhd-miniled-qled-googletv-144hz\/#primaryimage"},"thumbnailUrl":"https:\/\/aivlisoft.net\/shop\/wp-content\/uploads\/2025\/01\/MTVLED0852_800.jpg","datePublished":"2025-01-13T15:12:15+00:00","dateModified":"2025-01-14T20:29:31+00:00","breadcrumb":{"@id":"https:\/\/aivlisoft.net\/shop\/producto\/tcl-85c805-tv-85uhd-miniled-qled-googletv-144hz\/#breadcrumb"},"inLanguage":"es","potentialAction":[{"@type":"ReadAction","target":["https:\/\/aivlisoft.net\/shop\/producto\/tcl-85c805-tv-85uhd-miniled-qled-googletv-144hz\/"]}]},{"@type":"ImageObject","inLanguage":"es","@id":"https:\/\/aivlisoft.net\/shop\/producto\/tcl-85c805-tv-85uhd-miniled-qled-googletv-144hz\/#primaryimage","url":"https:\/\/aivlisoft.net\/shop\/wp-content\/uploads\/2025\/01\/MTVLED0852_800.jpg","contentUrl":"https:\/\/aivlisoft.net\/shop\/wp-content\/uploads\/2025\/01\/MTVLED0852_800.jpg","width":800,"height":800},{"@type":"BreadcrumbList","@id":"https:\/\/aivlisoft.net\/shop\/producto\/tcl-85c805-tv-85uhd-miniled-qled-googletv-144hz\/#breadcrumb","itemListElement":[{"@type":"ListItem","position":1,"name":"Portada","item":"https:\/\/aivlisoft.net\/shop\/"},{"@type":"ListItem","position":2,"name":"Tienda","item":"https:\/\/aivlisoft.net\/shop\/tienda\/"},{"@type":"ListItem","position":3,"name":"TCL 85C805 TV 85&#8243;UHD MINILED QLED GOOGLETV 144Hz"}]},{"@type":"WebSite","@id":"https:\/\/aivlisoft.net\/shop\/#website","url":"https:\/\/aivlisoft.net\/shop\/","name":"Aivlisoft Inform\u00e1tica","description":"En Aivlisoft Inform\u00e1tica ofrecemos soluciones tecnol\u00f3gicas para empresas: venta de ordenadores, consumibles, perif\u00e9ricos y m\u00e1s. Calidad, atenci\u00f3n personalizada y los mejores precios para tu negocio.","publisher":{"@id":"https:\/\/aivlisoft.net\/shop\/#organization"},"potentialAction":[{"@type":"SearchAction","target":{"@type":"EntryPoint","urlTemplate":"https:\/\/aivlisoft.net\/shop\/?s={search_term_string}"},"query-input":{"@type":"PropertyValueSpecification","valueRequired":true,"valueName":"search_term_string"}}],"inLanguage":"es"},{"@type":"Organization","@id":"https:\/\/aivlisoft.net\/shop\/#organization","name":"Aivlisoft Inform\u00e1tica","url":"https:\/\/aivlisoft.net\/shop\/","logo":{"@type":"ImageObject","inLanguage":"es","@id":"https:\/\/aivlisoft.net\/shop\/#\/schema\/logo\/image\/","url":"https:\/\/aivlisoft.net\/shop\/wp-content\/uploads\/2024\/12\/removal.ai_5b848c54-0cdf-4140-95c5-c5536bb7573b-logodef.png","contentUrl":"https:\/\/aivlisoft.net\/shop\/wp-content\/uploads\/2024\/12\/removal.ai_5b848c54-0cdf-4140-95c5-c5536bb7573b-logodef.png","width":484,"height":182,"caption":"Aivlisoft Inform\u00e1tica"},"image":{"@id":"https:\/\/aivlisoft.net\/shop\/#\/schema\/logo\/image\/"}}]}},"_links":{"self":[{"href":"https:\/\/aivlisoft.net\/shop\/wp-json\/wp\/v2\/product\/17445","targetHints":{"allow":["GET"]}}],"collection":[{"href":"https:\/\/aivlisoft.net\/shop\/wp-json\/wp\/v2\/product"}],"about":[{"href":"https:\/\/aivlisoft.net\/shop\/wp-json\/wp\/v2\/types\/product"}],"wp:featuredmedia":[{"embeddable":true,"href":"https:\/\/aivlisoft.net\/shop\/wp-json\/wp\/v2\/media\/17446"}],"wp:attachment":[{"href":"https:\/\/aivlisoft.net\/shop\/wp-json\/wp\/v2\/media?parent=17445"}],"wp:term":[{"taxonomy":"product_brand","embeddable":true,"href":"https:\/\/aivlisoft.net\/shop\/wp-json\/wp\/v2\/product_brand?post=17445"},{"taxonomy":"product_cat","embeddable":true,"href":"https:\/\/aivlisoft.net\/shop\/wp-json\/wp\/v2\/product_cat?post=17445"},{"taxonomy":"product_tag","embeddable":true,"href":"https:\/\/aivlisoft.net\/shop\/wp-json\/wp\/v2\/product_tag?post=17445"}],"curies":[{"name":"wp","href":"https:\/\/api.w.org\/{rel}","templated":true}]}}