{"id":17340,"date":"2025-01-13T15:11:13","date_gmt":"2025-01-13T15:11:13","guid":{"rendered":"https:\/\/aivlisoft.com\/?post_type=product&#038;p=17340"},"modified":"2025-01-14T11:32:42","modified_gmt":"2025-01-14T11:32:42","slug":"samsung-microsdhc-pro-endurance-256gb-clase-10-c-a","status":"publish","type":"product","link":"https:\/\/aivlisoft.net\/shop\/producto\/samsung-microsdhc-pro-endurance-256gb-clase-10-c-a\/","title":{"rendered":"Samsung MicroSDHC Pro Endurance 256GB Clase 10 c\/a"},"content":{"rendered":"<p><\/p>\n<table class=\"tabla_caracteristicas\" width=\"100%\">\n<tr>\n<td valign=\"top\"><strong>Marca<\/strong><\/td>\n<td>Samsung<\/td>\n<\/tr>\n<tr>\n<td valign=\"top\"><strong>Modelo<\/strong><\/td>\n<td><strong>MB-MJ256KA\/EU<\/strong><\/td>\n<\/tr>\n<tr>\n<td valign=\"top\"><strong>Caracter&iacute;sticas<\/strong><\/td>\n<td>&#8211; Capacidad:<strong> 256GB<\/strong><br \/>\t\t\t&#8211; Velocidad<br \/>\t\t\t&nbsp; Lectura: hasta 100 MB\/s<br \/>\t\t\t&nbsp; Escritura: hasta 40MB\/s<br \/>\t\t\t&#8211; Dimensiones: 15 x 11 x 1 (mm)<br \/>\t\t\t&#8211; Peso: Aprox. 0.5 g<br \/>\t\t\t&#8211; Velocidad U3, V30, Clase10<br \/>\t\t\t&#8211; Voltaje: 2.7~3.6V<br \/>\t\t\t&#8211; Temperatura: -25&deg;C hasta 85&deg;C<br \/>\t\t\t&#8211; Humedad: 40&deg;C,93%, 500 horas<br \/>\t\t\t&#8211; Durabilidad: 10.000 inserci&oacute;n\/ciclos<br \/>\t\t\t&#8211; Accesorios incluidos: Adaptador SD<\/td>\n<\/tr>\n<tr>\n<td valign=\"top\"><strong>Fecha de revisi&oacute;n<\/strong><\/td>\n<td>28-10-2022 por MPM<\/td>\n<\/tr>\n<\/table>\n","protected":false},"excerpt":{"rendered":"<p>Marca Samsung Modelo MB-MJ256KA\/EU Caracter&iacute;sticas &#8211; Capacidad: 256GB &#8211; Velocidad &nbsp; Lectura: hasta 100 MB\/s &nbsp; Escritura: hasta 40MB\/s &#8211; Dimensiones: 15 x 11 x 1 (mm) &#8211; Peso: Aprox. 0.5 g &#8211; Velocidad U3, V30, Clase10 &#8211; Voltaje: 2.7~3.6V &#8211; Temperatura: -25&deg;C hasta 85&deg;C &#8211; Humedad: 40&deg;C,93%, 500 horas &#8211; Durabilidad: 10.000 inserci&oacute;n\/ciclos &#8211;&hellip;&nbsp;<a href=\"https:\/\/aivlisoft.net\/shop\/producto\/samsung-microsdhc-pro-endurance-256gb-clase-10-c-a\/\" rel=\"bookmark\"><span class=\"screen-reader-text\">Samsung MicroSDHC Pro Endurance 256GB Clase 10 c\/a<\/span><\/a><\/p>\n","protected":false},"featured_media":17341,"template":"","meta":{"neve_meta_sidebar":"","neve_meta_container":"","neve_meta_enable_content_width":"","neve_meta_content_width":0,"neve_meta_title_alignment":"","neve_meta_author_avatar":"","neve_post_elements_order":"","neve_meta_disable_header":"","neve_meta_disable_footer":"","neve_meta_disable_title":""},"product_brand":[],"product_cat":[8762],"product_tag":[6379],"class_list":{"0":"post-17340","1":"product","2":"type-product","3":"status-publish","4":"has-post-thumbnail","6":"product_cat-secure-digital","7":"product_tag-mb-mj256ka-eu","9":"first","10":"instock","11":"taxable","12":"shipping-taxable","13":"purchasable","14":"product-type-simple"},"yoast_head":"<!-- This site is optimized with the Yoast SEO plugin v26.0 - https:\/\/yoast.com\/wordpress\/plugins\/seo\/ -->\n<title>Samsung MicroSDHC Pro Endurance 256GB Clase 10 c\/a - Aivlisoft Inform\u00e1tica<\/title>\n<meta name=\"robots\" content=\"index, follow, max-snippet:-1, max-image-preview:large, max-video-preview:-1\" \/>\n<link rel=\"canonical\" href=\"https:\/\/aivlisoft.net\/shop\/producto\/samsung-microsdhc-pro-endurance-256gb-clase-10-c-a\/\" \/>\n<meta property=\"og:locale\" content=\"es_ES\" \/>\n<meta property=\"og:type\" content=\"article\" \/>\n<meta property=\"og:title\" content=\"Samsung MicroSDHC Pro Endurance 256GB Clase 10 c\/a - Aivlisoft Inform\u00e1tica\" \/>\n<meta property=\"og:description\" content=\"Marca Samsung Modelo MB-MJ256KA\/EU Caracter&iacute;sticas &#8211; Capacidad: 256GB &#8211; Velocidad &nbsp; Lectura: hasta 100 MB\/s &nbsp; Escritura: hasta 40MB\/s &#8211; Dimensiones: 15 x 11 x 1 (mm) &#8211; Peso: Aprox. 0.5 g &#8211; Velocidad U3, V30, Clase10 &#8211; Voltaje: 2.7~3.6V &#8211; Temperatura: -25&deg;C hasta 85&deg;C &#8211; Humedad: 40&deg;C,93%, 500 horas &#8211; Durabilidad: 10.000 inserci&oacute;n\/ciclos &#8211;&hellip;&nbsp;Samsung MicroSDHC Pro Endurance 256GB Clase 10 c\/a\" \/>\n<meta property=\"og:url\" content=\"https:\/\/aivlisoft.net\/shop\/producto\/samsung-microsdhc-pro-endurance-256gb-clase-10-c-a\/\" \/>\n<meta property=\"og:site_name\" content=\"Aivlisoft Inform\u00e1tica\" \/>\n<meta property=\"article:modified_time\" content=\"2025-01-14T11:32:42+00:00\" \/>\n<meta property=\"og:image\" content=\"https:\/\/aivlisoft.net\/shop\/wp-content\/uploads\/2025\/01\/MTMSDM0276_800.jpg\" \/>\n\t<meta property=\"og:image:width\" content=\"800\" \/>\n\t<meta property=\"og:image:height\" content=\"800\" \/>\n\t<meta property=\"og:image:type\" content=\"image\/jpeg\" \/>\n<meta name=\"twitter:card\" content=\"summary_large_image\" \/>\n<script type=\"application\/ld+json\" class=\"yoast-schema-graph\">{\"@context\":\"https:\/\/schema.org\",\"@graph\":[{\"@type\":\"WebPage\",\"@id\":\"https:\/\/aivlisoft.net\/shop\/producto\/samsung-microsdhc-pro-endurance-256gb-clase-10-c-a\/\",\"url\":\"https:\/\/aivlisoft.net\/shop\/producto\/samsung-microsdhc-pro-endurance-256gb-clase-10-c-a\/\",\"name\":\"Samsung MicroSDHC Pro Endurance 256GB Clase 10 c\/a - Aivlisoft Inform\u00e1tica\",\"isPartOf\":{\"@id\":\"https:\/\/aivlisoft.net\/shop\/#website\"},\"primaryImageOfPage\":{\"@id\":\"https:\/\/aivlisoft.net\/shop\/producto\/samsung-microsdhc-pro-endurance-256gb-clase-10-c-a\/#primaryimage\"},\"image\":{\"@id\":\"https:\/\/aivlisoft.net\/shop\/producto\/samsung-microsdhc-pro-endurance-256gb-clase-10-c-a\/#primaryimage\"},\"thumbnailUrl\":\"https:\/\/aivlisoft.net\/shop\/wp-content\/uploads\/2025\/01\/MTMSDM0276_800.jpg\",\"datePublished\":\"2025-01-13T15:11:13+00:00\",\"dateModified\":\"2025-01-14T11:32:42+00:00\",\"breadcrumb\":{\"@id\":\"https:\/\/aivlisoft.net\/shop\/producto\/samsung-microsdhc-pro-endurance-256gb-clase-10-c-a\/#breadcrumb\"},\"inLanguage\":\"es\",\"potentialAction\":[{\"@type\":\"ReadAction\",\"target\":[\"https:\/\/aivlisoft.net\/shop\/producto\/samsung-microsdhc-pro-endurance-256gb-clase-10-c-a\/\"]}]},{\"@type\":\"ImageObject\",\"inLanguage\":\"es\",\"@id\":\"https:\/\/aivlisoft.net\/shop\/producto\/samsung-microsdhc-pro-endurance-256gb-clase-10-c-a\/#primaryimage\",\"url\":\"https:\/\/aivlisoft.net\/shop\/wp-content\/uploads\/2025\/01\/MTMSDM0276_800.jpg\",\"contentUrl\":\"https:\/\/aivlisoft.net\/shop\/wp-content\/uploads\/2025\/01\/MTMSDM0276_800.jpg\",\"width\":800,\"height\":800},{\"@type\":\"BreadcrumbList\",\"@id\":\"https:\/\/aivlisoft.net\/shop\/producto\/samsung-microsdhc-pro-endurance-256gb-clase-10-c-a\/#breadcrumb\",\"itemListElement\":[{\"@type\":\"ListItem\",\"position\":1,\"name\":\"Portada\",\"item\":\"https:\/\/aivlisoft.net\/shop\/\"},{\"@type\":\"ListItem\",\"position\":2,\"name\":\"Tienda\",\"item\":\"https:\/\/aivlisoft.net\/shop\/tienda\/\"},{\"@type\":\"ListItem\",\"position\":3,\"name\":\"Samsung MicroSDHC Pro Endurance 256GB Clase 10 c\/a\"}]},{\"@type\":\"WebSite\",\"@id\":\"https:\/\/aivlisoft.net\/shop\/#website\",\"url\":\"https:\/\/aivlisoft.net\/shop\/\",\"name\":\"Aivlisoft Inform\u00e1tica\",\"description\":\"En Aivlisoft Inform\u00e1tica ofrecemos soluciones tecnol\u00f3gicas para empresas: venta de ordenadores, consumibles, perif\u00e9ricos y m\u00e1s. Calidad, atenci\u00f3n personalizada y los mejores precios para tu negocio.\",\"publisher\":{\"@id\":\"https:\/\/aivlisoft.net\/shop\/#organization\"},\"potentialAction\":[{\"@type\":\"SearchAction\",\"target\":{\"@type\":\"EntryPoint\",\"urlTemplate\":\"https:\/\/aivlisoft.net\/shop\/?s={search_term_string}\"},\"query-input\":{\"@type\":\"PropertyValueSpecification\",\"valueRequired\":true,\"valueName\":\"search_term_string\"}}],\"inLanguage\":\"es\"},{\"@type\":\"Organization\",\"@id\":\"https:\/\/aivlisoft.net\/shop\/#organization\",\"name\":\"Aivlisoft Inform\u00e1tica\",\"url\":\"https:\/\/aivlisoft.net\/shop\/\",\"logo\":{\"@type\":\"ImageObject\",\"inLanguage\":\"es\",\"@id\":\"https:\/\/aivlisoft.net\/shop\/#\/schema\/logo\/image\/\",\"url\":\"https:\/\/aivlisoft.net\/shop\/wp-content\/uploads\/2024\/12\/removal.ai_5b848c54-0cdf-4140-95c5-c5536bb7573b-logodef.png\",\"contentUrl\":\"https:\/\/aivlisoft.net\/shop\/wp-content\/uploads\/2024\/12\/removal.ai_5b848c54-0cdf-4140-95c5-c5536bb7573b-logodef.png\",\"width\":484,\"height\":182,\"caption\":\"Aivlisoft Inform\u00e1tica\"},\"image\":{\"@id\":\"https:\/\/aivlisoft.net\/shop\/#\/schema\/logo\/image\/\"}}]}<\/script>\n<!-- \/ Yoast SEO plugin. -->","yoast_head_json":{"title":"Samsung MicroSDHC Pro Endurance 256GB Clase 10 c\/a - Aivlisoft Inform\u00e1tica","robots":{"index":"index","follow":"follow","max-snippet":"max-snippet:-1","max-image-preview":"max-image-preview:large","max-video-preview":"max-video-preview:-1"},"canonical":"https:\/\/aivlisoft.net\/shop\/producto\/samsung-microsdhc-pro-endurance-256gb-clase-10-c-a\/","og_locale":"es_ES","og_type":"article","og_title":"Samsung MicroSDHC Pro Endurance 256GB Clase 10 c\/a - Aivlisoft Inform\u00e1tica","og_description":"Marca Samsung Modelo MB-MJ256KA\/EU Caracter&iacute;sticas &#8211; Capacidad: 256GB &#8211; Velocidad &nbsp; Lectura: hasta 100 MB\/s &nbsp; Escritura: hasta 40MB\/s &#8211; Dimensiones: 15 x 11 x 1 (mm) &#8211; Peso: Aprox. 0.5 g &#8211; Velocidad U3, V30, Clase10 &#8211; Voltaje: 2.7~3.6V &#8211; Temperatura: -25&deg;C hasta 85&deg;C &#8211; Humedad: 40&deg;C,93%, 500 horas &#8211; Durabilidad: 10.000 inserci&oacute;n\/ciclos &#8211;&hellip;&nbsp;Samsung MicroSDHC Pro Endurance 256GB Clase 10 c\/a","og_url":"https:\/\/aivlisoft.net\/shop\/producto\/samsung-microsdhc-pro-endurance-256gb-clase-10-c-a\/","og_site_name":"Aivlisoft Inform\u00e1tica","article_modified_time":"2025-01-14T11:32:42+00:00","og_image":[{"width":800,"height":800,"url":"https:\/\/aivlisoft.net\/shop\/wp-content\/uploads\/2025\/01\/MTMSDM0276_800.jpg","type":"image\/jpeg"}],"twitter_card":"summary_large_image","schema":{"@context":"https:\/\/schema.org","@graph":[{"@type":"WebPage","@id":"https:\/\/aivlisoft.net\/shop\/producto\/samsung-microsdhc-pro-endurance-256gb-clase-10-c-a\/","url":"https:\/\/aivlisoft.net\/shop\/producto\/samsung-microsdhc-pro-endurance-256gb-clase-10-c-a\/","name":"Samsung MicroSDHC Pro Endurance 256GB Clase 10 c\/a - Aivlisoft Inform\u00e1tica","isPartOf":{"@id":"https:\/\/aivlisoft.net\/shop\/#website"},"primaryImageOfPage":{"@id":"https:\/\/aivlisoft.net\/shop\/producto\/samsung-microsdhc-pro-endurance-256gb-clase-10-c-a\/#primaryimage"},"image":{"@id":"https:\/\/aivlisoft.net\/shop\/producto\/samsung-microsdhc-pro-endurance-256gb-clase-10-c-a\/#primaryimage"},"thumbnailUrl":"https:\/\/aivlisoft.net\/shop\/wp-content\/uploads\/2025\/01\/MTMSDM0276_800.jpg","datePublished":"2025-01-13T15:11:13+00:00","dateModified":"2025-01-14T11:32:42+00:00","breadcrumb":{"@id":"https:\/\/aivlisoft.net\/shop\/producto\/samsung-microsdhc-pro-endurance-256gb-clase-10-c-a\/#breadcrumb"},"inLanguage":"es","potentialAction":[{"@type":"ReadAction","target":["https:\/\/aivlisoft.net\/shop\/producto\/samsung-microsdhc-pro-endurance-256gb-clase-10-c-a\/"]}]},{"@type":"ImageObject","inLanguage":"es","@id":"https:\/\/aivlisoft.net\/shop\/producto\/samsung-microsdhc-pro-endurance-256gb-clase-10-c-a\/#primaryimage","url":"https:\/\/aivlisoft.net\/shop\/wp-content\/uploads\/2025\/01\/MTMSDM0276_800.jpg","contentUrl":"https:\/\/aivlisoft.net\/shop\/wp-content\/uploads\/2025\/01\/MTMSDM0276_800.jpg","width":800,"height":800},{"@type":"BreadcrumbList","@id":"https:\/\/aivlisoft.net\/shop\/producto\/samsung-microsdhc-pro-endurance-256gb-clase-10-c-a\/#breadcrumb","itemListElement":[{"@type":"ListItem","position":1,"name":"Portada","item":"https:\/\/aivlisoft.net\/shop\/"},{"@type":"ListItem","position":2,"name":"Tienda","item":"https:\/\/aivlisoft.net\/shop\/tienda\/"},{"@type":"ListItem","position":3,"name":"Samsung MicroSDHC Pro Endurance 256GB Clase 10 c\/a"}]},{"@type":"WebSite","@id":"https:\/\/aivlisoft.net\/shop\/#website","url":"https:\/\/aivlisoft.net\/shop\/","name":"Aivlisoft Inform\u00e1tica","description":"En Aivlisoft Inform\u00e1tica ofrecemos soluciones tecnol\u00f3gicas para empresas: venta de ordenadores, consumibles, perif\u00e9ricos y m\u00e1s. Calidad, atenci\u00f3n personalizada y los mejores precios para tu negocio.","publisher":{"@id":"https:\/\/aivlisoft.net\/shop\/#organization"},"potentialAction":[{"@type":"SearchAction","target":{"@type":"EntryPoint","urlTemplate":"https:\/\/aivlisoft.net\/shop\/?s={search_term_string}"},"query-input":{"@type":"PropertyValueSpecification","valueRequired":true,"valueName":"search_term_string"}}],"inLanguage":"es"},{"@type":"Organization","@id":"https:\/\/aivlisoft.net\/shop\/#organization","name":"Aivlisoft Inform\u00e1tica","url":"https:\/\/aivlisoft.net\/shop\/","logo":{"@type":"ImageObject","inLanguage":"es","@id":"https:\/\/aivlisoft.net\/shop\/#\/schema\/logo\/image\/","url":"https:\/\/aivlisoft.net\/shop\/wp-content\/uploads\/2024\/12\/removal.ai_5b848c54-0cdf-4140-95c5-c5536bb7573b-logodef.png","contentUrl":"https:\/\/aivlisoft.net\/shop\/wp-content\/uploads\/2024\/12\/removal.ai_5b848c54-0cdf-4140-95c5-c5536bb7573b-logodef.png","width":484,"height":182,"caption":"Aivlisoft Inform\u00e1tica"},"image":{"@id":"https:\/\/aivlisoft.net\/shop\/#\/schema\/logo\/image\/"}}]}},"_links":{"self":[{"href":"https:\/\/aivlisoft.net\/shop\/wp-json\/wp\/v2\/product\/17340","targetHints":{"allow":["GET"]}}],"collection":[{"href":"https:\/\/aivlisoft.net\/shop\/wp-json\/wp\/v2\/product"}],"about":[{"href":"https:\/\/aivlisoft.net\/shop\/wp-json\/wp\/v2\/types\/product"}],"wp:featuredmedia":[{"embeddable":true,"href":"https:\/\/aivlisoft.net\/shop\/wp-json\/wp\/v2\/media\/17341"}],"wp:attachment":[{"href":"https:\/\/aivlisoft.net\/shop\/wp-json\/wp\/v2\/media?parent=17340"}],"wp:term":[{"taxonomy":"product_brand","embeddable":true,"href":"https:\/\/aivlisoft.net\/shop\/wp-json\/wp\/v2\/product_brand?post=17340"},{"taxonomy":"product_cat","embeddable":true,"href":"https:\/\/aivlisoft.net\/shop\/wp-json\/wp\/v2\/product_cat?post=17340"},{"taxonomy":"product_tag","embeddable":true,"href":"https:\/\/aivlisoft.net\/shop\/wp-json\/wp\/v2\/product_tag?post=17340"}],"curies":[{"name":"wp","href":"https:\/\/api.w.org\/{rel}","templated":true}]}}