{"id":17037,"date":"2025-01-13T15:08:10","date_gmt":"2025-01-13T15:08:10","guid":{"rendered":"https:\/\/aivlisoft.com\/?post_type=product&#038;p=17037"},"modified":"2025-01-14T20:37:57","modified_gmt":"2025-01-14T20:37:57","slug":"epson-co-fh02-proyector-fhd-andtv-3000l-hdmi-usb","status":"publish","type":"product","link":"https:\/\/aivlisoft.net\/shop\/producto\/epson-co-fh02-proyector-fhd-andtv-3000l-hdmi-usb\/","title":{"rendered":"Epson CO-FH02  proyector FHD AndTV 3000L HDMI USB"},"content":{"rendered":"<p><strong>Proyector Smart Full HD<\/strong><\/p>\n<p>Vive la experiencia de la gran pantalla en casa o en la oficina. Esta soluci&oacute;n asequible es intuitiva y f&aacute;cil de usar con resoluci&oacute;n Full HD y Android TV.<\/p>\n<p>Este proyector Full HD te permitir&aacute; vivir la experiencia de la gran pantalla en casa, en la oficina o en el aula. Proyecta im&aacute;genes impresionantes sobre pantallas de 391 pulgadas e incorpora Android TV3. De configuraci&oacute;n sencilla y con 3000 l&uacute;menes para obtener im&aacute;genes luminosas y n&iacute;tidas. Una soluci&oacute;n duradera con una vida &uacute;til de la l&aacute;mpara de 18 a&ntilde;os<\/p>\n<table class=\"tabla_caracteristicas\" width=\"100%\">\n<tr>\n<td valign=\"top\"><strong>Marca<\/strong><\/td>\n<td>Epson<\/td>\n<\/tr>\n<tr>\n<td valign=\"top\"><strong>Modelo<\/strong><\/td>\n<td><strong>V11HA85040<\/strong><\/td>\n<\/tr>\n<tr>\n<td valign=\"top\"><strong>Imagen<\/strong><\/td>\n<td>&#8211; Sistema de proyecci&oacute;n: Tecnolog&iacute;a 3LCD, Obturador de cristal l&iacute;quido RGB<br \/>\t\t\t&#8211; Pantalla LCD: 0,62 pulgada con MLA (D10)<br \/>\t\t\t&#8211; Emisi&oacute;n de luz en color: 3.000 Lumen- 2.000 Lumen (econ&oacute;mico) In accordance with ISO 21118:2020<br \/>\t\t\t&#8211; Emisi&oacute;n de luz blanca: 3.000 Lumen &#8211; 2.000 Lumen (econ&oacute;mico) In accordance with ISO 21118:2020<br \/>\t\t\t&#8211; Resoluci&oacute;n: 1080p<br \/>\t\t\t&#8211; Alta definici&oacute;n: Full HD<br \/>\t\t\t&#8211; Relaci&oacute;n de aspecto: 16:9<br \/>\t\t\t&#8211; Fuente de luz: L&aacute;mpara<br \/>\t\t\t&#8211; L&aacute;mpara: UHE, 188 W, 6.000 h Durabilidad, 12.000 h Durabilidad (modo econ&oacute;mico)<br \/>\t\t\t&#8211; Correci&oacute;n keystone: Autom&aacute;tico vertical: &plusmn; 30 &deg;, Manual horizontal &plusmn; 30 &deg;<br \/>\t\t\t&#8211; Procesamiento de v&iacute;deo: 8 Bits<br \/>\t\t\t&#8211; Frecuencia de actualizaci&oacute;n vertical 2D: 192 Hz &#8211; 240 Hz<br \/>\t\t\t&#8211; Reproducci&oacute;n del color: 16,77 millones de colores<\/td>\n<\/tr>\n<tr>\n<td valign=\"top\"><strong>Conexiones<\/strong><\/td>\n<td>&#8211; HDMI 1.4<br \/>\t\t\t&#8211; USB 2.0-A<br \/>\t\t\t&#8211; USB 2.0<br \/>\t\t\t&#8211; Android TV<\/td>\n<\/tr>\n<tr>\n<td valign=\"top\"><strong>Otras Caracter&iacute;sticas<\/strong><\/td>\n<td><strong>Objetivo<\/strong><br \/>\t\t\t&#8211; Relaci&oacute;n proyecci&oacute;n: 1,19 &#8211; 1,61:1<br \/>\t\t\t&#8211; Zoom: Digital, Factor: 1 &#8211; 1,35<br \/>\t\t\t&#8211; Lente: &Oacute;ptico<br \/>\t\t\t&#8211; Tama&ntilde;o de la imagen: 26 pulgadas &#8211; 391 pulgadas<br \/>\t\t\t&#8211; Distancia proyector objetivo gran angular: 0,9 m &#8211; 10,4 m<br \/>\t\t\t&#8211; Distancia proyector tele: 0,9 m &#8211; 10,4 m<br \/>\t\t\t&#8211; Distancia de proyecci&oacute;n gran angular\/teleobjetivo: 1,58 m ( 60 pulgada pantalla<br \/>\t\t\t&#8211; Lente de proyecci&oacute;n n&uacute;mero F: 1,44<br \/>\t\t\t&#8211; Foco: Manual<br \/>\t\t\t&#8211; Desplazamiento: 7 : 1<br \/>\t\t\t<strong>Funciones avanzadas<\/strong><br \/>\t\t\t&#8211; Seguridad: Protecci&oacute;n Kensington<br \/>\t\t\t&#8211; Modos de color 2D: Din&aacute;mico, Natural, Cine, Vivid<br \/>\t\t\t&#8211; Caracter&iacute;sticas: A\/V mute, Correcci&oacute;n keystone autom&aacute;tica, Altavoz integrado, Correcci&oacute;n Keystone vertical y horizontal, Interfaz audio\/v&iacute;deo MHL, Quick Corner<br \/>\t\t\t&#8211; Modos de color: Cine, Din&aacute;mico<br \/>\t\t\t&#8211; Consumo de energ&iacute;a: 270 vatio, 214 vatio (econ&oacute;mico), 0,5 vatio (Standby)<br \/>\t\t\t&#8211; Voltaje de suministro: AC 100 V &#8211; 240 V, 50 Hz &#8211; 60 Hz<br \/>\t\t\t<strong>Otras Caracter&iacute;sticas<\/strong><br \/>\t\t\t&#8211; Dimensiones del producto: 320&lrm; x 211 x 87 mm (ancho x profundidad x altura)<br \/>\t\t\t&#8211; Peso: 2,6 kg<br \/>\t\t\t&#8211; Nivel de ruido: Normal: 37 dB (A) &#8211; Ahorro: 29 dB (A)<br \/>\t\t\t&#8211; Temperatura: Operaci&oacute;n 5&deg;C &#8211; 40&deg;C<br \/>\t\t\t&#8211; Humedad del aire: Operaci&oacute;n -10% &#8211; 60%, almacenamiento 10% &#8211; 90%<br \/>\t\t\t&#8211; Altavoces: 5 vatio<br \/>\t\t\t&#8211; Incluye: Android TV dongle, Equipo, Cable de alimentaci&oacute;n, Gu&iacute;a r&aacute;pida, Mando a distancia incl. pilas, Manual de usuario (CD),<br \/>\t\t\t&#8211; Tipo de sala\/aplicaci&oacute;n :Videojuegos, Home Cinema, Fotograf&iacute;a dom&eacute;stica, Sports, Streaming, TV y descodificadores<br \/>\t\t\t&#8211; Colocaci&oacute;n: Escritorio<\/td>\n<\/tr>\n<tr>\n<td valign=\"top\"><strong>Fecha de revisi&oacute;n<\/strong><\/td>\n<td>27-10-2022 por MPM<\/td>\n<\/tr>\n<\/table>\n","protected":false},"excerpt":{"rendered":"<p>Proyector Smart Full HD Vive la experiencia de la gran pantalla en casa o en la oficina. Esta soluci&oacute;n asequible es intuitiva y f&aacute;cil de usar con resoluci&oacute;n Full HD y Android TV. Este proyector Full HD te permitir&aacute; vivir la experiencia de la gran pantalla en casa, en la oficina o en el aula.&hellip;&nbsp;<a href=\"https:\/\/aivlisoft.net\/shop\/producto\/epson-co-fh02-proyector-fhd-andtv-3000l-hdmi-usb\/\" rel=\"bookmark\"><span class=\"screen-reader-text\">Epson CO-FH02  proyector FHD AndTV 3000L HDMI USB<\/span><\/a><\/p>\n","protected":false},"featured_media":17038,"template":"","meta":{"neve_meta_sidebar":"","neve_meta_container":"","neve_meta_enable_content_width":"","neve_meta_content_width":0,"neve_meta_title_alignment":"","neve_meta_author_avatar":"","neve_post_elements_order":"","neve_meta_disable_header":"","neve_meta_disable_footer":"","neve_meta_disable_title":""},"product_brand":[],"product_cat":[15,8691,719],"product_tag":[6279],"class_list":{"0":"post-17037","1":"product","2":"type-product","3":"status-publish","4":"has-post-thumbnail","6":"product_cat-sin-categorizar","7":"product_cat-accesorios-proyector-pantalla","8":"product_cat-accesorios-proyectores","9":"product_tag-v11ha85040","11":"first","12":"instock","13":"taxable","14":"shipping-taxable","15":"purchasable","16":"product-type-simple"},"yoast_head":"<!-- This site is optimized with the Yoast SEO plugin v26.0 - https:\/\/yoast.com\/wordpress\/plugins\/seo\/ -->\n<title>Epson CO-FH02 proyector FHD AndTV 3000L HDMI USB - Aivlisoft Inform\u00e1tica<\/title>\n<meta name=\"robots\" content=\"index, follow, max-snippet:-1, max-image-preview:large, max-video-preview:-1\" \/>\n<link rel=\"canonical\" href=\"https:\/\/aivlisoft.net\/shop\/producto\/epson-co-fh02-proyector-fhd-andtv-3000l-hdmi-usb\/\" \/>\n<meta property=\"og:locale\" content=\"es_ES\" \/>\n<meta property=\"og:type\" content=\"article\" \/>\n<meta property=\"og:title\" content=\"Epson CO-FH02 proyector FHD AndTV 3000L HDMI USB - Aivlisoft Inform\u00e1tica\" \/>\n<meta property=\"og:description\" content=\"Proyector Smart Full HD Vive la experiencia de la gran pantalla en casa o en la oficina. Esta soluci&oacute;n asequible es intuitiva y f&aacute;cil de usar con resoluci&oacute;n Full HD y Android TV. Este proyector Full HD te permitir&aacute; vivir la experiencia de la gran pantalla en casa, en la oficina o en el aula.&hellip;&nbsp;Epson CO-FH02 proyector FHD AndTV 3000L HDMI USB\" \/>\n<meta property=\"og:url\" content=\"https:\/\/aivlisoft.net\/shop\/producto\/epson-co-fh02-proyector-fhd-andtv-3000l-hdmi-usb\/\" \/>\n<meta property=\"og:site_name\" content=\"Aivlisoft Inform\u00e1tica\" \/>\n<meta property=\"article:modified_time\" content=\"2025-01-14T20:37:57+00:00\" \/>\n<meta property=\"og:image\" content=\"https:\/\/aivlisoft.net\/shop\/wp-content\/uploads\/2025\/01\/MPRPRY0499_800.jpg\" \/>\n\t<meta property=\"og:image:width\" content=\"800\" \/>\n\t<meta property=\"og:image:height\" content=\"800\" \/>\n\t<meta property=\"og:image:type\" content=\"image\/jpeg\" \/>\n<meta name=\"twitter:card\" content=\"summary_large_image\" \/>\n<meta name=\"twitter:label1\" content=\"Tiempo de lectura\" \/>\n\t<meta name=\"twitter:data1\" content=\"3 minutos\" \/>\n<script type=\"application\/ld+json\" class=\"yoast-schema-graph\">{\"@context\":\"https:\/\/schema.org\",\"@graph\":[{\"@type\":\"WebPage\",\"@id\":\"https:\/\/aivlisoft.net\/shop\/producto\/epson-co-fh02-proyector-fhd-andtv-3000l-hdmi-usb\/\",\"url\":\"https:\/\/aivlisoft.net\/shop\/producto\/epson-co-fh02-proyector-fhd-andtv-3000l-hdmi-usb\/\",\"name\":\"Epson CO-FH02 proyector FHD AndTV 3000L HDMI USB - Aivlisoft Inform\u00e1tica\",\"isPartOf\":{\"@id\":\"https:\/\/aivlisoft.net\/shop\/#website\"},\"primaryImageOfPage\":{\"@id\":\"https:\/\/aivlisoft.net\/shop\/producto\/epson-co-fh02-proyector-fhd-andtv-3000l-hdmi-usb\/#primaryimage\"},\"image\":{\"@id\":\"https:\/\/aivlisoft.net\/shop\/producto\/epson-co-fh02-proyector-fhd-andtv-3000l-hdmi-usb\/#primaryimage\"},\"thumbnailUrl\":\"https:\/\/aivlisoft.net\/shop\/wp-content\/uploads\/2025\/01\/MPRPRY0499_800.jpg\",\"datePublished\":\"2025-01-13T15:08:10+00:00\",\"dateModified\":\"2025-01-14T20:37:57+00:00\",\"breadcrumb\":{\"@id\":\"https:\/\/aivlisoft.net\/shop\/producto\/epson-co-fh02-proyector-fhd-andtv-3000l-hdmi-usb\/#breadcrumb\"},\"inLanguage\":\"es\",\"potentialAction\":[{\"@type\":\"ReadAction\",\"target\":[\"https:\/\/aivlisoft.net\/shop\/producto\/epson-co-fh02-proyector-fhd-andtv-3000l-hdmi-usb\/\"]}]},{\"@type\":\"ImageObject\",\"inLanguage\":\"es\",\"@id\":\"https:\/\/aivlisoft.net\/shop\/producto\/epson-co-fh02-proyector-fhd-andtv-3000l-hdmi-usb\/#primaryimage\",\"url\":\"https:\/\/aivlisoft.net\/shop\/wp-content\/uploads\/2025\/01\/MPRPRY0499_800.jpg\",\"contentUrl\":\"https:\/\/aivlisoft.net\/shop\/wp-content\/uploads\/2025\/01\/MPRPRY0499_800.jpg\",\"width\":800,\"height\":800},{\"@type\":\"BreadcrumbList\",\"@id\":\"https:\/\/aivlisoft.net\/shop\/producto\/epson-co-fh02-proyector-fhd-andtv-3000l-hdmi-usb\/#breadcrumb\",\"itemListElement\":[{\"@type\":\"ListItem\",\"position\":1,\"name\":\"Portada\",\"item\":\"https:\/\/aivlisoft.net\/shop\/\"},{\"@type\":\"ListItem\",\"position\":2,\"name\":\"Tienda\",\"item\":\"https:\/\/aivlisoft.net\/shop\/tienda\/\"},{\"@type\":\"ListItem\",\"position\":3,\"name\":\"Epson CO-FH02 proyector FHD AndTV 3000L HDMI USB\"}]},{\"@type\":\"WebSite\",\"@id\":\"https:\/\/aivlisoft.net\/shop\/#website\",\"url\":\"https:\/\/aivlisoft.net\/shop\/\",\"name\":\"Aivlisoft Inform\u00e1tica\",\"description\":\"En Aivlisoft Inform\u00e1tica ofrecemos soluciones tecnol\u00f3gicas para empresas: venta de ordenadores, consumibles, perif\u00e9ricos y m\u00e1s. Calidad, atenci\u00f3n personalizada y los mejores precios para tu negocio.\",\"publisher\":{\"@id\":\"https:\/\/aivlisoft.net\/shop\/#organization\"},\"potentialAction\":[{\"@type\":\"SearchAction\",\"target\":{\"@type\":\"EntryPoint\",\"urlTemplate\":\"https:\/\/aivlisoft.net\/shop\/?s={search_term_string}\"},\"query-input\":{\"@type\":\"PropertyValueSpecification\",\"valueRequired\":true,\"valueName\":\"search_term_string\"}}],\"inLanguage\":\"es\"},{\"@type\":\"Organization\",\"@id\":\"https:\/\/aivlisoft.net\/shop\/#organization\",\"name\":\"Aivlisoft Inform\u00e1tica\",\"url\":\"https:\/\/aivlisoft.net\/shop\/\",\"logo\":{\"@type\":\"ImageObject\",\"inLanguage\":\"es\",\"@id\":\"https:\/\/aivlisoft.net\/shop\/#\/schema\/logo\/image\/\",\"url\":\"https:\/\/aivlisoft.net\/shop\/wp-content\/uploads\/2024\/12\/removal.ai_5b848c54-0cdf-4140-95c5-c5536bb7573b-logodef.png\",\"contentUrl\":\"https:\/\/aivlisoft.net\/shop\/wp-content\/uploads\/2024\/12\/removal.ai_5b848c54-0cdf-4140-95c5-c5536bb7573b-logodef.png\",\"width\":484,\"height\":182,\"caption\":\"Aivlisoft Inform\u00e1tica\"},\"image\":{\"@id\":\"https:\/\/aivlisoft.net\/shop\/#\/schema\/logo\/image\/\"}}]}<\/script>\n<!-- \/ Yoast SEO plugin. -->","yoast_head_json":{"title":"Epson CO-FH02 proyector FHD AndTV 3000L HDMI USB - Aivlisoft Inform\u00e1tica","robots":{"index":"index","follow":"follow","max-snippet":"max-snippet:-1","max-image-preview":"max-image-preview:large","max-video-preview":"max-video-preview:-1"},"canonical":"https:\/\/aivlisoft.net\/shop\/producto\/epson-co-fh02-proyector-fhd-andtv-3000l-hdmi-usb\/","og_locale":"es_ES","og_type":"article","og_title":"Epson CO-FH02 proyector FHD AndTV 3000L HDMI USB - Aivlisoft Inform\u00e1tica","og_description":"Proyector Smart Full HD Vive la experiencia de la gran pantalla en casa o en la oficina. Esta soluci&oacute;n asequible es intuitiva y f&aacute;cil de usar con resoluci&oacute;n Full HD y Android TV. Este proyector Full HD te permitir&aacute; vivir la experiencia de la gran pantalla en casa, en la oficina o en el aula.&hellip;&nbsp;Epson CO-FH02 proyector FHD AndTV 3000L HDMI USB","og_url":"https:\/\/aivlisoft.net\/shop\/producto\/epson-co-fh02-proyector-fhd-andtv-3000l-hdmi-usb\/","og_site_name":"Aivlisoft Inform\u00e1tica","article_modified_time":"2025-01-14T20:37:57+00:00","og_image":[{"width":800,"height":800,"url":"https:\/\/aivlisoft.net\/shop\/wp-content\/uploads\/2025\/01\/MPRPRY0499_800.jpg","type":"image\/jpeg"}],"twitter_card":"summary_large_image","twitter_misc":{"Tiempo de lectura":"3 minutos"},"schema":{"@context":"https:\/\/schema.org","@graph":[{"@type":"WebPage","@id":"https:\/\/aivlisoft.net\/shop\/producto\/epson-co-fh02-proyector-fhd-andtv-3000l-hdmi-usb\/","url":"https:\/\/aivlisoft.net\/shop\/producto\/epson-co-fh02-proyector-fhd-andtv-3000l-hdmi-usb\/","name":"Epson CO-FH02 proyector FHD AndTV 3000L HDMI USB - Aivlisoft Inform\u00e1tica","isPartOf":{"@id":"https:\/\/aivlisoft.net\/shop\/#website"},"primaryImageOfPage":{"@id":"https:\/\/aivlisoft.net\/shop\/producto\/epson-co-fh02-proyector-fhd-andtv-3000l-hdmi-usb\/#primaryimage"},"image":{"@id":"https:\/\/aivlisoft.net\/shop\/producto\/epson-co-fh02-proyector-fhd-andtv-3000l-hdmi-usb\/#primaryimage"},"thumbnailUrl":"https:\/\/aivlisoft.net\/shop\/wp-content\/uploads\/2025\/01\/MPRPRY0499_800.jpg","datePublished":"2025-01-13T15:08:10+00:00","dateModified":"2025-01-14T20:37:57+00:00","breadcrumb":{"@id":"https:\/\/aivlisoft.net\/shop\/producto\/epson-co-fh02-proyector-fhd-andtv-3000l-hdmi-usb\/#breadcrumb"},"inLanguage":"es","potentialAction":[{"@type":"ReadAction","target":["https:\/\/aivlisoft.net\/shop\/producto\/epson-co-fh02-proyector-fhd-andtv-3000l-hdmi-usb\/"]}]},{"@type":"ImageObject","inLanguage":"es","@id":"https:\/\/aivlisoft.net\/shop\/producto\/epson-co-fh02-proyector-fhd-andtv-3000l-hdmi-usb\/#primaryimage","url":"https:\/\/aivlisoft.net\/shop\/wp-content\/uploads\/2025\/01\/MPRPRY0499_800.jpg","contentUrl":"https:\/\/aivlisoft.net\/shop\/wp-content\/uploads\/2025\/01\/MPRPRY0499_800.jpg","width":800,"height":800},{"@type":"BreadcrumbList","@id":"https:\/\/aivlisoft.net\/shop\/producto\/epson-co-fh02-proyector-fhd-andtv-3000l-hdmi-usb\/#breadcrumb","itemListElement":[{"@type":"ListItem","position":1,"name":"Portada","item":"https:\/\/aivlisoft.net\/shop\/"},{"@type":"ListItem","position":2,"name":"Tienda","item":"https:\/\/aivlisoft.net\/shop\/tienda\/"},{"@type":"ListItem","position":3,"name":"Epson CO-FH02 proyector FHD AndTV 3000L HDMI USB"}]},{"@type":"WebSite","@id":"https:\/\/aivlisoft.net\/shop\/#website","url":"https:\/\/aivlisoft.net\/shop\/","name":"Aivlisoft Inform\u00e1tica","description":"En Aivlisoft Inform\u00e1tica ofrecemos soluciones tecnol\u00f3gicas para empresas: venta de ordenadores, consumibles, perif\u00e9ricos y m\u00e1s. Calidad, atenci\u00f3n personalizada y los mejores precios para tu negocio.","publisher":{"@id":"https:\/\/aivlisoft.net\/shop\/#organization"},"potentialAction":[{"@type":"SearchAction","target":{"@type":"EntryPoint","urlTemplate":"https:\/\/aivlisoft.net\/shop\/?s={search_term_string}"},"query-input":{"@type":"PropertyValueSpecification","valueRequired":true,"valueName":"search_term_string"}}],"inLanguage":"es"},{"@type":"Organization","@id":"https:\/\/aivlisoft.net\/shop\/#organization","name":"Aivlisoft Inform\u00e1tica","url":"https:\/\/aivlisoft.net\/shop\/","logo":{"@type":"ImageObject","inLanguage":"es","@id":"https:\/\/aivlisoft.net\/shop\/#\/schema\/logo\/image\/","url":"https:\/\/aivlisoft.net\/shop\/wp-content\/uploads\/2024\/12\/removal.ai_5b848c54-0cdf-4140-95c5-c5536bb7573b-logodef.png","contentUrl":"https:\/\/aivlisoft.net\/shop\/wp-content\/uploads\/2024\/12\/removal.ai_5b848c54-0cdf-4140-95c5-c5536bb7573b-logodef.png","width":484,"height":182,"caption":"Aivlisoft Inform\u00e1tica"},"image":{"@id":"https:\/\/aivlisoft.net\/shop\/#\/schema\/logo\/image\/"}}]}},"_links":{"self":[{"href":"https:\/\/aivlisoft.net\/shop\/wp-json\/wp\/v2\/product\/17037","targetHints":{"allow":["GET"]}}],"collection":[{"href":"https:\/\/aivlisoft.net\/shop\/wp-json\/wp\/v2\/product"}],"about":[{"href":"https:\/\/aivlisoft.net\/shop\/wp-json\/wp\/v2\/types\/product"}],"wp:featuredmedia":[{"embeddable":true,"href":"https:\/\/aivlisoft.net\/shop\/wp-json\/wp\/v2\/media\/17038"}],"wp:attachment":[{"href":"https:\/\/aivlisoft.net\/shop\/wp-json\/wp\/v2\/media?parent=17037"}],"wp:term":[{"taxonomy":"product_brand","embeddable":true,"href":"https:\/\/aivlisoft.net\/shop\/wp-json\/wp\/v2\/product_brand?post=17037"},{"taxonomy":"product_cat","embeddable":true,"href":"https:\/\/aivlisoft.net\/shop\/wp-json\/wp\/v2\/product_cat?post=17037"},{"taxonomy":"product_tag","embeddable":true,"href":"https:\/\/aivlisoft.net\/shop\/wp-json\/wp\/v2\/product_tag?post=17037"}],"curies":[{"name":"wp","href":"https:\/\/api.w.org\/{rel}","templated":true}]}}