{"id":16941,"date":"2025-01-13T15:07:14","date_gmt":"2025-01-13T15:07:14","guid":{"rendered":"https:\/\/aivlisoft.com\/?post_type=product&#038;p=16941"},"modified":"2025-01-14T20:43:37","modified_gmt":"2025-01-14T20:43:37","slug":"iggual-pantalla-interactiva-4k-orchid-75","status":"publish","type":"product","link":"https:\/\/aivlisoft.net\/shop\/producto\/iggual-pantalla-interactiva-4k-orchid-75\/","title":{"rendered":"iggual Pantalla interactiva 4K ORCHID 75&#8243;"},"content":{"rendered":"<p><\/p>\n<table class=\"tabla_caracteristicas\" width=\"100%\">\n<tr>\n<td valign=\"top\"><strong>Marca<\/strong><\/td>\n<td>iggual<\/td>\n<\/tr>\n<tr>\n<td valign=\"top\"><strong>Modelo<\/strong><\/td>\n<td><strong>IGG318812<\/strong><\/td>\n<\/tr>\n<tr>\n<td valign=\"top\"><strong>Caracter&iacute;sticas<\/strong><\/td>\n<td><strong>Display<\/strong><br \/>\t\t\t&#8211; Pantalla interactiva 4K de 75&#8243;<br \/>\t\t\t&#8211; Tecnolog&iacute;a de visualizaci&oacute;n: DLED (retroiluminaci&oacute;n directa mediante LED)<br \/>\t\t\t&#8211; Relaci&oacute;n de aspecto: 16:9<br \/>\t\t\t&#8211; Resoluci&oacute;n: 4K UHD 3840&#215;2160 px<br \/>\t\t\t&#8211; &Aacute;rea activa: 1650&#215;928 mm<br \/>\t\t\t&#8211; Colores: 1,07 billones \/ 10 bit<br \/>\t\t\t&#8211; Frecuencia: 60 Hz<br \/>\t\t\t&#8211; Brillo: &gt;400 cd\/m2<br \/>\t\t\t&#8211; Contraste: 4000:1<br \/>\t\t\t&#8211; Tiempo de respuesta: 6 ms<br \/>\t\t\t&#8211; &Aacute;ngulo de visi&oacute;n: 178&ordm;(H) \/ 178&ordm;(V)<br \/>\t\t\t&#8211; Protecci&oacute;n: cristal templado de alta resistencia (4 mm espesor)<br \/>\t\t\t&#8211; Panel con acabado antirreflejos (hasta 90% absorci&oacute;n de luz)<br \/>\t\t\t&#8211; M&eacute;todos de escritura: dedos, l&aacute;piz para pantalla, objetos &gt; 5mm di&aacute;metro<br \/>\t\t\t&#8211; Experiencia de escritura con tacto de bol&iacute;grafo \/ papel<br \/>\t\t\t&#8211; Webcam integrada: no<br \/>\t\t\t&#8211; Micr&oacute;fonos integrados: no<br \/>\t\t\t<strong>T&aacute;ctil<\/strong><br \/>\t\t\t&#8211; Tecnolog&iacute;a: IR 20 puntos<br \/>\t\t\t&#8211; Precisi&oacute;n t&aacute;ctil: 1 mm<br \/>\t\t\t&#8211; Borrado con palma: s&iacute;<br \/>\t\t\t&#8211; Puertos de comunicaci&oacute;n Touch: USB-B<br \/>\t\t\t&#8211; Tiempo de respuesta: &lt;6 ms<br \/>\t\t\t&#8211; Resoluci&oacute;n t&aacute;ctil: 32768 x 32768 px<br \/>\t\t\t&#8211; Velocidad de transferencia: 12 Mb\/s<br \/>\t\t\t<strong>CPU y SO<\/strong><br \/>\t\t\t&#8211; Procesador de 8 n&uacute;cleos A55 &#8211; 1,2 GHz<br \/>\t\t\t&#8211; Sistema operativo: Android 12<br \/>\t\t\t&#8211; Memoria RAM: 4 GB<br \/>\t\t\t&#8211; Memoria ROM: 32 GB<br \/>\t\t\t&#8211; Temperatura de trabajo: 0&ordm;C-40&ordm;C<br \/>\t\t\t<strong>Conectividad<\/strong><br \/>\t\t\t&#8211; Tomas traseras:<br \/>\t\t\t&nbsp; 1 x HDMI<br \/>\t\t\t&nbsp; 1 x VGA + 1 x VGA audio<br \/>\t\t\t&nbsp; 1 x USB-A 2.0<br \/>\t\t\t&nbsp; 1 x USB-A 3.0<br \/>\t\t\t&nbsp; 1 x AV<br \/>\t\t\t&nbsp; 1 x RJ45 (1000 Mbps)<br \/>\t\t\t&nbsp; 1 x RS232<br \/>\t\t\t&nbsp; 1 x USB-B (t&aacute;ctil)<br \/>\t\t\t&nbsp; 1 x mini jack 3,5 mm micr&oacute;fono + 1 x audio<br \/>\t\t\t&nbsp; 1 x SPDIF<br \/>\t\t\t&#8211; Tomas frontales:<br \/>\t\t\t&nbsp; 1 x HDMI<br \/>\t\t\t&nbsp; 1 x USB-B (t&aacute;ctil)<br \/>\t\t\t&nbsp; 3 x USB-A 3.0<br \/>\t\t\t&nbsp; 1 x USB tipo C<br \/>\t\t\t&#8211; Conexi&oacute;n WiFi:<br \/>\t\t\t&#8211; Banda dual IEEE 802.11 a\/b\/g\/n\/ac\/ax 2,4 GHz &#8211; 5 GHz<br \/>\t\t\t&#8211; 2 conectores WLAN RP-SMA traseros + 2 antenas<br \/>\t\t\t<strong>Alimentaci&oacute;n y consumo<\/strong><br \/>\t\t\t&#8211; Consumo: &lt;190W<br \/>\t\t\t&#8211; Modo en espera (standby): &lt;1W<br \/>\t\t\t&#8211; Tensi&oacute;n de entrada: AC 100-240V 50\/60 Hz<br \/>\t\t\t&#8211; Altavoces integrados: 2 x 15W<br \/>\t\t\t<strong>Medidas y pesos<\/strong><br \/>\t\t\t&#8211; Tama&ntilde;o total: 1763x1057x102 mm<br \/>\t\t\t&#8211; Peso neto: 67,3 kg<br \/>\t\t\t&#8211; Tama&ntilde;o packaging: 1873x1197x270<br \/>\t\t\t&#8211; Peso bruto: 81,3 kg<br \/>\t\t\t&#8211; VESA: 600&#215;400<br \/>\t\t\t<strong>Accesorios<\/strong><br \/>\t\t\t&#8211; 1 x Cable de alimentaci&oacute;n<br \/>\t\t\t&#8211; 1 x Mando de control remoto<br \/>\t\t\t&#8211; 1 x Cable HDMI(M)-HDMI(M)<br \/>\t\t\t&#8211; 1 x Cable USB-A a USB-B<br \/>\t\t\t&#8211; 2 x L&aacute;pices imantados<\/td>\n<\/tr>\n<tr>\n<td valign=\"top\"><strong>Fecha de revisi&oacute;n<\/strong><\/td>\n<td>24-07-2024 por RTY<\/td>\n<\/tr>\n<\/table>\n","protected":false},"excerpt":{"rendered":"<p>Marca iggual Modelo IGG318812 Caracter&iacute;sticas Display &#8211; Pantalla interactiva 4K de 75&#8243; &#8211; Tecnolog&iacute;a de visualizaci&oacute;n: DLED (retroiluminaci&oacute;n directa mediante LED) &#8211; Relaci&oacute;n de aspecto: 16:9 &#8211; Resoluci&oacute;n: 4K UHD 3840&#215;2160 px &#8211; &Aacute;rea activa: 1650&#215;928 mm &#8211; Colores: 1,07 billones \/ 10 bit &#8211; Frecuencia: 60 Hz &#8211; Brillo: &gt;400 cd\/m2 &#8211; Contraste: 4000:1&hellip;&nbsp;<a href=\"https:\/\/aivlisoft.net\/shop\/producto\/iggual-pantalla-interactiva-4k-orchid-75\/\" rel=\"bookmark\"><span class=\"screen-reader-text\">iggual Pantalla interactiva 4K ORCHID 75&#8243;<\/span><\/a><\/p>\n","protected":false},"featured_media":16942,"template":"","meta":{"neve_meta_sidebar":"","neve_meta_container":"","neve_meta_enable_content_width":"","neve_meta_content_width":0,"neve_meta_title_alignment":"","neve_meta_author_avatar":"","neve_post_elements_order":"","neve_meta_disable_header":"","neve_meta_disable_footer":"","neve_meta_disable_title":""},"product_brand":[],"product_cat":[15,8691,3724],"product_tag":[6254],"class_list":{"0":"post-16941","1":"product","2":"type-product","3":"status-publish","4":"has-post-thumbnail","6":"product_cat-sin-categorizar","7":"product_cat-accesorios-proyector-pantalla","8":"product_cat-monitores","9":"product_tag-igg318812","11":"first","12":"instock","13":"taxable","14":"shipping-taxable","15":"purchasable","16":"product-type-simple"},"yoast_head":"<!-- This site is optimized with the Yoast SEO plugin v26.0 - https:\/\/yoast.com\/wordpress\/plugins\/seo\/ -->\n<title>iggual Pantalla interactiva 4K ORCHID 75&quot; - Aivlisoft Inform\u00e1tica<\/title>\n<meta name=\"robots\" content=\"index, follow, max-snippet:-1, max-image-preview:large, max-video-preview:-1\" \/>\n<link rel=\"canonical\" href=\"https:\/\/aivlisoft.net\/shop\/producto\/iggual-pantalla-interactiva-4k-orchid-75\/\" \/>\n<meta property=\"og:locale\" content=\"es_ES\" \/>\n<meta property=\"og:type\" content=\"article\" \/>\n<meta property=\"og:title\" content=\"iggual Pantalla interactiva 4K ORCHID 75&quot; - Aivlisoft Inform\u00e1tica\" \/>\n<meta property=\"og:description\" content=\"Marca iggual Modelo IGG318812 Caracter&iacute;sticas Display &#8211; Pantalla interactiva 4K de 75&#8243; &#8211; Tecnolog&iacute;a de visualizaci&oacute;n: DLED (retroiluminaci&oacute;n directa mediante LED) &#8211; Relaci&oacute;n de aspecto: 16:9 &#8211; Resoluci&oacute;n: 4K UHD 3840&#215;2160 px &#8211; &Aacute;rea activa: 1650&#215;928 mm &#8211; Colores: 1,07 billones \/ 10 bit &#8211; Frecuencia: 60 Hz &#8211; Brillo: &gt;400 cd\/m2 &#8211; Contraste: 4000:1&hellip;&nbsp;iggual Pantalla interactiva 4K ORCHID 75&#8243;\" \/>\n<meta property=\"og:url\" content=\"https:\/\/aivlisoft.net\/shop\/producto\/iggual-pantalla-interactiva-4k-orchid-75\/\" \/>\n<meta property=\"og:site_name\" content=\"Aivlisoft Inform\u00e1tica\" \/>\n<meta property=\"article:modified_time\" content=\"2025-01-14T20:43:37+00:00\" \/>\n<meta property=\"og:image\" content=\"https:\/\/aivlisoft.net\/shop\/wp-content\/uploads\/2025\/01\/MPRPIZ0095_800.jpg\" \/>\n\t<meta property=\"og:image:width\" content=\"800\" \/>\n\t<meta property=\"og:image:height\" content=\"800\" \/>\n\t<meta property=\"og:image:type\" content=\"image\/jpeg\" \/>\n<meta name=\"twitter:card\" content=\"summary_large_image\" \/>\n<meta name=\"twitter:label1\" content=\"Tiempo de lectura\" \/>\n\t<meta name=\"twitter:data1\" content=\"2 minutos\" \/>\n<script type=\"application\/ld+json\" class=\"yoast-schema-graph\">{\"@context\":\"https:\/\/schema.org\",\"@graph\":[{\"@type\":\"WebPage\",\"@id\":\"https:\/\/aivlisoft.net\/shop\/producto\/iggual-pantalla-interactiva-4k-orchid-75\/\",\"url\":\"https:\/\/aivlisoft.net\/shop\/producto\/iggual-pantalla-interactiva-4k-orchid-75\/\",\"name\":\"iggual Pantalla interactiva 4K ORCHID 75\\\" - Aivlisoft Inform\u00e1tica\",\"isPartOf\":{\"@id\":\"https:\/\/aivlisoft.net\/shop\/#website\"},\"primaryImageOfPage\":{\"@id\":\"https:\/\/aivlisoft.net\/shop\/producto\/iggual-pantalla-interactiva-4k-orchid-75\/#primaryimage\"},\"image\":{\"@id\":\"https:\/\/aivlisoft.net\/shop\/producto\/iggual-pantalla-interactiva-4k-orchid-75\/#primaryimage\"},\"thumbnailUrl\":\"https:\/\/aivlisoft.net\/shop\/wp-content\/uploads\/2025\/01\/MPRPIZ0095_800.jpg\",\"datePublished\":\"2025-01-13T15:07:14+00:00\",\"dateModified\":\"2025-01-14T20:43:37+00:00\",\"breadcrumb\":{\"@id\":\"https:\/\/aivlisoft.net\/shop\/producto\/iggual-pantalla-interactiva-4k-orchid-75\/#breadcrumb\"},\"inLanguage\":\"es\",\"potentialAction\":[{\"@type\":\"ReadAction\",\"target\":[\"https:\/\/aivlisoft.net\/shop\/producto\/iggual-pantalla-interactiva-4k-orchid-75\/\"]}]},{\"@type\":\"ImageObject\",\"inLanguage\":\"es\",\"@id\":\"https:\/\/aivlisoft.net\/shop\/producto\/iggual-pantalla-interactiva-4k-orchid-75\/#primaryimage\",\"url\":\"https:\/\/aivlisoft.net\/shop\/wp-content\/uploads\/2025\/01\/MPRPIZ0095_800.jpg\",\"contentUrl\":\"https:\/\/aivlisoft.net\/shop\/wp-content\/uploads\/2025\/01\/MPRPIZ0095_800.jpg\",\"width\":800,\"height\":800},{\"@type\":\"BreadcrumbList\",\"@id\":\"https:\/\/aivlisoft.net\/shop\/producto\/iggual-pantalla-interactiva-4k-orchid-75\/#breadcrumb\",\"itemListElement\":[{\"@type\":\"ListItem\",\"position\":1,\"name\":\"Portada\",\"item\":\"https:\/\/aivlisoft.net\/shop\/\"},{\"@type\":\"ListItem\",\"position\":2,\"name\":\"Tienda\",\"item\":\"https:\/\/aivlisoft.net\/shop\/tienda\/\"},{\"@type\":\"ListItem\",\"position\":3,\"name\":\"iggual Pantalla interactiva 4K ORCHID 75&#8243;\"}]},{\"@type\":\"WebSite\",\"@id\":\"https:\/\/aivlisoft.net\/shop\/#website\",\"url\":\"https:\/\/aivlisoft.net\/shop\/\",\"name\":\"Aivlisoft Inform\u00e1tica\",\"description\":\"En Aivlisoft Inform\u00e1tica ofrecemos soluciones tecnol\u00f3gicas para empresas: venta de ordenadores, consumibles, perif\u00e9ricos y m\u00e1s. Calidad, atenci\u00f3n personalizada y los mejores precios para tu negocio.\",\"publisher\":{\"@id\":\"https:\/\/aivlisoft.net\/shop\/#organization\"},\"potentialAction\":[{\"@type\":\"SearchAction\",\"target\":{\"@type\":\"EntryPoint\",\"urlTemplate\":\"https:\/\/aivlisoft.net\/shop\/?s={search_term_string}\"},\"query-input\":{\"@type\":\"PropertyValueSpecification\",\"valueRequired\":true,\"valueName\":\"search_term_string\"}}],\"inLanguage\":\"es\"},{\"@type\":\"Organization\",\"@id\":\"https:\/\/aivlisoft.net\/shop\/#organization\",\"name\":\"Aivlisoft Inform\u00e1tica\",\"url\":\"https:\/\/aivlisoft.net\/shop\/\",\"logo\":{\"@type\":\"ImageObject\",\"inLanguage\":\"es\",\"@id\":\"https:\/\/aivlisoft.net\/shop\/#\/schema\/logo\/image\/\",\"url\":\"https:\/\/aivlisoft.net\/shop\/wp-content\/uploads\/2024\/12\/removal.ai_5b848c54-0cdf-4140-95c5-c5536bb7573b-logodef.png\",\"contentUrl\":\"https:\/\/aivlisoft.net\/shop\/wp-content\/uploads\/2024\/12\/removal.ai_5b848c54-0cdf-4140-95c5-c5536bb7573b-logodef.png\",\"width\":484,\"height\":182,\"caption\":\"Aivlisoft Inform\u00e1tica\"},\"image\":{\"@id\":\"https:\/\/aivlisoft.net\/shop\/#\/schema\/logo\/image\/\"}}]}<\/script>\n<!-- \/ Yoast SEO plugin. -->","yoast_head_json":{"title":"iggual Pantalla interactiva 4K ORCHID 75\" - Aivlisoft Inform\u00e1tica","robots":{"index":"index","follow":"follow","max-snippet":"max-snippet:-1","max-image-preview":"max-image-preview:large","max-video-preview":"max-video-preview:-1"},"canonical":"https:\/\/aivlisoft.net\/shop\/producto\/iggual-pantalla-interactiva-4k-orchid-75\/","og_locale":"es_ES","og_type":"article","og_title":"iggual Pantalla interactiva 4K ORCHID 75\" - Aivlisoft Inform\u00e1tica","og_description":"Marca iggual Modelo IGG318812 Caracter&iacute;sticas Display &#8211; Pantalla interactiva 4K de 75&#8243; &#8211; Tecnolog&iacute;a de visualizaci&oacute;n: DLED (retroiluminaci&oacute;n directa mediante LED) &#8211; Relaci&oacute;n de aspecto: 16:9 &#8211; Resoluci&oacute;n: 4K UHD 3840&#215;2160 px &#8211; &Aacute;rea activa: 1650&#215;928 mm &#8211; Colores: 1,07 billones \/ 10 bit &#8211; Frecuencia: 60 Hz &#8211; Brillo: &gt;400 cd\/m2 &#8211; Contraste: 4000:1&hellip;&nbsp;iggual Pantalla interactiva 4K ORCHID 75&#8243;","og_url":"https:\/\/aivlisoft.net\/shop\/producto\/iggual-pantalla-interactiva-4k-orchid-75\/","og_site_name":"Aivlisoft Inform\u00e1tica","article_modified_time":"2025-01-14T20:43:37+00:00","og_image":[{"width":800,"height":800,"url":"https:\/\/aivlisoft.net\/shop\/wp-content\/uploads\/2025\/01\/MPRPIZ0095_800.jpg","type":"image\/jpeg"}],"twitter_card":"summary_large_image","twitter_misc":{"Tiempo de lectura":"2 minutos"},"schema":{"@context":"https:\/\/schema.org","@graph":[{"@type":"WebPage","@id":"https:\/\/aivlisoft.net\/shop\/producto\/iggual-pantalla-interactiva-4k-orchid-75\/","url":"https:\/\/aivlisoft.net\/shop\/producto\/iggual-pantalla-interactiva-4k-orchid-75\/","name":"iggual Pantalla interactiva 4K ORCHID 75\" - Aivlisoft Inform\u00e1tica","isPartOf":{"@id":"https:\/\/aivlisoft.net\/shop\/#website"},"primaryImageOfPage":{"@id":"https:\/\/aivlisoft.net\/shop\/producto\/iggual-pantalla-interactiva-4k-orchid-75\/#primaryimage"},"image":{"@id":"https:\/\/aivlisoft.net\/shop\/producto\/iggual-pantalla-interactiva-4k-orchid-75\/#primaryimage"},"thumbnailUrl":"https:\/\/aivlisoft.net\/shop\/wp-content\/uploads\/2025\/01\/MPRPIZ0095_800.jpg","datePublished":"2025-01-13T15:07:14+00:00","dateModified":"2025-01-14T20:43:37+00:00","breadcrumb":{"@id":"https:\/\/aivlisoft.net\/shop\/producto\/iggual-pantalla-interactiva-4k-orchid-75\/#breadcrumb"},"inLanguage":"es","potentialAction":[{"@type":"ReadAction","target":["https:\/\/aivlisoft.net\/shop\/producto\/iggual-pantalla-interactiva-4k-orchid-75\/"]}]},{"@type":"ImageObject","inLanguage":"es","@id":"https:\/\/aivlisoft.net\/shop\/producto\/iggual-pantalla-interactiva-4k-orchid-75\/#primaryimage","url":"https:\/\/aivlisoft.net\/shop\/wp-content\/uploads\/2025\/01\/MPRPIZ0095_800.jpg","contentUrl":"https:\/\/aivlisoft.net\/shop\/wp-content\/uploads\/2025\/01\/MPRPIZ0095_800.jpg","width":800,"height":800},{"@type":"BreadcrumbList","@id":"https:\/\/aivlisoft.net\/shop\/producto\/iggual-pantalla-interactiva-4k-orchid-75\/#breadcrumb","itemListElement":[{"@type":"ListItem","position":1,"name":"Portada","item":"https:\/\/aivlisoft.net\/shop\/"},{"@type":"ListItem","position":2,"name":"Tienda","item":"https:\/\/aivlisoft.net\/shop\/tienda\/"},{"@type":"ListItem","position":3,"name":"iggual Pantalla interactiva 4K ORCHID 75&#8243;"}]},{"@type":"WebSite","@id":"https:\/\/aivlisoft.net\/shop\/#website","url":"https:\/\/aivlisoft.net\/shop\/","name":"Aivlisoft Inform\u00e1tica","description":"En Aivlisoft Inform\u00e1tica ofrecemos soluciones tecnol\u00f3gicas para empresas: venta de ordenadores, consumibles, perif\u00e9ricos y m\u00e1s. Calidad, atenci\u00f3n personalizada y los mejores precios para tu negocio.","publisher":{"@id":"https:\/\/aivlisoft.net\/shop\/#organization"},"potentialAction":[{"@type":"SearchAction","target":{"@type":"EntryPoint","urlTemplate":"https:\/\/aivlisoft.net\/shop\/?s={search_term_string}"},"query-input":{"@type":"PropertyValueSpecification","valueRequired":true,"valueName":"search_term_string"}}],"inLanguage":"es"},{"@type":"Organization","@id":"https:\/\/aivlisoft.net\/shop\/#organization","name":"Aivlisoft Inform\u00e1tica","url":"https:\/\/aivlisoft.net\/shop\/","logo":{"@type":"ImageObject","inLanguage":"es","@id":"https:\/\/aivlisoft.net\/shop\/#\/schema\/logo\/image\/","url":"https:\/\/aivlisoft.net\/shop\/wp-content\/uploads\/2024\/12\/removal.ai_5b848c54-0cdf-4140-95c5-c5536bb7573b-logodef.png","contentUrl":"https:\/\/aivlisoft.net\/shop\/wp-content\/uploads\/2024\/12\/removal.ai_5b848c54-0cdf-4140-95c5-c5536bb7573b-logodef.png","width":484,"height":182,"caption":"Aivlisoft Inform\u00e1tica"},"image":{"@id":"https:\/\/aivlisoft.net\/shop\/#\/schema\/logo\/image\/"}}]}},"_links":{"self":[{"href":"https:\/\/aivlisoft.net\/shop\/wp-json\/wp\/v2\/product\/16941","targetHints":{"allow":["GET"]}}],"collection":[{"href":"https:\/\/aivlisoft.net\/shop\/wp-json\/wp\/v2\/product"}],"about":[{"href":"https:\/\/aivlisoft.net\/shop\/wp-json\/wp\/v2\/types\/product"}],"wp:featuredmedia":[{"embeddable":true,"href":"https:\/\/aivlisoft.net\/shop\/wp-json\/wp\/v2\/media\/16942"}],"wp:attachment":[{"href":"https:\/\/aivlisoft.net\/shop\/wp-json\/wp\/v2\/media?parent=16941"}],"wp:term":[{"taxonomy":"product_brand","embeddable":true,"href":"https:\/\/aivlisoft.net\/shop\/wp-json\/wp\/v2\/product_brand?post=16941"},{"taxonomy":"product_cat","embeddable":true,"href":"https:\/\/aivlisoft.net\/shop\/wp-json\/wp\/v2\/product_cat?post=16941"},{"taxonomy":"product_tag","embeddable":true,"href":"https:\/\/aivlisoft.net\/shop\/wp-json\/wp\/v2\/product_tag?post=16941"}],"curies":[{"name":"wp","href":"https:\/\/api.w.org\/{rel}","templated":true}]}}