{"id":16862,"date":"2025-01-13T15:06:28","date_gmt":"2025-01-13T15:06:28","guid":{"rendered":"https:\/\/aivlisoft.com\/?post_type=product&#038;p=16862"},"modified":"2025-01-14T20:44:26","modified_gmt":"2025-01-14T20:44:26","slug":"iggual-pantalla-manual-43-100-180x180-cm","status":"publish","type":"product","link":"https:\/\/aivlisoft.net\/shop\/producto\/iggual-pantalla-manual-43-100-180x180-cm\/","title":{"rendered":"iggual Pantalla manual 4:3 100&#8243; 180&#215;180 cm"},"content":{"rendered":"<p>Las mejores pantallas de proyecci&oacute;n son de iggual.<\/p>\n<p>Entre los distintos modelos de la marca, podr&aacute;s encontrar la opci&oacute;n perfecta para proyectar tus presentaciones en el &aacute;mbito laboral o disfrutar de tu tiempo libre viendo tus pel&iacute;culas o series favoritas.<\/p>\n<p>Con una amplia oferta que se adapta a todos los gustos y necesidades, iggual cuenta con pantallas manuales que podr&aacute;s colocar en el techo o en la pared, para disfrutar de la mejor perspectiva. Adem&aacute;s, ofrece una opci&oacute;n con tr&iacute;pode muy c&oacute;moda de transportar y dispone de pantallas el&eacute;ctricas panor&aacute;micas y cuadradas, con control de pared incorporado.<\/p>\n<p>Ideal para cualquier tipo de proyector, SVGA, XGA, 3D, HD, Full HD y 4K.<\/p>\n<p>Todas ellas incluyen la parte trasera en negro para conseguir una mayor refracci&oacute;n de la luz y aseguran un proceso de montaje muy sencillo.<\/p>\n<p>&iexcl;Consigue la pantalla de proyecci&oacute;n perfecta para ti!<\/p>\n<p>&nbsp;<\/p>\n<table class=\"tabla_caracteristicas\" width=\"100%\">\n<tr>\n<td><strong>Marca<\/strong><\/td>\n<td>iggual<\/td>\n<\/tr>\n<tr>\n<td><strong>Modelo<\/strong><\/td>\n<td><strong>PSIMS180<\/strong><\/td>\n<\/tr>\n<tr>\n<td valign=\"top\"><strong>Usos<\/strong><\/td>\n<td>Pantalla proyecci&oacute;n para techo o pared, indicada para todo tipo de proyecciones<\/td>\n<\/tr>\n<tr>\n<td><strong>Tama&ntilde;o<\/strong><\/td>\n<td>180&#215;180 cm<\/td>\n<\/tr>\n<tr>\n<td><strong>Angulo de visi&oacute;n<\/strong><\/td>\n<td>180&deg;<\/td>\n<\/tr>\n<tr>\n<td><strong>Formato<\/strong><\/td>\n<td>1:1 ; 4:3 y 16:9<\/td>\n<\/tr>\n<tr>\n<td><strong>Tela<\/strong><\/td>\n<td>Blanca mate S<\/td>\n<\/tr>\n<tr>\n<td valign=\"top\"><strong>Otras Caracter&iacute;sticas<\/strong><\/td>\n<td>&#8211; Auto-Stop: Ajustable a cualquier altura<br \/>\t\t\t&#8211; Material exterior: Acero<br \/>\t\t\t&#8211; Puede colocarse en techo o pared<br \/>\t\t\t&#8211; Trasera negra opaca<br \/>\t\t\t&#8211; Bordes negros de 3 cm a la izquierda y derecha<br \/>\t\t\t&#8211; F&aacute;cil montaje<br \/>\t\t\t&#8211; Alta Calidad<br \/>\t\t\t&#8211; Ideal para cine en casa y salas de conferencias con un factor de ganancia de 1.0<br \/>\t\t\t&#8211; Ideal para cualquier tipo de proyector, SVGA, XGA, 3D, HD, Full HD y 4K<\/td>\n<\/tr>\n<tr>\n<td><strong>Fecha Revisi&oacute;n<\/strong><\/td>\n<td>28-11-2023 por JC<\/td>\n<\/tr>\n<\/table>\n","protected":false},"excerpt":{"rendered":"<p>Las mejores pantallas de proyecci&oacute;n son de iggual. Entre los distintos modelos de la marca, podr&aacute;s encontrar la opci&oacute;n perfecta para proyectar tus presentaciones en el &aacute;mbito laboral o disfrutar de tu tiempo libre viendo tus pel&iacute;culas o series favoritas. Con una amplia oferta que se adapta a todos los gustos y necesidades, iggual cuenta&hellip;&nbsp;<a href=\"https:\/\/aivlisoft.net\/shop\/producto\/iggual-pantalla-manual-43-100-180x180-cm\/\" rel=\"bookmark\"><span class=\"screen-reader-text\">iggual Pantalla manual 4:3 100&#8243; 180&#215;180 cm<\/span><\/a><\/p>\n","protected":false},"featured_media":16863,"template":"","meta":{"neve_meta_sidebar":"","neve_meta_container":"","neve_meta_enable_content_width":"","neve_meta_content_width":0,"neve_meta_title_alignment":"","neve_meta_author_avatar":"","neve_post_elements_order":"","neve_meta_disable_header":"","neve_meta_disable_footer":"","neve_meta_disable_title":""},"product_brand":[],"product_cat":[15,8691],"product_tag":[6223],"class_list":{"0":"post-16862","1":"product","2":"type-product","3":"status-publish","4":"has-post-thumbnail","6":"product_cat-sin-categorizar","7":"product_cat-accesorios-proyector-pantalla","8":"product_tag-psims180","10":"first","11":"instock","12":"taxable","13":"shipping-taxable","14":"purchasable","15":"product-type-simple"},"yoast_head":"<!-- This site is optimized with the Yoast SEO plugin v26.0 - https:\/\/yoast.com\/wordpress\/plugins\/seo\/ -->\n<title>iggual Pantalla manual 4:3 100&quot; 180x180 cm - Aivlisoft Inform\u00e1tica<\/title>\n<meta name=\"robots\" content=\"index, follow, max-snippet:-1, max-image-preview:large, max-video-preview:-1\" \/>\n<link rel=\"canonical\" href=\"https:\/\/aivlisoft.net\/shop\/producto\/iggual-pantalla-manual-43-100-180x180-cm\/\" \/>\n<meta property=\"og:locale\" content=\"es_ES\" \/>\n<meta property=\"og:type\" content=\"article\" \/>\n<meta property=\"og:title\" content=\"iggual Pantalla manual 4:3 100&quot; 180x180 cm - Aivlisoft Inform\u00e1tica\" \/>\n<meta property=\"og:description\" content=\"Las mejores pantallas de proyecci&oacute;n son de iggual. Entre los distintos modelos de la marca, podr&aacute;s encontrar la opci&oacute;n perfecta para proyectar tus presentaciones en el &aacute;mbito laboral o disfrutar de tu tiempo libre viendo tus pel&iacute;culas o series favoritas. Con una amplia oferta que se adapta a todos los gustos y necesidades, iggual cuenta&hellip;&nbsp;iggual Pantalla manual 4:3 100&#8243; 180&#215;180 cm\" \/>\n<meta property=\"og:url\" content=\"https:\/\/aivlisoft.net\/shop\/producto\/iggual-pantalla-manual-43-100-180x180-cm\/\" \/>\n<meta property=\"og:site_name\" content=\"Aivlisoft Inform\u00e1tica\" \/>\n<meta property=\"article:modified_time\" content=\"2025-01-14T20:44:26+00:00\" \/>\n<meta property=\"og:image\" content=\"https:\/\/aivlisoft.net\/shop\/wp-content\/uploads\/2025\/01\/MPRPAY0044_800.jpg\" \/>\n\t<meta property=\"og:image:width\" content=\"800\" \/>\n\t<meta property=\"og:image:height\" content=\"800\" \/>\n\t<meta property=\"og:image:type\" content=\"image\/jpeg\" \/>\n<meta name=\"twitter:card\" content=\"summary_large_image\" \/>\n<meta name=\"twitter:label1\" content=\"Tiempo de lectura\" \/>\n\t<meta name=\"twitter:data1\" content=\"1 minuto\" \/>\n<script type=\"application\/ld+json\" class=\"yoast-schema-graph\">{\"@context\":\"https:\/\/schema.org\",\"@graph\":[{\"@type\":\"WebPage\",\"@id\":\"https:\/\/aivlisoft.net\/shop\/producto\/iggual-pantalla-manual-43-100-180x180-cm\/\",\"url\":\"https:\/\/aivlisoft.net\/shop\/producto\/iggual-pantalla-manual-43-100-180x180-cm\/\",\"name\":\"iggual Pantalla manual 4:3 100\\\" 180x180 cm - Aivlisoft Inform\u00e1tica\",\"isPartOf\":{\"@id\":\"https:\/\/aivlisoft.net\/shop\/#website\"},\"primaryImageOfPage\":{\"@id\":\"https:\/\/aivlisoft.net\/shop\/producto\/iggual-pantalla-manual-43-100-180x180-cm\/#primaryimage\"},\"image\":{\"@id\":\"https:\/\/aivlisoft.net\/shop\/producto\/iggual-pantalla-manual-43-100-180x180-cm\/#primaryimage\"},\"thumbnailUrl\":\"https:\/\/aivlisoft.net\/shop\/wp-content\/uploads\/2025\/01\/MPRPAY0044_800.jpg\",\"datePublished\":\"2025-01-13T15:06:28+00:00\",\"dateModified\":\"2025-01-14T20:44:26+00:00\",\"breadcrumb\":{\"@id\":\"https:\/\/aivlisoft.net\/shop\/producto\/iggual-pantalla-manual-43-100-180x180-cm\/#breadcrumb\"},\"inLanguage\":\"es\",\"potentialAction\":[{\"@type\":\"ReadAction\",\"target\":[\"https:\/\/aivlisoft.net\/shop\/producto\/iggual-pantalla-manual-43-100-180x180-cm\/\"]}]},{\"@type\":\"ImageObject\",\"inLanguage\":\"es\",\"@id\":\"https:\/\/aivlisoft.net\/shop\/producto\/iggual-pantalla-manual-43-100-180x180-cm\/#primaryimage\",\"url\":\"https:\/\/aivlisoft.net\/shop\/wp-content\/uploads\/2025\/01\/MPRPAY0044_800.jpg\",\"contentUrl\":\"https:\/\/aivlisoft.net\/shop\/wp-content\/uploads\/2025\/01\/MPRPAY0044_800.jpg\",\"width\":800,\"height\":800},{\"@type\":\"BreadcrumbList\",\"@id\":\"https:\/\/aivlisoft.net\/shop\/producto\/iggual-pantalla-manual-43-100-180x180-cm\/#breadcrumb\",\"itemListElement\":[{\"@type\":\"ListItem\",\"position\":1,\"name\":\"Portada\",\"item\":\"https:\/\/aivlisoft.net\/shop\/\"},{\"@type\":\"ListItem\",\"position\":2,\"name\":\"Tienda\",\"item\":\"https:\/\/aivlisoft.net\/shop\/tienda\/\"},{\"@type\":\"ListItem\",\"position\":3,\"name\":\"iggual Pantalla manual 4:3 100&#8243; 180&#215;180 cm\"}]},{\"@type\":\"WebSite\",\"@id\":\"https:\/\/aivlisoft.net\/shop\/#website\",\"url\":\"https:\/\/aivlisoft.net\/shop\/\",\"name\":\"Aivlisoft Inform\u00e1tica\",\"description\":\"En Aivlisoft Inform\u00e1tica ofrecemos soluciones tecnol\u00f3gicas para empresas: venta de ordenadores, consumibles, perif\u00e9ricos y m\u00e1s. Calidad, atenci\u00f3n personalizada y los mejores precios para tu negocio.\",\"publisher\":{\"@id\":\"https:\/\/aivlisoft.net\/shop\/#organization\"},\"potentialAction\":[{\"@type\":\"SearchAction\",\"target\":{\"@type\":\"EntryPoint\",\"urlTemplate\":\"https:\/\/aivlisoft.net\/shop\/?s={search_term_string}\"},\"query-input\":{\"@type\":\"PropertyValueSpecification\",\"valueRequired\":true,\"valueName\":\"search_term_string\"}}],\"inLanguage\":\"es\"},{\"@type\":\"Organization\",\"@id\":\"https:\/\/aivlisoft.net\/shop\/#organization\",\"name\":\"Aivlisoft Inform\u00e1tica\",\"url\":\"https:\/\/aivlisoft.net\/shop\/\",\"logo\":{\"@type\":\"ImageObject\",\"inLanguage\":\"es\",\"@id\":\"https:\/\/aivlisoft.net\/shop\/#\/schema\/logo\/image\/\",\"url\":\"https:\/\/aivlisoft.net\/shop\/wp-content\/uploads\/2024\/12\/removal.ai_5b848c54-0cdf-4140-95c5-c5536bb7573b-logodef.png\",\"contentUrl\":\"https:\/\/aivlisoft.net\/shop\/wp-content\/uploads\/2024\/12\/removal.ai_5b848c54-0cdf-4140-95c5-c5536bb7573b-logodef.png\",\"width\":484,\"height\":182,\"caption\":\"Aivlisoft Inform\u00e1tica\"},\"image\":{\"@id\":\"https:\/\/aivlisoft.net\/shop\/#\/schema\/logo\/image\/\"}}]}<\/script>\n<!-- \/ Yoast SEO plugin. -->","yoast_head_json":{"title":"iggual Pantalla manual 4:3 100\" 180x180 cm - Aivlisoft Inform\u00e1tica","robots":{"index":"index","follow":"follow","max-snippet":"max-snippet:-1","max-image-preview":"max-image-preview:large","max-video-preview":"max-video-preview:-1"},"canonical":"https:\/\/aivlisoft.net\/shop\/producto\/iggual-pantalla-manual-43-100-180x180-cm\/","og_locale":"es_ES","og_type":"article","og_title":"iggual Pantalla manual 4:3 100\" 180x180 cm - Aivlisoft Inform\u00e1tica","og_description":"Las mejores pantallas de proyecci&oacute;n son de iggual. Entre los distintos modelos de la marca, podr&aacute;s encontrar la opci&oacute;n perfecta para proyectar tus presentaciones en el &aacute;mbito laboral o disfrutar de tu tiempo libre viendo tus pel&iacute;culas o series favoritas. Con una amplia oferta que se adapta a todos los gustos y necesidades, iggual cuenta&hellip;&nbsp;iggual Pantalla manual 4:3 100&#8243; 180&#215;180 cm","og_url":"https:\/\/aivlisoft.net\/shop\/producto\/iggual-pantalla-manual-43-100-180x180-cm\/","og_site_name":"Aivlisoft Inform\u00e1tica","article_modified_time":"2025-01-14T20:44:26+00:00","og_image":[{"width":800,"height":800,"url":"https:\/\/aivlisoft.net\/shop\/wp-content\/uploads\/2025\/01\/MPRPAY0044_800.jpg","type":"image\/jpeg"}],"twitter_card":"summary_large_image","twitter_misc":{"Tiempo de lectura":"1 minuto"},"schema":{"@context":"https:\/\/schema.org","@graph":[{"@type":"WebPage","@id":"https:\/\/aivlisoft.net\/shop\/producto\/iggual-pantalla-manual-43-100-180x180-cm\/","url":"https:\/\/aivlisoft.net\/shop\/producto\/iggual-pantalla-manual-43-100-180x180-cm\/","name":"iggual Pantalla manual 4:3 100\" 180x180 cm - Aivlisoft Inform\u00e1tica","isPartOf":{"@id":"https:\/\/aivlisoft.net\/shop\/#website"},"primaryImageOfPage":{"@id":"https:\/\/aivlisoft.net\/shop\/producto\/iggual-pantalla-manual-43-100-180x180-cm\/#primaryimage"},"image":{"@id":"https:\/\/aivlisoft.net\/shop\/producto\/iggual-pantalla-manual-43-100-180x180-cm\/#primaryimage"},"thumbnailUrl":"https:\/\/aivlisoft.net\/shop\/wp-content\/uploads\/2025\/01\/MPRPAY0044_800.jpg","datePublished":"2025-01-13T15:06:28+00:00","dateModified":"2025-01-14T20:44:26+00:00","breadcrumb":{"@id":"https:\/\/aivlisoft.net\/shop\/producto\/iggual-pantalla-manual-43-100-180x180-cm\/#breadcrumb"},"inLanguage":"es","potentialAction":[{"@type":"ReadAction","target":["https:\/\/aivlisoft.net\/shop\/producto\/iggual-pantalla-manual-43-100-180x180-cm\/"]}]},{"@type":"ImageObject","inLanguage":"es","@id":"https:\/\/aivlisoft.net\/shop\/producto\/iggual-pantalla-manual-43-100-180x180-cm\/#primaryimage","url":"https:\/\/aivlisoft.net\/shop\/wp-content\/uploads\/2025\/01\/MPRPAY0044_800.jpg","contentUrl":"https:\/\/aivlisoft.net\/shop\/wp-content\/uploads\/2025\/01\/MPRPAY0044_800.jpg","width":800,"height":800},{"@type":"BreadcrumbList","@id":"https:\/\/aivlisoft.net\/shop\/producto\/iggual-pantalla-manual-43-100-180x180-cm\/#breadcrumb","itemListElement":[{"@type":"ListItem","position":1,"name":"Portada","item":"https:\/\/aivlisoft.net\/shop\/"},{"@type":"ListItem","position":2,"name":"Tienda","item":"https:\/\/aivlisoft.net\/shop\/tienda\/"},{"@type":"ListItem","position":3,"name":"iggual Pantalla manual 4:3 100&#8243; 180&#215;180 cm"}]},{"@type":"WebSite","@id":"https:\/\/aivlisoft.net\/shop\/#website","url":"https:\/\/aivlisoft.net\/shop\/","name":"Aivlisoft Inform\u00e1tica","description":"En Aivlisoft Inform\u00e1tica ofrecemos soluciones tecnol\u00f3gicas para empresas: venta de ordenadores, consumibles, perif\u00e9ricos y m\u00e1s. Calidad, atenci\u00f3n personalizada y los mejores precios para tu negocio.","publisher":{"@id":"https:\/\/aivlisoft.net\/shop\/#organization"},"potentialAction":[{"@type":"SearchAction","target":{"@type":"EntryPoint","urlTemplate":"https:\/\/aivlisoft.net\/shop\/?s={search_term_string}"},"query-input":{"@type":"PropertyValueSpecification","valueRequired":true,"valueName":"search_term_string"}}],"inLanguage":"es"},{"@type":"Organization","@id":"https:\/\/aivlisoft.net\/shop\/#organization","name":"Aivlisoft Inform\u00e1tica","url":"https:\/\/aivlisoft.net\/shop\/","logo":{"@type":"ImageObject","inLanguage":"es","@id":"https:\/\/aivlisoft.net\/shop\/#\/schema\/logo\/image\/","url":"https:\/\/aivlisoft.net\/shop\/wp-content\/uploads\/2024\/12\/removal.ai_5b848c54-0cdf-4140-95c5-c5536bb7573b-logodef.png","contentUrl":"https:\/\/aivlisoft.net\/shop\/wp-content\/uploads\/2024\/12\/removal.ai_5b848c54-0cdf-4140-95c5-c5536bb7573b-logodef.png","width":484,"height":182,"caption":"Aivlisoft Inform\u00e1tica"},"image":{"@id":"https:\/\/aivlisoft.net\/shop\/#\/schema\/logo\/image\/"}}]}},"_links":{"self":[{"href":"https:\/\/aivlisoft.net\/shop\/wp-json\/wp\/v2\/product\/16862","targetHints":{"allow":["GET"]}}],"collection":[{"href":"https:\/\/aivlisoft.net\/shop\/wp-json\/wp\/v2\/product"}],"about":[{"href":"https:\/\/aivlisoft.net\/shop\/wp-json\/wp\/v2\/types\/product"}],"wp:featuredmedia":[{"embeddable":true,"href":"https:\/\/aivlisoft.net\/shop\/wp-json\/wp\/v2\/media\/16863"}],"wp:attachment":[{"href":"https:\/\/aivlisoft.net\/shop\/wp-json\/wp\/v2\/media?parent=16862"}],"wp:term":[{"taxonomy":"product_brand","embeddable":true,"href":"https:\/\/aivlisoft.net\/shop\/wp-json\/wp\/v2\/product_brand?post=16862"},{"taxonomy":"product_cat","embeddable":true,"href":"https:\/\/aivlisoft.net\/shop\/wp-json\/wp\/v2\/product_cat?post=16862"},{"taxonomy":"product_tag","embeddable":true,"href":"https:\/\/aivlisoft.net\/shop\/wp-json\/wp\/v2\/product_tag?post=16862"}],"curies":[{"name":"wp","href":"https:\/\/api.w.org\/{rel}","templated":true}]}}