{"id":16753,"date":"2025-01-13T15:05:20","date_gmt":"2025-01-13T15:05:20","guid":{"rendered":"https:\/\/aivlisoft.com\/?post_type=product&#038;p=16753"},"modified":"2025-01-14T20:48:38","modified_gmt":"2025-01-14T20:48:38","slug":"energy-sistem-altavoz-streetplay-cherry-bt","status":"publish","type":"product","link":"https:\/\/aivlisoft.net\/shop\/producto\/energy-sistem-altavoz-streetplay-cherry-bt\/","title":{"rendered":"Energy Sistem Altavoz StreetPlay Cherry BT"},"content":{"rendered":"<p><strong>Sonido urbano, portabilidad sin l&iacute;mites.<\/strong><\/p>\n<p>Altavoz port&aacute;til fabricado con pl&aacute;stico reciclado.<br \/>8W de potencia, luces LED, resistencia a l&iacute;quidos IPX6, radio FM y reproductor MP3 mediante tarjeta microSD<br \/>&iexcl;Ll&eacute;valo contigo y deja que la m&uacute;sica te acompa&ntilde;e!<\/p>\n<table class=\"tabla_caracteristicas k-table\" width=\"100%\">\n<tr>\n<td><strong>Marca<\/strong><\/td>\n<td>Energy Sistem<\/td>\n<\/tr>\n<tr>\n<td><strong>Modelo<\/strong><\/td>\n<td><strong>459247 <\/strong><\/td>\n<\/tr>\n<tr>\n<td valign=\"top\"><strong>Caracter&iacute;sticas<\/strong><\/td>\n<td>Audio<br \/>\t\t\t&#8211; Altavoces &#8211; Rango completo: 1<br \/>\t\t\t&#8211; Potencia: 8 W<br \/>\t\t\t&#8211; Rango completo &#8211; Potencia: 8 W<br \/>\t\t\t&#8211; Rango completo &#8211; Tama&ntilde;o: 45 mil<br \/>\t\t\t&#8211; Respuesta en frecuencia: 80 Hz ~ 18 KHz<br \/>\t\t\t&#8211; Sistema de sonido: 1.0<br \/>\t\t\tConectividad<br \/>\t\t\t&#8211; Asistente de voz (Google, Siri)<br \/>\t\t\t&#8211; Bluetooth &#8211; Versi&oacute;n: 5.4<br \/>\t\t\t&#8211; Bluetooth &#8211; Clase: 2<br \/>\t\t\t&#8211; Bluetooth &#8211; Frecuencia de trabajo: 2.4 GHz<br \/>\t\t\t&#8211; Bluetooth &#8211; Perfiles: A2DP \/ AVRCP \/ HFP<br \/>\t\t\t&#8211; Bluetooth &#8211; Alcance: 20m<br \/>\t\t\t&#8211; Bluetooth &#8211; Codecs de audio soportados: SBC<br \/>\t\t\t&#8211; Bluetooth &#8211; Potencia m&aacute;xima de la se&ntilde;al: &lt; 20 dBm<br \/>\t\t\t&#8211; Tecnolog&iacute;a True Wireless<br \/>\t\t\tBater&iacute;a<br \/>\t\t\t&#8211; Sistema de carga: USB tipo C<br \/>\t\t\t&#8211; Tipo: Li Ion<br \/>\t\t\t&#8211; Capacidad: 1200 mAh<br \/>\t\t\t&#8211; Voltaje: 3.7 V<br \/>\t\t\t&#8211; Autonom&iacute;a &#8211; Uso normal: 12 h<br \/>\t\t\t&#8211; Tiempo de carga: 3 h<br \/>\t\t\tMicr&oacute;fono<br \/>\t\t\t&#8211; Manos libres<br \/>\t\t\t&#8211; Tipo: Integrado<br \/>\t\t\t&#8211; Sensibilidad:&nbsp; &#8211; 42 dB<br \/>\t\t\t&#8211; Rango de frecuencia: 100 Hz ~ 10 kHz<br \/>\t\t\tIluminaci&oacute;n<br \/>\t\t\t&#8211; Iluminaci&oacute;n LED<br \/>\t\t\tAlimentaci&oacute;n<br \/>\t\t\t&#8211; Conectores: USB tipo C<br \/>\t\t\tCompatibilidad<br \/>\t\t\t&#8211; Compatibilidad:&nbsp; Mac \/ PC Windows \/ Smartphone \/ Tablet \/ TV<br \/>\t\t\tRadio FM<br \/>\t\t\t&#8211; Radio FM &#8211; Auto b&uacute;squeda<br \/>\t\t\t&#8211; Radio FM &#8211; Rango de frecuencia: 87,5 ~ 108 MHz<br \/>\t\t\t&#8211; Tipo de antena:&nbsp; Integrada<br \/>\t\t\tReproductor de memorias externas<br \/>\t\t\t-Reproductor memorias externas<br \/>\t\t\t&#8211; Paso de carpeta<br \/>\t\t\t&#8211; Sistema de archivos compatibles: FAT \/ FAT32<br \/>\t\t\t&#8211; Ext. Mem &#8211; compatible: micro SD<br \/>\t\t\t&#8211; Ext. Mem &#8211; Capacidad: 128 GB<br \/>\t\t\t&#8211; Formatos audio compatibles: MP3 \/ WAV<br \/>\t\t\tOtras caracter&iacute;sticas<br \/>\t\t\t&#8211; Control de reproducci&oacute;n<br \/>\t\t\t&#8211; Control de volumen<br \/>\t\t\t&#8211; Cert. IPXX:&nbsp; IPX6<br \/>\t\t\t&#8211; Resistente a salpicaduras<br \/>\t\t\tDimensiones y peso<br \/>\t\t\t&#8211; 75 x 100 x 40 mm<br \/>\t\t\t&#8211; 252 g<\/td>\n<\/tr>\n<tr>\n<td><strong>Fecha Revisi&oacute;n<\/strong><\/td>\n<td>23-09-2024 por A<\/td>\n<\/tr>\n<\/table>\n","protected":false},"excerpt":{"rendered":"<p>Sonido urbano, portabilidad sin l&iacute;mites. Altavoz port&aacute;til fabricado con pl&aacute;stico reciclado.8W de potencia, luces LED, resistencia a l&iacute;quidos IPX6, radio FM y reproductor MP3 mediante tarjeta microSD&iexcl;Ll&eacute;valo contigo y deja que la m&uacute;sica te acompa&ntilde;e! Marca Energy Sistem Modelo 459247 Caracter&iacute;sticas Audio &#8211; Altavoces &#8211; Rango completo: 1 &#8211; Potencia: 8 W &#8211; Rango completo&hellip;&nbsp;<a href=\"https:\/\/aivlisoft.net\/shop\/producto\/energy-sistem-altavoz-streetplay-cherry-bt\/\" rel=\"bookmark\"><span class=\"screen-reader-text\">Energy Sistem Altavoz StreetPlay Cherry BT<\/span><\/a><\/p>\n","protected":false},"featured_media":16754,"template":"","meta":{"neve_meta_sidebar":"","neve_meta_container":"","neve_meta_enable_content_width":"","neve_meta_content_width":0,"neve_meta_title_alignment":"","neve_meta_author_avatar":"","neve_post_elements_order":"","neve_meta_disable_header":"","neve_meta_disable_footer":"","neve_meta_disable_title":""},"product_brand":[],"product_cat":[15,957,5818],"product_tag":[6181],"class_list":{"0":"post-16753","1":"product","2":"type-product","3":"status-publish","4":"has-post-thumbnail","6":"product_cat-sin-categorizar","7":"product_cat-accesorios-imagen-y-sonido","8":"product_cat-audio","9":"product_tag-6181","11":"first","12":"instock","13":"taxable","14":"shipping-taxable","15":"purchasable","16":"product-type-simple"},"yoast_head":"<!-- This site is optimized with the Yoast SEO plugin v26.0 - https:\/\/yoast.com\/wordpress\/plugins\/seo\/ -->\n<title>Energy Sistem Altavoz StreetPlay Cherry BT - Aivlisoft Inform\u00e1tica<\/title>\n<meta name=\"robots\" content=\"index, follow, max-snippet:-1, max-image-preview:large, max-video-preview:-1\" \/>\n<link rel=\"canonical\" href=\"https:\/\/aivlisoft.net\/shop\/producto\/energy-sistem-altavoz-streetplay-cherry-bt\/\" \/>\n<meta property=\"og:locale\" content=\"es_ES\" \/>\n<meta property=\"og:type\" content=\"article\" \/>\n<meta property=\"og:title\" content=\"Energy Sistem Altavoz StreetPlay Cherry BT - Aivlisoft Inform\u00e1tica\" \/>\n<meta property=\"og:description\" content=\"Sonido urbano, portabilidad sin l&iacute;mites. Altavoz port&aacute;til fabricado con pl&aacute;stico reciclado.8W de potencia, luces LED, resistencia a l&iacute;quidos IPX6, radio FM y reproductor MP3 mediante tarjeta microSD&iexcl;Ll&eacute;valo contigo y deja que la m&uacute;sica te acompa&ntilde;e! Marca Energy Sistem Modelo 459247 Caracter&iacute;sticas Audio &#8211; Altavoces &#8211; Rango completo: 1 &#8211; Potencia: 8 W &#8211; Rango completo&hellip;&nbsp;Energy Sistem Altavoz StreetPlay Cherry BT\" \/>\n<meta property=\"og:url\" content=\"https:\/\/aivlisoft.net\/shop\/producto\/energy-sistem-altavoz-streetplay-cherry-bt\/\" \/>\n<meta property=\"og:site_name\" content=\"Aivlisoft Inform\u00e1tica\" \/>\n<meta property=\"article:modified_time\" content=\"2025-01-14T20:48:38+00:00\" \/>\n<meta property=\"og:image\" content=\"https:\/\/aivlisoft.net\/shop\/wp-content\/uploads\/2025\/01\/MAUAPO0572_800.jpg\" \/>\n\t<meta property=\"og:image:width\" content=\"800\" \/>\n\t<meta property=\"og:image:height\" content=\"800\" \/>\n\t<meta property=\"og:image:type\" content=\"image\/jpeg\" \/>\n<meta name=\"twitter:card\" content=\"summary_large_image\" \/>\n<meta name=\"twitter:label1\" content=\"Tiempo de lectura\" \/>\n\t<meta name=\"twitter:data1\" content=\"2 minutos\" \/>\n<script type=\"application\/ld+json\" class=\"yoast-schema-graph\">{\"@context\":\"https:\/\/schema.org\",\"@graph\":[{\"@type\":\"WebPage\",\"@id\":\"https:\/\/aivlisoft.net\/shop\/producto\/energy-sistem-altavoz-streetplay-cherry-bt\/\",\"url\":\"https:\/\/aivlisoft.net\/shop\/producto\/energy-sistem-altavoz-streetplay-cherry-bt\/\",\"name\":\"Energy Sistem Altavoz StreetPlay Cherry BT - Aivlisoft Inform\u00e1tica\",\"isPartOf\":{\"@id\":\"https:\/\/aivlisoft.net\/shop\/#website\"},\"primaryImageOfPage\":{\"@id\":\"https:\/\/aivlisoft.net\/shop\/producto\/energy-sistem-altavoz-streetplay-cherry-bt\/#primaryimage\"},\"image\":{\"@id\":\"https:\/\/aivlisoft.net\/shop\/producto\/energy-sistem-altavoz-streetplay-cherry-bt\/#primaryimage\"},\"thumbnailUrl\":\"https:\/\/aivlisoft.net\/shop\/wp-content\/uploads\/2025\/01\/MAUAPO0572_800.jpg\",\"datePublished\":\"2025-01-13T15:05:20+00:00\",\"dateModified\":\"2025-01-14T20:48:38+00:00\",\"breadcrumb\":{\"@id\":\"https:\/\/aivlisoft.net\/shop\/producto\/energy-sistem-altavoz-streetplay-cherry-bt\/#breadcrumb\"},\"inLanguage\":\"es\",\"potentialAction\":[{\"@type\":\"ReadAction\",\"target\":[\"https:\/\/aivlisoft.net\/shop\/producto\/energy-sistem-altavoz-streetplay-cherry-bt\/\"]}]},{\"@type\":\"ImageObject\",\"inLanguage\":\"es\",\"@id\":\"https:\/\/aivlisoft.net\/shop\/producto\/energy-sistem-altavoz-streetplay-cherry-bt\/#primaryimage\",\"url\":\"https:\/\/aivlisoft.net\/shop\/wp-content\/uploads\/2025\/01\/MAUAPO0572_800.jpg\",\"contentUrl\":\"https:\/\/aivlisoft.net\/shop\/wp-content\/uploads\/2025\/01\/MAUAPO0572_800.jpg\",\"width\":800,\"height\":800},{\"@type\":\"BreadcrumbList\",\"@id\":\"https:\/\/aivlisoft.net\/shop\/producto\/energy-sistem-altavoz-streetplay-cherry-bt\/#breadcrumb\",\"itemListElement\":[{\"@type\":\"ListItem\",\"position\":1,\"name\":\"Portada\",\"item\":\"https:\/\/aivlisoft.net\/shop\/\"},{\"@type\":\"ListItem\",\"position\":2,\"name\":\"Tienda\",\"item\":\"https:\/\/aivlisoft.net\/shop\/tienda\/\"},{\"@type\":\"ListItem\",\"position\":3,\"name\":\"Energy Sistem Altavoz StreetPlay Cherry BT\"}]},{\"@type\":\"WebSite\",\"@id\":\"https:\/\/aivlisoft.net\/shop\/#website\",\"url\":\"https:\/\/aivlisoft.net\/shop\/\",\"name\":\"Aivlisoft Inform\u00e1tica\",\"description\":\"En Aivlisoft Inform\u00e1tica ofrecemos soluciones tecnol\u00f3gicas para empresas: venta de ordenadores, consumibles, perif\u00e9ricos y m\u00e1s. Calidad, atenci\u00f3n personalizada y los mejores precios para tu negocio.\",\"publisher\":{\"@id\":\"https:\/\/aivlisoft.net\/shop\/#organization\"},\"potentialAction\":[{\"@type\":\"SearchAction\",\"target\":{\"@type\":\"EntryPoint\",\"urlTemplate\":\"https:\/\/aivlisoft.net\/shop\/?s={search_term_string}\"},\"query-input\":{\"@type\":\"PropertyValueSpecification\",\"valueRequired\":true,\"valueName\":\"search_term_string\"}}],\"inLanguage\":\"es\"},{\"@type\":\"Organization\",\"@id\":\"https:\/\/aivlisoft.net\/shop\/#organization\",\"name\":\"Aivlisoft Inform\u00e1tica\",\"url\":\"https:\/\/aivlisoft.net\/shop\/\",\"logo\":{\"@type\":\"ImageObject\",\"inLanguage\":\"es\",\"@id\":\"https:\/\/aivlisoft.net\/shop\/#\/schema\/logo\/image\/\",\"url\":\"https:\/\/aivlisoft.net\/shop\/wp-content\/uploads\/2024\/12\/removal.ai_5b848c54-0cdf-4140-95c5-c5536bb7573b-logodef.png\",\"contentUrl\":\"https:\/\/aivlisoft.net\/shop\/wp-content\/uploads\/2024\/12\/removal.ai_5b848c54-0cdf-4140-95c5-c5536bb7573b-logodef.png\",\"width\":484,\"height\":182,\"caption\":\"Aivlisoft Inform\u00e1tica\"},\"image\":{\"@id\":\"https:\/\/aivlisoft.net\/shop\/#\/schema\/logo\/image\/\"}}]}<\/script>\n<!-- \/ Yoast SEO plugin. -->","yoast_head_json":{"title":"Energy Sistem Altavoz StreetPlay Cherry BT - Aivlisoft Inform\u00e1tica","robots":{"index":"index","follow":"follow","max-snippet":"max-snippet:-1","max-image-preview":"max-image-preview:large","max-video-preview":"max-video-preview:-1"},"canonical":"https:\/\/aivlisoft.net\/shop\/producto\/energy-sistem-altavoz-streetplay-cherry-bt\/","og_locale":"es_ES","og_type":"article","og_title":"Energy Sistem Altavoz StreetPlay Cherry BT - Aivlisoft Inform\u00e1tica","og_description":"Sonido urbano, portabilidad sin l&iacute;mites. Altavoz port&aacute;til fabricado con pl&aacute;stico reciclado.8W de potencia, luces LED, resistencia a l&iacute;quidos IPX6, radio FM y reproductor MP3 mediante tarjeta microSD&iexcl;Ll&eacute;valo contigo y deja que la m&uacute;sica te acompa&ntilde;e! Marca Energy Sistem Modelo 459247 Caracter&iacute;sticas Audio &#8211; Altavoces &#8211; Rango completo: 1 &#8211; Potencia: 8 W &#8211; Rango completo&hellip;&nbsp;Energy Sistem Altavoz StreetPlay Cherry BT","og_url":"https:\/\/aivlisoft.net\/shop\/producto\/energy-sistem-altavoz-streetplay-cherry-bt\/","og_site_name":"Aivlisoft Inform\u00e1tica","article_modified_time":"2025-01-14T20:48:38+00:00","og_image":[{"width":800,"height":800,"url":"https:\/\/aivlisoft.net\/shop\/wp-content\/uploads\/2025\/01\/MAUAPO0572_800.jpg","type":"image\/jpeg"}],"twitter_card":"summary_large_image","twitter_misc":{"Tiempo de lectura":"2 minutos"},"schema":{"@context":"https:\/\/schema.org","@graph":[{"@type":"WebPage","@id":"https:\/\/aivlisoft.net\/shop\/producto\/energy-sistem-altavoz-streetplay-cherry-bt\/","url":"https:\/\/aivlisoft.net\/shop\/producto\/energy-sistem-altavoz-streetplay-cherry-bt\/","name":"Energy Sistem Altavoz StreetPlay Cherry BT - Aivlisoft Inform\u00e1tica","isPartOf":{"@id":"https:\/\/aivlisoft.net\/shop\/#website"},"primaryImageOfPage":{"@id":"https:\/\/aivlisoft.net\/shop\/producto\/energy-sistem-altavoz-streetplay-cherry-bt\/#primaryimage"},"image":{"@id":"https:\/\/aivlisoft.net\/shop\/producto\/energy-sistem-altavoz-streetplay-cherry-bt\/#primaryimage"},"thumbnailUrl":"https:\/\/aivlisoft.net\/shop\/wp-content\/uploads\/2025\/01\/MAUAPO0572_800.jpg","datePublished":"2025-01-13T15:05:20+00:00","dateModified":"2025-01-14T20:48:38+00:00","breadcrumb":{"@id":"https:\/\/aivlisoft.net\/shop\/producto\/energy-sistem-altavoz-streetplay-cherry-bt\/#breadcrumb"},"inLanguage":"es","potentialAction":[{"@type":"ReadAction","target":["https:\/\/aivlisoft.net\/shop\/producto\/energy-sistem-altavoz-streetplay-cherry-bt\/"]}]},{"@type":"ImageObject","inLanguage":"es","@id":"https:\/\/aivlisoft.net\/shop\/producto\/energy-sistem-altavoz-streetplay-cherry-bt\/#primaryimage","url":"https:\/\/aivlisoft.net\/shop\/wp-content\/uploads\/2025\/01\/MAUAPO0572_800.jpg","contentUrl":"https:\/\/aivlisoft.net\/shop\/wp-content\/uploads\/2025\/01\/MAUAPO0572_800.jpg","width":800,"height":800},{"@type":"BreadcrumbList","@id":"https:\/\/aivlisoft.net\/shop\/producto\/energy-sistem-altavoz-streetplay-cherry-bt\/#breadcrumb","itemListElement":[{"@type":"ListItem","position":1,"name":"Portada","item":"https:\/\/aivlisoft.net\/shop\/"},{"@type":"ListItem","position":2,"name":"Tienda","item":"https:\/\/aivlisoft.net\/shop\/tienda\/"},{"@type":"ListItem","position":3,"name":"Energy Sistem Altavoz StreetPlay Cherry BT"}]},{"@type":"WebSite","@id":"https:\/\/aivlisoft.net\/shop\/#website","url":"https:\/\/aivlisoft.net\/shop\/","name":"Aivlisoft Inform\u00e1tica","description":"En Aivlisoft Inform\u00e1tica ofrecemos soluciones tecnol\u00f3gicas para empresas: venta de ordenadores, consumibles, perif\u00e9ricos y m\u00e1s. Calidad, atenci\u00f3n personalizada y los mejores precios para tu negocio.","publisher":{"@id":"https:\/\/aivlisoft.net\/shop\/#organization"},"potentialAction":[{"@type":"SearchAction","target":{"@type":"EntryPoint","urlTemplate":"https:\/\/aivlisoft.net\/shop\/?s={search_term_string}"},"query-input":{"@type":"PropertyValueSpecification","valueRequired":true,"valueName":"search_term_string"}}],"inLanguage":"es"},{"@type":"Organization","@id":"https:\/\/aivlisoft.net\/shop\/#organization","name":"Aivlisoft Inform\u00e1tica","url":"https:\/\/aivlisoft.net\/shop\/","logo":{"@type":"ImageObject","inLanguage":"es","@id":"https:\/\/aivlisoft.net\/shop\/#\/schema\/logo\/image\/","url":"https:\/\/aivlisoft.net\/shop\/wp-content\/uploads\/2024\/12\/removal.ai_5b848c54-0cdf-4140-95c5-c5536bb7573b-logodef.png","contentUrl":"https:\/\/aivlisoft.net\/shop\/wp-content\/uploads\/2024\/12\/removal.ai_5b848c54-0cdf-4140-95c5-c5536bb7573b-logodef.png","width":484,"height":182,"caption":"Aivlisoft Inform\u00e1tica"},"image":{"@id":"https:\/\/aivlisoft.net\/shop\/#\/schema\/logo\/image\/"}}]}},"_links":{"self":[{"href":"https:\/\/aivlisoft.net\/shop\/wp-json\/wp\/v2\/product\/16753","targetHints":{"allow":["GET"]}}],"collection":[{"href":"https:\/\/aivlisoft.net\/shop\/wp-json\/wp\/v2\/product"}],"about":[{"href":"https:\/\/aivlisoft.net\/shop\/wp-json\/wp\/v2\/types\/product"}],"wp:featuredmedia":[{"embeddable":true,"href":"https:\/\/aivlisoft.net\/shop\/wp-json\/wp\/v2\/media\/16754"}],"wp:attachment":[{"href":"https:\/\/aivlisoft.net\/shop\/wp-json\/wp\/v2\/media?parent=16753"}],"wp:term":[{"taxonomy":"product_brand","embeddable":true,"href":"https:\/\/aivlisoft.net\/shop\/wp-json\/wp\/v2\/product_brand?post=16753"},{"taxonomy":"product_cat","embeddable":true,"href":"https:\/\/aivlisoft.net\/shop\/wp-json\/wp\/v2\/product_cat?post=16753"},{"taxonomy":"product_tag","embeddable":true,"href":"https:\/\/aivlisoft.net\/shop\/wp-json\/wp\/v2\/product_tag?post=16753"}],"curies":[{"name":"wp","href":"https:\/\/api.w.org\/{rel}","templated":true}]}}