{"id":16646,"date":"2025-01-13T15:04:22","date_gmt":"2025-01-13T15:04:22","guid":{"rendered":"https:\/\/aivlisoft.com\/?post_type=product&#038;p=16646"},"modified":"2025-01-14T20:50:38","modified_gmt":"2025-01-14T20:50:38","slug":"denver-altavoz-trolley-tsp-301","status":"publish","type":"product","link":"https:\/\/aivlisoft.net\/shop\/producto\/denver-altavoz-trolley-tsp-301\/","title":{"rendered":"Denver Altavoz trolley TSP-301"},"content":{"rendered":"<p><\/p>\n<table class=\"tabla_caracteristicas\" width=\"100%\">\n<tr>\n<td valign=\"top\"><strong>Marca<\/strong><\/td>\n<td>Denver<\/td>\n<\/tr>\n<tr>\n<td valign=\"top\"><strong>Modelo<\/strong><\/td>\n<td><strong>111151110170<\/strong><\/td>\n<\/tr>\n<tr>\n<td valign=\"top\"><strong>Caracter&iacute;sticas<\/strong><\/td>\n<td>&#8211; Altavoz Trolley Bluetooth de 8&rdquo;<br \/>\t\t\t&#8211; Conexiones:<br \/>\t\t\t&nbsp; Bluetooth<br \/>\t\t\t&nbsp; Ranura para tarjeta Micro SD<br \/>\t\t\t&nbsp; Entrada USB<br \/>\t\t\t&nbsp; Entrada AUX de 3,5 mm<br \/>\t\t\t&#8211; Micr&oacute;fono con cable incluido<br \/>\t\t\t&#8211; Funci&oacute;n TWS (empareja dos altavoces)<br \/>\t\t\t&#8211; Pantalla LED en el lateral<br \/>\t\t\t&#8211; Luz LED delante del altavoz<br \/>\t\t\t&#8211; Potencia m&aacute;xima de salida 120W (12W RMS)<br \/>\t\t\t&#8211; Tiempo de reproducci&oacute;n de hasta 3 horas por carga<br \/>\t\t\t&#8211; Altavoz de rango completo de 8\u00bb<br \/>\t\t\t&#8211; Asa y ruedas incorporadas<br \/>\t\t\t&#8211; Bater&iacute;a recargable incorporada (3600 mAh)<br \/>\t\t\t<strong>Dimensiones<\/strong><br \/>\t\t\t&#8211; 29.00 x 23.00 x 43.00 cm<\/td>\n<\/tr>\n<tr>\n<td valign=\"top\"><strong>Fecha de revisi&oacute;n<\/strong><\/td>\n<td>08-01-2024 por RTY<\/td>\n<\/tr>\n<\/table>\n","protected":false},"excerpt":{"rendered":"<p>Marca Denver Modelo 111151110170 Caracter&iacute;sticas &#8211; Altavoz Trolley Bluetooth de 8&rdquo; &#8211; Conexiones: &nbsp; Bluetooth &nbsp; Ranura para tarjeta Micro SD &nbsp; Entrada USB &nbsp; Entrada AUX de 3,5 mm &#8211; Micr&oacute;fono con cable incluido &#8211; Funci&oacute;n TWS (empareja dos altavoces) &#8211; Pantalla LED en el lateral &#8211; Luz LED delante del altavoz &#8211; Potencia&hellip;&nbsp;<a href=\"https:\/\/aivlisoft.net\/shop\/producto\/denver-altavoz-trolley-tsp-301\/\" rel=\"bookmark\"><span class=\"screen-reader-text\">Denver Altavoz trolley TSP-301<\/span><\/a><\/p>\n","protected":false},"featured_media":16647,"template":"","meta":{"neve_meta_sidebar":"","neve_meta_container":"","neve_meta_enable_content_width":"","neve_meta_content_width":0,"neve_meta_title_alignment":"","neve_meta_author_avatar":"","neve_post_elements_order":"","neve_meta_disable_header":"","neve_meta_disable_footer":"","neve_meta_disable_title":""},"product_brand":[],"product_cat":[15,957,5818],"product_tag":[6157],"class_list":{"0":"post-16646","1":"product","2":"type-product","3":"status-publish","4":"has-post-thumbnail","6":"product_cat-sin-categorizar","7":"product_cat-accesorios-imagen-y-sonido","8":"product_cat-audio","9":"product_tag-6157","11":"first","12":"instock","13":"taxable","14":"shipping-taxable","15":"purchasable","16":"product-type-simple"},"yoast_head":"<!-- This site is optimized with the Yoast SEO plugin v26.0 - https:\/\/yoast.com\/wordpress\/plugins\/seo\/ -->\n<title>Denver Altavoz trolley TSP-301 - Aivlisoft Inform\u00e1tica<\/title>\n<meta name=\"robots\" content=\"index, follow, max-snippet:-1, max-image-preview:large, max-video-preview:-1\" \/>\n<link rel=\"canonical\" href=\"https:\/\/aivlisoft.net\/shop\/producto\/denver-altavoz-trolley-tsp-301\/\" \/>\n<meta property=\"og:locale\" content=\"es_ES\" \/>\n<meta property=\"og:type\" content=\"article\" \/>\n<meta property=\"og:title\" content=\"Denver Altavoz trolley TSP-301 - Aivlisoft Inform\u00e1tica\" \/>\n<meta property=\"og:description\" content=\"Marca Denver Modelo 111151110170 Caracter&iacute;sticas &#8211; Altavoz Trolley Bluetooth de 8&rdquo; &#8211; Conexiones: &nbsp; Bluetooth &nbsp; Ranura para tarjeta Micro SD &nbsp; Entrada USB &nbsp; Entrada AUX de 3,5 mm &#8211; Micr&oacute;fono con cable incluido &#8211; Funci&oacute;n TWS (empareja dos altavoces) &#8211; Pantalla LED en el lateral &#8211; Luz LED delante del altavoz &#8211; Potencia&hellip;&nbsp;Denver Altavoz trolley TSP-301\" \/>\n<meta property=\"og:url\" content=\"https:\/\/aivlisoft.net\/shop\/producto\/denver-altavoz-trolley-tsp-301\/\" \/>\n<meta property=\"og:site_name\" content=\"Aivlisoft Inform\u00e1tica\" \/>\n<meta property=\"article:modified_time\" content=\"2025-01-14T20:50:38+00:00\" \/>\n<meta property=\"og:image\" content=\"https:\/\/aivlisoft.net\/shop\/wp-content\/uploads\/2025\/01\/MAUAPO0543_800.jpg\" \/>\n\t<meta property=\"og:image:width\" content=\"800\" \/>\n\t<meta property=\"og:image:height\" content=\"800\" \/>\n\t<meta property=\"og:image:type\" content=\"image\/jpeg\" \/>\n<meta name=\"twitter:card\" content=\"summary_large_image\" \/>\n<meta name=\"twitter:label1\" content=\"Tiempo de lectura\" \/>\n\t<meta name=\"twitter:data1\" content=\"1 minuto\" \/>\n<script type=\"application\/ld+json\" class=\"yoast-schema-graph\">{\"@context\":\"https:\/\/schema.org\",\"@graph\":[{\"@type\":\"WebPage\",\"@id\":\"https:\/\/aivlisoft.net\/shop\/producto\/denver-altavoz-trolley-tsp-301\/\",\"url\":\"https:\/\/aivlisoft.net\/shop\/producto\/denver-altavoz-trolley-tsp-301\/\",\"name\":\"Denver Altavoz trolley TSP-301 - Aivlisoft Inform\u00e1tica\",\"isPartOf\":{\"@id\":\"https:\/\/aivlisoft.net\/shop\/#website\"},\"primaryImageOfPage\":{\"@id\":\"https:\/\/aivlisoft.net\/shop\/producto\/denver-altavoz-trolley-tsp-301\/#primaryimage\"},\"image\":{\"@id\":\"https:\/\/aivlisoft.net\/shop\/producto\/denver-altavoz-trolley-tsp-301\/#primaryimage\"},\"thumbnailUrl\":\"https:\/\/aivlisoft.net\/shop\/wp-content\/uploads\/2025\/01\/MAUAPO0543_800.jpg\",\"datePublished\":\"2025-01-13T15:04:22+00:00\",\"dateModified\":\"2025-01-14T20:50:38+00:00\",\"breadcrumb\":{\"@id\":\"https:\/\/aivlisoft.net\/shop\/producto\/denver-altavoz-trolley-tsp-301\/#breadcrumb\"},\"inLanguage\":\"es\",\"potentialAction\":[{\"@type\":\"ReadAction\",\"target\":[\"https:\/\/aivlisoft.net\/shop\/producto\/denver-altavoz-trolley-tsp-301\/\"]}]},{\"@type\":\"ImageObject\",\"inLanguage\":\"es\",\"@id\":\"https:\/\/aivlisoft.net\/shop\/producto\/denver-altavoz-trolley-tsp-301\/#primaryimage\",\"url\":\"https:\/\/aivlisoft.net\/shop\/wp-content\/uploads\/2025\/01\/MAUAPO0543_800.jpg\",\"contentUrl\":\"https:\/\/aivlisoft.net\/shop\/wp-content\/uploads\/2025\/01\/MAUAPO0543_800.jpg\",\"width\":800,\"height\":800},{\"@type\":\"BreadcrumbList\",\"@id\":\"https:\/\/aivlisoft.net\/shop\/producto\/denver-altavoz-trolley-tsp-301\/#breadcrumb\",\"itemListElement\":[{\"@type\":\"ListItem\",\"position\":1,\"name\":\"Portada\",\"item\":\"https:\/\/aivlisoft.net\/shop\/\"},{\"@type\":\"ListItem\",\"position\":2,\"name\":\"Tienda\",\"item\":\"https:\/\/aivlisoft.net\/shop\/tienda\/\"},{\"@type\":\"ListItem\",\"position\":3,\"name\":\"Denver Altavoz trolley TSP-301\"}]},{\"@type\":\"WebSite\",\"@id\":\"https:\/\/aivlisoft.net\/shop\/#website\",\"url\":\"https:\/\/aivlisoft.net\/shop\/\",\"name\":\"Aivlisoft Inform\u00e1tica\",\"description\":\"En Aivlisoft Inform\u00e1tica ofrecemos soluciones tecnol\u00f3gicas para empresas: venta de ordenadores, consumibles, perif\u00e9ricos y m\u00e1s. Calidad, atenci\u00f3n personalizada y los mejores precios para tu negocio.\",\"publisher\":{\"@id\":\"https:\/\/aivlisoft.net\/shop\/#organization\"},\"potentialAction\":[{\"@type\":\"SearchAction\",\"target\":{\"@type\":\"EntryPoint\",\"urlTemplate\":\"https:\/\/aivlisoft.net\/shop\/?s={search_term_string}\"},\"query-input\":{\"@type\":\"PropertyValueSpecification\",\"valueRequired\":true,\"valueName\":\"search_term_string\"}}],\"inLanguage\":\"es\"},{\"@type\":\"Organization\",\"@id\":\"https:\/\/aivlisoft.net\/shop\/#organization\",\"name\":\"Aivlisoft Inform\u00e1tica\",\"url\":\"https:\/\/aivlisoft.net\/shop\/\",\"logo\":{\"@type\":\"ImageObject\",\"inLanguage\":\"es\",\"@id\":\"https:\/\/aivlisoft.net\/shop\/#\/schema\/logo\/image\/\",\"url\":\"https:\/\/aivlisoft.net\/shop\/wp-content\/uploads\/2024\/12\/removal.ai_5b848c54-0cdf-4140-95c5-c5536bb7573b-logodef.png\",\"contentUrl\":\"https:\/\/aivlisoft.net\/shop\/wp-content\/uploads\/2024\/12\/removal.ai_5b848c54-0cdf-4140-95c5-c5536bb7573b-logodef.png\",\"width\":484,\"height\":182,\"caption\":\"Aivlisoft Inform\u00e1tica\"},\"image\":{\"@id\":\"https:\/\/aivlisoft.net\/shop\/#\/schema\/logo\/image\/\"}}]}<\/script>\n<!-- \/ Yoast SEO plugin. -->","yoast_head_json":{"title":"Denver Altavoz trolley TSP-301 - Aivlisoft Inform\u00e1tica","robots":{"index":"index","follow":"follow","max-snippet":"max-snippet:-1","max-image-preview":"max-image-preview:large","max-video-preview":"max-video-preview:-1"},"canonical":"https:\/\/aivlisoft.net\/shop\/producto\/denver-altavoz-trolley-tsp-301\/","og_locale":"es_ES","og_type":"article","og_title":"Denver Altavoz trolley TSP-301 - Aivlisoft Inform\u00e1tica","og_description":"Marca Denver Modelo 111151110170 Caracter&iacute;sticas &#8211; Altavoz Trolley Bluetooth de 8&rdquo; &#8211; Conexiones: &nbsp; Bluetooth &nbsp; Ranura para tarjeta Micro SD &nbsp; Entrada USB &nbsp; Entrada AUX de 3,5 mm &#8211; Micr&oacute;fono con cable incluido &#8211; Funci&oacute;n TWS (empareja dos altavoces) &#8211; Pantalla LED en el lateral &#8211; Luz LED delante del altavoz &#8211; Potencia&hellip;&nbsp;Denver Altavoz trolley TSP-301","og_url":"https:\/\/aivlisoft.net\/shop\/producto\/denver-altavoz-trolley-tsp-301\/","og_site_name":"Aivlisoft Inform\u00e1tica","article_modified_time":"2025-01-14T20:50:38+00:00","og_image":[{"width":800,"height":800,"url":"https:\/\/aivlisoft.net\/shop\/wp-content\/uploads\/2025\/01\/MAUAPO0543_800.jpg","type":"image\/jpeg"}],"twitter_card":"summary_large_image","twitter_misc":{"Tiempo de lectura":"1 minuto"},"schema":{"@context":"https:\/\/schema.org","@graph":[{"@type":"WebPage","@id":"https:\/\/aivlisoft.net\/shop\/producto\/denver-altavoz-trolley-tsp-301\/","url":"https:\/\/aivlisoft.net\/shop\/producto\/denver-altavoz-trolley-tsp-301\/","name":"Denver Altavoz trolley TSP-301 - Aivlisoft Inform\u00e1tica","isPartOf":{"@id":"https:\/\/aivlisoft.net\/shop\/#website"},"primaryImageOfPage":{"@id":"https:\/\/aivlisoft.net\/shop\/producto\/denver-altavoz-trolley-tsp-301\/#primaryimage"},"image":{"@id":"https:\/\/aivlisoft.net\/shop\/producto\/denver-altavoz-trolley-tsp-301\/#primaryimage"},"thumbnailUrl":"https:\/\/aivlisoft.net\/shop\/wp-content\/uploads\/2025\/01\/MAUAPO0543_800.jpg","datePublished":"2025-01-13T15:04:22+00:00","dateModified":"2025-01-14T20:50:38+00:00","breadcrumb":{"@id":"https:\/\/aivlisoft.net\/shop\/producto\/denver-altavoz-trolley-tsp-301\/#breadcrumb"},"inLanguage":"es","potentialAction":[{"@type":"ReadAction","target":["https:\/\/aivlisoft.net\/shop\/producto\/denver-altavoz-trolley-tsp-301\/"]}]},{"@type":"ImageObject","inLanguage":"es","@id":"https:\/\/aivlisoft.net\/shop\/producto\/denver-altavoz-trolley-tsp-301\/#primaryimage","url":"https:\/\/aivlisoft.net\/shop\/wp-content\/uploads\/2025\/01\/MAUAPO0543_800.jpg","contentUrl":"https:\/\/aivlisoft.net\/shop\/wp-content\/uploads\/2025\/01\/MAUAPO0543_800.jpg","width":800,"height":800},{"@type":"BreadcrumbList","@id":"https:\/\/aivlisoft.net\/shop\/producto\/denver-altavoz-trolley-tsp-301\/#breadcrumb","itemListElement":[{"@type":"ListItem","position":1,"name":"Portada","item":"https:\/\/aivlisoft.net\/shop\/"},{"@type":"ListItem","position":2,"name":"Tienda","item":"https:\/\/aivlisoft.net\/shop\/tienda\/"},{"@type":"ListItem","position":3,"name":"Denver Altavoz trolley TSP-301"}]},{"@type":"WebSite","@id":"https:\/\/aivlisoft.net\/shop\/#website","url":"https:\/\/aivlisoft.net\/shop\/","name":"Aivlisoft Inform\u00e1tica","description":"En Aivlisoft Inform\u00e1tica ofrecemos soluciones tecnol\u00f3gicas para empresas: venta de ordenadores, consumibles, perif\u00e9ricos y m\u00e1s. Calidad, atenci\u00f3n personalizada y los mejores precios para tu negocio.","publisher":{"@id":"https:\/\/aivlisoft.net\/shop\/#organization"},"potentialAction":[{"@type":"SearchAction","target":{"@type":"EntryPoint","urlTemplate":"https:\/\/aivlisoft.net\/shop\/?s={search_term_string}"},"query-input":{"@type":"PropertyValueSpecification","valueRequired":true,"valueName":"search_term_string"}}],"inLanguage":"es"},{"@type":"Organization","@id":"https:\/\/aivlisoft.net\/shop\/#organization","name":"Aivlisoft Inform\u00e1tica","url":"https:\/\/aivlisoft.net\/shop\/","logo":{"@type":"ImageObject","inLanguage":"es","@id":"https:\/\/aivlisoft.net\/shop\/#\/schema\/logo\/image\/","url":"https:\/\/aivlisoft.net\/shop\/wp-content\/uploads\/2024\/12\/removal.ai_5b848c54-0cdf-4140-95c5-c5536bb7573b-logodef.png","contentUrl":"https:\/\/aivlisoft.net\/shop\/wp-content\/uploads\/2024\/12\/removal.ai_5b848c54-0cdf-4140-95c5-c5536bb7573b-logodef.png","width":484,"height":182,"caption":"Aivlisoft Inform\u00e1tica"},"image":{"@id":"https:\/\/aivlisoft.net\/shop\/#\/schema\/logo\/image\/"}}]}},"_links":{"self":[{"href":"https:\/\/aivlisoft.net\/shop\/wp-json\/wp\/v2\/product\/16646","targetHints":{"allow":["GET"]}}],"collection":[{"href":"https:\/\/aivlisoft.net\/shop\/wp-json\/wp\/v2\/product"}],"about":[{"href":"https:\/\/aivlisoft.net\/shop\/wp-json\/wp\/v2\/types\/product"}],"wp:featuredmedia":[{"embeddable":true,"href":"https:\/\/aivlisoft.net\/shop\/wp-json\/wp\/v2\/media\/16647"}],"wp:attachment":[{"href":"https:\/\/aivlisoft.net\/shop\/wp-json\/wp\/v2\/media?parent=16646"}],"wp:term":[{"taxonomy":"product_brand","embeddable":true,"href":"https:\/\/aivlisoft.net\/shop\/wp-json\/wp\/v2\/product_brand?post=16646"},{"taxonomy":"product_cat","embeddable":true,"href":"https:\/\/aivlisoft.net\/shop\/wp-json\/wp\/v2\/product_cat?post=16646"},{"taxonomy":"product_tag","embeddable":true,"href":"https:\/\/aivlisoft.net\/shop\/wp-json\/wp\/v2\/product_tag?post=16646"}],"curies":[{"name":"wp","href":"https:\/\/api.w.org\/{rel}","templated":true}]}}