{"id":16607,"date":"2025-01-13T15:03:59","date_gmt":"2025-01-13T15:03:59","guid":{"rendered":"https:\/\/aivlisoft.com\/?post_type=product&#038;p=16607"},"modified":"2025-01-14T20:50:44","modified_gmt":"2025-01-14T20:50:44","slug":"ngs-altavoz-portatil-bt-rgb-ipx5-rollerbeastgreen","status":"publish","type":"product","link":"https:\/\/aivlisoft.net\/shop\/producto\/ngs-altavoz-portatil-bt-rgb-ipx5-rollerbeastgreen\/","title":{"rendered":"NGS ALTAVOZ PORTATIL BT RGB IPX5 ROLLERBEASTGREEN"},"content":{"rendered":"<p><\/p>\n<table class=\"tabla_caracteristicas\" width=\"100%\">\n<tr>\n<td valign=\"top\"><strong>Marca<\/strong><\/td>\n<td>NGS<\/td>\n<\/tr>\n<tr>\n<td valign=\"top\"><strong>Modelo<\/strong><\/td>\n<td><strong>ROLLERBEASTGREEN<\/strong><\/td>\n<\/tr>\n<tr>\n<td valign=\"top\"><strong>Caracter&iacute;sticas<\/strong><\/td>\n<td>&#8211; Compatible con <strong>bluetooth 5.0<\/strong><br \/>\t\t\t&#8211; True Wireless Stereo (TWS)<br \/>\t\t\t&#8211; Distancia de funcionamiento: hasta <strong>10 metros<\/strong><br \/>\t\t\t&#8211; Resistente al agua IPX5<br \/>\t\t\t&#8211; Radio FM<br \/>\t\t\t&#8211; RMS: 16W<br \/>\t\t\t&#8211; Potencia de salida: 32W (2 x 16W)<br \/>\t\t\t&#8211; Bater&iacute;a: Ion-Li 6000mAh\/7,4V<br \/>\t\t\t&#8211; Tiempo de funcionamiento: 7 horas*<br \/>\t\t\t* con luces<br \/>\t\t\t&nbsp; 11 horas al 50% del volumen<br \/>\t\t\t&nbsp; 7 horas al 70% del volumen<br \/>\t\t\t&nbsp; 4 horas al 100% del volumen<br \/>\t\t\t* sin luces<br \/>\t\t\t&nbsp; 30 horas al 50% del volumen<br \/>\t\t\t&nbsp; 20 horas al 70% del volumen<br \/>\t\t\t&nbsp; 7 horas al 100% del volumen<br \/>\t\t\t&#8211; Potencia de entrada: USB tipo C 5V\/1A<br \/>\t\t\t&#8211; Entradas de audio: USB \/ TF \/ AUX IN<br \/>\t\t\t<strong>Dimensiones y peso<\/strong><br \/>\t\t\t&#8211; 110 x 110 x 200<br \/>\t\t\t&#8211; 995 g<br \/>\t\t\t<strong>Contenido<\/strong><br \/>\t\t\t&#8211; Roller beast<br \/>\t\t\t&#8211; Cable de carga USB<br \/>\t\t\t&#8211; Correa de transporte<br \/>\t\t\t&#8211; Gu&iacute;a de instalaci&oacute;n<\/td>\n<\/tr>\n<tr>\n<td valign=\"top\"><strong>Fecha de revisi&oacute;n<\/strong><\/td>\n<td>31-05-2023 por RTY<\/td>\n<\/tr>\n<\/table>\n","protected":false},"excerpt":{"rendered":"<p>Marca NGS Modelo ROLLERBEASTGREEN Caracter&iacute;sticas &#8211; Compatible con bluetooth 5.0 &#8211; True Wireless Stereo (TWS) &#8211; Distancia de funcionamiento: hasta 10 metros &#8211; Resistente al agua IPX5 &#8211; Radio FM &#8211; RMS: 16W &#8211; Potencia de salida: 32W (2 x 16W) &#8211; Bater&iacute;a: Ion-Li 6000mAh\/7,4V &#8211; Tiempo de funcionamiento: 7 horas* * con luces &nbsp;&hellip;&nbsp;<a href=\"https:\/\/aivlisoft.net\/shop\/producto\/ngs-altavoz-portatil-bt-rgb-ipx5-rollerbeastgreen\/\" rel=\"bookmark\"><span class=\"screen-reader-text\">NGS ALTAVOZ PORTATIL BT RGB IPX5 ROLLERBEASTGREEN<\/span><\/a><\/p>\n","protected":false},"featured_media":16608,"template":"","meta":{"neve_meta_sidebar":"","neve_meta_container":"","neve_meta_enable_content_width":"","neve_meta_content_width":0,"neve_meta_title_alignment":"","neve_meta_author_avatar":"","neve_post_elements_order":"","neve_meta_disable_header":"","neve_meta_disable_footer":"","neve_meta_disable_title":""},"product_brand":[],"product_cat":[15,957,5818],"product_tag":[6149],"class_list":{"0":"post-16607","1":"product","2":"type-product","3":"status-publish","4":"has-post-thumbnail","6":"product_cat-sin-categorizar","7":"product_cat-accesorios-imagen-y-sonido","8":"product_cat-audio","9":"product_tag-rollerbeastgreen","11":"first","12":"instock","13":"taxable","14":"shipping-taxable","15":"purchasable","16":"product-type-simple"},"yoast_head":"<!-- This site is optimized with the Yoast SEO plugin v26.0 - https:\/\/yoast.com\/wordpress\/plugins\/seo\/ -->\n<title>NGS ALTAVOZ PORTATIL BT RGB IPX5 ROLLERBEASTGREEN - Aivlisoft Inform\u00e1tica<\/title>\n<meta name=\"robots\" content=\"index, follow, max-snippet:-1, max-image-preview:large, max-video-preview:-1\" \/>\n<link rel=\"canonical\" href=\"https:\/\/aivlisoft.net\/shop\/producto\/ngs-altavoz-portatil-bt-rgb-ipx5-rollerbeastgreen\/\" \/>\n<meta property=\"og:locale\" content=\"es_ES\" \/>\n<meta property=\"og:type\" content=\"article\" \/>\n<meta property=\"og:title\" content=\"NGS ALTAVOZ PORTATIL BT RGB IPX5 ROLLERBEASTGREEN - Aivlisoft Inform\u00e1tica\" \/>\n<meta property=\"og:description\" content=\"Marca NGS Modelo ROLLERBEASTGREEN Caracter&iacute;sticas &#8211; Compatible con bluetooth 5.0 &#8211; True Wireless Stereo (TWS) &#8211; Distancia de funcionamiento: hasta 10 metros &#8211; Resistente al agua IPX5 &#8211; Radio FM &#8211; RMS: 16W &#8211; Potencia de salida: 32W (2 x 16W) &#8211; Bater&iacute;a: Ion-Li 6000mAh\/7,4V &#8211; Tiempo de funcionamiento: 7 horas* * con luces &nbsp;&hellip;&nbsp;NGS ALTAVOZ PORTATIL BT RGB IPX5 ROLLERBEASTGREEN\" \/>\n<meta property=\"og:url\" content=\"https:\/\/aivlisoft.net\/shop\/producto\/ngs-altavoz-portatil-bt-rgb-ipx5-rollerbeastgreen\/\" \/>\n<meta property=\"og:site_name\" content=\"Aivlisoft Inform\u00e1tica\" \/>\n<meta property=\"article:modified_time\" content=\"2025-01-14T20:50:44+00:00\" \/>\n<meta property=\"og:image\" content=\"https:\/\/aivlisoft.net\/shop\/wp-content\/uploads\/2025\/01\/MAUAPO0528_800.jpg\" \/>\n\t<meta property=\"og:image:width\" content=\"800\" \/>\n\t<meta property=\"og:image:height\" content=\"800\" \/>\n\t<meta property=\"og:image:type\" content=\"image\/jpeg\" \/>\n<meta name=\"twitter:card\" content=\"summary_large_image\" \/>\n<meta name=\"twitter:label1\" content=\"Tiempo de lectura\" \/>\n\t<meta name=\"twitter:data1\" content=\"1 minuto\" \/>\n<script type=\"application\/ld+json\" class=\"yoast-schema-graph\">{\"@context\":\"https:\/\/schema.org\",\"@graph\":[{\"@type\":\"WebPage\",\"@id\":\"https:\/\/aivlisoft.net\/shop\/producto\/ngs-altavoz-portatil-bt-rgb-ipx5-rollerbeastgreen\/\",\"url\":\"https:\/\/aivlisoft.net\/shop\/producto\/ngs-altavoz-portatil-bt-rgb-ipx5-rollerbeastgreen\/\",\"name\":\"NGS ALTAVOZ PORTATIL BT RGB IPX5 ROLLERBEASTGREEN - Aivlisoft Inform\u00e1tica\",\"isPartOf\":{\"@id\":\"https:\/\/aivlisoft.net\/shop\/#website\"},\"primaryImageOfPage\":{\"@id\":\"https:\/\/aivlisoft.net\/shop\/producto\/ngs-altavoz-portatil-bt-rgb-ipx5-rollerbeastgreen\/#primaryimage\"},\"image\":{\"@id\":\"https:\/\/aivlisoft.net\/shop\/producto\/ngs-altavoz-portatil-bt-rgb-ipx5-rollerbeastgreen\/#primaryimage\"},\"thumbnailUrl\":\"https:\/\/aivlisoft.net\/shop\/wp-content\/uploads\/2025\/01\/MAUAPO0528_800.jpg\",\"datePublished\":\"2025-01-13T15:03:59+00:00\",\"dateModified\":\"2025-01-14T20:50:44+00:00\",\"breadcrumb\":{\"@id\":\"https:\/\/aivlisoft.net\/shop\/producto\/ngs-altavoz-portatil-bt-rgb-ipx5-rollerbeastgreen\/#breadcrumb\"},\"inLanguage\":\"es\",\"potentialAction\":[{\"@type\":\"ReadAction\",\"target\":[\"https:\/\/aivlisoft.net\/shop\/producto\/ngs-altavoz-portatil-bt-rgb-ipx5-rollerbeastgreen\/\"]}]},{\"@type\":\"ImageObject\",\"inLanguage\":\"es\",\"@id\":\"https:\/\/aivlisoft.net\/shop\/producto\/ngs-altavoz-portatil-bt-rgb-ipx5-rollerbeastgreen\/#primaryimage\",\"url\":\"https:\/\/aivlisoft.net\/shop\/wp-content\/uploads\/2025\/01\/MAUAPO0528_800.jpg\",\"contentUrl\":\"https:\/\/aivlisoft.net\/shop\/wp-content\/uploads\/2025\/01\/MAUAPO0528_800.jpg\",\"width\":800,\"height\":800},{\"@type\":\"BreadcrumbList\",\"@id\":\"https:\/\/aivlisoft.net\/shop\/producto\/ngs-altavoz-portatil-bt-rgb-ipx5-rollerbeastgreen\/#breadcrumb\",\"itemListElement\":[{\"@type\":\"ListItem\",\"position\":1,\"name\":\"Portada\",\"item\":\"https:\/\/aivlisoft.net\/shop\/\"},{\"@type\":\"ListItem\",\"position\":2,\"name\":\"Tienda\",\"item\":\"https:\/\/aivlisoft.net\/shop\/tienda\/\"},{\"@type\":\"ListItem\",\"position\":3,\"name\":\"NGS ALTAVOZ PORTATIL BT RGB IPX5 ROLLERBEASTGREEN\"}]},{\"@type\":\"WebSite\",\"@id\":\"https:\/\/aivlisoft.net\/shop\/#website\",\"url\":\"https:\/\/aivlisoft.net\/shop\/\",\"name\":\"Aivlisoft Inform\u00e1tica\",\"description\":\"En Aivlisoft Inform\u00e1tica ofrecemos soluciones tecnol\u00f3gicas para empresas: venta de ordenadores, consumibles, perif\u00e9ricos y m\u00e1s. Calidad, atenci\u00f3n personalizada y los mejores precios para tu negocio.\",\"publisher\":{\"@id\":\"https:\/\/aivlisoft.net\/shop\/#organization\"},\"potentialAction\":[{\"@type\":\"SearchAction\",\"target\":{\"@type\":\"EntryPoint\",\"urlTemplate\":\"https:\/\/aivlisoft.net\/shop\/?s={search_term_string}\"},\"query-input\":{\"@type\":\"PropertyValueSpecification\",\"valueRequired\":true,\"valueName\":\"search_term_string\"}}],\"inLanguage\":\"es\"},{\"@type\":\"Organization\",\"@id\":\"https:\/\/aivlisoft.net\/shop\/#organization\",\"name\":\"Aivlisoft Inform\u00e1tica\",\"url\":\"https:\/\/aivlisoft.net\/shop\/\",\"logo\":{\"@type\":\"ImageObject\",\"inLanguage\":\"es\",\"@id\":\"https:\/\/aivlisoft.net\/shop\/#\/schema\/logo\/image\/\",\"url\":\"https:\/\/aivlisoft.net\/shop\/wp-content\/uploads\/2024\/12\/removal.ai_5b848c54-0cdf-4140-95c5-c5536bb7573b-logodef.png\",\"contentUrl\":\"https:\/\/aivlisoft.net\/shop\/wp-content\/uploads\/2024\/12\/removal.ai_5b848c54-0cdf-4140-95c5-c5536bb7573b-logodef.png\",\"width\":484,\"height\":182,\"caption\":\"Aivlisoft Inform\u00e1tica\"},\"image\":{\"@id\":\"https:\/\/aivlisoft.net\/shop\/#\/schema\/logo\/image\/\"}}]}<\/script>\n<!-- \/ Yoast SEO plugin. -->","yoast_head_json":{"title":"NGS ALTAVOZ PORTATIL BT RGB IPX5 ROLLERBEASTGREEN - Aivlisoft Inform\u00e1tica","robots":{"index":"index","follow":"follow","max-snippet":"max-snippet:-1","max-image-preview":"max-image-preview:large","max-video-preview":"max-video-preview:-1"},"canonical":"https:\/\/aivlisoft.net\/shop\/producto\/ngs-altavoz-portatil-bt-rgb-ipx5-rollerbeastgreen\/","og_locale":"es_ES","og_type":"article","og_title":"NGS ALTAVOZ PORTATIL BT RGB IPX5 ROLLERBEASTGREEN - Aivlisoft Inform\u00e1tica","og_description":"Marca NGS Modelo ROLLERBEASTGREEN Caracter&iacute;sticas &#8211; Compatible con bluetooth 5.0 &#8211; True Wireless Stereo (TWS) &#8211; Distancia de funcionamiento: hasta 10 metros &#8211; Resistente al agua IPX5 &#8211; Radio FM &#8211; RMS: 16W &#8211; Potencia de salida: 32W (2 x 16W) &#8211; Bater&iacute;a: Ion-Li 6000mAh\/7,4V &#8211; Tiempo de funcionamiento: 7 horas* * con luces &nbsp;&hellip;&nbsp;NGS ALTAVOZ PORTATIL BT RGB IPX5 ROLLERBEASTGREEN","og_url":"https:\/\/aivlisoft.net\/shop\/producto\/ngs-altavoz-portatil-bt-rgb-ipx5-rollerbeastgreen\/","og_site_name":"Aivlisoft Inform\u00e1tica","article_modified_time":"2025-01-14T20:50:44+00:00","og_image":[{"width":800,"height":800,"url":"https:\/\/aivlisoft.net\/shop\/wp-content\/uploads\/2025\/01\/MAUAPO0528_800.jpg","type":"image\/jpeg"}],"twitter_card":"summary_large_image","twitter_misc":{"Tiempo de lectura":"1 minuto"},"schema":{"@context":"https:\/\/schema.org","@graph":[{"@type":"WebPage","@id":"https:\/\/aivlisoft.net\/shop\/producto\/ngs-altavoz-portatil-bt-rgb-ipx5-rollerbeastgreen\/","url":"https:\/\/aivlisoft.net\/shop\/producto\/ngs-altavoz-portatil-bt-rgb-ipx5-rollerbeastgreen\/","name":"NGS ALTAVOZ PORTATIL BT RGB IPX5 ROLLERBEASTGREEN - Aivlisoft Inform\u00e1tica","isPartOf":{"@id":"https:\/\/aivlisoft.net\/shop\/#website"},"primaryImageOfPage":{"@id":"https:\/\/aivlisoft.net\/shop\/producto\/ngs-altavoz-portatil-bt-rgb-ipx5-rollerbeastgreen\/#primaryimage"},"image":{"@id":"https:\/\/aivlisoft.net\/shop\/producto\/ngs-altavoz-portatil-bt-rgb-ipx5-rollerbeastgreen\/#primaryimage"},"thumbnailUrl":"https:\/\/aivlisoft.net\/shop\/wp-content\/uploads\/2025\/01\/MAUAPO0528_800.jpg","datePublished":"2025-01-13T15:03:59+00:00","dateModified":"2025-01-14T20:50:44+00:00","breadcrumb":{"@id":"https:\/\/aivlisoft.net\/shop\/producto\/ngs-altavoz-portatil-bt-rgb-ipx5-rollerbeastgreen\/#breadcrumb"},"inLanguage":"es","potentialAction":[{"@type":"ReadAction","target":["https:\/\/aivlisoft.net\/shop\/producto\/ngs-altavoz-portatil-bt-rgb-ipx5-rollerbeastgreen\/"]}]},{"@type":"ImageObject","inLanguage":"es","@id":"https:\/\/aivlisoft.net\/shop\/producto\/ngs-altavoz-portatil-bt-rgb-ipx5-rollerbeastgreen\/#primaryimage","url":"https:\/\/aivlisoft.net\/shop\/wp-content\/uploads\/2025\/01\/MAUAPO0528_800.jpg","contentUrl":"https:\/\/aivlisoft.net\/shop\/wp-content\/uploads\/2025\/01\/MAUAPO0528_800.jpg","width":800,"height":800},{"@type":"BreadcrumbList","@id":"https:\/\/aivlisoft.net\/shop\/producto\/ngs-altavoz-portatil-bt-rgb-ipx5-rollerbeastgreen\/#breadcrumb","itemListElement":[{"@type":"ListItem","position":1,"name":"Portada","item":"https:\/\/aivlisoft.net\/shop\/"},{"@type":"ListItem","position":2,"name":"Tienda","item":"https:\/\/aivlisoft.net\/shop\/tienda\/"},{"@type":"ListItem","position":3,"name":"NGS ALTAVOZ PORTATIL BT RGB IPX5 ROLLERBEASTGREEN"}]},{"@type":"WebSite","@id":"https:\/\/aivlisoft.net\/shop\/#website","url":"https:\/\/aivlisoft.net\/shop\/","name":"Aivlisoft Inform\u00e1tica","description":"En Aivlisoft Inform\u00e1tica ofrecemos soluciones tecnol\u00f3gicas para empresas: venta de ordenadores, consumibles, perif\u00e9ricos y m\u00e1s. Calidad, atenci\u00f3n personalizada y los mejores precios para tu negocio.","publisher":{"@id":"https:\/\/aivlisoft.net\/shop\/#organization"},"potentialAction":[{"@type":"SearchAction","target":{"@type":"EntryPoint","urlTemplate":"https:\/\/aivlisoft.net\/shop\/?s={search_term_string}"},"query-input":{"@type":"PropertyValueSpecification","valueRequired":true,"valueName":"search_term_string"}}],"inLanguage":"es"},{"@type":"Organization","@id":"https:\/\/aivlisoft.net\/shop\/#organization","name":"Aivlisoft Inform\u00e1tica","url":"https:\/\/aivlisoft.net\/shop\/","logo":{"@type":"ImageObject","inLanguage":"es","@id":"https:\/\/aivlisoft.net\/shop\/#\/schema\/logo\/image\/","url":"https:\/\/aivlisoft.net\/shop\/wp-content\/uploads\/2024\/12\/removal.ai_5b848c54-0cdf-4140-95c5-c5536bb7573b-logodef.png","contentUrl":"https:\/\/aivlisoft.net\/shop\/wp-content\/uploads\/2024\/12\/removal.ai_5b848c54-0cdf-4140-95c5-c5536bb7573b-logodef.png","width":484,"height":182,"caption":"Aivlisoft Inform\u00e1tica"},"image":{"@id":"https:\/\/aivlisoft.net\/shop\/#\/schema\/logo\/image\/"}}]}},"_links":{"self":[{"href":"https:\/\/aivlisoft.net\/shop\/wp-json\/wp\/v2\/product\/16607","targetHints":{"allow":["GET"]}}],"collection":[{"href":"https:\/\/aivlisoft.net\/shop\/wp-json\/wp\/v2\/product"}],"about":[{"href":"https:\/\/aivlisoft.net\/shop\/wp-json\/wp\/v2\/types\/product"}],"wp:featuredmedia":[{"embeddable":true,"href":"https:\/\/aivlisoft.net\/shop\/wp-json\/wp\/v2\/media\/16608"}],"wp:attachment":[{"href":"https:\/\/aivlisoft.net\/shop\/wp-json\/wp\/v2\/media?parent=16607"}],"wp:term":[{"taxonomy":"product_brand","embeddable":true,"href":"https:\/\/aivlisoft.net\/shop\/wp-json\/wp\/v2\/product_brand?post=16607"},{"taxonomy":"product_cat","embeddable":true,"href":"https:\/\/aivlisoft.net\/shop\/wp-json\/wp\/v2\/product_cat?post=16607"},{"taxonomy":"product_tag","embeddable":true,"href":"https:\/\/aivlisoft.net\/shop\/wp-json\/wp\/v2\/product_tag?post=16607"}],"curies":[{"name":"wp","href":"https:\/\/api.w.org\/{rel}","templated":true}]}}