{"id":16563,"date":"2025-01-13T15:03:32","date_gmt":"2025-01-13T15:03:32","guid":{"rendered":"https:\/\/aivlisoft.com\/?post_type=product&#038;p=16563"},"modified":"2025-01-14T20:50:50","modified_gmt":"2025-01-14T20:50:50","slug":"spc-altavoz-powepool-4432n-14w-usb-c-sumer","status":"publish","type":"product","link":"https:\/\/aivlisoft.net\/shop\/producto\/spc-altavoz-powepool-4432n-14w-usb-c-sumer\/","title":{"rendered":"SPC Altavoz Powepool 4432N 14w usb-c sumer."},"content":{"rendered":"<p><strong>Sonido alto y claro con toques de luz<\/strong><br \/>Altavoz con 14W de potencia que reproduce audio con una calidad y nitidez impactante, respetando tanto sus matices agudos como los graves. Tambi&eacute;n incorpora luz para animar la fiesta o dar un toque m&aacute;gico a ese momento en el que nos rendimos al efecto bals&aacute;mico de la m&uacute;sica en nuestros o&iacute;dos. Escuches lo que escuches, cambiar&aacute; de tonalidad de acuerdo a los impulsos de la m&uacute;sica.<\/p>\n<p><strong>Hasta 20 horas de reproducci&oacute;n<\/strong><br \/>Incansable. Inagotable. Infatigable. As&iacute; es el SPC SOUND POWERPOOL, un altavoz compacto con marcha en el cuerpo para rato. Si la fiesta termina, &iexcl;no ser&aacute; por &eacute;l!<\/p>\n<p><strong>Altavoz acu&aacute;tico perfecto para d&iacute;as de playa o piscina<\/strong><br \/>Su protecci&oacute;n IPX7 ofrece una alt&iacute;sima resistencia al agua, hasta el punto de que si por accidente se da un peque&ntilde;o chapuz&oacute;n no hay nada que temer<\/p>\n<p><strong>Peque&ntilde;o gran altavoz<\/strong><br \/>Dise&ntilde;o de tubo compacto, muy c&oacute;modo para llevarlo a cualquier sitio. Textura goma con acabado textil agradable al tacto y muy resistente. Botones grandes para subir o bajar el volumen y cambiar de canci&oacute;n<\/p>\n<p><strong>Bluetooth 5.0 y manos libres<\/strong><br \/>Atiende llamadas con su funci&oacute;n manos libres y reproduce tus canciones favoritas desde tu m&oacute;vil, tablet u otro dispositivo con Bluetooth. Y si tu coche o PC no tiene Bluetooth tambi&eacute;n podr&aacute;s conectarlo por cable.<br \/>&iexcl;Que no falte la m&uacute;sica!<\/p>\n<p><strong>Una experiencia envolvente<\/strong><br \/>Con la tecnolog&iacute;a TWS incorporada podr&aacute;s conectar dos altavoces SPC SOUND POWERPOOL y disfrutar de un envolvente sonido est&eacute;reo al transmitir de manera separada el canal izquierdo y derecho en cada uno de los altavoces.<\/p>\n<table class=\"tabla_caracteristicas\" width=\"100%\">\n<tr>\n<td valign=\"top\"><strong>Marca<\/strong><\/td>\n<td>SPC<\/td>\n<\/tr>\n<tr>\n<td valign=\"top\"><strong>Modelo<\/strong><\/td>\n<td><strong>4432N<\/strong><\/td>\n<\/tr>\n<tr>\n<td valign=\"top\"><strong>Caracter&iacute;sticas<\/strong><\/td>\n<td><strong>Especificaciones<\/strong><br \/>\t\t\t&#8211; IPX7 Waterproof<br \/>\t\t\t&#8211; Conexi&oacute;n True Wireless de hasta 2 equipos<br \/>\t\t\t&#8211; Sistema de manos libres<br \/>\t\t\t&#8211; Bluetooth 5.0.<br \/>\t\t\t&#8211; Potencia de salida 7W x 2<br \/>\t\t\t&#8211; Alcance m&aacute;ximo 10 metros<br \/>\t\t\t&#8211; Entrada auxiliar 3,5 mm<br \/>\t\t\t&#8211; Ranura Micro SD<br \/>\t\t\t<strong>Bater&iacute;a<\/strong><br \/>\t\t\t&#8211; Bater&iacute;a de 1.800 mAh<br \/>\t\t\t&#8211; Autonom&iacute;a: sin luz 20 horas, con luz 12 horas a volumen medio. (La autonom&iacute;a var&iacute;a seg&uacute;n el nivel de volumen y tipo de m&uacute;sica).<br \/>\t\t\t&#8211; Carga por USB tipo C<br \/>\t\t\t&#8211; Tiempo de carga: 3,5 horas<br \/>\t\t\t<strong>Dimensiones y peso<\/strong><br \/>\t\t\t&#8211; Dimensiones: 84 x 84 x 106 mm. Peso: 320 g.<br \/>\t\t\t<strong>Contenido de la caja<\/strong><br \/>\t\t\t&#8211; Altavoz SPC SOUND Powerpool<br \/>\t\t\t&#8211; Cable de carga<br \/>\t\t\t&#8211; Gu&iacute;a r&aacute;pida.<\/td>\n<\/tr>\n<tr>\n<td valign=\"top\"><strong>Fecha de revisi&oacute;n<\/strong><\/td>\n<td>17-02-2022 por MPM<\/td>\n<\/tr>\n<\/table>\n","protected":false},"excerpt":{"rendered":"<p>Sonido alto y claro con toques de luzAltavoz con 14W de potencia que reproduce audio con una calidad y nitidez impactante, respetando tanto sus matices agudos como los graves. Tambi&eacute;n incorpora luz para animar la fiesta o dar un toque m&aacute;gico a ese momento en el que nos rendimos al efecto bals&aacute;mico de la m&uacute;sica&hellip;&nbsp;<a href=\"https:\/\/aivlisoft.net\/shop\/producto\/spc-altavoz-powepool-4432n-14w-usb-c-sumer\/\" rel=\"bookmark\"><span class=\"screen-reader-text\">SPC Altavoz Powepool 4432N 14w usb-c sumer.<\/span><\/a><\/p>\n","protected":false},"featured_media":16564,"template":"","meta":{"neve_meta_sidebar":"","neve_meta_container":"","neve_meta_enable_content_width":"","neve_meta_content_width":0,"neve_meta_title_alignment":"","neve_meta_author_avatar":"","neve_post_elements_order":"","neve_meta_disable_header":"","neve_meta_disable_footer":"","neve_meta_disable_title":""},"product_brand":[],"product_cat":[15,957,5818],"product_tag":[6140],"class_list":{"0":"post-16563","1":"product","2":"type-product","3":"status-publish","4":"has-post-thumbnail","6":"product_cat-sin-categorizar","7":"product_cat-accesorios-imagen-y-sonido","8":"product_cat-audio","9":"product_tag-4432n","11":"first","12":"instock","13":"taxable","14":"shipping-taxable","15":"purchasable","16":"product-type-simple"},"yoast_head":"<!-- This site is optimized with the Yoast SEO plugin v26.0 - https:\/\/yoast.com\/wordpress\/plugins\/seo\/ -->\n<title>SPC Altavoz Powepool 4432N 14w usb-c sumer. - Aivlisoft Inform\u00e1tica<\/title>\n<meta name=\"robots\" content=\"index, follow, max-snippet:-1, max-image-preview:large, max-video-preview:-1\" \/>\n<link rel=\"canonical\" href=\"https:\/\/aivlisoft.net\/shop\/producto\/spc-altavoz-powepool-4432n-14w-usb-c-sumer\/\" \/>\n<meta property=\"og:locale\" content=\"es_ES\" \/>\n<meta property=\"og:type\" content=\"article\" \/>\n<meta property=\"og:title\" content=\"SPC Altavoz Powepool 4432N 14w usb-c sumer. - Aivlisoft Inform\u00e1tica\" \/>\n<meta property=\"og:description\" content=\"Sonido alto y claro con toques de luzAltavoz con 14W de potencia que reproduce audio con una calidad y nitidez impactante, respetando tanto sus matices agudos como los graves. Tambi&eacute;n incorpora luz para animar la fiesta o dar un toque m&aacute;gico a ese momento en el que nos rendimos al efecto bals&aacute;mico de la m&uacute;sica&hellip;&nbsp;SPC Altavoz Powepool 4432N 14w usb-c sumer.\" \/>\n<meta property=\"og:url\" content=\"https:\/\/aivlisoft.net\/shop\/producto\/spc-altavoz-powepool-4432n-14w-usb-c-sumer\/\" \/>\n<meta property=\"og:site_name\" content=\"Aivlisoft Inform\u00e1tica\" \/>\n<meta property=\"article:modified_time\" content=\"2025-01-14T20:50:50+00:00\" \/>\n<meta property=\"og:image\" content=\"https:\/\/aivlisoft.net\/shop\/wp-content\/uploads\/2025\/01\/MAUAPO0502_800.jpg\" \/>\n\t<meta property=\"og:image:width\" content=\"800\" \/>\n\t<meta property=\"og:image:height\" content=\"800\" \/>\n\t<meta property=\"og:image:type\" content=\"image\/jpeg\" \/>\n<meta name=\"twitter:card\" content=\"summary_large_image\" \/>\n<meta name=\"twitter:label1\" content=\"Tiempo de lectura\" \/>\n\t<meta name=\"twitter:data1\" content=\"2 minutos\" \/>\n<script type=\"application\/ld+json\" class=\"yoast-schema-graph\">{\"@context\":\"https:\/\/schema.org\",\"@graph\":[{\"@type\":\"WebPage\",\"@id\":\"https:\/\/aivlisoft.net\/shop\/producto\/spc-altavoz-powepool-4432n-14w-usb-c-sumer\/\",\"url\":\"https:\/\/aivlisoft.net\/shop\/producto\/spc-altavoz-powepool-4432n-14w-usb-c-sumer\/\",\"name\":\"SPC Altavoz Powepool 4432N 14w usb-c sumer. - Aivlisoft Inform\u00e1tica\",\"isPartOf\":{\"@id\":\"https:\/\/aivlisoft.net\/shop\/#website\"},\"primaryImageOfPage\":{\"@id\":\"https:\/\/aivlisoft.net\/shop\/producto\/spc-altavoz-powepool-4432n-14w-usb-c-sumer\/#primaryimage\"},\"image\":{\"@id\":\"https:\/\/aivlisoft.net\/shop\/producto\/spc-altavoz-powepool-4432n-14w-usb-c-sumer\/#primaryimage\"},\"thumbnailUrl\":\"https:\/\/aivlisoft.net\/shop\/wp-content\/uploads\/2025\/01\/MAUAPO0502_800.jpg\",\"datePublished\":\"2025-01-13T15:03:32+00:00\",\"dateModified\":\"2025-01-14T20:50:50+00:00\",\"breadcrumb\":{\"@id\":\"https:\/\/aivlisoft.net\/shop\/producto\/spc-altavoz-powepool-4432n-14w-usb-c-sumer\/#breadcrumb\"},\"inLanguage\":\"es\",\"potentialAction\":[{\"@type\":\"ReadAction\",\"target\":[\"https:\/\/aivlisoft.net\/shop\/producto\/spc-altavoz-powepool-4432n-14w-usb-c-sumer\/\"]}]},{\"@type\":\"ImageObject\",\"inLanguage\":\"es\",\"@id\":\"https:\/\/aivlisoft.net\/shop\/producto\/spc-altavoz-powepool-4432n-14w-usb-c-sumer\/#primaryimage\",\"url\":\"https:\/\/aivlisoft.net\/shop\/wp-content\/uploads\/2025\/01\/MAUAPO0502_800.jpg\",\"contentUrl\":\"https:\/\/aivlisoft.net\/shop\/wp-content\/uploads\/2025\/01\/MAUAPO0502_800.jpg\",\"width\":800,\"height\":800},{\"@type\":\"BreadcrumbList\",\"@id\":\"https:\/\/aivlisoft.net\/shop\/producto\/spc-altavoz-powepool-4432n-14w-usb-c-sumer\/#breadcrumb\",\"itemListElement\":[{\"@type\":\"ListItem\",\"position\":1,\"name\":\"Portada\",\"item\":\"https:\/\/aivlisoft.net\/shop\/\"},{\"@type\":\"ListItem\",\"position\":2,\"name\":\"Tienda\",\"item\":\"https:\/\/aivlisoft.net\/shop\/tienda\/\"},{\"@type\":\"ListItem\",\"position\":3,\"name\":\"SPC Altavoz Powepool 4432N 14w usb-c sumer.\"}]},{\"@type\":\"WebSite\",\"@id\":\"https:\/\/aivlisoft.net\/shop\/#website\",\"url\":\"https:\/\/aivlisoft.net\/shop\/\",\"name\":\"Aivlisoft Inform\u00e1tica\",\"description\":\"En Aivlisoft Inform\u00e1tica ofrecemos soluciones tecnol\u00f3gicas para empresas: venta de ordenadores, consumibles, perif\u00e9ricos y m\u00e1s. Calidad, atenci\u00f3n personalizada y los mejores precios para tu negocio.\",\"publisher\":{\"@id\":\"https:\/\/aivlisoft.net\/shop\/#organization\"},\"potentialAction\":[{\"@type\":\"SearchAction\",\"target\":{\"@type\":\"EntryPoint\",\"urlTemplate\":\"https:\/\/aivlisoft.net\/shop\/?s={search_term_string}\"},\"query-input\":{\"@type\":\"PropertyValueSpecification\",\"valueRequired\":true,\"valueName\":\"search_term_string\"}}],\"inLanguage\":\"es\"},{\"@type\":\"Organization\",\"@id\":\"https:\/\/aivlisoft.net\/shop\/#organization\",\"name\":\"Aivlisoft Inform\u00e1tica\",\"url\":\"https:\/\/aivlisoft.net\/shop\/\",\"logo\":{\"@type\":\"ImageObject\",\"inLanguage\":\"es\",\"@id\":\"https:\/\/aivlisoft.net\/shop\/#\/schema\/logo\/image\/\",\"url\":\"https:\/\/aivlisoft.net\/shop\/wp-content\/uploads\/2024\/12\/removal.ai_5b848c54-0cdf-4140-95c5-c5536bb7573b-logodef.png\",\"contentUrl\":\"https:\/\/aivlisoft.net\/shop\/wp-content\/uploads\/2024\/12\/removal.ai_5b848c54-0cdf-4140-95c5-c5536bb7573b-logodef.png\",\"width\":484,\"height\":182,\"caption\":\"Aivlisoft Inform\u00e1tica\"},\"image\":{\"@id\":\"https:\/\/aivlisoft.net\/shop\/#\/schema\/logo\/image\/\"}}]}<\/script>\n<!-- \/ Yoast SEO plugin. -->","yoast_head_json":{"title":"SPC Altavoz Powepool 4432N 14w usb-c sumer. - Aivlisoft Inform\u00e1tica","robots":{"index":"index","follow":"follow","max-snippet":"max-snippet:-1","max-image-preview":"max-image-preview:large","max-video-preview":"max-video-preview:-1"},"canonical":"https:\/\/aivlisoft.net\/shop\/producto\/spc-altavoz-powepool-4432n-14w-usb-c-sumer\/","og_locale":"es_ES","og_type":"article","og_title":"SPC Altavoz Powepool 4432N 14w usb-c sumer. - Aivlisoft Inform\u00e1tica","og_description":"Sonido alto y claro con toques de luzAltavoz con 14W de potencia que reproduce audio con una calidad y nitidez impactante, respetando tanto sus matices agudos como los graves. Tambi&eacute;n incorpora luz para animar la fiesta o dar un toque m&aacute;gico a ese momento en el que nos rendimos al efecto bals&aacute;mico de la m&uacute;sica&hellip;&nbsp;SPC Altavoz Powepool 4432N 14w usb-c sumer.","og_url":"https:\/\/aivlisoft.net\/shop\/producto\/spc-altavoz-powepool-4432n-14w-usb-c-sumer\/","og_site_name":"Aivlisoft Inform\u00e1tica","article_modified_time":"2025-01-14T20:50:50+00:00","og_image":[{"width":800,"height":800,"url":"https:\/\/aivlisoft.net\/shop\/wp-content\/uploads\/2025\/01\/MAUAPO0502_800.jpg","type":"image\/jpeg"}],"twitter_card":"summary_large_image","twitter_misc":{"Tiempo de lectura":"2 minutos"},"schema":{"@context":"https:\/\/schema.org","@graph":[{"@type":"WebPage","@id":"https:\/\/aivlisoft.net\/shop\/producto\/spc-altavoz-powepool-4432n-14w-usb-c-sumer\/","url":"https:\/\/aivlisoft.net\/shop\/producto\/spc-altavoz-powepool-4432n-14w-usb-c-sumer\/","name":"SPC Altavoz Powepool 4432N 14w usb-c sumer. - Aivlisoft Inform\u00e1tica","isPartOf":{"@id":"https:\/\/aivlisoft.net\/shop\/#website"},"primaryImageOfPage":{"@id":"https:\/\/aivlisoft.net\/shop\/producto\/spc-altavoz-powepool-4432n-14w-usb-c-sumer\/#primaryimage"},"image":{"@id":"https:\/\/aivlisoft.net\/shop\/producto\/spc-altavoz-powepool-4432n-14w-usb-c-sumer\/#primaryimage"},"thumbnailUrl":"https:\/\/aivlisoft.net\/shop\/wp-content\/uploads\/2025\/01\/MAUAPO0502_800.jpg","datePublished":"2025-01-13T15:03:32+00:00","dateModified":"2025-01-14T20:50:50+00:00","breadcrumb":{"@id":"https:\/\/aivlisoft.net\/shop\/producto\/spc-altavoz-powepool-4432n-14w-usb-c-sumer\/#breadcrumb"},"inLanguage":"es","potentialAction":[{"@type":"ReadAction","target":["https:\/\/aivlisoft.net\/shop\/producto\/spc-altavoz-powepool-4432n-14w-usb-c-sumer\/"]}]},{"@type":"ImageObject","inLanguage":"es","@id":"https:\/\/aivlisoft.net\/shop\/producto\/spc-altavoz-powepool-4432n-14w-usb-c-sumer\/#primaryimage","url":"https:\/\/aivlisoft.net\/shop\/wp-content\/uploads\/2025\/01\/MAUAPO0502_800.jpg","contentUrl":"https:\/\/aivlisoft.net\/shop\/wp-content\/uploads\/2025\/01\/MAUAPO0502_800.jpg","width":800,"height":800},{"@type":"BreadcrumbList","@id":"https:\/\/aivlisoft.net\/shop\/producto\/spc-altavoz-powepool-4432n-14w-usb-c-sumer\/#breadcrumb","itemListElement":[{"@type":"ListItem","position":1,"name":"Portada","item":"https:\/\/aivlisoft.net\/shop\/"},{"@type":"ListItem","position":2,"name":"Tienda","item":"https:\/\/aivlisoft.net\/shop\/tienda\/"},{"@type":"ListItem","position":3,"name":"SPC Altavoz Powepool 4432N 14w usb-c sumer."}]},{"@type":"WebSite","@id":"https:\/\/aivlisoft.net\/shop\/#website","url":"https:\/\/aivlisoft.net\/shop\/","name":"Aivlisoft Inform\u00e1tica","description":"En Aivlisoft Inform\u00e1tica ofrecemos soluciones tecnol\u00f3gicas para empresas: venta de ordenadores, consumibles, perif\u00e9ricos y m\u00e1s. Calidad, atenci\u00f3n personalizada y los mejores precios para tu negocio.","publisher":{"@id":"https:\/\/aivlisoft.net\/shop\/#organization"},"potentialAction":[{"@type":"SearchAction","target":{"@type":"EntryPoint","urlTemplate":"https:\/\/aivlisoft.net\/shop\/?s={search_term_string}"},"query-input":{"@type":"PropertyValueSpecification","valueRequired":true,"valueName":"search_term_string"}}],"inLanguage":"es"},{"@type":"Organization","@id":"https:\/\/aivlisoft.net\/shop\/#organization","name":"Aivlisoft Inform\u00e1tica","url":"https:\/\/aivlisoft.net\/shop\/","logo":{"@type":"ImageObject","inLanguage":"es","@id":"https:\/\/aivlisoft.net\/shop\/#\/schema\/logo\/image\/","url":"https:\/\/aivlisoft.net\/shop\/wp-content\/uploads\/2024\/12\/removal.ai_5b848c54-0cdf-4140-95c5-c5536bb7573b-logodef.png","contentUrl":"https:\/\/aivlisoft.net\/shop\/wp-content\/uploads\/2024\/12\/removal.ai_5b848c54-0cdf-4140-95c5-c5536bb7573b-logodef.png","width":484,"height":182,"caption":"Aivlisoft Inform\u00e1tica"},"image":{"@id":"https:\/\/aivlisoft.net\/shop\/#\/schema\/logo\/image\/"}}]}},"_links":{"self":[{"href":"https:\/\/aivlisoft.net\/shop\/wp-json\/wp\/v2\/product\/16563","targetHints":{"allow":["GET"]}}],"collection":[{"href":"https:\/\/aivlisoft.net\/shop\/wp-json\/wp\/v2\/product"}],"about":[{"href":"https:\/\/aivlisoft.net\/shop\/wp-json\/wp\/v2\/types\/product"}],"wp:featuredmedia":[{"embeddable":true,"href":"https:\/\/aivlisoft.net\/shop\/wp-json\/wp\/v2\/media\/16564"}],"wp:attachment":[{"href":"https:\/\/aivlisoft.net\/shop\/wp-json\/wp\/v2\/media?parent=16563"}],"wp:term":[{"taxonomy":"product_brand","embeddable":true,"href":"https:\/\/aivlisoft.net\/shop\/wp-json\/wp\/v2\/product_brand?post=16563"},{"taxonomy":"product_cat","embeddable":true,"href":"https:\/\/aivlisoft.net\/shop\/wp-json\/wp\/v2\/product_cat?post=16563"},{"taxonomy":"product_tag","embeddable":true,"href":"https:\/\/aivlisoft.net\/shop\/wp-json\/wp\/v2\/product_tag?post=16563"}],"curies":[{"name":"wp","href":"https:\/\/api.w.org\/{rel}","templated":true}]}}