{"id":16558,"date":"2025-01-13T15:03:30","date_gmt":"2025-01-13T15:03:30","guid":{"rendered":"https:\/\/aivlisoft.com\/?post_type=product&#038;p=16558"},"modified":"2025-01-14T20:50:50","modified_gmt":"2025-01-14T20:50:50","slug":"spc-altavoz-minimax-4430n-usb-c-sumergible","status":"publish","type":"product","link":"https:\/\/aivlisoft.net\/shop\/producto\/spc-altavoz-minimax-4430n-usb-c-sumergible\/","title":{"rendered":"SPC Altavoz Minimax 4430N usb-c sumergible"},"content":{"rendered":"<p><strong>El SPC SOUND MINIMAX<\/strong> es de dimensiones reducidas pero en su interior cuenta con una bater&iacute;a XL de 2000 mAh que garantiza una alt&iacute;sima autonom&iacute;a.<br \/>&iexcl;Un altavoz que te sigue el ritmo y disfruta de la m&uacute;sica tanto como t&uacute;!<\/p>\n<p><strong>Peque&ntilde;o pero mat&oacute;n<\/strong><br \/>Potencia de salida de 5W que se traduce en un sonido sorprendente y de alta calidad incluso en sonidos graves. Para que no te pierdas ning&uacute;n detalle ni matiz de tus canciones favoritas.<\/p>\n<p><strong>Bailar&aacute; contigo bajo la lluvia<\/strong><br \/>Ll&eacute;valo donde quieras y sigue disfrutando de la m&uacute;sica aunque te pille un chaparr&oacute;n. Incluso si cae accidentalmente en un charco o fuente, RESPIRA porque no hay de qu&eacute; preocuparse. Tiene protecci&oacute;n IPX7, lo que significa que tiene una alt&iacute;sima resistencia al agua llegando a soportar una inmersi&oacute;n total de unos minutos bajo el agua.<\/p>\n<p><strong>Placer para los o&iacute;dos, la vista y el tacto<\/strong><br \/>Compacto. Port&aacute;til. Atemporal. Su dise&ntilde;o es una apuesta por el futuro. Para que no te canses de verlo, de usarlo y de disfrutarlo. Con un tama&ntilde;o a la medida de tu mano y un acabado textil tan agradable que har&aacute; que sea dif&iacute;cil dejar de tocarlo.<\/p>\n<p><strong>En est&eacute;reo para un sonido a&uacute;n m&aacute;s realista<\/strong><br \/>La tecnolog&iacute;a TWS permite emparejar dos dispositivos de audio SPC SOUND MINIMAX a un mismo smartphone a trav&eacute;s de la conexi&oacute;n Bluetooth. De esta manera conseguir&aacute;s transmitir de manera separada el canal izquierdo y derecho en cada uno de los altavoces y escuchar en modo est&eacute;reo.<\/p>\n<p><strong>Conexi&oacute;n inal&aacute;mbrica<\/strong><br \/>Reproduce, pausa, rebobina o cambia tus canciones favoritas desde tu m&oacute;vil, tablet u otro dispositivo con Bluetooth. Sin cables, sin ataduras.<\/p>\n<table class=\"tabla_caracteristicas\" width=\"100%\">\n<tr>\n<td valign=\"top\"><strong>Marca<\/strong><\/td>\n<td>SPC<\/td>\n<\/tr>\n<tr>\n<td valign=\"top\"><strong>Modelo<\/strong><\/td>\n<td><strong>4430N<\/strong><\/td>\n<\/tr>\n<tr>\n<td valign=\"top\"><strong>Caracter&iacute;sticas<\/strong><\/td>\n<td><strong>Especificaciones<\/strong><br \/>\t\t\t&#8211; IPX7 Waterproof<br \/>\t\t\t&#8211; Conexi&oacute;n True Wireless de hasta 2 equipos<br \/>\t\t\t&#8211; Bluetooth 5.1<br \/>\t\t\t&#8211; Potencia de salida 5W<br \/>\t\t\t&#8211; Alcance m&aacute;ximo 10 metros<br \/>\t\t\t<strong>Bater&iacute;a<\/strong><br \/>\t\t\t&#8211; Bater&iacute;a de 2.000 mAh<br \/>\t\t\t&#8211; Autonom&iacute;a 24 horas a volumen medio. (La autonom&iacute;a var&iacute;a seg&uacute;n el nivel de volumen y tipo de m&uacute;sica)<br \/>\t\t\t&#8211; Carga por USB tipo C<br \/>\t\t\t&#8211; Tiempo de carga: 4 horas<br \/>\t\t\t<strong>Dimensiones y peso<\/strong><br \/>\t\t\t&#8211; Dimensiones: 104 x 45 x 90 mm. Peso: 250 g.<br \/>\t\t\t<strong>Contenido de la caja<\/strong><br \/>\t\t\t&#8211; Altavoz SPC SOUND MINIMAX<br \/>\t\t\t&#8211; Cable de carga<br \/>\t\t\t&#8211; Gu&iacute;a r&aacute;pida.<\/td>\n<\/tr>\n<tr>\n<td valign=\"top\"><strong>Fecha de revisi&oacute;n<\/strong><\/td>\n<td>17-02-2022 por MPM<\/td>\n<\/tr>\n<\/table>\n","protected":false},"excerpt":{"rendered":"<p>El SPC SOUND MINIMAX es de dimensiones reducidas pero en su interior cuenta con una bater&iacute;a XL de 2000 mAh que garantiza una alt&iacute;sima autonom&iacute;a.&iexcl;Un altavoz que te sigue el ritmo y disfruta de la m&uacute;sica tanto como t&uacute;! Peque&ntilde;o pero mat&oacute;nPotencia de salida de 5W que se traduce en un sonido sorprendente y de&hellip;&nbsp;<a href=\"https:\/\/aivlisoft.net\/shop\/producto\/spc-altavoz-minimax-4430n-usb-c-sumergible\/\" rel=\"bookmark\"><span class=\"screen-reader-text\">SPC Altavoz Minimax 4430N usb-c sumergible<\/span><\/a><\/p>\n","protected":false},"featured_media":16559,"template":"","meta":{"neve_meta_sidebar":"","neve_meta_container":"","neve_meta_enable_content_width":"","neve_meta_content_width":0,"neve_meta_title_alignment":"","neve_meta_author_avatar":"","neve_post_elements_order":"","neve_meta_disable_header":"","neve_meta_disable_footer":"","neve_meta_disable_title":""},"product_brand":[],"product_cat":[15,957,5818],"product_tag":[6139],"class_list":{"0":"post-16558","1":"product","2":"type-product","3":"status-publish","4":"has-post-thumbnail","6":"product_cat-sin-categorizar","7":"product_cat-accesorios-imagen-y-sonido","8":"product_cat-audio","9":"product_tag-4430n","11":"first","12":"instock","13":"taxable","14":"shipping-taxable","15":"purchasable","16":"product-type-simple"},"yoast_head":"<!-- This site is optimized with the Yoast SEO plugin v26.0 - https:\/\/yoast.com\/wordpress\/plugins\/seo\/ -->\n<title>SPC Altavoz Minimax 4430N usb-c sumergible - Aivlisoft Inform\u00e1tica<\/title>\n<meta name=\"robots\" content=\"index, follow, max-snippet:-1, max-image-preview:large, max-video-preview:-1\" \/>\n<link rel=\"canonical\" href=\"https:\/\/aivlisoft.net\/shop\/producto\/spc-altavoz-minimax-4430n-usb-c-sumergible\/\" \/>\n<meta property=\"og:locale\" content=\"es_ES\" \/>\n<meta property=\"og:type\" content=\"article\" \/>\n<meta property=\"og:title\" content=\"SPC Altavoz Minimax 4430N usb-c sumergible - Aivlisoft Inform\u00e1tica\" \/>\n<meta property=\"og:description\" content=\"El SPC SOUND MINIMAX es de dimensiones reducidas pero en su interior cuenta con una bater&iacute;a XL de 2000 mAh que garantiza una alt&iacute;sima autonom&iacute;a.&iexcl;Un altavoz que te sigue el ritmo y disfruta de la m&uacute;sica tanto como t&uacute;! Peque&ntilde;o pero mat&oacute;nPotencia de salida de 5W que se traduce en un sonido sorprendente y de&hellip;&nbsp;SPC Altavoz Minimax 4430N usb-c sumergible\" \/>\n<meta property=\"og:url\" content=\"https:\/\/aivlisoft.net\/shop\/producto\/spc-altavoz-minimax-4430n-usb-c-sumergible\/\" \/>\n<meta property=\"og:site_name\" content=\"Aivlisoft Inform\u00e1tica\" \/>\n<meta property=\"article:modified_time\" content=\"2025-01-14T20:50:50+00:00\" \/>\n<meta property=\"og:image\" content=\"https:\/\/aivlisoft.net\/shop\/wp-content\/uploads\/2025\/01\/MAUAPO0501_800.jpg\" \/>\n\t<meta property=\"og:image:width\" content=\"800\" \/>\n\t<meta property=\"og:image:height\" content=\"800\" \/>\n\t<meta property=\"og:image:type\" content=\"image\/jpeg\" \/>\n<meta name=\"twitter:card\" content=\"summary_large_image\" \/>\n<meta name=\"twitter:label1\" content=\"Tiempo de lectura\" \/>\n\t<meta name=\"twitter:data1\" content=\"2 minutos\" \/>\n<script type=\"application\/ld+json\" class=\"yoast-schema-graph\">{\"@context\":\"https:\/\/schema.org\",\"@graph\":[{\"@type\":\"WebPage\",\"@id\":\"https:\/\/aivlisoft.net\/shop\/producto\/spc-altavoz-minimax-4430n-usb-c-sumergible\/\",\"url\":\"https:\/\/aivlisoft.net\/shop\/producto\/spc-altavoz-minimax-4430n-usb-c-sumergible\/\",\"name\":\"SPC Altavoz Minimax 4430N usb-c sumergible - Aivlisoft Inform\u00e1tica\",\"isPartOf\":{\"@id\":\"https:\/\/aivlisoft.net\/shop\/#website\"},\"primaryImageOfPage\":{\"@id\":\"https:\/\/aivlisoft.net\/shop\/producto\/spc-altavoz-minimax-4430n-usb-c-sumergible\/#primaryimage\"},\"image\":{\"@id\":\"https:\/\/aivlisoft.net\/shop\/producto\/spc-altavoz-minimax-4430n-usb-c-sumergible\/#primaryimage\"},\"thumbnailUrl\":\"https:\/\/aivlisoft.net\/shop\/wp-content\/uploads\/2025\/01\/MAUAPO0501_800.jpg\",\"datePublished\":\"2025-01-13T15:03:30+00:00\",\"dateModified\":\"2025-01-14T20:50:50+00:00\",\"breadcrumb\":{\"@id\":\"https:\/\/aivlisoft.net\/shop\/producto\/spc-altavoz-minimax-4430n-usb-c-sumergible\/#breadcrumb\"},\"inLanguage\":\"es\",\"potentialAction\":[{\"@type\":\"ReadAction\",\"target\":[\"https:\/\/aivlisoft.net\/shop\/producto\/spc-altavoz-minimax-4430n-usb-c-sumergible\/\"]}]},{\"@type\":\"ImageObject\",\"inLanguage\":\"es\",\"@id\":\"https:\/\/aivlisoft.net\/shop\/producto\/spc-altavoz-minimax-4430n-usb-c-sumergible\/#primaryimage\",\"url\":\"https:\/\/aivlisoft.net\/shop\/wp-content\/uploads\/2025\/01\/MAUAPO0501_800.jpg\",\"contentUrl\":\"https:\/\/aivlisoft.net\/shop\/wp-content\/uploads\/2025\/01\/MAUAPO0501_800.jpg\",\"width\":800,\"height\":800},{\"@type\":\"BreadcrumbList\",\"@id\":\"https:\/\/aivlisoft.net\/shop\/producto\/spc-altavoz-minimax-4430n-usb-c-sumergible\/#breadcrumb\",\"itemListElement\":[{\"@type\":\"ListItem\",\"position\":1,\"name\":\"Portada\",\"item\":\"https:\/\/aivlisoft.net\/shop\/\"},{\"@type\":\"ListItem\",\"position\":2,\"name\":\"Tienda\",\"item\":\"https:\/\/aivlisoft.net\/shop\/tienda\/\"},{\"@type\":\"ListItem\",\"position\":3,\"name\":\"SPC Altavoz Minimax 4430N usb-c sumergible\"}]},{\"@type\":\"WebSite\",\"@id\":\"https:\/\/aivlisoft.net\/shop\/#website\",\"url\":\"https:\/\/aivlisoft.net\/shop\/\",\"name\":\"Aivlisoft Inform\u00e1tica\",\"description\":\"En Aivlisoft Inform\u00e1tica ofrecemos soluciones tecnol\u00f3gicas para empresas: venta de ordenadores, consumibles, perif\u00e9ricos y m\u00e1s. Calidad, atenci\u00f3n personalizada y los mejores precios para tu negocio.\",\"publisher\":{\"@id\":\"https:\/\/aivlisoft.net\/shop\/#organization\"},\"potentialAction\":[{\"@type\":\"SearchAction\",\"target\":{\"@type\":\"EntryPoint\",\"urlTemplate\":\"https:\/\/aivlisoft.net\/shop\/?s={search_term_string}\"},\"query-input\":{\"@type\":\"PropertyValueSpecification\",\"valueRequired\":true,\"valueName\":\"search_term_string\"}}],\"inLanguage\":\"es\"},{\"@type\":\"Organization\",\"@id\":\"https:\/\/aivlisoft.net\/shop\/#organization\",\"name\":\"Aivlisoft Inform\u00e1tica\",\"url\":\"https:\/\/aivlisoft.net\/shop\/\",\"logo\":{\"@type\":\"ImageObject\",\"inLanguage\":\"es\",\"@id\":\"https:\/\/aivlisoft.net\/shop\/#\/schema\/logo\/image\/\",\"url\":\"https:\/\/aivlisoft.net\/shop\/wp-content\/uploads\/2024\/12\/removal.ai_5b848c54-0cdf-4140-95c5-c5536bb7573b-logodef.png\",\"contentUrl\":\"https:\/\/aivlisoft.net\/shop\/wp-content\/uploads\/2024\/12\/removal.ai_5b848c54-0cdf-4140-95c5-c5536bb7573b-logodef.png\",\"width\":484,\"height\":182,\"caption\":\"Aivlisoft Inform\u00e1tica\"},\"image\":{\"@id\":\"https:\/\/aivlisoft.net\/shop\/#\/schema\/logo\/image\/\"}}]}<\/script>\n<!-- \/ Yoast SEO plugin. -->","yoast_head_json":{"title":"SPC Altavoz Minimax 4430N usb-c sumergible - Aivlisoft Inform\u00e1tica","robots":{"index":"index","follow":"follow","max-snippet":"max-snippet:-1","max-image-preview":"max-image-preview:large","max-video-preview":"max-video-preview:-1"},"canonical":"https:\/\/aivlisoft.net\/shop\/producto\/spc-altavoz-minimax-4430n-usb-c-sumergible\/","og_locale":"es_ES","og_type":"article","og_title":"SPC Altavoz Minimax 4430N usb-c sumergible - Aivlisoft Inform\u00e1tica","og_description":"El SPC SOUND MINIMAX es de dimensiones reducidas pero en su interior cuenta con una bater&iacute;a XL de 2000 mAh que garantiza una alt&iacute;sima autonom&iacute;a.&iexcl;Un altavoz que te sigue el ritmo y disfruta de la m&uacute;sica tanto como t&uacute;! Peque&ntilde;o pero mat&oacute;nPotencia de salida de 5W que se traduce en un sonido sorprendente y de&hellip;&nbsp;SPC Altavoz Minimax 4430N usb-c sumergible","og_url":"https:\/\/aivlisoft.net\/shop\/producto\/spc-altavoz-minimax-4430n-usb-c-sumergible\/","og_site_name":"Aivlisoft Inform\u00e1tica","article_modified_time":"2025-01-14T20:50:50+00:00","og_image":[{"width":800,"height":800,"url":"https:\/\/aivlisoft.net\/shop\/wp-content\/uploads\/2025\/01\/MAUAPO0501_800.jpg","type":"image\/jpeg"}],"twitter_card":"summary_large_image","twitter_misc":{"Tiempo de lectura":"2 minutos"},"schema":{"@context":"https:\/\/schema.org","@graph":[{"@type":"WebPage","@id":"https:\/\/aivlisoft.net\/shop\/producto\/spc-altavoz-minimax-4430n-usb-c-sumergible\/","url":"https:\/\/aivlisoft.net\/shop\/producto\/spc-altavoz-minimax-4430n-usb-c-sumergible\/","name":"SPC Altavoz Minimax 4430N usb-c sumergible - Aivlisoft Inform\u00e1tica","isPartOf":{"@id":"https:\/\/aivlisoft.net\/shop\/#website"},"primaryImageOfPage":{"@id":"https:\/\/aivlisoft.net\/shop\/producto\/spc-altavoz-minimax-4430n-usb-c-sumergible\/#primaryimage"},"image":{"@id":"https:\/\/aivlisoft.net\/shop\/producto\/spc-altavoz-minimax-4430n-usb-c-sumergible\/#primaryimage"},"thumbnailUrl":"https:\/\/aivlisoft.net\/shop\/wp-content\/uploads\/2025\/01\/MAUAPO0501_800.jpg","datePublished":"2025-01-13T15:03:30+00:00","dateModified":"2025-01-14T20:50:50+00:00","breadcrumb":{"@id":"https:\/\/aivlisoft.net\/shop\/producto\/spc-altavoz-minimax-4430n-usb-c-sumergible\/#breadcrumb"},"inLanguage":"es","potentialAction":[{"@type":"ReadAction","target":["https:\/\/aivlisoft.net\/shop\/producto\/spc-altavoz-minimax-4430n-usb-c-sumergible\/"]}]},{"@type":"ImageObject","inLanguage":"es","@id":"https:\/\/aivlisoft.net\/shop\/producto\/spc-altavoz-minimax-4430n-usb-c-sumergible\/#primaryimage","url":"https:\/\/aivlisoft.net\/shop\/wp-content\/uploads\/2025\/01\/MAUAPO0501_800.jpg","contentUrl":"https:\/\/aivlisoft.net\/shop\/wp-content\/uploads\/2025\/01\/MAUAPO0501_800.jpg","width":800,"height":800},{"@type":"BreadcrumbList","@id":"https:\/\/aivlisoft.net\/shop\/producto\/spc-altavoz-minimax-4430n-usb-c-sumergible\/#breadcrumb","itemListElement":[{"@type":"ListItem","position":1,"name":"Portada","item":"https:\/\/aivlisoft.net\/shop\/"},{"@type":"ListItem","position":2,"name":"Tienda","item":"https:\/\/aivlisoft.net\/shop\/tienda\/"},{"@type":"ListItem","position":3,"name":"SPC Altavoz Minimax 4430N usb-c sumergible"}]},{"@type":"WebSite","@id":"https:\/\/aivlisoft.net\/shop\/#website","url":"https:\/\/aivlisoft.net\/shop\/","name":"Aivlisoft Inform\u00e1tica","description":"En Aivlisoft Inform\u00e1tica ofrecemos soluciones tecnol\u00f3gicas para empresas: venta de ordenadores, consumibles, perif\u00e9ricos y m\u00e1s. Calidad, atenci\u00f3n personalizada y los mejores precios para tu negocio.","publisher":{"@id":"https:\/\/aivlisoft.net\/shop\/#organization"},"potentialAction":[{"@type":"SearchAction","target":{"@type":"EntryPoint","urlTemplate":"https:\/\/aivlisoft.net\/shop\/?s={search_term_string}"},"query-input":{"@type":"PropertyValueSpecification","valueRequired":true,"valueName":"search_term_string"}}],"inLanguage":"es"},{"@type":"Organization","@id":"https:\/\/aivlisoft.net\/shop\/#organization","name":"Aivlisoft Inform\u00e1tica","url":"https:\/\/aivlisoft.net\/shop\/","logo":{"@type":"ImageObject","inLanguage":"es","@id":"https:\/\/aivlisoft.net\/shop\/#\/schema\/logo\/image\/","url":"https:\/\/aivlisoft.net\/shop\/wp-content\/uploads\/2024\/12\/removal.ai_5b848c54-0cdf-4140-95c5-c5536bb7573b-logodef.png","contentUrl":"https:\/\/aivlisoft.net\/shop\/wp-content\/uploads\/2024\/12\/removal.ai_5b848c54-0cdf-4140-95c5-c5536bb7573b-logodef.png","width":484,"height":182,"caption":"Aivlisoft Inform\u00e1tica"},"image":{"@id":"https:\/\/aivlisoft.net\/shop\/#\/schema\/logo\/image\/"}}]}},"_links":{"self":[{"href":"https:\/\/aivlisoft.net\/shop\/wp-json\/wp\/v2\/product\/16558","targetHints":{"allow":["GET"]}}],"collection":[{"href":"https:\/\/aivlisoft.net\/shop\/wp-json\/wp\/v2\/product"}],"about":[{"href":"https:\/\/aivlisoft.net\/shop\/wp-json\/wp\/v2\/types\/product"}],"wp:featuredmedia":[{"embeddable":true,"href":"https:\/\/aivlisoft.net\/shop\/wp-json\/wp\/v2\/media\/16559"}],"wp:attachment":[{"href":"https:\/\/aivlisoft.net\/shop\/wp-json\/wp\/v2\/media?parent=16558"}],"wp:term":[{"taxonomy":"product_brand","embeddable":true,"href":"https:\/\/aivlisoft.net\/shop\/wp-json\/wp\/v2\/product_brand?post=16558"},{"taxonomy":"product_cat","embeddable":true,"href":"https:\/\/aivlisoft.net\/shop\/wp-json\/wp\/v2\/product_cat?post=16558"},{"taxonomy":"product_tag","embeddable":true,"href":"https:\/\/aivlisoft.net\/shop\/wp-json\/wp\/v2\/product_tag?post=16558"}],"curies":[{"name":"wp","href":"https:\/\/api.w.org\/{rel}","templated":true}]}}