{"id":16548,"date":"2025-01-13T15:03:25","date_gmt":"2025-01-13T15:03:25","guid":{"rendered":"https:\/\/aivlisoft.com\/?post_type=product&#038;p=16548"},"modified":"2025-01-14T20:50:52","modified_gmt":"2025-01-14T20:50:52","slug":"ngs-altavoz-wildrave1-portatil-200w-bt-usb-aux","status":"publish","type":"product","link":"https:\/\/aivlisoft.net\/shop\/producto\/ngs-altavoz-wildrave1-portatil-200w-bt-usb-aux\/","title":{"rendered":"NGS Altavoz WILDRAVE1 Portatil 200W BT USB\/AUX"},"content":{"rendered":"<p>&#8211; Potente altavoz port&aacute;til equipado con doble subwoofer de 5&quot; y 200W de potencia m&aacute;xima.<br \/>&#8211; Estupendos efectos de sonido e iluminaci&oacute;n, monta una fiesta en cualquier lugar gracias a su bater&iacute;a integrada.<br \/>&#8211; Su dise&ntilde;o compacto, el tubo telesc&oacute;pico y las ruedas lo convierten en un dispositivo totalmente port&aacute;til.<br \/>&#8211; Tiene varias opciones para que reproduzcas tu m&uacute;sica como prefieras:<br \/>&#8211; Compatible con la tecnolog&iacute;a Bluetooth 5.0: Conecta tu dispositivo mediante Bluetooth y reproduce tu m&uacute;sica con la mejor calidad de sonido<br \/>&#8211; Entrada auxiliar: Conecta cualquier fuente de audio externa a trav&eacute;s de un cable de audio.<br \/>&#8211; Entrada de audio USB: Conecta una memoria flash USB y reproduce todos tus archivos digitales.<br \/>&#8211; Compatible con la tecnolog&iacute;a True Wireless Stereo: empareja dos dispositivos de forma inal&aacute;mbrica y simult&aacute;nea del Wild Rave a la vez y aumenta la potencia del sonido<br \/>&#8211; Cuenta con una bater&iacute;a recargable que puede aguantar hasta 6 horas de m&uacute;sica (al 50 % de volumen), puede variar en funci&oacute;n del volumen al que reproduzcas la m&uacute;sica.<br \/>&#8211; Aporta un ambiente festivo con las luces LED multicolor incorporadas de los altavoces. Con diferentes patrones de altavoces que se sincronizan al ritmo de tus canciones favoritas.<br \/>&#8211; Incluye varios modos para iluminar tu fiesta.<br \/>&#8211; Incluye entradas de micr&oacute;fono y guitarra para sacar al artista que llevas dentro.<br \/>&#8211; Incorpora un micr&oacute;fono con cable para tus sesiones de Karaoke.<br \/>&#8211; Funci&oacute;n de supergraves para potenciar los bajos a un nuevo y sorprendente nivel.<br \/>&#8211; Control de agudos y de graves que har&aacute; temblar la casa, para los tonos altos y bajos f&aacute;cilmente ajustables.<br \/>&#8211; Destaca por su facilidad de uso y comodidad.<br \/>&#8211; Mando a distancia incluido<\/p>\n<table class=\"tabla_caracteristicas k-table\" width=\"100%\">\n<tr>\n<td valign=\"top\"><strong>Marca<\/strong><\/td>\n<td>NGS<\/td>\n<\/tr>\n<tr>\n<td valign=\"top\"><strong>Modelo<\/strong><\/td>\n<td><strong>WILDRAVE1<\/strong><\/td>\n<\/tr>\n<tr>\n<td valign=\"top\"><strong>Caracter&iacute;sticas<\/strong><\/td>\n<td>&#8211; Compatible con bluetooth 5.0<br \/>\t\t\t&#8211; TWS (se obtiene el doble potencia conectando 2 altavoces al mismo tiempo sin cables)<br \/>\t\t\t&#8211; 2 altavoces de graves de 5&quot;<br \/>\t\t\t&#8211; Altavoz de agudos de 1&quot;<br \/>\t\t\t&#8211; Potencia pico de salida: 200W<br \/>\t\t\t&#8211; Funci&oacute;n de supergraves<br \/>\t\t\t&#8211; Lector USB + Entrada auxiliar<br \/>\t\t\t&#8211; Pantalla LED \/ Luces LED<br \/>\t\t\t&#8211; Micr&oacute;fono<br \/>\t\t\t&#8211; Entrada de guitarra<br \/>\t\t\t&#8211; RMS: 80W<br \/>\t\t\t&#8211; Soporte para tel&eacute;fono\/tableta<br \/>\t\t\t&#8211; Mando a distancia (pilas no incluidas)<br \/>\t\t\t&#8211; Duraci&oacute;n de la bater&iacute;a: 6 horas<\/td>\n<\/tr>\n<tr>\n<td valign=\"top\"><strong>Fecha de revisi&oacute;n<\/strong><\/td>\n<td>12-01-2022 por MSB<\/td>\n<\/tr>\n<\/table>\n","protected":false},"excerpt":{"rendered":"<p>&#8211; Potente altavoz port&aacute;til equipado con doble subwoofer de 5&quot; y 200W de potencia m&aacute;xima.&#8211; Estupendos efectos de sonido e iluminaci&oacute;n, monta una fiesta en cualquier lugar gracias a su bater&iacute;a integrada.&#8211; Su dise&ntilde;o compacto, el tubo telesc&oacute;pico y las ruedas lo convierten en un dispositivo totalmente port&aacute;til.&#8211; Tiene varias opciones para que reproduzcas tu&hellip;&nbsp;<a href=\"https:\/\/aivlisoft.net\/shop\/producto\/ngs-altavoz-wildrave1-portatil-200w-bt-usb-aux\/\" rel=\"bookmark\"><span class=\"screen-reader-text\">NGS Altavoz WILDRAVE1 Portatil 200W BT USB\/AUX<\/span><\/a><\/p>\n","protected":false},"featured_media":16549,"template":"","meta":{"neve_meta_sidebar":"","neve_meta_container":"","neve_meta_enable_content_width":"","neve_meta_content_width":0,"neve_meta_title_alignment":"","neve_meta_author_avatar":"","neve_post_elements_order":"","neve_meta_disable_header":"","neve_meta_disable_footer":"","neve_meta_disable_title":""},"product_brand":[],"product_cat":[15,957,5818],"product_tag":[6137],"class_list":{"0":"post-16548","1":"product","2":"type-product","3":"status-publish","4":"has-post-thumbnail","6":"product_cat-sin-categorizar","7":"product_cat-accesorios-imagen-y-sonido","8":"product_cat-audio","9":"product_tag-wildrave1","11":"first","12":"instock","13":"taxable","14":"shipping-taxable","15":"purchasable","16":"product-type-simple"},"yoast_head":"<!-- This site is optimized with the Yoast SEO plugin v26.0 - https:\/\/yoast.com\/wordpress\/plugins\/seo\/ -->\n<title>NGS Altavoz WILDRAVE1 Portatil 200W BT USB\/AUX - Aivlisoft Inform\u00e1tica<\/title>\n<meta name=\"robots\" content=\"index, follow, max-snippet:-1, max-image-preview:large, max-video-preview:-1\" \/>\n<link rel=\"canonical\" href=\"https:\/\/aivlisoft.net\/shop\/producto\/ngs-altavoz-wildrave1-portatil-200w-bt-usb-aux\/\" \/>\n<meta property=\"og:locale\" content=\"es_ES\" \/>\n<meta property=\"og:type\" content=\"article\" \/>\n<meta property=\"og:title\" content=\"NGS Altavoz WILDRAVE1 Portatil 200W BT USB\/AUX - Aivlisoft Inform\u00e1tica\" \/>\n<meta property=\"og:description\" content=\"&#8211; Potente altavoz port&aacute;til equipado con doble subwoofer de 5&quot; y 200W de potencia m&aacute;xima.&#8211; Estupendos efectos de sonido e iluminaci&oacute;n, monta una fiesta en cualquier lugar gracias a su bater&iacute;a integrada.&#8211; Su dise&ntilde;o compacto, el tubo telesc&oacute;pico y las ruedas lo convierten en un dispositivo totalmente port&aacute;til.&#8211; Tiene varias opciones para que reproduzcas tu&hellip;&nbsp;NGS Altavoz WILDRAVE1 Portatil 200W BT USB\/AUX\" \/>\n<meta property=\"og:url\" content=\"https:\/\/aivlisoft.net\/shop\/producto\/ngs-altavoz-wildrave1-portatil-200w-bt-usb-aux\/\" \/>\n<meta property=\"og:site_name\" content=\"Aivlisoft Inform\u00e1tica\" \/>\n<meta property=\"article:modified_time\" content=\"2025-01-14T20:50:52+00:00\" \/>\n<meta property=\"og:image\" content=\"https:\/\/aivlisoft.net\/shop\/wp-content\/uploads\/2025\/01\/MAUAPO0495_800.jpg\" \/>\n\t<meta property=\"og:image:width\" content=\"800\" \/>\n\t<meta property=\"og:image:height\" content=\"800\" \/>\n\t<meta property=\"og:image:type\" content=\"image\/jpeg\" \/>\n<meta name=\"twitter:card\" content=\"summary_large_image\" \/>\n<meta name=\"twitter:label1\" content=\"Tiempo de lectura\" \/>\n\t<meta name=\"twitter:data1\" content=\"2 minutos\" \/>\n<script type=\"application\/ld+json\" class=\"yoast-schema-graph\">{\"@context\":\"https:\/\/schema.org\",\"@graph\":[{\"@type\":\"WebPage\",\"@id\":\"https:\/\/aivlisoft.net\/shop\/producto\/ngs-altavoz-wildrave1-portatil-200w-bt-usb-aux\/\",\"url\":\"https:\/\/aivlisoft.net\/shop\/producto\/ngs-altavoz-wildrave1-portatil-200w-bt-usb-aux\/\",\"name\":\"NGS Altavoz WILDRAVE1 Portatil 200W BT USB\/AUX - Aivlisoft Inform\u00e1tica\",\"isPartOf\":{\"@id\":\"https:\/\/aivlisoft.net\/shop\/#website\"},\"primaryImageOfPage\":{\"@id\":\"https:\/\/aivlisoft.net\/shop\/producto\/ngs-altavoz-wildrave1-portatil-200w-bt-usb-aux\/#primaryimage\"},\"image\":{\"@id\":\"https:\/\/aivlisoft.net\/shop\/producto\/ngs-altavoz-wildrave1-portatil-200w-bt-usb-aux\/#primaryimage\"},\"thumbnailUrl\":\"https:\/\/aivlisoft.net\/shop\/wp-content\/uploads\/2025\/01\/MAUAPO0495_800.jpg\",\"datePublished\":\"2025-01-13T15:03:25+00:00\",\"dateModified\":\"2025-01-14T20:50:52+00:00\",\"breadcrumb\":{\"@id\":\"https:\/\/aivlisoft.net\/shop\/producto\/ngs-altavoz-wildrave1-portatil-200w-bt-usb-aux\/#breadcrumb\"},\"inLanguage\":\"es\",\"potentialAction\":[{\"@type\":\"ReadAction\",\"target\":[\"https:\/\/aivlisoft.net\/shop\/producto\/ngs-altavoz-wildrave1-portatil-200w-bt-usb-aux\/\"]}]},{\"@type\":\"ImageObject\",\"inLanguage\":\"es\",\"@id\":\"https:\/\/aivlisoft.net\/shop\/producto\/ngs-altavoz-wildrave1-portatil-200w-bt-usb-aux\/#primaryimage\",\"url\":\"https:\/\/aivlisoft.net\/shop\/wp-content\/uploads\/2025\/01\/MAUAPO0495_800.jpg\",\"contentUrl\":\"https:\/\/aivlisoft.net\/shop\/wp-content\/uploads\/2025\/01\/MAUAPO0495_800.jpg\",\"width\":800,\"height\":800},{\"@type\":\"BreadcrumbList\",\"@id\":\"https:\/\/aivlisoft.net\/shop\/producto\/ngs-altavoz-wildrave1-portatil-200w-bt-usb-aux\/#breadcrumb\",\"itemListElement\":[{\"@type\":\"ListItem\",\"position\":1,\"name\":\"Portada\",\"item\":\"https:\/\/aivlisoft.net\/shop\/\"},{\"@type\":\"ListItem\",\"position\":2,\"name\":\"Tienda\",\"item\":\"https:\/\/aivlisoft.net\/shop\/tienda\/\"},{\"@type\":\"ListItem\",\"position\":3,\"name\":\"NGS Altavoz WILDRAVE1 Portatil 200W BT USB\/AUX\"}]},{\"@type\":\"WebSite\",\"@id\":\"https:\/\/aivlisoft.net\/shop\/#website\",\"url\":\"https:\/\/aivlisoft.net\/shop\/\",\"name\":\"Aivlisoft Inform\u00e1tica\",\"description\":\"En Aivlisoft Inform\u00e1tica ofrecemos soluciones tecnol\u00f3gicas para empresas: venta de ordenadores, consumibles, perif\u00e9ricos y m\u00e1s. Calidad, atenci\u00f3n personalizada y los mejores precios para tu negocio.\",\"publisher\":{\"@id\":\"https:\/\/aivlisoft.net\/shop\/#organization\"},\"potentialAction\":[{\"@type\":\"SearchAction\",\"target\":{\"@type\":\"EntryPoint\",\"urlTemplate\":\"https:\/\/aivlisoft.net\/shop\/?s={search_term_string}\"},\"query-input\":{\"@type\":\"PropertyValueSpecification\",\"valueRequired\":true,\"valueName\":\"search_term_string\"}}],\"inLanguage\":\"es\"},{\"@type\":\"Organization\",\"@id\":\"https:\/\/aivlisoft.net\/shop\/#organization\",\"name\":\"Aivlisoft Inform\u00e1tica\",\"url\":\"https:\/\/aivlisoft.net\/shop\/\",\"logo\":{\"@type\":\"ImageObject\",\"inLanguage\":\"es\",\"@id\":\"https:\/\/aivlisoft.net\/shop\/#\/schema\/logo\/image\/\",\"url\":\"https:\/\/aivlisoft.net\/shop\/wp-content\/uploads\/2024\/12\/removal.ai_5b848c54-0cdf-4140-95c5-c5536bb7573b-logodef.png\",\"contentUrl\":\"https:\/\/aivlisoft.net\/shop\/wp-content\/uploads\/2024\/12\/removal.ai_5b848c54-0cdf-4140-95c5-c5536bb7573b-logodef.png\",\"width\":484,\"height\":182,\"caption\":\"Aivlisoft Inform\u00e1tica\"},\"image\":{\"@id\":\"https:\/\/aivlisoft.net\/shop\/#\/schema\/logo\/image\/\"}}]}<\/script>\n<!-- \/ Yoast SEO plugin. -->","yoast_head_json":{"title":"NGS Altavoz WILDRAVE1 Portatil 200W BT USB\/AUX - Aivlisoft Inform\u00e1tica","robots":{"index":"index","follow":"follow","max-snippet":"max-snippet:-1","max-image-preview":"max-image-preview:large","max-video-preview":"max-video-preview:-1"},"canonical":"https:\/\/aivlisoft.net\/shop\/producto\/ngs-altavoz-wildrave1-portatil-200w-bt-usb-aux\/","og_locale":"es_ES","og_type":"article","og_title":"NGS Altavoz WILDRAVE1 Portatil 200W BT USB\/AUX - Aivlisoft Inform\u00e1tica","og_description":"&#8211; Potente altavoz port&aacute;til equipado con doble subwoofer de 5&quot; y 200W de potencia m&aacute;xima.&#8211; Estupendos efectos de sonido e iluminaci&oacute;n, monta una fiesta en cualquier lugar gracias a su bater&iacute;a integrada.&#8211; Su dise&ntilde;o compacto, el tubo telesc&oacute;pico y las ruedas lo convierten en un dispositivo totalmente port&aacute;til.&#8211; Tiene varias opciones para que reproduzcas tu&hellip;&nbsp;NGS Altavoz WILDRAVE1 Portatil 200W BT USB\/AUX","og_url":"https:\/\/aivlisoft.net\/shop\/producto\/ngs-altavoz-wildrave1-portatil-200w-bt-usb-aux\/","og_site_name":"Aivlisoft Inform\u00e1tica","article_modified_time":"2025-01-14T20:50:52+00:00","og_image":[{"width":800,"height":800,"url":"https:\/\/aivlisoft.net\/shop\/wp-content\/uploads\/2025\/01\/MAUAPO0495_800.jpg","type":"image\/jpeg"}],"twitter_card":"summary_large_image","twitter_misc":{"Tiempo de lectura":"2 minutos"},"schema":{"@context":"https:\/\/schema.org","@graph":[{"@type":"WebPage","@id":"https:\/\/aivlisoft.net\/shop\/producto\/ngs-altavoz-wildrave1-portatil-200w-bt-usb-aux\/","url":"https:\/\/aivlisoft.net\/shop\/producto\/ngs-altavoz-wildrave1-portatil-200w-bt-usb-aux\/","name":"NGS Altavoz WILDRAVE1 Portatil 200W BT USB\/AUX - Aivlisoft Inform\u00e1tica","isPartOf":{"@id":"https:\/\/aivlisoft.net\/shop\/#website"},"primaryImageOfPage":{"@id":"https:\/\/aivlisoft.net\/shop\/producto\/ngs-altavoz-wildrave1-portatil-200w-bt-usb-aux\/#primaryimage"},"image":{"@id":"https:\/\/aivlisoft.net\/shop\/producto\/ngs-altavoz-wildrave1-portatil-200w-bt-usb-aux\/#primaryimage"},"thumbnailUrl":"https:\/\/aivlisoft.net\/shop\/wp-content\/uploads\/2025\/01\/MAUAPO0495_800.jpg","datePublished":"2025-01-13T15:03:25+00:00","dateModified":"2025-01-14T20:50:52+00:00","breadcrumb":{"@id":"https:\/\/aivlisoft.net\/shop\/producto\/ngs-altavoz-wildrave1-portatil-200w-bt-usb-aux\/#breadcrumb"},"inLanguage":"es","potentialAction":[{"@type":"ReadAction","target":["https:\/\/aivlisoft.net\/shop\/producto\/ngs-altavoz-wildrave1-portatil-200w-bt-usb-aux\/"]}]},{"@type":"ImageObject","inLanguage":"es","@id":"https:\/\/aivlisoft.net\/shop\/producto\/ngs-altavoz-wildrave1-portatil-200w-bt-usb-aux\/#primaryimage","url":"https:\/\/aivlisoft.net\/shop\/wp-content\/uploads\/2025\/01\/MAUAPO0495_800.jpg","contentUrl":"https:\/\/aivlisoft.net\/shop\/wp-content\/uploads\/2025\/01\/MAUAPO0495_800.jpg","width":800,"height":800},{"@type":"BreadcrumbList","@id":"https:\/\/aivlisoft.net\/shop\/producto\/ngs-altavoz-wildrave1-portatil-200w-bt-usb-aux\/#breadcrumb","itemListElement":[{"@type":"ListItem","position":1,"name":"Portada","item":"https:\/\/aivlisoft.net\/shop\/"},{"@type":"ListItem","position":2,"name":"Tienda","item":"https:\/\/aivlisoft.net\/shop\/tienda\/"},{"@type":"ListItem","position":3,"name":"NGS Altavoz WILDRAVE1 Portatil 200W BT USB\/AUX"}]},{"@type":"WebSite","@id":"https:\/\/aivlisoft.net\/shop\/#website","url":"https:\/\/aivlisoft.net\/shop\/","name":"Aivlisoft Inform\u00e1tica","description":"En Aivlisoft Inform\u00e1tica ofrecemos soluciones tecnol\u00f3gicas para empresas: venta de ordenadores, consumibles, perif\u00e9ricos y m\u00e1s. Calidad, atenci\u00f3n personalizada y los mejores precios para tu negocio.","publisher":{"@id":"https:\/\/aivlisoft.net\/shop\/#organization"},"potentialAction":[{"@type":"SearchAction","target":{"@type":"EntryPoint","urlTemplate":"https:\/\/aivlisoft.net\/shop\/?s={search_term_string}"},"query-input":{"@type":"PropertyValueSpecification","valueRequired":true,"valueName":"search_term_string"}}],"inLanguage":"es"},{"@type":"Organization","@id":"https:\/\/aivlisoft.net\/shop\/#organization","name":"Aivlisoft Inform\u00e1tica","url":"https:\/\/aivlisoft.net\/shop\/","logo":{"@type":"ImageObject","inLanguage":"es","@id":"https:\/\/aivlisoft.net\/shop\/#\/schema\/logo\/image\/","url":"https:\/\/aivlisoft.net\/shop\/wp-content\/uploads\/2024\/12\/removal.ai_5b848c54-0cdf-4140-95c5-c5536bb7573b-logodef.png","contentUrl":"https:\/\/aivlisoft.net\/shop\/wp-content\/uploads\/2024\/12\/removal.ai_5b848c54-0cdf-4140-95c5-c5536bb7573b-logodef.png","width":484,"height":182,"caption":"Aivlisoft Inform\u00e1tica"},"image":{"@id":"https:\/\/aivlisoft.net\/shop\/#\/schema\/logo\/image\/"}}]}},"_links":{"self":[{"href":"https:\/\/aivlisoft.net\/shop\/wp-json\/wp\/v2\/product\/16548","targetHints":{"allow":["GET"]}}],"collection":[{"href":"https:\/\/aivlisoft.net\/shop\/wp-json\/wp\/v2\/product"}],"about":[{"href":"https:\/\/aivlisoft.net\/shop\/wp-json\/wp\/v2\/types\/product"}],"wp:featuredmedia":[{"embeddable":true,"href":"https:\/\/aivlisoft.net\/shop\/wp-json\/wp\/v2\/media\/16549"}],"wp:attachment":[{"href":"https:\/\/aivlisoft.net\/shop\/wp-json\/wp\/v2\/media?parent=16548"}],"wp:term":[{"taxonomy":"product_brand","embeddable":true,"href":"https:\/\/aivlisoft.net\/shop\/wp-json\/wp\/v2\/product_brand?post=16548"},{"taxonomy":"product_cat","embeddable":true,"href":"https:\/\/aivlisoft.net\/shop\/wp-json\/wp\/v2\/product_cat?post=16548"},{"taxonomy":"product_tag","embeddable":true,"href":"https:\/\/aivlisoft.net\/shop\/wp-json\/wp\/v2\/product_tag?post=16548"}],"curies":[{"name":"wp","href":"https:\/\/api.w.org\/{rel}","templated":true}]}}