{"id":16543,"date":"2025-01-13T15:03:22","date_gmt":"2025-01-13T15:03:22","guid":{"rendered":"https:\/\/aivlisoft.com\/?post_type=product&#038;p=16543"},"modified":"2025-01-14T20:50:52","modified_gmt":"2025-01-14T20:50:52","slug":"ngs-altavoz-willdubzero-portatil-120w-bt-tws-usb","status":"publish","type":"product","link":"https:\/\/aivlisoft.net\/shop\/producto\/ngs-altavoz-willdubzero-portatil-120w-bt-tws-usb\/","title":{"rendered":"NGS Altavoz WILLDUBZERO Portatil 120W BT TWS\/USB"},"content":{"rendered":"<p>&#8211; Altavoz de fiesta inal&aacute;mbrico port&aacute;til con luces RGB.<br \/>&#8211; 120 W de potencia m&aacute;xima (8&rdquo;x1 woofer + 3&rdquo;x2 tweeter) y una excelente calidad de sonido.<br \/>&#8211; Dise&ntilde;o compacto, junto con el trolley y las ruedas lo convierten en un dispositivo totalmente port&aacute;til.<br \/>&#8211; Incluye un micr&oacute;fono con cable para tus sesiones de karaoke.<br \/>&#8211; Compatible con la tecnolog&iacute;a Bluetooth: Conecta tu dispositivo v&iacute;a Bluetooth y reproduce tu m&uacute;sica con la mejor calidad de sonido.<br \/>&#8211; Entrada aux: Conecta cualquier fuente de audio externa a trav&eacute;s de un cable de audio.<br \/>&#8211; Entrada de audio Micro SD y USB: Conecta una memoria Micro SD o tarjeta de memoria USB y reproduce todos tus archivos digitales.<br \/>&#8211; Compatible con la tecnolog&iacute;a True Wireless Stereo: empareja de forma inal&aacute;mbrica y simult&aacute;nea dos dispositivos de la familia WILD DUB (Zero, 1, 2 &amp; 3) a la vez y aumenta la potencia de sonido<br \/>&#8211; Contiene una bater&iacute;a de litio recargable 11 V\/2.2 A que puede reproducir la m&uacute;sica hasta 7 horas (50 % de volumen), que puede variar dependiendo del volumen.<br \/>&#8211; Tambi&eacute;n contiene una salida de audio que permite multiplicar la potencia de sonido al conectar varios altavoces (de la misma familia) en serie a trav&eacute;s de un cable.<br \/>&#8211; Brinda un ambiente orientado a la fiesta con las luces de altavoces LED multicolores incorporadas.<br \/>&#8211; Incluye entrada de micr&oacute;fono y una entrada de guitarra amplificada para sacar el artista que hay en ti.<br \/>&#8211; Diferentes patrones de luces sincronizados al ritmo de tus canciones favoritas. Las luces se pueden apagar.<br \/>&#8211; Pantalla LED que muestra informaci&oacute;n &uacute;til.<br \/>&#8211; La entrada de guitarra amplificada te permitir&aacute; disfrutar de tus melod&iacute;as con el mejor acompa&ntilde;amiento.<\/p>\n<table class=\"tabla_caracteristicas k-table\" width=\"100%\">\n<tr>\n<td valign=\"top\"><strong>Marca<\/strong><\/td>\n<td>NGS<\/td>\n<\/tr>\n<tr>\n<td valign=\"top\"><strong>Modelo<\/strong><\/td>\n<td><strong>WILDDUBZERO<\/strong><\/td>\n<\/tr>\n<tr>\n<td valign=\"top\"><strong>Caracter&iacute;sticas<\/strong><\/td>\n<td>&#8211; 1 x 8&rdquo; altavoz woofer<br \/>\t\t\t&#8211; 2 x 3&rdquo; altavoz tweeter<br \/>\t\t\t&#8211; Potencia de salida: 120 W<br \/>\t\t\t&#8211; Compatible con bluetooth<br \/>\t\t\t&#8211; TWS (True Wireless Stereo)<br \/>\t\t\t&#8211; USB \/ Micro SD \/ entradas AUX<br \/>\t\t\t&#8211; Salida de audio<br \/>\t\t\t&#8211; Entrada de micr&oacute;fono.<br \/>\t\t\t&#8211; Micr&oacute;fono incluido<br \/>\t\t\t&#8211; Entrada para guitarra<br \/>\t\t\t&#8211; Pantalla LED<br \/>\t\t\t&#8211; Luces LED<br \/>\t\t\t&#8211; RMS: 20W<br \/>\t\t\t&#8211; Bater&iacute;a de litio 11V\/2.2A<br \/>\t\t\t&#8211; Autonom&iacute;a: 7 horas*<br \/>\t\t\t&#8211; Voltaje de entrada: AC100V-240V 50\/60Hz<br \/>\t\t\t&#8211; Rango de frecuencia: 20Hz &#8211; 20kHz<\/td>\n<\/tr>\n<tr>\n<td valign=\"top\"><strong>Fecha de revisi&oacute;n<\/strong><\/td>\n<td>12-01-2022 por MSB<\/td>\n<\/tr>\n<\/table>\n","protected":false},"excerpt":{"rendered":"<p>&#8211; Altavoz de fiesta inal&aacute;mbrico port&aacute;til con luces RGB.&#8211; 120 W de potencia m&aacute;xima (8&rdquo;x1 woofer + 3&rdquo;x2 tweeter) y una excelente calidad de sonido.&#8211; Dise&ntilde;o compacto, junto con el trolley y las ruedas lo convierten en un dispositivo totalmente port&aacute;til.&#8211; Incluye un micr&oacute;fono con cable para tus sesiones de karaoke.&#8211; Compatible con la tecnolog&iacute;a&hellip;&nbsp;<a href=\"https:\/\/aivlisoft.net\/shop\/producto\/ngs-altavoz-willdubzero-portatil-120w-bt-tws-usb\/\" rel=\"bookmark\"><span class=\"screen-reader-text\">NGS Altavoz WILLDUBZERO Portatil 120W BT TWS\/USB<\/span><\/a><\/p>\n","protected":false},"featured_media":16544,"template":"","meta":{"neve_meta_sidebar":"","neve_meta_container":"","neve_meta_enable_content_width":"","neve_meta_content_width":0,"neve_meta_title_alignment":"","neve_meta_author_avatar":"","neve_post_elements_order":"","neve_meta_disable_header":"","neve_meta_disable_footer":"","neve_meta_disable_title":""},"product_brand":[],"product_cat":[15,957,5818],"product_tag":[6136],"class_list":{"0":"post-16543","1":"product","2":"type-product","3":"status-publish","4":"has-post-thumbnail","6":"product_cat-sin-categorizar","7":"product_cat-accesorios-imagen-y-sonido","8":"product_cat-audio","9":"product_tag-wilddubzero","11":"first","12":"instock","13":"taxable","14":"shipping-taxable","15":"purchasable","16":"product-type-simple"},"yoast_head":"<!-- This site is optimized with the Yoast SEO plugin v26.0 - https:\/\/yoast.com\/wordpress\/plugins\/seo\/ -->\n<title>NGS Altavoz WILLDUBZERO Portatil 120W BT TWS\/USB - Aivlisoft Inform\u00e1tica<\/title>\n<meta name=\"robots\" content=\"index, follow, max-snippet:-1, max-image-preview:large, max-video-preview:-1\" \/>\n<link rel=\"canonical\" href=\"https:\/\/aivlisoft.net\/shop\/producto\/ngs-altavoz-willdubzero-portatil-120w-bt-tws-usb\/\" \/>\n<meta property=\"og:locale\" content=\"es_ES\" \/>\n<meta property=\"og:type\" content=\"article\" \/>\n<meta property=\"og:title\" content=\"NGS Altavoz WILLDUBZERO Portatil 120W BT TWS\/USB - Aivlisoft Inform\u00e1tica\" \/>\n<meta property=\"og:description\" content=\"&#8211; Altavoz de fiesta inal&aacute;mbrico port&aacute;til con luces RGB.&#8211; 120 W de potencia m&aacute;xima (8&rdquo;x1 woofer + 3&rdquo;x2 tweeter) y una excelente calidad de sonido.&#8211; Dise&ntilde;o compacto, junto con el trolley y las ruedas lo convierten en un dispositivo totalmente port&aacute;til.&#8211; Incluye un micr&oacute;fono con cable para tus sesiones de karaoke.&#8211; Compatible con la tecnolog&iacute;a&hellip;&nbsp;NGS Altavoz WILLDUBZERO Portatil 120W BT TWS\/USB\" \/>\n<meta property=\"og:url\" content=\"https:\/\/aivlisoft.net\/shop\/producto\/ngs-altavoz-willdubzero-portatil-120w-bt-tws-usb\/\" \/>\n<meta property=\"og:site_name\" content=\"Aivlisoft Inform\u00e1tica\" \/>\n<meta property=\"article:modified_time\" content=\"2025-01-14T20:50:52+00:00\" \/>\n<meta property=\"og:image\" content=\"https:\/\/aivlisoft.net\/shop\/wp-content\/uploads\/2025\/01\/MAUAPO0494_800.jpg\" \/>\n\t<meta property=\"og:image:width\" content=\"800\" \/>\n\t<meta property=\"og:image:height\" content=\"800\" \/>\n\t<meta property=\"og:image:type\" content=\"image\/jpeg\" \/>\n<meta name=\"twitter:card\" content=\"summary_large_image\" \/>\n<meta name=\"twitter:label1\" content=\"Tiempo de lectura\" \/>\n\t<meta name=\"twitter:data1\" content=\"2 minutos\" \/>\n<script type=\"application\/ld+json\" class=\"yoast-schema-graph\">{\"@context\":\"https:\/\/schema.org\",\"@graph\":[{\"@type\":\"WebPage\",\"@id\":\"https:\/\/aivlisoft.net\/shop\/producto\/ngs-altavoz-willdubzero-portatil-120w-bt-tws-usb\/\",\"url\":\"https:\/\/aivlisoft.net\/shop\/producto\/ngs-altavoz-willdubzero-portatil-120w-bt-tws-usb\/\",\"name\":\"NGS Altavoz WILLDUBZERO Portatil 120W BT TWS\/USB - Aivlisoft Inform\u00e1tica\",\"isPartOf\":{\"@id\":\"https:\/\/aivlisoft.net\/shop\/#website\"},\"primaryImageOfPage\":{\"@id\":\"https:\/\/aivlisoft.net\/shop\/producto\/ngs-altavoz-willdubzero-portatil-120w-bt-tws-usb\/#primaryimage\"},\"image\":{\"@id\":\"https:\/\/aivlisoft.net\/shop\/producto\/ngs-altavoz-willdubzero-portatil-120w-bt-tws-usb\/#primaryimage\"},\"thumbnailUrl\":\"https:\/\/aivlisoft.net\/shop\/wp-content\/uploads\/2025\/01\/MAUAPO0494_800.jpg\",\"datePublished\":\"2025-01-13T15:03:22+00:00\",\"dateModified\":\"2025-01-14T20:50:52+00:00\",\"breadcrumb\":{\"@id\":\"https:\/\/aivlisoft.net\/shop\/producto\/ngs-altavoz-willdubzero-portatil-120w-bt-tws-usb\/#breadcrumb\"},\"inLanguage\":\"es\",\"potentialAction\":[{\"@type\":\"ReadAction\",\"target\":[\"https:\/\/aivlisoft.net\/shop\/producto\/ngs-altavoz-willdubzero-portatil-120w-bt-tws-usb\/\"]}]},{\"@type\":\"ImageObject\",\"inLanguage\":\"es\",\"@id\":\"https:\/\/aivlisoft.net\/shop\/producto\/ngs-altavoz-willdubzero-portatil-120w-bt-tws-usb\/#primaryimage\",\"url\":\"https:\/\/aivlisoft.net\/shop\/wp-content\/uploads\/2025\/01\/MAUAPO0494_800.jpg\",\"contentUrl\":\"https:\/\/aivlisoft.net\/shop\/wp-content\/uploads\/2025\/01\/MAUAPO0494_800.jpg\",\"width\":800,\"height\":800},{\"@type\":\"BreadcrumbList\",\"@id\":\"https:\/\/aivlisoft.net\/shop\/producto\/ngs-altavoz-willdubzero-portatil-120w-bt-tws-usb\/#breadcrumb\",\"itemListElement\":[{\"@type\":\"ListItem\",\"position\":1,\"name\":\"Portada\",\"item\":\"https:\/\/aivlisoft.net\/shop\/\"},{\"@type\":\"ListItem\",\"position\":2,\"name\":\"Tienda\",\"item\":\"https:\/\/aivlisoft.net\/shop\/tienda\/\"},{\"@type\":\"ListItem\",\"position\":3,\"name\":\"NGS Altavoz WILLDUBZERO Portatil 120W BT TWS\/USB\"}]},{\"@type\":\"WebSite\",\"@id\":\"https:\/\/aivlisoft.net\/shop\/#website\",\"url\":\"https:\/\/aivlisoft.net\/shop\/\",\"name\":\"Aivlisoft Inform\u00e1tica\",\"description\":\"En Aivlisoft Inform\u00e1tica ofrecemos soluciones tecnol\u00f3gicas para empresas: venta de ordenadores, consumibles, perif\u00e9ricos y m\u00e1s. Calidad, atenci\u00f3n personalizada y los mejores precios para tu negocio.\",\"publisher\":{\"@id\":\"https:\/\/aivlisoft.net\/shop\/#organization\"},\"potentialAction\":[{\"@type\":\"SearchAction\",\"target\":{\"@type\":\"EntryPoint\",\"urlTemplate\":\"https:\/\/aivlisoft.net\/shop\/?s={search_term_string}\"},\"query-input\":{\"@type\":\"PropertyValueSpecification\",\"valueRequired\":true,\"valueName\":\"search_term_string\"}}],\"inLanguage\":\"es\"},{\"@type\":\"Organization\",\"@id\":\"https:\/\/aivlisoft.net\/shop\/#organization\",\"name\":\"Aivlisoft Inform\u00e1tica\",\"url\":\"https:\/\/aivlisoft.net\/shop\/\",\"logo\":{\"@type\":\"ImageObject\",\"inLanguage\":\"es\",\"@id\":\"https:\/\/aivlisoft.net\/shop\/#\/schema\/logo\/image\/\",\"url\":\"https:\/\/aivlisoft.net\/shop\/wp-content\/uploads\/2024\/12\/removal.ai_5b848c54-0cdf-4140-95c5-c5536bb7573b-logodef.png\",\"contentUrl\":\"https:\/\/aivlisoft.net\/shop\/wp-content\/uploads\/2024\/12\/removal.ai_5b848c54-0cdf-4140-95c5-c5536bb7573b-logodef.png\",\"width\":484,\"height\":182,\"caption\":\"Aivlisoft Inform\u00e1tica\"},\"image\":{\"@id\":\"https:\/\/aivlisoft.net\/shop\/#\/schema\/logo\/image\/\"}}]}<\/script>\n<!-- \/ Yoast SEO plugin. -->","yoast_head_json":{"title":"NGS Altavoz WILLDUBZERO Portatil 120W BT TWS\/USB - Aivlisoft Inform\u00e1tica","robots":{"index":"index","follow":"follow","max-snippet":"max-snippet:-1","max-image-preview":"max-image-preview:large","max-video-preview":"max-video-preview:-1"},"canonical":"https:\/\/aivlisoft.net\/shop\/producto\/ngs-altavoz-willdubzero-portatil-120w-bt-tws-usb\/","og_locale":"es_ES","og_type":"article","og_title":"NGS Altavoz WILLDUBZERO Portatil 120W BT TWS\/USB - Aivlisoft Inform\u00e1tica","og_description":"&#8211; Altavoz de fiesta inal&aacute;mbrico port&aacute;til con luces RGB.&#8211; 120 W de potencia m&aacute;xima (8&rdquo;x1 woofer + 3&rdquo;x2 tweeter) y una excelente calidad de sonido.&#8211; Dise&ntilde;o compacto, junto con el trolley y las ruedas lo convierten en un dispositivo totalmente port&aacute;til.&#8211; Incluye un micr&oacute;fono con cable para tus sesiones de karaoke.&#8211; Compatible con la tecnolog&iacute;a&hellip;&nbsp;NGS Altavoz WILLDUBZERO Portatil 120W BT TWS\/USB","og_url":"https:\/\/aivlisoft.net\/shop\/producto\/ngs-altavoz-willdubzero-portatil-120w-bt-tws-usb\/","og_site_name":"Aivlisoft Inform\u00e1tica","article_modified_time":"2025-01-14T20:50:52+00:00","og_image":[{"width":800,"height":800,"url":"https:\/\/aivlisoft.net\/shop\/wp-content\/uploads\/2025\/01\/MAUAPO0494_800.jpg","type":"image\/jpeg"}],"twitter_card":"summary_large_image","twitter_misc":{"Tiempo de lectura":"2 minutos"},"schema":{"@context":"https:\/\/schema.org","@graph":[{"@type":"WebPage","@id":"https:\/\/aivlisoft.net\/shop\/producto\/ngs-altavoz-willdubzero-portatil-120w-bt-tws-usb\/","url":"https:\/\/aivlisoft.net\/shop\/producto\/ngs-altavoz-willdubzero-portatil-120w-bt-tws-usb\/","name":"NGS Altavoz WILLDUBZERO Portatil 120W BT TWS\/USB - Aivlisoft Inform\u00e1tica","isPartOf":{"@id":"https:\/\/aivlisoft.net\/shop\/#website"},"primaryImageOfPage":{"@id":"https:\/\/aivlisoft.net\/shop\/producto\/ngs-altavoz-willdubzero-portatil-120w-bt-tws-usb\/#primaryimage"},"image":{"@id":"https:\/\/aivlisoft.net\/shop\/producto\/ngs-altavoz-willdubzero-portatil-120w-bt-tws-usb\/#primaryimage"},"thumbnailUrl":"https:\/\/aivlisoft.net\/shop\/wp-content\/uploads\/2025\/01\/MAUAPO0494_800.jpg","datePublished":"2025-01-13T15:03:22+00:00","dateModified":"2025-01-14T20:50:52+00:00","breadcrumb":{"@id":"https:\/\/aivlisoft.net\/shop\/producto\/ngs-altavoz-willdubzero-portatil-120w-bt-tws-usb\/#breadcrumb"},"inLanguage":"es","potentialAction":[{"@type":"ReadAction","target":["https:\/\/aivlisoft.net\/shop\/producto\/ngs-altavoz-willdubzero-portatil-120w-bt-tws-usb\/"]}]},{"@type":"ImageObject","inLanguage":"es","@id":"https:\/\/aivlisoft.net\/shop\/producto\/ngs-altavoz-willdubzero-portatil-120w-bt-tws-usb\/#primaryimage","url":"https:\/\/aivlisoft.net\/shop\/wp-content\/uploads\/2025\/01\/MAUAPO0494_800.jpg","contentUrl":"https:\/\/aivlisoft.net\/shop\/wp-content\/uploads\/2025\/01\/MAUAPO0494_800.jpg","width":800,"height":800},{"@type":"BreadcrumbList","@id":"https:\/\/aivlisoft.net\/shop\/producto\/ngs-altavoz-willdubzero-portatil-120w-bt-tws-usb\/#breadcrumb","itemListElement":[{"@type":"ListItem","position":1,"name":"Portada","item":"https:\/\/aivlisoft.net\/shop\/"},{"@type":"ListItem","position":2,"name":"Tienda","item":"https:\/\/aivlisoft.net\/shop\/tienda\/"},{"@type":"ListItem","position":3,"name":"NGS Altavoz WILLDUBZERO Portatil 120W BT TWS\/USB"}]},{"@type":"WebSite","@id":"https:\/\/aivlisoft.net\/shop\/#website","url":"https:\/\/aivlisoft.net\/shop\/","name":"Aivlisoft Inform\u00e1tica","description":"En Aivlisoft Inform\u00e1tica ofrecemos soluciones tecnol\u00f3gicas para empresas: venta de ordenadores, consumibles, perif\u00e9ricos y m\u00e1s. Calidad, atenci\u00f3n personalizada y los mejores precios para tu negocio.","publisher":{"@id":"https:\/\/aivlisoft.net\/shop\/#organization"},"potentialAction":[{"@type":"SearchAction","target":{"@type":"EntryPoint","urlTemplate":"https:\/\/aivlisoft.net\/shop\/?s={search_term_string}"},"query-input":{"@type":"PropertyValueSpecification","valueRequired":true,"valueName":"search_term_string"}}],"inLanguage":"es"},{"@type":"Organization","@id":"https:\/\/aivlisoft.net\/shop\/#organization","name":"Aivlisoft Inform\u00e1tica","url":"https:\/\/aivlisoft.net\/shop\/","logo":{"@type":"ImageObject","inLanguage":"es","@id":"https:\/\/aivlisoft.net\/shop\/#\/schema\/logo\/image\/","url":"https:\/\/aivlisoft.net\/shop\/wp-content\/uploads\/2024\/12\/removal.ai_5b848c54-0cdf-4140-95c5-c5536bb7573b-logodef.png","contentUrl":"https:\/\/aivlisoft.net\/shop\/wp-content\/uploads\/2024\/12\/removal.ai_5b848c54-0cdf-4140-95c5-c5536bb7573b-logodef.png","width":484,"height":182,"caption":"Aivlisoft Inform\u00e1tica"},"image":{"@id":"https:\/\/aivlisoft.net\/shop\/#\/schema\/logo\/image\/"}}]}},"_links":{"self":[{"href":"https:\/\/aivlisoft.net\/shop\/wp-json\/wp\/v2\/product\/16543","targetHints":{"allow":["GET"]}}],"collection":[{"href":"https:\/\/aivlisoft.net\/shop\/wp-json\/wp\/v2\/product"}],"about":[{"href":"https:\/\/aivlisoft.net\/shop\/wp-json\/wp\/v2\/types\/product"}],"wp:featuredmedia":[{"embeddable":true,"href":"https:\/\/aivlisoft.net\/shop\/wp-json\/wp\/v2\/media\/16544"}],"wp:attachment":[{"href":"https:\/\/aivlisoft.net\/shop\/wp-json\/wp\/v2\/media?parent=16543"}],"wp:term":[{"taxonomy":"product_brand","embeddable":true,"href":"https:\/\/aivlisoft.net\/shop\/wp-json\/wp\/v2\/product_brand?post=16543"},{"taxonomy":"product_cat","embeddable":true,"href":"https:\/\/aivlisoft.net\/shop\/wp-json\/wp\/v2\/product_cat?post=16543"},{"taxonomy":"product_tag","embeddable":true,"href":"https:\/\/aivlisoft.net\/shop\/wp-json\/wp\/v2\/product_tag?post=16543"}],"curies":[{"name":"wp","href":"https:\/\/api.w.org\/{rel}","templated":true}]}}