{"id":16316,"date":"2025-01-13T15:01:10","date_gmt":"2025-01-13T15:01:10","guid":{"rendered":"https:\/\/aivlisoft.com\/?post_type=product&#038;p=16316"},"modified":"2025-01-14T20:55:57","modified_gmt":"2025-01-14T20:55:57","slug":"energy-sistem-auriculares-display-anc-graphite-tw","status":"publish","type":"product","link":"https:\/\/aivlisoft.net\/shop\/producto\/energy-sistem-auriculares-display-anc-graphite-tw\/","title":{"rendered":"Energy Sistem Auriculares Display ANC Graphite TW"},"content":{"rendered":"<p><strong>Tu m&uacute;sica, tu esencia, tu sonido personalizado<\/strong><\/p>\n<p>Auriculares True Wireless con tecnolog&iacute;a Active Noise Cancelling: personaliza la configuraci&oacute;n de sonido ambiente que prefieras en cada momento.<br \/>Con Bluetooth 5.4 y True Wireless Stereo, reproduce tu m&uacute;sica sin necesidad de cables durante sus 30 horas de autonom&iacute;a.<br \/>Su estuche de carga con pantalla te garantiza una experiencia de uso &oacute;ptima sin usar tu smartphone.<\/p>\n<table class=\"tabla_caracteristicas k-table\" width=\"100%\">\n<tr>\n<td><strong>Marca<\/strong><\/td>\n<td>Energy Sistem<\/td>\n<\/tr>\n<tr>\n<td><strong>Modelo<\/strong><\/td>\n<td><strong>459179 <\/strong><\/td>\n<\/tr>\n<tr>\n<td valign=\"top\"><strong>Caracter&iacute;sticas<\/strong><\/td>\n<td><strong>Audio<\/strong><br \/>\t\t\t&#8211;&nbsp; ANC &#8211; Reducci&oacute;n de ruido: -30 dB<br \/>\t\t\t&#8211; Di&aacute;metro del driver: 10 mm<br \/>\t\t\t&#8211; Tipo: Din&aacute;mico<br \/>\t\t\t&#8211; Impedancia: 16 &Omega;<br \/>\t\t\t&#8211; Latencia: &lt;100ms<br \/>\t\t\t&#8211; Respuesta en frecuencia: 20 Hz ~ 20 KHz.<br \/>\t\t\t&#8211; THD &lt; 1%<br \/>\t\t\t&#8211; Tipo: Intrauditivo<br \/>\t\t\t&#8211; ANC &#8211; Frecuencia de trabajo: 20 Hz ~ 1 KHz<br \/>\t\t\t<strong>Conectividad<\/strong><br \/>\t\t\t&#8211; Asistente de voz (Google, Siri)<br \/>\t\t\t&#8211; Bluetooth &#8211; Versi&oacute;n: 5.4<br \/>\t\t\t&#8211; Bluetooth &#8211; Clase: 2<br \/>\t\t\t&#8211; Bluetooth &#8211; Frecuencia de trabajo: 2.4 GHz<br \/>\t\t\t&#8211; Bluetooth &#8211; Perfiles: A2DP \/ AVRCP \/ HFP<br \/>\t\t\t&#8211; Bluetooth &#8211; Alcance: 20m<br \/>\t\t\t&#8211; Bluetooth &#8211; Codecs de audio soportados: AAC \/ SBC<br \/>\t\t\t&#8211; Bluetooth &#8211; Potencia m&aacute;xima de la se&ntilde;al: &lt; 20 dBm<br \/>\t\t\t&#8211; Tecnolog&iacute;a True Wireless<br \/>\t\t\t<strong>Bater&iacute;a<\/strong><br \/>\t\t\t&#8211; Sistema de carga: USB tipo C<br \/>\t\t\t&#8211; Tipo: LiPo<br \/>\t\t\t&#8211; Capacidad: 40 mAh<br \/>\t\t\t&#8211; Voltaje: 3.7 V<br \/>\t\t\t&#8211; Autonom&iacute;a &#8211; Uso normal: 6 h<br \/>\t\t\t&#8211; Autonom&iacute;a &#8211; ANC ON + MUSIC ON: 4.5 h<br \/>\t\t\t&#8211; Tiempo de carga: 1 h<br \/>\t\t\t&#8211; Estuche de carga &#8211; Tipo: Li-Po<br \/>\t\t\t&#8211; Estuche de carga &#8211; Capacidad: 500 mAh<br \/>\t\t\t&#8211; Estuche de carga &#8211; Voltaje: 3.7 V<br \/>\t\t\t&#8211; Estuche de carga &#8211; Autonom&iacute;a adicional: 24 h<br \/>\t\t\t&#8211; Estuche de carga &#8211; Tiempo de carga: 2 h<br \/>\t\t\t<strong>Micr&oacute;fono<\/strong><br \/>\t\t\t&#8211; Manos libres<br \/>\t\t\t&#8211; Tipo de micr&oacute;fono: Integrado<br \/>\t\t\t&#8211; Sensibilidad del micr&oacute;fono: -38 dB &plusmn; 3 dB<br \/>\t\t\t&#8211; Rango de frecuencia: 100 Hz ~ 10KHz<br \/>\t\t\t&#8211; ENC<br \/>\t\t\t<strong>Alimentaci&oacute;n<\/strong><br \/>\t\t\t&#8211; Conectores: USB tipo C<br \/>\t\t\t&#8211; Longitud del cable: 30 cm<br \/>\t\t\t<strong>Compatibilidad<\/strong><br \/>\t\t\t&#8211; Compatibilidad: Mac \/ PC Windows \/ Smartphone \/ Tablet \/ TV<br \/>\t\t\t<strong>Otras caracter&iacute;sticas<\/strong><br \/>\t\t\t&#8211; Control de reproducci&oacute;n<br \/>\t\t\t&#8211; Control de volumen<br \/>\t\t\t&#8211; Cert. IPXX: IPX5<br \/>\t\t\t&#8211; Resistente a salpicaduras<br \/>\t\t\t<strong>Dimensiones y peso<\/strong><br \/>\t\t\t&#8211; Dimensiones: 47 x 58 x 24 mm<br \/>\t\t\t&#8211; Peso: 43 g<\/td>\n<\/tr>\n<tr>\n<td><strong>Fecha Revisi&oacute;n<\/strong><\/td>\n<td>24-09-2024 por A<\/td>\n<\/tr>\n<\/table>\n","protected":false},"excerpt":{"rendered":"<p>Tu m&uacute;sica, tu esencia, tu sonido personalizado Auriculares True Wireless con tecnolog&iacute;a Active Noise Cancelling: personaliza la configuraci&oacute;n de sonido ambiente que prefieras en cada momento.Con Bluetooth 5.4 y True Wireless Stereo, reproduce tu m&uacute;sica sin necesidad de cables durante sus 30 horas de autonom&iacute;a.Su estuche de carga con pantalla te garantiza una experiencia de&hellip;&nbsp;<a href=\"https:\/\/aivlisoft.net\/shop\/producto\/energy-sistem-auriculares-display-anc-graphite-tw\/\" rel=\"bookmark\"><span class=\"screen-reader-text\">Energy Sistem Auriculares Display ANC Graphite TW<\/span><\/a><\/p>\n","protected":false},"featured_media":16317,"template":"","meta":{"neve_meta_sidebar":"","neve_meta_container":"","neve_meta_enable_content_width":"","neve_meta_content_width":0,"neve_meta_title_alignment":"","neve_meta_author_avatar":"","neve_post_elements_order":"","neve_meta_disable_header":"","neve_meta_disable_footer":"","neve_meta_disable_title":""},"product_brand":[],"product_cat":[15,790,957,5818],"product_tag":[6076],"class_list":{"0":"post-16316","1":"product","2":"type-product","3":"status-publish","4":"has-post-thumbnail","6":"product_cat-sin-categorizar","7":"product_cat-accesorios-gaming","8":"product_cat-accesorios-imagen-y-sonido","9":"product_cat-audio","10":"product_tag-6076","12":"first","13":"instock","14":"taxable","15":"shipping-taxable","16":"purchasable","17":"product-type-simple"},"yoast_head":"<!-- This site is optimized with the Yoast SEO plugin v26.0 - https:\/\/yoast.com\/wordpress\/plugins\/seo\/ -->\n<title>Energy Sistem Auriculares Display ANC Graphite TW - Aivlisoft Inform\u00e1tica<\/title>\n<meta name=\"robots\" content=\"index, follow, max-snippet:-1, max-image-preview:large, max-video-preview:-1\" \/>\n<link rel=\"canonical\" href=\"https:\/\/aivlisoft.net\/shop\/producto\/energy-sistem-auriculares-display-anc-graphite-tw\/\" \/>\n<meta property=\"og:locale\" content=\"es_ES\" \/>\n<meta property=\"og:type\" content=\"article\" \/>\n<meta property=\"og:title\" content=\"Energy Sistem Auriculares Display ANC Graphite TW - Aivlisoft Inform\u00e1tica\" \/>\n<meta property=\"og:description\" content=\"Tu m&uacute;sica, tu esencia, tu sonido personalizado Auriculares True Wireless con tecnolog&iacute;a Active Noise Cancelling: personaliza la configuraci&oacute;n de sonido ambiente que prefieras en cada momento.Con Bluetooth 5.4 y True Wireless Stereo, reproduce tu m&uacute;sica sin necesidad de cables durante sus 30 horas de autonom&iacute;a.Su estuche de carga con pantalla te garantiza una experiencia de&hellip;&nbsp;Energy Sistem Auriculares Display ANC Graphite TW\" \/>\n<meta property=\"og:url\" content=\"https:\/\/aivlisoft.net\/shop\/producto\/energy-sistem-auriculares-display-anc-graphite-tw\/\" \/>\n<meta property=\"og:site_name\" content=\"Aivlisoft Inform\u00e1tica\" \/>\n<meta property=\"article:modified_time\" content=\"2025-01-14T20:55:57+00:00\" \/>\n<meta property=\"og:image\" content=\"https:\/\/aivlisoft.net\/shop\/wp-content\/uploads\/2025\/01\/MAUAMI1193_800.jpg\" \/>\n\t<meta property=\"og:image:width\" content=\"800\" \/>\n\t<meta property=\"og:image:height\" content=\"800\" \/>\n\t<meta property=\"og:image:type\" content=\"image\/jpeg\" \/>\n<meta name=\"twitter:card\" content=\"summary_large_image\" \/>\n<meta name=\"twitter:label1\" content=\"Tiempo de lectura\" \/>\n\t<meta name=\"twitter:data1\" content=\"2 minutos\" \/>\n<script type=\"application\/ld+json\" class=\"yoast-schema-graph\">{\"@context\":\"https:\/\/schema.org\",\"@graph\":[{\"@type\":\"WebPage\",\"@id\":\"https:\/\/aivlisoft.net\/shop\/producto\/energy-sistem-auriculares-display-anc-graphite-tw\/\",\"url\":\"https:\/\/aivlisoft.net\/shop\/producto\/energy-sistem-auriculares-display-anc-graphite-tw\/\",\"name\":\"Energy Sistem Auriculares Display ANC Graphite TW - Aivlisoft Inform\u00e1tica\",\"isPartOf\":{\"@id\":\"https:\/\/aivlisoft.net\/shop\/#website\"},\"primaryImageOfPage\":{\"@id\":\"https:\/\/aivlisoft.net\/shop\/producto\/energy-sistem-auriculares-display-anc-graphite-tw\/#primaryimage\"},\"image\":{\"@id\":\"https:\/\/aivlisoft.net\/shop\/producto\/energy-sistem-auriculares-display-anc-graphite-tw\/#primaryimage\"},\"thumbnailUrl\":\"https:\/\/aivlisoft.net\/shop\/wp-content\/uploads\/2025\/01\/MAUAMI1193_800.jpg\",\"datePublished\":\"2025-01-13T15:01:10+00:00\",\"dateModified\":\"2025-01-14T20:55:57+00:00\",\"breadcrumb\":{\"@id\":\"https:\/\/aivlisoft.net\/shop\/producto\/energy-sistem-auriculares-display-anc-graphite-tw\/#breadcrumb\"},\"inLanguage\":\"es\",\"potentialAction\":[{\"@type\":\"ReadAction\",\"target\":[\"https:\/\/aivlisoft.net\/shop\/producto\/energy-sistem-auriculares-display-anc-graphite-tw\/\"]}]},{\"@type\":\"ImageObject\",\"inLanguage\":\"es\",\"@id\":\"https:\/\/aivlisoft.net\/shop\/producto\/energy-sistem-auriculares-display-anc-graphite-tw\/#primaryimage\",\"url\":\"https:\/\/aivlisoft.net\/shop\/wp-content\/uploads\/2025\/01\/MAUAMI1193_800.jpg\",\"contentUrl\":\"https:\/\/aivlisoft.net\/shop\/wp-content\/uploads\/2025\/01\/MAUAMI1193_800.jpg\",\"width\":800,\"height\":800},{\"@type\":\"BreadcrumbList\",\"@id\":\"https:\/\/aivlisoft.net\/shop\/producto\/energy-sistem-auriculares-display-anc-graphite-tw\/#breadcrumb\",\"itemListElement\":[{\"@type\":\"ListItem\",\"position\":1,\"name\":\"Portada\",\"item\":\"https:\/\/aivlisoft.net\/shop\/\"},{\"@type\":\"ListItem\",\"position\":2,\"name\":\"Tienda\",\"item\":\"https:\/\/aivlisoft.net\/shop\/tienda\/\"},{\"@type\":\"ListItem\",\"position\":3,\"name\":\"Energy Sistem Auriculares Display ANC Graphite TW\"}]},{\"@type\":\"WebSite\",\"@id\":\"https:\/\/aivlisoft.net\/shop\/#website\",\"url\":\"https:\/\/aivlisoft.net\/shop\/\",\"name\":\"Aivlisoft Inform\u00e1tica\",\"description\":\"En Aivlisoft Inform\u00e1tica ofrecemos soluciones tecnol\u00f3gicas para empresas: venta de ordenadores, consumibles, perif\u00e9ricos y m\u00e1s. Calidad, atenci\u00f3n personalizada y los mejores precios para tu negocio.\",\"publisher\":{\"@id\":\"https:\/\/aivlisoft.net\/shop\/#organization\"},\"potentialAction\":[{\"@type\":\"SearchAction\",\"target\":{\"@type\":\"EntryPoint\",\"urlTemplate\":\"https:\/\/aivlisoft.net\/shop\/?s={search_term_string}\"},\"query-input\":{\"@type\":\"PropertyValueSpecification\",\"valueRequired\":true,\"valueName\":\"search_term_string\"}}],\"inLanguage\":\"es\"},{\"@type\":\"Organization\",\"@id\":\"https:\/\/aivlisoft.net\/shop\/#organization\",\"name\":\"Aivlisoft Inform\u00e1tica\",\"url\":\"https:\/\/aivlisoft.net\/shop\/\",\"logo\":{\"@type\":\"ImageObject\",\"inLanguage\":\"es\",\"@id\":\"https:\/\/aivlisoft.net\/shop\/#\/schema\/logo\/image\/\",\"url\":\"https:\/\/aivlisoft.net\/shop\/wp-content\/uploads\/2024\/12\/removal.ai_5b848c54-0cdf-4140-95c5-c5536bb7573b-logodef.png\",\"contentUrl\":\"https:\/\/aivlisoft.net\/shop\/wp-content\/uploads\/2024\/12\/removal.ai_5b848c54-0cdf-4140-95c5-c5536bb7573b-logodef.png\",\"width\":484,\"height\":182,\"caption\":\"Aivlisoft Inform\u00e1tica\"},\"image\":{\"@id\":\"https:\/\/aivlisoft.net\/shop\/#\/schema\/logo\/image\/\"}}]}<\/script>\n<!-- \/ Yoast SEO plugin. -->","yoast_head_json":{"title":"Energy Sistem Auriculares Display ANC Graphite TW - Aivlisoft Inform\u00e1tica","robots":{"index":"index","follow":"follow","max-snippet":"max-snippet:-1","max-image-preview":"max-image-preview:large","max-video-preview":"max-video-preview:-1"},"canonical":"https:\/\/aivlisoft.net\/shop\/producto\/energy-sistem-auriculares-display-anc-graphite-tw\/","og_locale":"es_ES","og_type":"article","og_title":"Energy Sistem Auriculares Display ANC Graphite TW - Aivlisoft Inform\u00e1tica","og_description":"Tu m&uacute;sica, tu esencia, tu sonido personalizado Auriculares True Wireless con tecnolog&iacute;a Active Noise Cancelling: personaliza la configuraci&oacute;n de sonido ambiente que prefieras en cada momento.Con Bluetooth 5.4 y True Wireless Stereo, reproduce tu m&uacute;sica sin necesidad de cables durante sus 30 horas de autonom&iacute;a.Su estuche de carga con pantalla te garantiza una experiencia de&hellip;&nbsp;Energy Sistem Auriculares Display ANC Graphite TW","og_url":"https:\/\/aivlisoft.net\/shop\/producto\/energy-sistem-auriculares-display-anc-graphite-tw\/","og_site_name":"Aivlisoft Inform\u00e1tica","article_modified_time":"2025-01-14T20:55:57+00:00","og_image":[{"width":800,"height":800,"url":"https:\/\/aivlisoft.net\/shop\/wp-content\/uploads\/2025\/01\/MAUAMI1193_800.jpg","type":"image\/jpeg"}],"twitter_card":"summary_large_image","twitter_misc":{"Tiempo de lectura":"2 minutos"},"schema":{"@context":"https:\/\/schema.org","@graph":[{"@type":"WebPage","@id":"https:\/\/aivlisoft.net\/shop\/producto\/energy-sistem-auriculares-display-anc-graphite-tw\/","url":"https:\/\/aivlisoft.net\/shop\/producto\/energy-sistem-auriculares-display-anc-graphite-tw\/","name":"Energy Sistem Auriculares Display ANC Graphite TW - Aivlisoft Inform\u00e1tica","isPartOf":{"@id":"https:\/\/aivlisoft.net\/shop\/#website"},"primaryImageOfPage":{"@id":"https:\/\/aivlisoft.net\/shop\/producto\/energy-sistem-auriculares-display-anc-graphite-tw\/#primaryimage"},"image":{"@id":"https:\/\/aivlisoft.net\/shop\/producto\/energy-sistem-auriculares-display-anc-graphite-tw\/#primaryimage"},"thumbnailUrl":"https:\/\/aivlisoft.net\/shop\/wp-content\/uploads\/2025\/01\/MAUAMI1193_800.jpg","datePublished":"2025-01-13T15:01:10+00:00","dateModified":"2025-01-14T20:55:57+00:00","breadcrumb":{"@id":"https:\/\/aivlisoft.net\/shop\/producto\/energy-sistem-auriculares-display-anc-graphite-tw\/#breadcrumb"},"inLanguage":"es","potentialAction":[{"@type":"ReadAction","target":["https:\/\/aivlisoft.net\/shop\/producto\/energy-sistem-auriculares-display-anc-graphite-tw\/"]}]},{"@type":"ImageObject","inLanguage":"es","@id":"https:\/\/aivlisoft.net\/shop\/producto\/energy-sistem-auriculares-display-anc-graphite-tw\/#primaryimage","url":"https:\/\/aivlisoft.net\/shop\/wp-content\/uploads\/2025\/01\/MAUAMI1193_800.jpg","contentUrl":"https:\/\/aivlisoft.net\/shop\/wp-content\/uploads\/2025\/01\/MAUAMI1193_800.jpg","width":800,"height":800},{"@type":"BreadcrumbList","@id":"https:\/\/aivlisoft.net\/shop\/producto\/energy-sistem-auriculares-display-anc-graphite-tw\/#breadcrumb","itemListElement":[{"@type":"ListItem","position":1,"name":"Portada","item":"https:\/\/aivlisoft.net\/shop\/"},{"@type":"ListItem","position":2,"name":"Tienda","item":"https:\/\/aivlisoft.net\/shop\/tienda\/"},{"@type":"ListItem","position":3,"name":"Energy Sistem Auriculares Display ANC Graphite TW"}]},{"@type":"WebSite","@id":"https:\/\/aivlisoft.net\/shop\/#website","url":"https:\/\/aivlisoft.net\/shop\/","name":"Aivlisoft Inform\u00e1tica","description":"En Aivlisoft Inform\u00e1tica ofrecemos soluciones tecnol\u00f3gicas para empresas: venta de ordenadores, consumibles, perif\u00e9ricos y m\u00e1s. Calidad, atenci\u00f3n personalizada y los mejores precios para tu negocio.","publisher":{"@id":"https:\/\/aivlisoft.net\/shop\/#organization"},"potentialAction":[{"@type":"SearchAction","target":{"@type":"EntryPoint","urlTemplate":"https:\/\/aivlisoft.net\/shop\/?s={search_term_string}"},"query-input":{"@type":"PropertyValueSpecification","valueRequired":true,"valueName":"search_term_string"}}],"inLanguage":"es"},{"@type":"Organization","@id":"https:\/\/aivlisoft.net\/shop\/#organization","name":"Aivlisoft Inform\u00e1tica","url":"https:\/\/aivlisoft.net\/shop\/","logo":{"@type":"ImageObject","inLanguage":"es","@id":"https:\/\/aivlisoft.net\/shop\/#\/schema\/logo\/image\/","url":"https:\/\/aivlisoft.net\/shop\/wp-content\/uploads\/2024\/12\/removal.ai_5b848c54-0cdf-4140-95c5-c5536bb7573b-logodef.png","contentUrl":"https:\/\/aivlisoft.net\/shop\/wp-content\/uploads\/2024\/12\/removal.ai_5b848c54-0cdf-4140-95c5-c5536bb7573b-logodef.png","width":484,"height":182,"caption":"Aivlisoft Inform\u00e1tica"},"image":{"@id":"https:\/\/aivlisoft.net\/shop\/#\/schema\/logo\/image\/"}}]}},"_links":{"self":[{"href":"https:\/\/aivlisoft.net\/shop\/wp-json\/wp\/v2\/product\/16316","targetHints":{"allow":["GET"]}}],"collection":[{"href":"https:\/\/aivlisoft.net\/shop\/wp-json\/wp\/v2\/product"}],"about":[{"href":"https:\/\/aivlisoft.net\/shop\/wp-json\/wp\/v2\/types\/product"}],"wp:featuredmedia":[{"embeddable":true,"href":"https:\/\/aivlisoft.net\/shop\/wp-json\/wp\/v2\/media\/16317"}],"wp:attachment":[{"href":"https:\/\/aivlisoft.net\/shop\/wp-json\/wp\/v2\/media?parent=16316"}],"wp:term":[{"taxonomy":"product_brand","embeddable":true,"href":"https:\/\/aivlisoft.net\/shop\/wp-json\/wp\/v2\/product_brand?post=16316"},{"taxonomy":"product_cat","embeddable":true,"href":"https:\/\/aivlisoft.net\/shop\/wp-json\/wp\/v2\/product_cat?post=16316"},{"taxonomy":"product_tag","embeddable":true,"href":"https:\/\/aivlisoft.net\/shop\/wp-json\/wp\/v2\/product_tag?post=16316"}],"curies":[{"name":"wp","href":"https:\/\/api.w.org\/{rel}","templated":true}]}}