{"id":15830,"date":"2025-01-13T14:56:51","date_gmt":"2025-01-13T14:56:51","guid":{"rendered":"https:\/\/aivlisoft.com\/?post_type=product&#038;p=15830"},"modified":"2025-01-14T21:08:58","modified_gmt":"2025-01-14T21:08:58","slug":"spc-auricularmicro-dreamer-pro-4750n-bt","status":"publish","type":"product","link":"https:\/\/aivlisoft.net\/shop\/producto\/spc-auricularmicro-dreamer-pro-4750n-bt\/","title":{"rendered":"SPC Auricular+micro Dreamer pro 4750N BT"},"content":{"rendered":"<p><strong>Para no perder lo mejor que tenemos: la libertad<\/strong><br \/>Al ser 100% inal&aacute;mbricos, te dan libertad de para moverte cuando lo necesites sin preocuparte de la largura del cable, enredos o tirones.<br \/>El alcance de 30 metros garantiza conexi&oacute;n en un amplio rango. &iexcl;Sigue escuchando aunque te alejes del PC o smartphone!<br \/>Y al tener un dise&ntilde;o On &ndash; Ear, tienes la libertad de evadirte cuando quieras con el envolvente sonido en est&eacute;reo sobre tus o&iacute;dos.<\/p>\n<p><strong>Y hablando de libertad&#8230;<\/strong><br \/>40 horas de m&uacute;sica, de p&oacute;dcast, de radio, de llamadas&#8230; En otras palabras: compa&ntilde;&iacute;a para toda tu jornada laboral a cambio de una &uacute;nica carga completa a la semana.<br \/>&iexcl;Esto tambi&eacute;n es libertad!<br \/>Adem&aacute;s, incorporan indicador luminoso que lucir&aacute; en rojo para indicarte que el nivel de bater&iacute;a es bajo, parpadear&aacute; mientras carga y ser&aacute; azul cuando haya terminado de reponer energ&iacute;as.<br \/>&nbsp;<br \/><strong>El ruido se para ante esa llamada<\/strong><br \/>Al recibir o realizar una llamada, los DREAMER PRO crean de manera autom&aacute;tica una burbuja para que s&oacute;lo exist&aacute;is la otra persona y t&uacute;.<br \/>El entorno y su bullicio pasan a un segundo plano para facilitar que os oig&aacute;is y habl&eacute;is con claridad, porque la tecnolog&iacute;a ENC genera un sonido equivalente pero opuesto al ruido que te rodea, reduci&eacute;ndolo considerablemente para que tu interlocutor te escuche con total nitidez.<\/p>\n<p><strong>Esto es tenerlo todo a mano<\/strong><br \/>Dale al PLAY o pausa tu m&uacute;sica, baja el volumen si necesitas un suave hilo musical o s&uacute;belo si llega un temazo.<br \/>Atiende llamadas, cu&eacute;lgalas, haz una rellamada y silencia el micr&oacute;fono si tu interlocutor debe mantenerse a la espera y no quieres que escuche nada mientras.<br \/>Gestiona todo lo que pasa en tus o&iacute;dos desde los botones que tienes a tu alcance.<\/p>\n<p><strong>Micr&oacute;fono que est&aacute; donde y cuando tiene que estar<\/strong><br \/>Los auriculares DREAMER PRO incorporan un micr&oacute;fono con enfoque de voz, para que se te escuche alto y claro.<br \/>Y es giratorio 270&ordm;, para que lo tengas pr&oacute;ximo a ti desde el lado que quieras o en posici&oacute;n vertical alineado con la diadema cuando solo quieras escuchar.<\/p>\n<p><strong>Emparejamiento doble y por supuesto, autom&aacute;tico<\/strong><br \/>Los DREAMER PRO se vinculan por Bluetooth a dos dispositivos a la vez, de tal forma que si est&aacute;s escuchando m&uacute;sica desde el PC pero entra una llamada a tu m&oacute;vil te enterar&aacute;s aun sin tenerlo cerca.<br \/>Cuando finalice, la m&uacute;sica seguir&aacute; su curso de forma autom&aacute;tica.<br \/>Y autom&aacute;tica tambi&eacute;n es la sincronizaci&oacute;n. Una vez realizado el primer emparejamiento no tendr&aacute;s que hacer nada m&aacute;s, porque despu&eacute;s, con solo encenderlos, ellos mismos buscan y se conectan con tu smartphone, tablet y\/o PC.<\/p>\n<table class=\"tabla_caracteristicas\" width=\"100%\">\n<tr>\n<td valign=\"top\"><strong>Marca<\/strong><\/td>\n<td>SPC<\/td>\n<\/tr>\n<tr>\n<td valign=\"top\"><strong>Modelo<\/strong><\/td>\n<td><strong>4750N<\/strong><\/td>\n<\/tr>\n<tr>\n<td valign=\"top\"><strong>Caracter&iacute;sticas<\/strong><\/td>\n<td><strong>Datos t&eacute;cnicos y sistema chip<\/strong><br \/>\t\t\t&#8211; Bluetooth: 5.0<br \/>\t\t\t&#8211; ON\/OFF<br \/>\t\t\t&#8211; Micr&oacute;fono: Unidireccional<br \/>\t\t\t&#8211; Frecuencia de respuesta: 20-20000Hz<br \/>\t\t\t&#8211; Cancelaci&oacute;n de ruido: ENC<br \/>\t\t\t&#8211; Control silenciador para llamadas<br \/>\t\t\t&#8211; CHIP: QCC3024<br \/>\t\t\t<strong>Bater&iacute;a y carga<\/strong><br \/>\t\t\t&#8211; Bater&iacute;a <strong>400mAh<\/strong><br \/>\t\t\t&#8211; Autonom&iacute;a total 40 H<br \/>\t\t\t&#8211; Carga USB-C<br \/>\t\t\t<strong>Compatibilidades<\/strong><br \/>\t\t\t&#8211; Compatibilidad con Windows, Mac OS X, Linux, Android<br \/>\t\t\t&#8211; Tel&eacute;fonos IP y las principales aplicaciones como Teams o Zoom.<br \/>\t\t\t<strong>Dimensiones y Peso<\/strong><br \/>\t\t\t&#8211; Alto: 169.3mm<br \/>\t\t\t&#8211; Ancho: 177.8mm<br \/>\t\t\t&#8211; Fondo: 68.3mm<br \/>\t\t\t&#8211; Peso: 150g<br \/>\t\t\t<strong>Contiene<\/strong><br \/>\t\t\t&#8211; SPC DREAMER PRO<br \/>\t\t\t&#8211; Cable de carga USB-C<br \/>\t\t\t&#8211; Gu&iacute;a r&aacute;pida<\/td>\n<\/tr>\n<tr>\n<td valign=\"top\"><strong>Fecha de revisi&oacute;n<\/strong><\/td>\n<td>16-11-2022 por MPM<\/td>\n<\/tr>\n<\/table>\n","protected":false},"excerpt":{"rendered":"<p>Para no perder lo mejor que tenemos: la libertadAl ser 100% inal&aacute;mbricos, te dan libertad de para moverte cuando lo necesites sin preocuparte de la largura del cable, enredos o tirones.El alcance de 30 metros garantiza conexi&oacute;n en un amplio rango. &iexcl;Sigue escuchando aunque te alejes del PC o smartphone!Y al tener un dise&ntilde;o On&hellip;&nbsp;<a href=\"https:\/\/aivlisoft.net\/shop\/producto\/spc-auricularmicro-dreamer-pro-4750n-bt\/\" rel=\"bookmark\"><span class=\"screen-reader-text\">SPC Auricular+micro Dreamer pro 4750N BT<\/span><\/a><\/p>\n","protected":false},"featured_media":15831,"template":"","meta":{"neve_meta_sidebar":"","neve_meta_container":"","neve_meta_enable_content_width":"","neve_meta_content_width":0,"neve_meta_title_alignment":"","neve_meta_author_avatar":"","neve_post_elements_order":"","neve_meta_disable_header":"","neve_meta_disable_footer":"","neve_meta_disable_title":""},"product_brand":[],"product_cat":[15,790,957,5818],"product_tag":[5959],"class_list":{"0":"post-15830","1":"product","2":"type-product","3":"status-publish","4":"has-post-thumbnail","6":"product_cat-sin-categorizar","7":"product_cat-accesorios-gaming","8":"product_cat-accesorios-imagen-y-sonido","9":"product_cat-audio","10":"product_tag-4750n","12":"first","13":"instock","14":"taxable","15":"shipping-taxable","16":"purchasable","17":"product-type-simple"},"yoast_head":"<!-- This site is optimized with the Yoast SEO plugin v26.0 - https:\/\/yoast.com\/wordpress\/plugins\/seo\/ -->\n<title>SPC Auricular+micro Dreamer pro 4750N BT - Aivlisoft Inform\u00e1tica<\/title>\n<meta name=\"robots\" content=\"index, follow, max-snippet:-1, max-image-preview:large, max-video-preview:-1\" \/>\n<link rel=\"canonical\" href=\"https:\/\/aivlisoft.net\/shop\/producto\/spc-auricularmicro-dreamer-pro-4750n-bt\/\" \/>\n<meta property=\"og:locale\" content=\"es_ES\" \/>\n<meta property=\"og:type\" content=\"article\" \/>\n<meta property=\"og:title\" content=\"SPC Auricular+micro Dreamer pro 4750N BT - Aivlisoft Inform\u00e1tica\" \/>\n<meta property=\"og:description\" content=\"Para no perder lo mejor que tenemos: la libertadAl ser 100% inal&aacute;mbricos, te dan libertad de para moverte cuando lo necesites sin preocuparte de la largura del cable, enredos o tirones.El alcance de 30 metros garantiza conexi&oacute;n en un amplio rango. &iexcl;Sigue escuchando aunque te alejes del PC o smartphone!Y al tener un dise&ntilde;o On&hellip;&nbsp;SPC Auricular+micro Dreamer pro 4750N BT\" \/>\n<meta property=\"og:url\" content=\"https:\/\/aivlisoft.net\/shop\/producto\/spc-auricularmicro-dreamer-pro-4750n-bt\/\" \/>\n<meta property=\"og:site_name\" content=\"Aivlisoft Inform\u00e1tica\" \/>\n<meta property=\"article:modified_time\" content=\"2025-01-14T21:08:58+00:00\" \/>\n<meta property=\"og:image\" content=\"https:\/\/aivlisoft.net\/shop\/wp-content\/uploads\/2025\/01\/MAUAMI1031_800.jpg\" \/>\n\t<meta property=\"og:image:width\" content=\"800\" \/>\n\t<meta property=\"og:image:height\" content=\"800\" \/>\n\t<meta property=\"og:image:type\" content=\"image\/jpeg\" \/>\n<meta name=\"twitter:card\" content=\"summary_large_image\" \/>\n<meta name=\"twitter:label1\" content=\"Tiempo de lectura\" \/>\n\t<meta name=\"twitter:data1\" content=\"3 minutos\" \/>\n<script type=\"application\/ld+json\" class=\"yoast-schema-graph\">{\"@context\":\"https:\/\/schema.org\",\"@graph\":[{\"@type\":\"WebPage\",\"@id\":\"https:\/\/aivlisoft.net\/shop\/producto\/spc-auricularmicro-dreamer-pro-4750n-bt\/\",\"url\":\"https:\/\/aivlisoft.net\/shop\/producto\/spc-auricularmicro-dreamer-pro-4750n-bt\/\",\"name\":\"SPC Auricular+micro Dreamer pro 4750N BT - Aivlisoft Inform\u00e1tica\",\"isPartOf\":{\"@id\":\"https:\/\/aivlisoft.net\/shop\/#website\"},\"primaryImageOfPage\":{\"@id\":\"https:\/\/aivlisoft.net\/shop\/producto\/spc-auricularmicro-dreamer-pro-4750n-bt\/#primaryimage\"},\"image\":{\"@id\":\"https:\/\/aivlisoft.net\/shop\/producto\/spc-auricularmicro-dreamer-pro-4750n-bt\/#primaryimage\"},\"thumbnailUrl\":\"https:\/\/aivlisoft.net\/shop\/wp-content\/uploads\/2025\/01\/MAUAMI1031_800.jpg\",\"datePublished\":\"2025-01-13T14:56:51+00:00\",\"dateModified\":\"2025-01-14T21:08:58+00:00\",\"breadcrumb\":{\"@id\":\"https:\/\/aivlisoft.net\/shop\/producto\/spc-auricularmicro-dreamer-pro-4750n-bt\/#breadcrumb\"},\"inLanguage\":\"es\",\"potentialAction\":[{\"@type\":\"ReadAction\",\"target\":[\"https:\/\/aivlisoft.net\/shop\/producto\/spc-auricularmicro-dreamer-pro-4750n-bt\/\"]}]},{\"@type\":\"ImageObject\",\"inLanguage\":\"es\",\"@id\":\"https:\/\/aivlisoft.net\/shop\/producto\/spc-auricularmicro-dreamer-pro-4750n-bt\/#primaryimage\",\"url\":\"https:\/\/aivlisoft.net\/shop\/wp-content\/uploads\/2025\/01\/MAUAMI1031_800.jpg\",\"contentUrl\":\"https:\/\/aivlisoft.net\/shop\/wp-content\/uploads\/2025\/01\/MAUAMI1031_800.jpg\",\"width\":800,\"height\":800},{\"@type\":\"BreadcrumbList\",\"@id\":\"https:\/\/aivlisoft.net\/shop\/producto\/spc-auricularmicro-dreamer-pro-4750n-bt\/#breadcrumb\",\"itemListElement\":[{\"@type\":\"ListItem\",\"position\":1,\"name\":\"Portada\",\"item\":\"https:\/\/aivlisoft.net\/shop\/\"},{\"@type\":\"ListItem\",\"position\":2,\"name\":\"Tienda\",\"item\":\"https:\/\/aivlisoft.net\/shop\/tienda\/\"},{\"@type\":\"ListItem\",\"position\":3,\"name\":\"SPC Auricular+micro Dreamer pro 4750N BT\"}]},{\"@type\":\"WebSite\",\"@id\":\"https:\/\/aivlisoft.net\/shop\/#website\",\"url\":\"https:\/\/aivlisoft.net\/shop\/\",\"name\":\"Aivlisoft Inform\u00e1tica\",\"description\":\"En Aivlisoft Inform\u00e1tica ofrecemos soluciones tecnol\u00f3gicas para empresas: venta de ordenadores, consumibles, perif\u00e9ricos y m\u00e1s. Calidad, atenci\u00f3n personalizada y los mejores precios para tu negocio.\",\"publisher\":{\"@id\":\"https:\/\/aivlisoft.net\/shop\/#organization\"},\"potentialAction\":[{\"@type\":\"SearchAction\",\"target\":{\"@type\":\"EntryPoint\",\"urlTemplate\":\"https:\/\/aivlisoft.net\/shop\/?s={search_term_string}\"},\"query-input\":{\"@type\":\"PropertyValueSpecification\",\"valueRequired\":true,\"valueName\":\"search_term_string\"}}],\"inLanguage\":\"es\"},{\"@type\":\"Organization\",\"@id\":\"https:\/\/aivlisoft.net\/shop\/#organization\",\"name\":\"Aivlisoft Inform\u00e1tica\",\"url\":\"https:\/\/aivlisoft.net\/shop\/\",\"logo\":{\"@type\":\"ImageObject\",\"inLanguage\":\"es\",\"@id\":\"https:\/\/aivlisoft.net\/shop\/#\/schema\/logo\/image\/\",\"url\":\"https:\/\/aivlisoft.net\/shop\/wp-content\/uploads\/2024\/12\/removal.ai_5b848c54-0cdf-4140-95c5-c5536bb7573b-logodef.png\",\"contentUrl\":\"https:\/\/aivlisoft.net\/shop\/wp-content\/uploads\/2024\/12\/removal.ai_5b848c54-0cdf-4140-95c5-c5536bb7573b-logodef.png\",\"width\":484,\"height\":182,\"caption\":\"Aivlisoft Inform\u00e1tica\"},\"image\":{\"@id\":\"https:\/\/aivlisoft.net\/shop\/#\/schema\/logo\/image\/\"}}]}<\/script>\n<!-- \/ Yoast SEO plugin. -->","yoast_head_json":{"title":"SPC Auricular+micro Dreamer pro 4750N BT - Aivlisoft Inform\u00e1tica","robots":{"index":"index","follow":"follow","max-snippet":"max-snippet:-1","max-image-preview":"max-image-preview:large","max-video-preview":"max-video-preview:-1"},"canonical":"https:\/\/aivlisoft.net\/shop\/producto\/spc-auricularmicro-dreamer-pro-4750n-bt\/","og_locale":"es_ES","og_type":"article","og_title":"SPC Auricular+micro Dreamer pro 4750N BT - Aivlisoft Inform\u00e1tica","og_description":"Para no perder lo mejor que tenemos: la libertadAl ser 100% inal&aacute;mbricos, te dan libertad de para moverte cuando lo necesites sin preocuparte de la largura del cable, enredos o tirones.El alcance de 30 metros garantiza conexi&oacute;n en un amplio rango. &iexcl;Sigue escuchando aunque te alejes del PC o smartphone!Y al tener un dise&ntilde;o On&hellip;&nbsp;SPC Auricular+micro Dreamer pro 4750N BT","og_url":"https:\/\/aivlisoft.net\/shop\/producto\/spc-auricularmicro-dreamer-pro-4750n-bt\/","og_site_name":"Aivlisoft Inform\u00e1tica","article_modified_time":"2025-01-14T21:08:58+00:00","og_image":[{"width":800,"height":800,"url":"https:\/\/aivlisoft.net\/shop\/wp-content\/uploads\/2025\/01\/MAUAMI1031_800.jpg","type":"image\/jpeg"}],"twitter_card":"summary_large_image","twitter_misc":{"Tiempo de lectura":"3 minutos"},"schema":{"@context":"https:\/\/schema.org","@graph":[{"@type":"WebPage","@id":"https:\/\/aivlisoft.net\/shop\/producto\/spc-auricularmicro-dreamer-pro-4750n-bt\/","url":"https:\/\/aivlisoft.net\/shop\/producto\/spc-auricularmicro-dreamer-pro-4750n-bt\/","name":"SPC Auricular+micro Dreamer pro 4750N BT - Aivlisoft Inform\u00e1tica","isPartOf":{"@id":"https:\/\/aivlisoft.net\/shop\/#website"},"primaryImageOfPage":{"@id":"https:\/\/aivlisoft.net\/shop\/producto\/spc-auricularmicro-dreamer-pro-4750n-bt\/#primaryimage"},"image":{"@id":"https:\/\/aivlisoft.net\/shop\/producto\/spc-auricularmicro-dreamer-pro-4750n-bt\/#primaryimage"},"thumbnailUrl":"https:\/\/aivlisoft.net\/shop\/wp-content\/uploads\/2025\/01\/MAUAMI1031_800.jpg","datePublished":"2025-01-13T14:56:51+00:00","dateModified":"2025-01-14T21:08:58+00:00","breadcrumb":{"@id":"https:\/\/aivlisoft.net\/shop\/producto\/spc-auricularmicro-dreamer-pro-4750n-bt\/#breadcrumb"},"inLanguage":"es","potentialAction":[{"@type":"ReadAction","target":["https:\/\/aivlisoft.net\/shop\/producto\/spc-auricularmicro-dreamer-pro-4750n-bt\/"]}]},{"@type":"ImageObject","inLanguage":"es","@id":"https:\/\/aivlisoft.net\/shop\/producto\/spc-auricularmicro-dreamer-pro-4750n-bt\/#primaryimage","url":"https:\/\/aivlisoft.net\/shop\/wp-content\/uploads\/2025\/01\/MAUAMI1031_800.jpg","contentUrl":"https:\/\/aivlisoft.net\/shop\/wp-content\/uploads\/2025\/01\/MAUAMI1031_800.jpg","width":800,"height":800},{"@type":"BreadcrumbList","@id":"https:\/\/aivlisoft.net\/shop\/producto\/spc-auricularmicro-dreamer-pro-4750n-bt\/#breadcrumb","itemListElement":[{"@type":"ListItem","position":1,"name":"Portada","item":"https:\/\/aivlisoft.net\/shop\/"},{"@type":"ListItem","position":2,"name":"Tienda","item":"https:\/\/aivlisoft.net\/shop\/tienda\/"},{"@type":"ListItem","position":3,"name":"SPC Auricular+micro Dreamer pro 4750N BT"}]},{"@type":"WebSite","@id":"https:\/\/aivlisoft.net\/shop\/#website","url":"https:\/\/aivlisoft.net\/shop\/","name":"Aivlisoft Inform\u00e1tica","description":"En Aivlisoft Inform\u00e1tica ofrecemos soluciones tecnol\u00f3gicas para empresas: venta de ordenadores, consumibles, perif\u00e9ricos y m\u00e1s. Calidad, atenci\u00f3n personalizada y los mejores precios para tu negocio.","publisher":{"@id":"https:\/\/aivlisoft.net\/shop\/#organization"},"potentialAction":[{"@type":"SearchAction","target":{"@type":"EntryPoint","urlTemplate":"https:\/\/aivlisoft.net\/shop\/?s={search_term_string}"},"query-input":{"@type":"PropertyValueSpecification","valueRequired":true,"valueName":"search_term_string"}}],"inLanguage":"es"},{"@type":"Organization","@id":"https:\/\/aivlisoft.net\/shop\/#organization","name":"Aivlisoft Inform\u00e1tica","url":"https:\/\/aivlisoft.net\/shop\/","logo":{"@type":"ImageObject","inLanguage":"es","@id":"https:\/\/aivlisoft.net\/shop\/#\/schema\/logo\/image\/","url":"https:\/\/aivlisoft.net\/shop\/wp-content\/uploads\/2024\/12\/removal.ai_5b848c54-0cdf-4140-95c5-c5536bb7573b-logodef.png","contentUrl":"https:\/\/aivlisoft.net\/shop\/wp-content\/uploads\/2024\/12\/removal.ai_5b848c54-0cdf-4140-95c5-c5536bb7573b-logodef.png","width":484,"height":182,"caption":"Aivlisoft Inform\u00e1tica"},"image":{"@id":"https:\/\/aivlisoft.net\/shop\/#\/schema\/logo\/image\/"}}]}},"_links":{"self":[{"href":"https:\/\/aivlisoft.net\/shop\/wp-json\/wp\/v2\/product\/15830","targetHints":{"allow":["GET"]}}],"collection":[{"href":"https:\/\/aivlisoft.net\/shop\/wp-json\/wp\/v2\/product"}],"about":[{"href":"https:\/\/aivlisoft.net\/shop\/wp-json\/wp\/v2\/types\/product"}],"wp:featuredmedia":[{"embeddable":true,"href":"https:\/\/aivlisoft.net\/shop\/wp-json\/wp\/v2\/media\/15831"}],"wp:attachment":[{"href":"https:\/\/aivlisoft.net\/shop\/wp-json\/wp\/v2\/media?parent=15830"}],"wp:term":[{"taxonomy":"product_brand","embeddable":true,"href":"https:\/\/aivlisoft.net\/shop\/wp-json\/wp\/v2\/product_brand?post=15830"},{"taxonomy":"product_cat","embeddable":true,"href":"https:\/\/aivlisoft.net\/shop\/wp-json\/wp\/v2\/product_cat?post=15830"},{"taxonomy":"product_tag","embeddable":true,"href":"https:\/\/aivlisoft.net\/shop\/wp-json\/wp\/v2\/product_tag?post=15830"}],"curies":[{"name":"wp","href":"https:\/\/api.w.org\/{rel}","templated":true}]}}