{"id":15826,"date":"2025-01-13T14:56:49","date_gmt":"2025-01-13T14:56:49","guid":{"rendered":"https:\/\/aivlisoft.com\/?post_type=product&#038;p=15826"},"modified":"2025-01-14T21:08:59","modified_gmt":"2025-01-14T21:08:59","slug":"spc-auricular-heron-studio-4618n-bt-5-1","status":"publish","type":"product","link":"https:\/\/aivlisoft.net\/shop\/producto\/spc-auricular-heron-studio-4618n-bt-5-1\/","title":{"rendered":"SPC Auricular Heron Studio 4618N bt 5.1"},"content":{"rendered":"<p><strong>SPC HERON STUDIO<\/strong><br \/>A&iacute;slate del mundo para conectar con el tuyo Los SPC HERON STUDIO, gracias a su sonido est&eacute;reo sumamente envolvente, resultan perfectos para evadirse del ajetreo del d&iacute;a a d&iacute;a.<br \/>Su dise&ntilde;o de auriculares Over- Ear recoge toda la oreja para que te a&iacute;sles el ruido exterior y logres la desconexi&oacute;n o concentraci&oacute;n que buscas. Solo estar&eacute;is ellos y t&uacute;.<\/p>\n<p><strong>Estar en dos lugares a la vez s&iacute; es posible<\/strong><br \/>No es magia, es la doble conectividad. Empar&eacute;jalos a dos dispositivos Bluetooth diferentes e interact&uacute;a con ambos sin tener que cambiar la conexi&oacute;n una y otra vez.<br \/>La conexi&oacute;n simult&aacute;nea de los HERON STUDIO te facilita estar conectado al PC y a tu smartphone a la vez, de tal forma que, si est&aacute;s jugando, trabajando o escuchando m&uacute;sica desde el PC y entra una llamada a tu tel&eacute;fono la escuchar&aacute;s, podr&aacute;s descolgar desde los auriculares y atenderla con la funci&oacute;n manos libres. Vive sin ataduras. Habla con total libertad.<\/p>\n<p><strong>26h de reproducci&oacute;n sin descanso<\/strong><br \/>La extraordinaria bater&iacute;a de los HERON STUDIO te permite mantener esa larga conversaci&oacute;n pendiente, escuchar m&uacute;sica durante toda la jornada y disfrutar de varios cap&iacute;tulos de tu serie favorita al finalizar el d&iacute;a.<br \/>Disfruta de una envolvente experiencia auditiva durante 26 horas sin interrupciones.<\/p>\n<p><strong>Un dise&ntilde;o que es m&uacute;sica para tus o&iacute;dos<\/strong><br \/>Ultraligeros, acolchados y plegables.<br \/>Los HERON STUDIO tienen un dise&ntilde;o especialmente funcional ya que, al plegarse los auriculares hacia dentro, quedan compactados para que llevarlos contigo a cualquier parte sea muy, muy f&aacute;cil.<br \/>Y lo mejor es que durante su uso ni te enteras de que los llevas. La diadema ajustable totalmente acolchada y su ligereza aportan la comodidad que necesitas para hacer m&aacute;s llevadero tu d&iacute;a.<br \/>&nbsp;<br \/><strong>Solo enci&eacute;ndelos, ellos hacen el resto<\/strong><br \/>Una vez emparejados por primera vez a tus dispositivos Bluetooth ya no tendr&aacute;s que hacer nada m&aacute;s, porque en sucesivas ocasiones, tras haberlos encendido, ellos mismos se encargan de buscar y conectar con tu smartphone, tablet y\/o PC.<br \/>Y hacer que de forma inminente empiece la sesi&oacute;n. Sin esperas, cuando t&uacute; digas.<\/p>\n<p><strong>El control que s&iacute; quieres experimentar<\/strong><br \/>Enciende y apaga. Descuelga y cuelga llamadas. Adelanta, rebobina y pausa una canci&oacute;n. Vuelve a llamar al &uacute;ltimo contacto con el que has hablado.Sube y baja el volumen de la m&uacute;sica o la voz de tu interlocutor.<br \/>&iquest;Hay algo m&aacute;s pr&aacute;ctico que tenerlo todo al alcance de tu o&iacute;do? Controla TODO desde la botonera multifunci&oacute;n integrada en el auricular derecho, sin necesidad de tener el dispositivo vinculado cerca.<\/p>\n<table class=\"tabla_caracteristicas\" width=\"100%\">\n<tr>\n<td valign=\"top\"><strong>Marca<\/strong><\/td>\n<td>SPC<\/td>\n<\/tr>\n<tr>\n<td valign=\"top\"><strong>Modelo<\/strong><\/td>\n<td><strong>4618N<\/strong><\/td>\n<\/tr>\n<tr>\n<td valign=\"top\"><strong>Caracter&iacute;sticas<\/strong><\/td>\n<td>&#8211; Perfiles: HFP, A2DP, AVRCP<br \/>\t\t\t&#8211; Carga: USB-C<br \/>\t\t\t&#8211; Bluetooth: 5.1<br \/>\t\t\t&#8211;&nbsp; Manos libres.<br \/>\t\t\t&#8211; Conectividad con dos dispositivos simult&aacute;neamente.<br \/>\t\t\t&#8211; Sincronizaci&oacute;n autom&aacute;tica.<br \/>\t\t\t&#8211; Control t&aacute;ctil.<br \/>\t\t\t&#8211; Alcance m&aacute;ximo 10m<br \/>\t\t\t&#8211; Bater&iacute;a y carga<br \/>\t\t\t&#8211; Bater&iacute;a: 350mAh<br \/>\t\t\t&#8211; Autonom&iacute;a total: 26 H<br \/>\t\t\t&#8211; Llamadas: S&iacute;<br \/>\t\t\t&#8211; Conexi&oacute;n autom&aacute;tica: S&iacute;<br \/>\t\t\t<strong>Dimensiones<\/strong><br \/>\t\t\t&#8211; Alto: 165 mm<br \/>\t\t\t&#8211; Ancho: 185 mm<br \/>\t\t\t&#8211; Fondo: 78 mm<br \/>\t\t\t&#8211; Peso: 157g<br \/>\t\t\t<strong>Contiene<\/strong><br \/>\t\t\t&#8211; SPC Heron Studio<br \/>\t\t\t&#8211; Cable de carga USB-C<br \/>\t\t\t&#8211; Cable auxiliar<br \/>\t\t\t&#8211; Gu&iacute;a r&aacute;pida.<\/td>\n<\/tr>\n<tr>\n<td valign=\"top\"><strong>Fecha de revisi&oacute;n<\/strong><\/td>\n<td>07-11-2022 por MPM<\/td>\n<\/tr>\n<\/table>\n","protected":false},"excerpt":{"rendered":"<p>SPC HERON STUDIOA&iacute;slate del mundo para conectar con el tuyo Los SPC HERON STUDIO, gracias a su sonido est&eacute;reo sumamente envolvente, resultan perfectos para evadirse del ajetreo del d&iacute;a a d&iacute;a.Su dise&ntilde;o de auriculares Over- Ear recoge toda la oreja para que te a&iacute;sles el ruido exterior y logres la desconexi&oacute;n o concentraci&oacute;n que buscas.&hellip;&nbsp;<a href=\"https:\/\/aivlisoft.net\/shop\/producto\/spc-auricular-heron-studio-4618n-bt-5-1\/\" rel=\"bookmark\"><span class=\"screen-reader-text\">SPC Auricular Heron Studio 4618N bt 5.1<\/span><\/a><\/p>\n","protected":false},"featured_media":15827,"template":"","meta":{"neve_meta_sidebar":"","neve_meta_container":"","neve_meta_enable_content_width":"","neve_meta_content_width":0,"neve_meta_title_alignment":"","neve_meta_author_avatar":"","neve_post_elements_order":"","neve_meta_disable_header":"","neve_meta_disable_footer":"","neve_meta_disable_title":""},"product_brand":[],"product_cat":[15,790,957,5818],"product_tag":[5958],"class_list":{"0":"post-15826","1":"product","2":"type-product","3":"status-publish","4":"has-post-thumbnail","6":"product_cat-sin-categorizar","7":"product_cat-accesorios-gaming","8":"product_cat-accesorios-imagen-y-sonido","9":"product_cat-audio","10":"product_tag-4618n","12":"first","13":"instock","14":"taxable","15":"shipping-taxable","16":"purchasable","17":"product-type-simple"},"yoast_head":"<!-- This site is optimized with the Yoast SEO plugin v26.0 - https:\/\/yoast.com\/wordpress\/plugins\/seo\/ -->\n<title>SPC Auricular Heron Studio 4618N bt 5.1 - Aivlisoft Inform\u00e1tica<\/title>\n<meta name=\"robots\" content=\"index, follow, max-snippet:-1, max-image-preview:large, max-video-preview:-1\" \/>\n<link rel=\"canonical\" href=\"https:\/\/aivlisoft.net\/shop\/producto\/spc-auricular-heron-studio-4618n-bt-5-1\/\" \/>\n<meta property=\"og:locale\" content=\"es_ES\" \/>\n<meta property=\"og:type\" content=\"article\" \/>\n<meta property=\"og:title\" content=\"SPC Auricular Heron Studio 4618N bt 5.1 - Aivlisoft Inform\u00e1tica\" \/>\n<meta property=\"og:description\" content=\"SPC HERON STUDIOA&iacute;slate del mundo para conectar con el tuyo Los SPC HERON STUDIO, gracias a su sonido est&eacute;reo sumamente envolvente, resultan perfectos para evadirse del ajetreo del d&iacute;a a d&iacute;a.Su dise&ntilde;o de auriculares Over- Ear recoge toda la oreja para que te a&iacute;sles el ruido exterior y logres la desconexi&oacute;n o concentraci&oacute;n que buscas.&hellip;&nbsp;SPC Auricular Heron Studio 4618N bt 5.1\" \/>\n<meta property=\"og:url\" content=\"https:\/\/aivlisoft.net\/shop\/producto\/spc-auricular-heron-studio-4618n-bt-5-1\/\" \/>\n<meta property=\"og:site_name\" content=\"Aivlisoft Inform\u00e1tica\" \/>\n<meta property=\"article:modified_time\" content=\"2025-01-14T21:08:59+00:00\" \/>\n<meta property=\"og:image\" content=\"https:\/\/aivlisoft.net\/shop\/wp-content\/uploads\/2025\/01\/MAUAMI1030_800.jpg\" \/>\n\t<meta property=\"og:image:width\" content=\"800\" \/>\n\t<meta property=\"og:image:height\" content=\"800\" \/>\n\t<meta property=\"og:image:type\" content=\"image\/jpeg\" \/>\n<meta name=\"twitter:card\" content=\"summary_large_image\" \/>\n<meta name=\"twitter:label1\" content=\"Tiempo de lectura\" \/>\n\t<meta name=\"twitter:data1\" content=\"3 minutos\" \/>\n<script type=\"application\/ld+json\" class=\"yoast-schema-graph\">{\"@context\":\"https:\/\/schema.org\",\"@graph\":[{\"@type\":\"WebPage\",\"@id\":\"https:\/\/aivlisoft.net\/shop\/producto\/spc-auricular-heron-studio-4618n-bt-5-1\/\",\"url\":\"https:\/\/aivlisoft.net\/shop\/producto\/spc-auricular-heron-studio-4618n-bt-5-1\/\",\"name\":\"SPC Auricular Heron Studio 4618N bt 5.1 - Aivlisoft Inform\u00e1tica\",\"isPartOf\":{\"@id\":\"https:\/\/aivlisoft.net\/shop\/#website\"},\"primaryImageOfPage\":{\"@id\":\"https:\/\/aivlisoft.net\/shop\/producto\/spc-auricular-heron-studio-4618n-bt-5-1\/#primaryimage\"},\"image\":{\"@id\":\"https:\/\/aivlisoft.net\/shop\/producto\/spc-auricular-heron-studio-4618n-bt-5-1\/#primaryimage\"},\"thumbnailUrl\":\"https:\/\/aivlisoft.net\/shop\/wp-content\/uploads\/2025\/01\/MAUAMI1030_800.jpg\",\"datePublished\":\"2025-01-13T14:56:49+00:00\",\"dateModified\":\"2025-01-14T21:08:59+00:00\",\"breadcrumb\":{\"@id\":\"https:\/\/aivlisoft.net\/shop\/producto\/spc-auricular-heron-studio-4618n-bt-5-1\/#breadcrumb\"},\"inLanguage\":\"es\",\"potentialAction\":[{\"@type\":\"ReadAction\",\"target\":[\"https:\/\/aivlisoft.net\/shop\/producto\/spc-auricular-heron-studio-4618n-bt-5-1\/\"]}]},{\"@type\":\"ImageObject\",\"inLanguage\":\"es\",\"@id\":\"https:\/\/aivlisoft.net\/shop\/producto\/spc-auricular-heron-studio-4618n-bt-5-1\/#primaryimage\",\"url\":\"https:\/\/aivlisoft.net\/shop\/wp-content\/uploads\/2025\/01\/MAUAMI1030_800.jpg\",\"contentUrl\":\"https:\/\/aivlisoft.net\/shop\/wp-content\/uploads\/2025\/01\/MAUAMI1030_800.jpg\",\"width\":800,\"height\":800},{\"@type\":\"BreadcrumbList\",\"@id\":\"https:\/\/aivlisoft.net\/shop\/producto\/spc-auricular-heron-studio-4618n-bt-5-1\/#breadcrumb\",\"itemListElement\":[{\"@type\":\"ListItem\",\"position\":1,\"name\":\"Portada\",\"item\":\"https:\/\/aivlisoft.net\/shop\/\"},{\"@type\":\"ListItem\",\"position\":2,\"name\":\"Tienda\",\"item\":\"https:\/\/aivlisoft.net\/shop\/tienda\/\"},{\"@type\":\"ListItem\",\"position\":3,\"name\":\"SPC Auricular Heron Studio 4618N bt 5.1\"}]},{\"@type\":\"WebSite\",\"@id\":\"https:\/\/aivlisoft.net\/shop\/#website\",\"url\":\"https:\/\/aivlisoft.net\/shop\/\",\"name\":\"Aivlisoft Inform\u00e1tica\",\"description\":\"En Aivlisoft Inform\u00e1tica ofrecemos soluciones tecnol\u00f3gicas para empresas: venta de ordenadores, consumibles, perif\u00e9ricos y m\u00e1s. Calidad, atenci\u00f3n personalizada y los mejores precios para tu negocio.\",\"publisher\":{\"@id\":\"https:\/\/aivlisoft.net\/shop\/#organization\"},\"potentialAction\":[{\"@type\":\"SearchAction\",\"target\":{\"@type\":\"EntryPoint\",\"urlTemplate\":\"https:\/\/aivlisoft.net\/shop\/?s={search_term_string}\"},\"query-input\":{\"@type\":\"PropertyValueSpecification\",\"valueRequired\":true,\"valueName\":\"search_term_string\"}}],\"inLanguage\":\"es\"},{\"@type\":\"Organization\",\"@id\":\"https:\/\/aivlisoft.net\/shop\/#organization\",\"name\":\"Aivlisoft Inform\u00e1tica\",\"url\":\"https:\/\/aivlisoft.net\/shop\/\",\"logo\":{\"@type\":\"ImageObject\",\"inLanguage\":\"es\",\"@id\":\"https:\/\/aivlisoft.net\/shop\/#\/schema\/logo\/image\/\",\"url\":\"https:\/\/aivlisoft.net\/shop\/wp-content\/uploads\/2024\/12\/removal.ai_5b848c54-0cdf-4140-95c5-c5536bb7573b-logodef.png\",\"contentUrl\":\"https:\/\/aivlisoft.net\/shop\/wp-content\/uploads\/2024\/12\/removal.ai_5b848c54-0cdf-4140-95c5-c5536bb7573b-logodef.png\",\"width\":484,\"height\":182,\"caption\":\"Aivlisoft Inform\u00e1tica\"},\"image\":{\"@id\":\"https:\/\/aivlisoft.net\/shop\/#\/schema\/logo\/image\/\"}}]}<\/script>\n<!-- \/ Yoast SEO plugin. -->","yoast_head_json":{"title":"SPC Auricular Heron Studio 4618N bt 5.1 - Aivlisoft Inform\u00e1tica","robots":{"index":"index","follow":"follow","max-snippet":"max-snippet:-1","max-image-preview":"max-image-preview:large","max-video-preview":"max-video-preview:-1"},"canonical":"https:\/\/aivlisoft.net\/shop\/producto\/spc-auricular-heron-studio-4618n-bt-5-1\/","og_locale":"es_ES","og_type":"article","og_title":"SPC Auricular Heron Studio 4618N bt 5.1 - Aivlisoft Inform\u00e1tica","og_description":"SPC HERON STUDIOA&iacute;slate del mundo para conectar con el tuyo Los SPC HERON STUDIO, gracias a su sonido est&eacute;reo sumamente envolvente, resultan perfectos para evadirse del ajetreo del d&iacute;a a d&iacute;a.Su dise&ntilde;o de auriculares Over- Ear recoge toda la oreja para que te a&iacute;sles el ruido exterior y logres la desconexi&oacute;n o concentraci&oacute;n que buscas.&hellip;&nbsp;SPC Auricular Heron Studio 4618N bt 5.1","og_url":"https:\/\/aivlisoft.net\/shop\/producto\/spc-auricular-heron-studio-4618n-bt-5-1\/","og_site_name":"Aivlisoft Inform\u00e1tica","article_modified_time":"2025-01-14T21:08:59+00:00","og_image":[{"width":800,"height":800,"url":"https:\/\/aivlisoft.net\/shop\/wp-content\/uploads\/2025\/01\/MAUAMI1030_800.jpg","type":"image\/jpeg"}],"twitter_card":"summary_large_image","twitter_misc":{"Tiempo de lectura":"3 minutos"},"schema":{"@context":"https:\/\/schema.org","@graph":[{"@type":"WebPage","@id":"https:\/\/aivlisoft.net\/shop\/producto\/spc-auricular-heron-studio-4618n-bt-5-1\/","url":"https:\/\/aivlisoft.net\/shop\/producto\/spc-auricular-heron-studio-4618n-bt-5-1\/","name":"SPC Auricular Heron Studio 4618N bt 5.1 - Aivlisoft Inform\u00e1tica","isPartOf":{"@id":"https:\/\/aivlisoft.net\/shop\/#website"},"primaryImageOfPage":{"@id":"https:\/\/aivlisoft.net\/shop\/producto\/spc-auricular-heron-studio-4618n-bt-5-1\/#primaryimage"},"image":{"@id":"https:\/\/aivlisoft.net\/shop\/producto\/spc-auricular-heron-studio-4618n-bt-5-1\/#primaryimage"},"thumbnailUrl":"https:\/\/aivlisoft.net\/shop\/wp-content\/uploads\/2025\/01\/MAUAMI1030_800.jpg","datePublished":"2025-01-13T14:56:49+00:00","dateModified":"2025-01-14T21:08:59+00:00","breadcrumb":{"@id":"https:\/\/aivlisoft.net\/shop\/producto\/spc-auricular-heron-studio-4618n-bt-5-1\/#breadcrumb"},"inLanguage":"es","potentialAction":[{"@type":"ReadAction","target":["https:\/\/aivlisoft.net\/shop\/producto\/spc-auricular-heron-studio-4618n-bt-5-1\/"]}]},{"@type":"ImageObject","inLanguage":"es","@id":"https:\/\/aivlisoft.net\/shop\/producto\/spc-auricular-heron-studio-4618n-bt-5-1\/#primaryimage","url":"https:\/\/aivlisoft.net\/shop\/wp-content\/uploads\/2025\/01\/MAUAMI1030_800.jpg","contentUrl":"https:\/\/aivlisoft.net\/shop\/wp-content\/uploads\/2025\/01\/MAUAMI1030_800.jpg","width":800,"height":800},{"@type":"BreadcrumbList","@id":"https:\/\/aivlisoft.net\/shop\/producto\/spc-auricular-heron-studio-4618n-bt-5-1\/#breadcrumb","itemListElement":[{"@type":"ListItem","position":1,"name":"Portada","item":"https:\/\/aivlisoft.net\/shop\/"},{"@type":"ListItem","position":2,"name":"Tienda","item":"https:\/\/aivlisoft.net\/shop\/tienda\/"},{"@type":"ListItem","position":3,"name":"SPC Auricular Heron Studio 4618N bt 5.1"}]},{"@type":"WebSite","@id":"https:\/\/aivlisoft.net\/shop\/#website","url":"https:\/\/aivlisoft.net\/shop\/","name":"Aivlisoft Inform\u00e1tica","description":"En Aivlisoft Inform\u00e1tica ofrecemos soluciones tecnol\u00f3gicas para empresas: venta de ordenadores, consumibles, perif\u00e9ricos y m\u00e1s. Calidad, atenci\u00f3n personalizada y los mejores precios para tu negocio.","publisher":{"@id":"https:\/\/aivlisoft.net\/shop\/#organization"},"potentialAction":[{"@type":"SearchAction","target":{"@type":"EntryPoint","urlTemplate":"https:\/\/aivlisoft.net\/shop\/?s={search_term_string}"},"query-input":{"@type":"PropertyValueSpecification","valueRequired":true,"valueName":"search_term_string"}}],"inLanguage":"es"},{"@type":"Organization","@id":"https:\/\/aivlisoft.net\/shop\/#organization","name":"Aivlisoft Inform\u00e1tica","url":"https:\/\/aivlisoft.net\/shop\/","logo":{"@type":"ImageObject","inLanguage":"es","@id":"https:\/\/aivlisoft.net\/shop\/#\/schema\/logo\/image\/","url":"https:\/\/aivlisoft.net\/shop\/wp-content\/uploads\/2024\/12\/removal.ai_5b848c54-0cdf-4140-95c5-c5536bb7573b-logodef.png","contentUrl":"https:\/\/aivlisoft.net\/shop\/wp-content\/uploads\/2024\/12\/removal.ai_5b848c54-0cdf-4140-95c5-c5536bb7573b-logodef.png","width":484,"height":182,"caption":"Aivlisoft Inform\u00e1tica"},"image":{"@id":"https:\/\/aivlisoft.net\/shop\/#\/schema\/logo\/image\/"}}]}},"_links":{"self":[{"href":"https:\/\/aivlisoft.net\/shop\/wp-json\/wp\/v2\/product\/15826","targetHints":{"allow":["GET"]}}],"collection":[{"href":"https:\/\/aivlisoft.net\/shop\/wp-json\/wp\/v2\/product"}],"about":[{"href":"https:\/\/aivlisoft.net\/shop\/wp-json\/wp\/v2\/types\/product"}],"wp:featuredmedia":[{"embeddable":true,"href":"https:\/\/aivlisoft.net\/shop\/wp-json\/wp\/v2\/media\/15827"}],"wp:attachment":[{"href":"https:\/\/aivlisoft.net\/shop\/wp-json\/wp\/v2\/media?parent=15826"}],"wp:term":[{"taxonomy":"product_brand","embeddable":true,"href":"https:\/\/aivlisoft.net\/shop\/wp-json\/wp\/v2\/product_brand?post=15826"},{"taxonomy":"product_cat","embeddable":true,"href":"https:\/\/aivlisoft.net\/shop\/wp-json\/wp\/v2\/product_cat?post=15826"},{"taxonomy":"product_tag","embeddable":true,"href":"https:\/\/aivlisoft.net\/shop\/wp-json\/wp\/v2\/product_tag?post=15826"}],"curies":[{"name":"wp","href":"https:\/\/api.w.org\/{rel}","templated":true}]}}