{"id":15811,"date":"2025-01-13T14:56:42","date_gmt":"2025-01-13T14:56:42","guid":{"rendered":"https:\/\/aivlisoft.com\/?post_type=product&#038;p=15811"},"modified":"2025-01-14T21:09:01","modified_gmt":"2025-01-14T21:09:01","slug":"energy-lolroll-auriculares-pop-kids-bt-blue","status":"publish","type":"product","link":"https:\/\/aivlisoft.net\/shop\/producto\/energy-lolroll-auriculares-pop-kids-bt-blue\/","title":{"rendered":"Energy Lol&#038;Roll Auriculares Pop Kids Bt Blue"},"content":{"rendered":"<p><strong>Conectividad Bluetooth&reg; y seguridad auditiva<\/strong><br \/>Auriculares infantiles con limitaci&oacute;n de volumen de 85dB, para que puedan disfrutar de la m&uacute;sica y v&iacute;deos con total seguridad, sin da&ntilde;ar su salud auditiva. Con&eacute;ctalos con el smartphone o la tablet gracias a la tecnolog&iacute;a inal&aacute;mbrica Bluetooth&reg; 5.1.<\/p>\n<p><strong>&iexcl;Jugar compartiendo es m&aacute;s divertido!<\/strong><br \/>La funci&oacute;n Music Share permite conectar dos dispositivos a trav&eacute;s de la toma de salida de audio, para compartir m&uacute;sica y contenido multimedia. Y la diversi&oacute;n contin&uacute;a con las pegatinas de la banda Lol&amp;Roll y un personaje de cart&oacute;n plegable con el que pueden crear su propia historia.<\/p>\n<p><strong>Con la m&uacute;sica a todas partes<\/strong><br \/>Gracias a su reproductor de audio de memorias microSD, los peques pueden llevar la m&uacute;sica con ellos all&aacute; donde vayan. S&uacute;per f&aacute;ciles de transportar, con un dise&ntilde;o compacto y c&oacute;modo.<\/p>\n<p><strong>Para casa y para el cole<\/strong><br \/>Los cascos para ni&ntilde;os Lol&amp;Roll Pop cuentan con micr&oacute;fono integrado para que los peques puedan comunicarse en las videollamadas del cole o con sus familiares y amigos. Con conector tipo C y cable extra&iacute;ble, para mayor seguridad.<\/p>\n<table class=\"tabla_caracteristicas\" width=\"100%\">\n<tr>\n<td valign=\"top\"><strong>Marca<\/strong><\/td>\n<td>Energy Sistem<\/td>\n<\/tr>\n<tr>\n<td valign=\"top\"><strong>Modelo<\/strong><\/td>\n<td><strong>454860<\/strong><\/td>\n<\/tr>\n<tr>\n<td valign=\"top\"><strong>Caracter&iacute;sticas<\/strong><\/td>\n<td><strong>Audio<\/strong><br \/>\t\t\t&#8211; Di&aacute;metro del driver: 30 mm<br \/>\t\t\t&#8211; Drivers: Din&aacute;mico<br \/>\t\t\t&#8211; Respuesta en frecuencia: 20 Hz ~ 20 kHz<br \/>\t\t\t&#8211; SPL: 85 &plusmn; 3 dB<br \/>\t\t\t<strong>Conectividad<\/strong><br \/>\t\t\t&#8211; Asistente de voz (Google, Siri): S&iacute;<br \/>\t\t\t&#8211; Bluetooth &#8211; Versi&oacute;n: 5.1<br \/>\t\t\t&#8211; Bluetooth &#8211; Clase: 2<br \/>\t\t\t&#8211; Bluetooth &#8211; Frecuencia de trabajo: 2.4 GHz<br \/>\t\t\t&#8211; Bluetooth &#8211; Perfiles: A2DP \/ AVRCP \/ HFP<br \/>\t\t\t&#8211; Bluetooth &#8211; Alcance: 20 m<br \/>\t\t\t&#8211; Bluetooth &#8211; Codecs de audio soportados: SBC<br \/>\t\t\t&#8211; Bluetooth &#8211; Potencia m&aacute;xima de la se&ntilde;al: &lt; 20 dBm<br \/>\t\t\t<strong>Bater&iacute;a<\/strong><br \/>\t\t\t&#8211; Tipo: LiPo<br \/>\t\t\t&#8211; Capacidad: 300 mAh<br \/>\t\t\t&#8211; Voltaje: 3.7 V<br \/>\t\t\t&#8211; Autonon&iacute;a &#8211; Uso normal: 15 h<br \/>\t\t\t&#8211; Sistema de carga: USB tipo C<br \/>\t\t\t&#8211; Tiempo de carga: 2 h<br \/>\t\t\t<strong>Reproductor de memorias externas<\/strong><br \/>\t\t\t&#8211; Reproductor memorias externas: S&iacute;<br \/>\t\t\t&#8211; Paso de carpeta: S&iacute;<br \/>\t\t\t&#8211; Sistema de archivos compatibles: FAT \/ FAT32<br \/>\t\t\t&#8211; Ext. Mem &#8211; compatible: microSD<br \/>\t\t\t&#8211; Ext. Mem &#8211; Capacidad: 64 GB<br \/>\t\t\t&#8211; Formatos audio compatibles: MP3 \/ WAV<br \/>\t\t\t<strong>Otras caracter&iacute;sticas<\/strong><br \/>\t\t\t&#8211; Micr&oacute;fono manos libres integrado: S&iacute;<br \/>\t\t\t&#8211; Longitud del cable: 120 cm<br \/>\t\t\t&#8211; Control de reproducci&oacute;n: S&iacute;<br \/>\t\t\t&#8211; Control de volumen: S&iacute;<br \/>\t\t\t&#8211; Tipo de diadema: Ajustable<br \/>\t\t\t&#8211; Compatibilidad: MAC \/ PC Windows \/ Smartphone \/ Tablet<br \/>\t\t\t<strong>Dimensiones y peso<\/strong><br \/>\t\t\t&#8211; Alto: 140 mm<br \/>\t\t\t&#8211; Ancho: 165 mm<br \/>\t\t\t&#8211; Profundo: 65 mm<br \/>\t\t\t&#8211; Peso: 105 g<\/td>\n<\/tr>\n<tr>\n<td valign=\"top\"><strong>Fecha de revisi&oacute;n<\/strong><\/td>\n<td>26-10-2022 por MPM<\/td>\n<\/tr>\n<\/table>\n","protected":false},"excerpt":{"rendered":"<p>Conectividad Bluetooth&reg; y seguridad auditivaAuriculares infantiles con limitaci&oacute;n de volumen de 85dB, para que puedan disfrutar de la m&uacute;sica y v&iacute;deos con total seguridad, sin da&ntilde;ar su salud auditiva. Con&eacute;ctalos con el smartphone o la tablet gracias a la tecnolog&iacute;a inal&aacute;mbrica Bluetooth&reg; 5.1. &iexcl;Jugar compartiendo es m&aacute;s divertido!La funci&oacute;n Music Share permite conectar dos dispositivos&hellip;&nbsp;<a href=\"https:\/\/aivlisoft.net\/shop\/producto\/energy-lolroll-auriculares-pop-kids-bt-blue\/\" rel=\"bookmark\"><span class=\"screen-reader-text\">Energy Lol&#038;Roll Auriculares Pop Kids Bt Blue<\/span><\/a><\/p>\n","protected":false},"featured_media":15812,"template":"","meta":{"neve_meta_sidebar":"","neve_meta_container":"","neve_meta_enable_content_width":"","neve_meta_content_width":0,"neve_meta_title_alignment":"","neve_meta_author_avatar":"","neve_post_elements_order":"","neve_meta_disable_header":"","neve_meta_disable_footer":"","neve_meta_disable_title":""},"product_brand":[],"product_cat":[15,790,957,5818],"product_tag":[5955],"class_list":{"0":"post-15811","1":"product","2":"type-product","3":"status-publish","4":"has-post-thumbnail","6":"product_cat-sin-categorizar","7":"product_cat-accesorios-gaming","8":"product_cat-accesorios-imagen-y-sonido","9":"product_cat-audio","10":"product_tag-5955","12":"first","13":"instock","14":"taxable","15":"shipping-taxable","16":"purchasable","17":"product-type-simple"},"yoast_head":"<!-- This site is optimized with the Yoast SEO plugin v26.0 - https:\/\/yoast.com\/wordpress\/plugins\/seo\/ -->\n<title>Energy Lol&amp;Roll Auriculares Pop Kids Bt Blue - Aivlisoft Inform\u00e1tica<\/title>\n<meta name=\"robots\" content=\"index, follow, max-snippet:-1, max-image-preview:large, max-video-preview:-1\" \/>\n<link rel=\"canonical\" href=\"https:\/\/aivlisoft.net\/shop\/producto\/energy-lolroll-auriculares-pop-kids-bt-blue\/\" \/>\n<meta property=\"og:locale\" content=\"es_ES\" \/>\n<meta property=\"og:type\" content=\"article\" \/>\n<meta property=\"og:title\" content=\"Energy Lol&amp;Roll Auriculares Pop Kids Bt Blue - Aivlisoft Inform\u00e1tica\" \/>\n<meta property=\"og:description\" content=\"Conectividad Bluetooth&reg; y seguridad auditivaAuriculares infantiles con limitaci&oacute;n de volumen de 85dB, para que puedan disfrutar de la m&uacute;sica y v&iacute;deos con total seguridad, sin da&ntilde;ar su salud auditiva. Con&eacute;ctalos con el smartphone o la tablet gracias a la tecnolog&iacute;a inal&aacute;mbrica Bluetooth&reg; 5.1. &iexcl;Jugar compartiendo es m&aacute;s divertido!La funci&oacute;n Music Share permite conectar dos dispositivos&hellip;&nbsp;Energy Lol&#038;Roll Auriculares Pop Kids Bt Blue\" \/>\n<meta property=\"og:url\" content=\"https:\/\/aivlisoft.net\/shop\/producto\/energy-lolroll-auriculares-pop-kids-bt-blue\/\" \/>\n<meta property=\"og:site_name\" content=\"Aivlisoft Inform\u00e1tica\" \/>\n<meta property=\"article:modified_time\" content=\"2025-01-14T21:09:01+00:00\" \/>\n<meta property=\"og:image\" content=\"https:\/\/aivlisoft.net\/shop\/wp-content\/uploads\/2025\/01\/MAUAMI1026_800.jpg\" \/>\n\t<meta property=\"og:image:width\" content=\"800\" \/>\n\t<meta property=\"og:image:height\" content=\"800\" \/>\n\t<meta property=\"og:image:type\" content=\"image\/jpeg\" \/>\n<meta name=\"twitter:card\" content=\"summary_large_image\" \/>\n<meta name=\"twitter:label1\" content=\"Tiempo de lectura\" \/>\n\t<meta name=\"twitter:data1\" content=\"2 minutos\" \/>\n<script type=\"application\/ld+json\" class=\"yoast-schema-graph\">{\"@context\":\"https:\/\/schema.org\",\"@graph\":[{\"@type\":\"WebPage\",\"@id\":\"https:\/\/aivlisoft.net\/shop\/producto\/energy-lolroll-auriculares-pop-kids-bt-blue\/\",\"url\":\"https:\/\/aivlisoft.net\/shop\/producto\/energy-lolroll-auriculares-pop-kids-bt-blue\/\",\"name\":\"Energy Lol&Roll Auriculares Pop Kids Bt Blue - Aivlisoft Inform\u00e1tica\",\"isPartOf\":{\"@id\":\"https:\/\/aivlisoft.net\/shop\/#website\"},\"primaryImageOfPage\":{\"@id\":\"https:\/\/aivlisoft.net\/shop\/producto\/energy-lolroll-auriculares-pop-kids-bt-blue\/#primaryimage\"},\"image\":{\"@id\":\"https:\/\/aivlisoft.net\/shop\/producto\/energy-lolroll-auriculares-pop-kids-bt-blue\/#primaryimage\"},\"thumbnailUrl\":\"https:\/\/aivlisoft.net\/shop\/wp-content\/uploads\/2025\/01\/MAUAMI1026_800.jpg\",\"datePublished\":\"2025-01-13T14:56:42+00:00\",\"dateModified\":\"2025-01-14T21:09:01+00:00\",\"breadcrumb\":{\"@id\":\"https:\/\/aivlisoft.net\/shop\/producto\/energy-lolroll-auriculares-pop-kids-bt-blue\/#breadcrumb\"},\"inLanguage\":\"es\",\"potentialAction\":[{\"@type\":\"ReadAction\",\"target\":[\"https:\/\/aivlisoft.net\/shop\/producto\/energy-lolroll-auriculares-pop-kids-bt-blue\/\"]}]},{\"@type\":\"ImageObject\",\"inLanguage\":\"es\",\"@id\":\"https:\/\/aivlisoft.net\/shop\/producto\/energy-lolroll-auriculares-pop-kids-bt-blue\/#primaryimage\",\"url\":\"https:\/\/aivlisoft.net\/shop\/wp-content\/uploads\/2025\/01\/MAUAMI1026_800.jpg\",\"contentUrl\":\"https:\/\/aivlisoft.net\/shop\/wp-content\/uploads\/2025\/01\/MAUAMI1026_800.jpg\",\"width\":800,\"height\":800},{\"@type\":\"BreadcrumbList\",\"@id\":\"https:\/\/aivlisoft.net\/shop\/producto\/energy-lolroll-auriculares-pop-kids-bt-blue\/#breadcrumb\",\"itemListElement\":[{\"@type\":\"ListItem\",\"position\":1,\"name\":\"Portada\",\"item\":\"https:\/\/aivlisoft.net\/shop\/\"},{\"@type\":\"ListItem\",\"position\":2,\"name\":\"Tienda\",\"item\":\"https:\/\/aivlisoft.net\/shop\/tienda\/\"},{\"@type\":\"ListItem\",\"position\":3,\"name\":\"Energy Lol&#038;Roll Auriculares Pop Kids Bt Blue\"}]},{\"@type\":\"WebSite\",\"@id\":\"https:\/\/aivlisoft.net\/shop\/#website\",\"url\":\"https:\/\/aivlisoft.net\/shop\/\",\"name\":\"Aivlisoft Inform\u00e1tica\",\"description\":\"En Aivlisoft Inform\u00e1tica ofrecemos soluciones tecnol\u00f3gicas para empresas: venta de ordenadores, consumibles, perif\u00e9ricos y m\u00e1s. Calidad, atenci\u00f3n personalizada y los mejores precios para tu negocio.\",\"publisher\":{\"@id\":\"https:\/\/aivlisoft.net\/shop\/#organization\"},\"potentialAction\":[{\"@type\":\"SearchAction\",\"target\":{\"@type\":\"EntryPoint\",\"urlTemplate\":\"https:\/\/aivlisoft.net\/shop\/?s={search_term_string}\"},\"query-input\":{\"@type\":\"PropertyValueSpecification\",\"valueRequired\":true,\"valueName\":\"search_term_string\"}}],\"inLanguage\":\"es\"},{\"@type\":\"Organization\",\"@id\":\"https:\/\/aivlisoft.net\/shop\/#organization\",\"name\":\"Aivlisoft Inform\u00e1tica\",\"url\":\"https:\/\/aivlisoft.net\/shop\/\",\"logo\":{\"@type\":\"ImageObject\",\"inLanguage\":\"es\",\"@id\":\"https:\/\/aivlisoft.net\/shop\/#\/schema\/logo\/image\/\",\"url\":\"https:\/\/aivlisoft.net\/shop\/wp-content\/uploads\/2024\/12\/removal.ai_5b848c54-0cdf-4140-95c5-c5536bb7573b-logodef.png\",\"contentUrl\":\"https:\/\/aivlisoft.net\/shop\/wp-content\/uploads\/2024\/12\/removal.ai_5b848c54-0cdf-4140-95c5-c5536bb7573b-logodef.png\",\"width\":484,\"height\":182,\"caption\":\"Aivlisoft Inform\u00e1tica\"},\"image\":{\"@id\":\"https:\/\/aivlisoft.net\/shop\/#\/schema\/logo\/image\/\"}}]}<\/script>\n<!-- \/ Yoast SEO plugin. -->","yoast_head_json":{"title":"Energy Lol&Roll Auriculares Pop Kids Bt Blue - Aivlisoft Inform\u00e1tica","robots":{"index":"index","follow":"follow","max-snippet":"max-snippet:-1","max-image-preview":"max-image-preview:large","max-video-preview":"max-video-preview:-1"},"canonical":"https:\/\/aivlisoft.net\/shop\/producto\/energy-lolroll-auriculares-pop-kids-bt-blue\/","og_locale":"es_ES","og_type":"article","og_title":"Energy Lol&Roll Auriculares Pop Kids Bt Blue - Aivlisoft Inform\u00e1tica","og_description":"Conectividad Bluetooth&reg; y seguridad auditivaAuriculares infantiles con limitaci&oacute;n de volumen de 85dB, para que puedan disfrutar de la m&uacute;sica y v&iacute;deos con total seguridad, sin da&ntilde;ar su salud auditiva. Con&eacute;ctalos con el smartphone o la tablet gracias a la tecnolog&iacute;a inal&aacute;mbrica Bluetooth&reg; 5.1. &iexcl;Jugar compartiendo es m&aacute;s divertido!La funci&oacute;n Music Share permite conectar dos dispositivos&hellip;&nbsp;Energy Lol&#038;Roll Auriculares Pop Kids Bt Blue","og_url":"https:\/\/aivlisoft.net\/shop\/producto\/energy-lolroll-auriculares-pop-kids-bt-blue\/","og_site_name":"Aivlisoft Inform\u00e1tica","article_modified_time":"2025-01-14T21:09:01+00:00","og_image":[{"width":800,"height":800,"url":"https:\/\/aivlisoft.net\/shop\/wp-content\/uploads\/2025\/01\/MAUAMI1026_800.jpg","type":"image\/jpeg"}],"twitter_card":"summary_large_image","twitter_misc":{"Tiempo de lectura":"2 minutos"},"schema":{"@context":"https:\/\/schema.org","@graph":[{"@type":"WebPage","@id":"https:\/\/aivlisoft.net\/shop\/producto\/energy-lolroll-auriculares-pop-kids-bt-blue\/","url":"https:\/\/aivlisoft.net\/shop\/producto\/energy-lolroll-auriculares-pop-kids-bt-blue\/","name":"Energy Lol&Roll Auriculares Pop Kids Bt Blue - Aivlisoft Inform\u00e1tica","isPartOf":{"@id":"https:\/\/aivlisoft.net\/shop\/#website"},"primaryImageOfPage":{"@id":"https:\/\/aivlisoft.net\/shop\/producto\/energy-lolroll-auriculares-pop-kids-bt-blue\/#primaryimage"},"image":{"@id":"https:\/\/aivlisoft.net\/shop\/producto\/energy-lolroll-auriculares-pop-kids-bt-blue\/#primaryimage"},"thumbnailUrl":"https:\/\/aivlisoft.net\/shop\/wp-content\/uploads\/2025\/01\/MAUAMI1026_800.jpg","datePublished":"2025-01-13T14:56:42+00:00","dateModified":"2025-01-14T21:09:01+00:00","breadcrumb":{"@id":"https:\/\/aivlisoft.net\/shop\/producto\/energy-lolroll-auriculares-pop-kids-bt-blue\/#breadcrumb"},"inLanguage":"es","potentialAction":[{"@type":"ReadAction","target":["https:\/\/aivlisoft.net\/shop\/producto\/energy-lolroll-auriculares-pop-kids-bt-blue\/"]}]},{"@type":"ImageObject","inLanguage":"es","@id":"https:\/\/aivlisoft.net\/shop\/producto\/energy-lolroll-auriculares-pop-kids-bt-blue\/#primaryimage","url":"https:\/\/aivlisoft.net\/shop\/wp-content\/uploads\/2025\/01\/MAUAMI1026_800.jpg","contentUrl":"https:\/\/aivlisoft.net\/shop\/wp-content\/uploads\/2025\/01\/MAUAMI1026_800.jpg","width":800,"height":800},{"@type":"BreadcrumbList","@id":"https:\/\/aivlisoft.net\/shop\/producto\/energy-lolroll-auriculares-pop-kids-bt-blue\/#breadcrumb","itemListElement":[{"@type":"ListItem","position":1,"name":"Portada","item":"https:\/\/aivlisoft.net\/shop\/"},{"@type":"ListItem","position":2,"name":"Tienda","item":"https:\/\/aivlisoft.net\/shop\/tienda\/"},{"@type":"ListItem","position":3,"name":"Energy Lol&#038;Roll Auriculares Pop Kids Bt Blue"}]},{"@type":"WebSite","@id":"https:\/\/aivlisoft.net\/shop\/#website","url":"https:\/\/aivlisoft.net\/shop\/","name":"Aivlisoft Inform\u00e1tica","description":"En Aivlisoft Inform\u00e1tica ofrecemos soluciones tecnol\u00f3gicas para empresas: venta de ordenadores, consumibles, perif\u00e9ricos y m\u00e1s. Calidad, atenci\u00f3n personalizada y los mejores precios para tu negocio.","publisher":{"@id":"https:\/\/aivlisoft.net\/shop\/#organization"},"potentialAction":[{"@type":"SearchAction","target":{"@type":"EntryPoint","urlTemplate":"https:\/\/aivlisoft.net\/shop\/?s={search_term_string}"},"query-input":{"@type":"PropertyValueSpecification","valueRequired":true,"valueName":"search_term_string"}}],"inLanguage":"es"},{"@type":"Organization","@id":"https:\/\/aivlisoft.net\/shop\/#organization","name":"Aivlisoft Inform\u00e1tica","url":"https:\/\/aivlisoft.net\/shop\/","logo":{"@type":"ImageObject","inLanguage":"es","@id":"https:\/\/aivlisoft.net\/shop\/#\/schema\/logo\/image\/","url":"https:\/\/aivlisoft.net\/shop\/wp-content\/uploads\/2024\/12\/removal.ai_5b848c54-0cdf-4140-95c5-c5536bb7573b-logodef.png","contentUrl":"https:\/\/aivlisoft.net\/shop\/wp-content\/uploads\/2024\/12\/removal.ai_5b848c54-0cdf-4140-95c5-c5536bb7573b-logodef.png","width":484,"height":182,"caption":"Aivlisoft Inform\u00e1tica"},"image":{"@id":"https:\/\/aivlisoft.net\/shop\/#\/schema\/logo\/image\/"}}]}},"_links":{"self":[{"href":"https:\/\/aivlisoft.net\/shop\/wp-json\/wp\/v2\/product\/15811","targetHints":{"allow":["GET"]}}],"collection":[{"href":"https:\/\/aivlisoft.net\/shop\/wp-json\/wp\/v2\/product"}],"about":[{"href":"https:\/\/aivlisoft.net\/shop\/wp-json\/wp\/v2\/types\/product"}],"wp:featuredmedia":[{"embeddable":true,"href":"https:\/\/aivlisoft.net\/shop\/wp-json\/wp\/v2\/media\/15812"}],"wp:attachment":[{"href":"https:\/\/aivlisoft.net\/shop\/wp-json\/wp\/v2\/media?parent=15811"}],"wp:term":[{"taxonomy":"product_brand","embeddable":true,"href":"https:\/\/aivlisoft.net\/shop\/wp-json\/wp\/v2\/product_brand?post=15811"},{"taxonomy":"product_cat","embeddable":true,"href":"https:\/\/aivlisoft.net\/shop\/wp-json\/wp\/v2\/product_cat?post=15811"},{"taxonomy":"product_tag","embeddable":true,"href":"https:\/\/aivlisoft.net\/shop\/wp-json\/wp\/v2\/product_tag?post=15811"}],"curies":[{"name":"wp","href":"https:\/\/api.w.org\/{rel}","templated":true}]}}