{"id":15738,"date":"2025-01-13T14:56:02","date_gmt":"2025-01-13T14:56:02","guid":{"rendered":"https:\/\/aivlisoft.com\/?post_type=product&#038;p=15738"},"modified":"2025-01-14T21:09:13","modified_gmt":"2025-01-14T21:09:13","slug":"mars-gaming-auricular-wireless-mhiultra-white","status":"publish","type":"product","link":"https:\/\/aivlisoft.net\/shop\/producto\/mars-gaming-auricular-wireless-mhiultra-white\/","title":{"rendered":"MARS GAMING Auricular Wireless MHIULTRA White"},"content":{"rendered":"<p><strong>Auriculares inal&aacute;mbricos premium TWS MHI-ULTRA<\/strong><br \/>La m&aacute;s alta tecnolog&iacute;a y el dise&ntilde;o m&aacute;s espectacular en auriculares inal&aacute;mbricos TWS: Chipset Bluetooth 5.3, triple cancelaci&oacute;n de ruido ANC+ENC+PASIVA, drivers de sonido NEOGRAPHENE, 24 horas de bater&iacute;a, base de carga inal&aacute;mbrica, iluminaci&oacute;n RGB FLOW, latencia ultra baja, controles t&aacute;ctiles, resistencia a agua IPX4 y APP de control IOS &amp; Android.<\/p>\n<p><strong>Bluetooth 5.3<\/strong><br \/>Incorporamos el chip m&aacute;s avanzado Bluetooth 5.3 para una m&aacute;xima estabilidad de la conexi&oacute;n inal&aacute;mbrica ante cualquier circunstancia, una latencia ultra baja sin problemas de sincronizaci&oacute;n en juegos, calidad de sonido extrema de alta fidelidad con codecs avanzados y m&aacute;xima optimizaci&oacute;n del consumo energ&eacute;tico de hasta 24 horas. Adem&aacute;s, su conexi&oacute;n es ultra sencilla y autom&aacute;tica una vez emparejado.<\/p>\n<p><strong>Triple cancelaci&oacute;n de ruido ANC+ENC+PASIVA<\/strong><br \/>A&iacute;slate de forma efectiva de ruidos externos sin perder calidad de sonido gracias a la avanzada tecnolog&iacute;a digital de cancelaci&oacute;n activa de ruido ANC y a sus almohadillas de silicona de grado m&eacute;dico con 3 tama&ntilde;os seleccionables. Adem&aacute;s, transmite tu voz de forma clara y n&iacute;tida gracias a la cancelaci&oacute;n digital activa de ruido ENC.<\/p>\n<p><strong>Sonido alta definici&oacute;n neographene<\/strong><br \/>Fabricados con el material m&aacute;s avanzado en drivers de sonido, el neographene. Consigue un rango de sonido absoluto con una calidad espectacular y una inmersi&oacute;n impactante gracias a unos medios claros, as&iacute; como agudos cristalinos para un posicionamiento y nitidez sonora excepcional mientras disfrutas de una excelente profundidad de graves sin distorsi&oacute;n arm&oacute;nica, para una inmersi&oacute;n y realismo con espacialidad optimizada que te har&aacute; sumergirte de lleno en el universo sonoro que elijas.<\/p>\n<p><strong>Hasta 24 horas de bateria<\/strong><br \/>Gracias a la tecnolog&iacute;a BT 5.3 de ultra bajo consumo y las bater&iacute;as de alta capacidad de los auriculares y la base de carga, podr&aacute;s disfrutar de hasta 24 horas de uso conjunto<\/p>\n<p><strong>Estuche de carga wireless + USB-C<\/strong><br \/>Protege, transporta y recarga tus auriculares en un estuche ultra-compacto con capacidad de carga wireless, para que te olvides de los cables, adem&aacute;s de un conector USB-C adicional<\/p>\n<p><strong>Micr&oacute;fono de c&aacute;psula direccional con ENC<\/strong><br \/>Utiliza el micr&oacute;fono de c&aacute;psula direccional integrado situado apuntando a tu boca para una captaci&oacute;n id&oacute;nea de tu voz en llamadas o streamings, sin ruidos gracias a la tecnolog&iacute;a ENC.<\/p>\n<p><strong>APP de control ios y android<\/strong><br \/>Controla totalmente los MHI-ULTRA con su APP en IOS y Android: modos transparencia\/cancelaci&oacute;n ruido\/normal, nivel de carga, volumen, ecualizaciones, localizaci&oacute;n&#8230; Todo el control c&oacute;modamente desde tu smartphone.<\/p>\n<p><strong>Controles t&aacute;ctiles<\/strong><br \/>Con unos controles t&aacute;ctiles de alta sensibilidad, controla f&aacute;cilmente el modo de uso, el asistente de voz, funciones multimedia de control de la m&uacute;sica y el sonido y descolgar\/colgar llamadas.<\/p>\n<p><strong>Resistencia al agua IPX4<\/strong><br \/>Fabricados con materiales de alta calidad tendr&aacute;s resistencia IPX4, lo que te permitir&aacute; usarlos para uso deportivo sin ning&uacute;n problema.<\/p>\n<table class=\"tabla_caracteristicas\" width=\"100%\">\n<tr>\n<td valign=\"top\"><strong>Marca<\/strong><\/td>\n<td>Mars Gaming<\/td>\n<\/tr>\n<tr>\n<td valign=\"top\"><strong>Modelo<\/strong><\/td>\n<td><strong>MHIULTRAW<\/strong><\/td>\n<\/tr>\n<tr>\n<td valign=\"top\"><strong>Caracter&iacute;sticas<\/strong><\/td>\n<td>&#8211; Iluminaci&oacute;n: RGB Flow<br \/>\t\t\t&#8211; Extras: Carga inal&aacute;mbrica \/ Cancelaci&oacute;n de ruido activa (ANC) \/ Micr&oacute;fono con cancelaci&oacute;n de ruido ambiente (ENC)<br \/>\t\t\t&#8211; Compatibilidad: Dispositivos Bluetooth<br \/>\t\t\t&#8211; Conector: USB-C (Alimentaci&oacute;n)<br \/>\t\t\t&#8211; Dimensiones (driver): 10mm<br \/>\t\t\t&#8211; Rango de frecuencia (driver): 10Hz-21KHz<br \/>\t\t\t&#8211; Impedancia (driver): 32&Omega;<br \/>\t\t\t&#8211; Capacidad bater&iacute;a: 40mAh x2 (auricular) \/ 350mAh (estuche)<br \/>\t\t\t&#8211; Tiempo de funcionamiento: 7-8 horas (auricular) \/ 16 horas (estuche)<br \/>\t\t\t&#8211; Versi&oacute;n Bluetooth: 5.3<br \/>\t\t\t&#8211; Perfiles Bluetooth: HFP, HSP, AVRCP, A2DP<br \/>\t\t\t&#8211; Distancia conexi&oacute;n bluetooth: 10m<br \/>\t\t\t&#8211; Dimensiones: 40 x 30 x 24mm (auriculares) 53 x 31 x 65mm (estuche)<br \/>\t\t\t&#8211; Peso: 5g x 2 (auriculares) 50g (estuche)<br \/>\t\t\t<strong>Contiene<\/strong><br \/>\t\t\t&#8211; Auriculares<br \/>\t\t\t&#8211; Estuche de carga<br \/>\t\t\t&#8211; Cable USB-A\/USB-C<br \/>\t\t\t&#8211; Almohadillas S-M<br \/>\t\t\t&#8211; Manual de usuario<\/td>\n<\/tr>\n<tr>\n<td valign=\"top\"><strong>Fecha de revisi&oacute;n<\/strong><\/td>\n<td>29-06-2022 por MPM<\/td>\n<\/tr>\n<\/table>\n","protected":false},"excerpt":{"rendered":"<p>Auriculares inal&aacute;mbricos premium TWS MHI-ULTRALa m&aacute;s alta tecnolog&iacute;a y el dise&ntilde;o m&aacute;s espectacular en auriculares inal&aacute;mbricos TWS: Chipset Bluetooth 5.3, triple cancelaci&oacute;n de ruido ANC+ENC+PASIVA, drivers de sonido NEOGRAPHENE, 24 horas de bater&iacute;a, base de carga inal&aacute;mbrica, iluminaci&oacute;n RGB FLOW, latencia ultra baja, controles t&aacute;ctiles, resistencia a agua IPX4 y APP de control IOS &amp;&hellip;&nbsp;<a href=\"https:\/\/aivlisoft.net\/shop\/producto\/mars-gaming-auricular-wireless-mhiultra-white\/\" rel=\"bookmark\"><span class=\"screen-reader-text\">MARS GAMING Auricular Wireless MHIULTRA White<\/span><\/a><\/p>\n","protected":false},"featured_media":15739,"template":"","meta":{"neve_meta_sidebar":"","neve_meta_container":"","neve_meta_enable_content_width":"","neve_meta_content_width":0,"neve_meta_title_alignment":"","neve_meta_author_avatar":"","neve_post_elements_order":"","neve_meta_disable_header":"","neve_meta_disable_footer":"","neve_meta_disable_title":""},"product_brand":[],"product_cat":[15,790,957,5818],"product_tag":[5939],"class_list":{"0":"post-15738","1":"product","2":"type-product","3":"status-publish","4":"has-post-thumbnail","6":"product_cat-sin-categorizar","7":"product_cat-accesorios-gaming","8":"product_cat-accesorios-imagen-y-sonido","9":"product_cat-audio","10":"product_tag-mhiultraw","12":"first","13":"instock","14":"taxable","15":"shipping-taxable","16":"purchasable","17":"product-type-simple"},"yoast_head":"<!-- This site is optimized with the Yoast SEO plugin v26.0 - https:\/\/yoast.com\/wordpress\/plugins\/seo\/ -->\n<title>MARS GAMING Auricular Wireless MHIULTRA White - Aivlisoft Inform\u00e1tica<\/title>\n<meta name=\"robots\" content=\"index, follow, max-snippet:-1, max-image-preview:large, max-video-preview:-1\" \/>\n<link rel=\"canonical\" href=\"https:\/\/aivlisoft.net\/shop\/producto\/mars-gaming-auricular-wireless-mhiultra-white\/\" \/>\n<meta property=\"og:locale\" content=\"es_ES\" \/>\n<meta property=\"og:type\" content=\"article\" \/>\n<meta property=\"og:title\" content=\"MARS GAMING Auricular Wireless MHIULTRA White - Aivlisoft Inform\u00e1tica\" \/>\n<meta property=\"og:description\" content=\"Auriculares inal&aacute;mbricos premium TWS MHI-ULTRALa m&aacute;s alta tecnolog&iacute;a y el dise&ntilde;o m&aacute;s espectacular en auriculares inal&aacute;mbricos TWS: Chipset Bluetooth 5.3, triple cancelaci&oacute;n de ruido ANC+ENC+PASIVA, drivers de sonido NEOGRAPHENE, 24 horas de bater&iacute;a, base de carga inal&aacute;mbrica, iluminaci&oacute;n RGB FLOW, latencia ultra baja, controles t&aacute;ctiles, resistencia a agua IPX4 y APP de control IOS &amp;&hellip;&nbsp;MARS GAMING Auricular Wireless MHIULTRA White\" \/>\n<meta property=\"og:url\" content=\"https:\/\/aivlisoft.net\/shop\/producto\/mars-gaming-auricular-wireless-mhiultra-white\/\" \/>\n<meta property=\"og:site_name\" content=\"Aivlisoft Inform\u00e1tica\" \/>\n<meta property=\"article:modified_time\" content=\"2025-01-14T21:09:13+00:00\" \/>\n<meta property=\"og:image\" content=\"https:\/\/aivlisoft.net\/shop\/wp-content\/uploads\/2025\/01\/MAUAMI0998_800.jpg\" \/>\n\t<meta property=\"og:image:width\" content=\"800\" \/>\n\t<meta property=\"og:image:height\" content=\"800\" \/>\n\t<meta property=\"og:image:type\" content=\"image\/jpeg\" \/>\n<meta name=\"twitter:card\" content=\"summary_large_image\" \/>\n<meta name=\"twitter:label1\" content=\"Tiempo de lectura\" \/>\n\t<meta name=\"twitter:data1\" content=\"4 minutos\" \/>\n<script type=\"application\/ld+json\" class=\"yoast-schema-graph\">{\"@context\":\"https:\/\/schema.org\",\"@graph\":[{\"@type\":\"WebPage\",\"@id\":\"https:\/\/aivlisoft.net\/shop\/producto\/mars-gaming-auricular-wireless-mhiultra-white\/\",\"url\":\"https:\/\/aivlisoft.net\/shop\/producto\/mars-gaming-auricular-wireless-mhiultra-white\/\",\"name\":\"MARS GAMING Auricular Wireless MHIULTRA White - Aivlisoft Inform\u00e1tica\",\"isPartOf\":{\"@id\":\"https:\/\/aivlisoft.net\/shop\/#website\"},\"primaryImageOfPage\":{\"@id\":\"https:\/\/aivlisoft.net\/shop\/producto\/mars-gaming-auricular-wireless-mhiultra-white\/#primaryimage\"},\"image\":{\"@id\":\"https:\/\/aivlisoft.net\/shop\/producto\/mars-gaming-auricular-wireless-mhiultra-white\/#primaryimage\"},\"thumbnailUrl\":\"https:\/\/aivlisoft.net\/shop\/wp-content\/uploads\/2025\/01\/MAUAMI0998_800.jpg\",\"datePublished\":\"2025-01-13T14:56:02+00:00\",\"dateModified\":\"2025-01-14T21:09:13+00:00\",\"breadcrumb\":{\"@id\":\"https:\/\/aivlisoft.net\/shop\/producto\/mars-gaming-auricular-wireless-mhiultra-white\/#breadcrumb\"},\"inLanguage\":\"es\",\"potentialAction\":[{\"@type\":\"ReadAction\",\"target\":[\"https:\/\/aivlisoft.net\/shop\/producto\/mars-gaming-auricular-wireless-mhiultra-white\/\"]}]},{\"@type\":\"ImageObject\",\"inLanguage\":\"es\",\"@id\":\"https:\/\/aivlisoft.net\/shop\/producto\/mars-gaming-auricular-wireless-mhiultra-white\/#primaryimage\",\"url\":\"https:\/\/aivlisoft.net\/shop\/wp-content\/uploads\/2025\/01\/MAUAMI0998_800.jpg\",\"contentUrl\":\"https:\/\/aivlisoft.net\/shop\/wp-content\/uploads\/2025\/01\/MAUAMI0998_800.jpg\",\"width\":800,\"height\":800},{\"@type\":\"BreadcrumbList\",\"@id\":\"https:\/\/aivlisoft.net\/shop\/producto\/mars-gaming-auricular-wireless-mhiultra-white\/#breadcrumb\",\"itemListElement\":[{\"@type\":\"ListItem\",\"position\":1,\"name\":\"Portada\",\"item\":\"https:\/\/aivlisoft.net\/shop\/\"},{\"@type\":\"ListItem\",\"position\":2,\"name\":\"Tienda\",\"item\":\"https:\/\/aivlisoft.net\/shop\/tienda\/\"},{\"@type\":\"ListItem\",\"position\":3,\"name\":\"MARS GAMING Auricular Wireless MHIULTRA White\"}]},{\"@type\":\"WebSite\",\"@id\":\"https:\/\/aivlisoft.net\/shop\/#website\",\"url\":\"https:\/\/aivlisoft.net\/shop\/\",\"name\":\"Aivlisoft Inform\u00e1tica\",\"description\":\"En Aivlisoft Inform\u00e1tica ofrecemos soluciones tecnol\u00f3gicas para empresas: venta de ordenadores, consumibles, perif\u00e9ricos y m\u00e1s. Calidad, atenci\u00f3n personalizada y los mejores precios para tu negocio.\",\"publisher\":{\"@id\":\"https:\/\/aivlisoft.net\/shop\/#organization\"},\"potentialAction\":[{\"@type\":\"SearchAction\",\"target\":{\"@type\":\"EntryPoint\",\"urlTemplate\":\"https:\/\/aivlisoft.net\/shop\/?s={search_term_string}\"},\"query-input\":{\"@type\":\"PropertyValueSpecification\",\"valueRequired\":true,\"valueName\":\"search_term_string\"}}],\"inLanguage\":\"es\"},{\"@type\":\"Organization\",\"@id\":\"https:\/\/aivlisoft.net\/shop\/#organization\",\"name\":\"Aivlisoft Inform\u00e1tica\",\"url\":\"https:\/\/aivlisoft.net\/shop\/\",\"logo\":{\"@type\":\"ImageObject\",\"inLanguage\":\"es\",\"@id\":\"https:\/\/aivlisoft.net\/shop\/#\/schema\/logo\/image\/\",\"url\":\"https:\/\/aivlisoft.net\/shop\/wp-content\/uploads\/2024\/12\/removal.ai_5b848c54-0cdf-4140-95c5-c5536bb7573b-logodef.png\",\"contentUrl\":\"https:\/\/aivlisoft.net\/shop\/wp-content\/uploads\/2024\/12\/removal.ai_5b848c54-0cdf-4140-95c5-c5536bb7573b-logodef.png\",\"width\":484,\"height\":182,\"caption\":\"Aivlisoft Inform\u00e1tica\"},\"image\":{\"@id\":\"https:\/\/aivlisoft.net\/shop\/#\/schema\/logo\/image\/\"}}]}<\/script>\n<!-- \/ Yoast SEO plugin. -->","yoast_head_json":{"title":"MARS GAMING Auricular Wireless MHIULTRA White - Aivlisoft Inform\u00e1tica","robots":{"index":"index","follow":"follow","max-snippet":"max-snippet:-1","max-image-preview":"max-image-preview:large","max-video-preview":"max-video-preview:-1"},"canonical":"https:\/\/aivlisoft.net\/shop\/producto\/mars-gaming-auricular-wireless-mhiultra-white\/","og_locale":"es_ES","og_type":"article","og_title":"MARS GAMING Auricular Wireless MHIULTRA White - Aivlisoft Inform\u00e1tica","og_description":"Auriculares inal&aacute;mbricos premium TWS MHI-ULTRALa m&aacute;s alta tecnolog&iacute;a y el dise&ntilde;o m&aacute;s espectacular en auriculares inal&aacute;mbricos TWS: Chipset Bluetooth 5.3, triple cancelaci&oacute;n de ruido ANC+ENC+PASIVA, drivers de sonido NEOGRAPHENE, 24 horas de bater&iacute;a, base de carga inal&aacute;mbrica, iluminaci&oacute;n RGB FLOW, latencia ultra baja, controles t&aacute;ctiles, resistencia a agua IPX4 y APP de control IOS &amp;&hellip;&nbsp;MARS GAMING Auricular Wireless MHIULTRA White","og_url":"https:\/\/aivlisoft.net\/shop\/producto\/mars-gaming-auricular-wireless-mhiultra-white\/","og_site_name":"Aivlisoft Inform\u00e1tica","article_modified_time":"2025-01-14T21:09:13+00:00","og_image":[{"width":800,"height":800,"url":"https:\/\/aivlisoft.net\/shop\/wp-content\/uploads\/2025\/01\/MAUAMI0998_800.jpg","type":"image\/jpeg"}],"twitter_card":"summary_large_image","twitter_misc":{"Tiempo de lectura":"4 minutos"},"schema":{"@context":"https:\/\/schema.org","@graph":[{"@type":"WebPage","@id":"https:\/\/aivlisoft.net\/shop\/producto\/mars-gaming-auricular-wireless-mhiultra-white\/","url":"https:\/\/aivlisoft.net\/shop\/producto\/mars-gaming-auricular-wireless-mhiultra-white\/","name":"MARS GAMING Auricular Wireless MHIULTRA White - Aivlisoft Inform\u00e1tica","isPartOf":{"@id":"https:\/\/aivlisoft.net\/shop\/#website"},"primaryImageOfPage":{"@id":"https:\/\/aivlisoft.net\/shop\/producto\/mars-gaming-auricular-wireless-mhiultra-white\/#primaryimage"},"image":{"@id":"https:\/\/aivlisoft.net\/shop\/producto\/mars-gaming-auricular-wireless-mhiultra-white\/#primaryimage"},"thumbnailUrl":"https:\/\/aivlisoft.net\/shop\/wp-content\/uploads\/2025\/01\/MAUAMI0998_800.jpg","datePublished":"2025-01-13T14:56:02+00:00","dateModified":"2025-01-14T21:09:13+00:00","breadcrumb":{"@id":"https:\/\/aivlisoft.net\/shop\/producto\/mars-gaming-auricular-wireless-mhiultra-white\/#breadcrumb"},"inLanguage":"es","potentialAction":[{"@type":"ReadAction","target":["https:\/\/aivlisoft.net\/shop\/producto\/mars-gaming-auricular-wireless-mhiultra-white\/"]}]},{"@type":"ImageObject","inLanguage":"es","@id":"https:\/\/aivlisoft.net\/shop\/producto\/mars-gaming-auricular-wireless-mhiultra-white\/#primaryimage","url":"https:\/\/aivlisoft.net\/shop\/wp-content\/uploads\/2025\/01\/MAUAMI0998_800.jpg","contentUrl":"https:\/\/aivlisoft.net\/shop\/wp-content\/uploads\/2025\/01\/MAUAMI0998_800.jpg","width":800,"height":800},{"@type":"BreadcrumbList","@id":"https:\/\/aivlisoft.net\/shop\/producto\/mars-gaming-auricular-wireless-mhiultra-white\/#breadcrumb","itemListElement":[{"@type":"ListItem","position":1,"name":"Portada","item":"https:\/\/aivlisoft.net\/shop\/"},{"@type":"ListItem","position":2,"name":"Tienda","item":"https:\/\/aivlisoft.net\/shop\/tienda\/"},{"@type":"ListItem","position":3,"name":"MARS GAMING Auricular Wireless MHIULTRA White"}]},{"@type":"WebSite","@id":"https:\/\/aivlisoft.net\/shop\/#website","url":"https:\/\/aivlisoft.net\/shop\/","name":"Aivlisoft Inform\u00e1tica","description":"En Aivlisoft Inform\u00e1tica ofrecemos soluciones tecnol\u00f3gicas para empresas: venta de ordenadores, consumibles, perif\u00e9ricos y m\u00e1s. Calidad, atenci\u00f3n personalizada y los mejores precios para tu negocio.","publisher":{"@id":"https:\/\/aivlisoft.net\/shop\/#organization"},"potentialAction":[{"@type":"SearchAction","target":{"@type":"EntryPoint","urlTemplate":"https:\/\/aivlisoft.net\/shop\/?s={search_term_string}"},"query-input":{"@type":"PropertyValueSpecification","valueRequired":true,"valueName":"search_term_string"}}],"inLanguage":"es"},{"@type":"Organization","@id":"https:\/\/aivlisoft.net\/shop\/#organization","name":"Aivlisoft Inform\u00e1tica","url":"https:\/\/aivlisoft.net\/shop\/","logo":{"@type":"ImageObject","inLanguage":"es","@id":"https:\/\/aivlisoft.net\/shop\/#\/schema\/logo\/image\/","url":"https:\/\/aivlisoft.net\/shop\/wp-content\/uploads\/2024\/12\/removal.ai_5b848c54-0cdf-4140-95c5-c5536bb7573b-logodef.png","contentUrl":"https:\/\/aivlisoft.net\/shop\/wp-content\/uploads\/2024\/12\/removal.ai_5b848c54-0cdf-4140-95c5-c5536bb7573b-logodef.png","width":484,"height":182,"caption":"Aivlisoft Inform\u00e1tica"},"image":{"@id":"https:\/\/aivlisoft.net\/shop\/#\/schema\/logo\/image\/"}}]}},"_links":{"self":[{"href":"https:\/\/aivlisoft.net\/shop\/wp-json\/wp\/v2\/product\/15738","targetHints":{"allow":["GET"]}}],"collection":[{"href":"https:\/\/aivlisoft.net\/shop\/wp-json\/wp\/v2\/product"}],"about":[{"href":"https:\/\/aivlisoft.net\/shop\/wp-json\/wp\/v2\/types\/product"}],"wp:featuredmedia":[{"embeddable":true,"href":"https:\/\/aivlisoft.net\/shop\/wp-json\/wp\/v2\/media\/15739"}],"wp:attachment":[{"href":"https:\/\/aivlisoft.net\/shop\/wp-json\/wp\/v2\/media?parent=15738"}],"wp:term":[{"taxonomy":"product_brand","embeddable":true,"href":"https:\/\/aivlisoft.net\/shop\/wp-json\/wp\/v2\/product_brand?post=15738"},{"taxonomy":"product_cat","embeddable":true,"href":"https:\/\/aivlisoft.net\/shop\/wp-json\/wp\/v2\/product_cat?post=15738"},{"taxonomy":"product_tag","embeddable":true,"href":"https:\/\/aivlisoft.net\/shop\/wp-json\/wp\/v2\/product_tag?post=15738"}],"curies":[{"name":"wp","href":"https:\/\/api.w.org\/{rel}","templated":true}]}}