{"id":15632,"date":"2025-01-13T14:55:07","date_gmt":"2025-01-13T14:55:07","guid":{"rendered":"https:\/\/aivlisoft.com\/?post_type=product&#038;p=15632"},"modified":"2025-01-14T21:10:42","modified_gmt":"2025-01-14T21:10:42","slug":"spc-auricular-4616b-bt5-0-ipx4","status":"publish","type":"product","link":"https:\/\/aivlisoft.net\/shop\/producto\/spc-auricular-4616b-bt5-0-ipx4\/","title":{"rendered":"SPC Auricular 4616B BT5.0 IPX4"},"content":{"rendered":"<p>Auriculares True Wireless superligeros para escuchar m&uacute;sica con toda libertad. Los llevar&aacute;s siempre encima sin ni siquiera darte cuenta.<\/p>\n<table class=\"tabla_caracteristicas k-table\" width=\"100%\">\n<tr>\n<td><strong>Marca<\/strong><\/td>\n<td>SPC<\/td>\n<\/tr>\n<tr>\n<td valign=\"top\"><strong>Modelo<\/strong><\/td>\n<td><strong>4616B<\/strong><\/td>\n<\/tr>\n<tr>\n<td><strong>Especificaciones<\/strong><\/td>\n<td>&#8211; Bluetooth 5.0.<br \/>\t\t\t&#8211; Perfiles: HSP, HFP, A2DP, AVRCP, AAC, SBC.<br \/>\t\t\t&#8211; Manos libres.<br \/>\t\t\t&#8211; Asistente de voz.<br \/>\t\t\t&#8211; Sincronizaci&oacute;n autom&aacute;tica.<br \/>\t\t\t&#8211; Control t&aacute;ctil.<br \/>\t\t\t&#8211; IPX4.<br \/>\t\t\t<strong>Bater&iacute;a y carga<\/strong><br \/>\t\t\t&#8211; Hasta 13h de reproducci&oacute;n de audio con varias cargas en el estuche.<br \/>\t\t\t&#8211; Hasta 3h de reproducci&oacute;n de audio con una carga.<br \/>\t\t\t&#8211; Sobre 50 minutos de reproducci&oacute;n de audio con 15 minutos de carga.<br \/>\t\t\t&#8211; Indicador de bater&iacute;a baja en el estuche y en los auriculares.<br \/>\t\t\t<strong>Dimensiones y peso<\/strong><br \/>\t\t\t&#8211; Base cargadora: 60 x 60 x 22,5 mm.<br \/>\t\t\t&#8211; Peso (sin auriculares): 46 g.<br \/>\t\t\t&#8211; Auriculares: 18 x 17 x 40 mm (cada uno).<br \/>\t\t\t&#8211; Peso (ambos): 4 g.<br \/>\t\t\t<strong>Contenido<\/strong><br \/>\t\t\t&#8211; Auriculares SPC ZION GO<br \/>\t\t\t&#8211; Estuche de carga<br \/>\t\t\t&#8211; Cable USB-C<br \/>\t\t\t&#8211; Gu&iacute;a r&aacute;pida<\/td>\n<\/tr>\n<tr>\n<td><strong>Fecha de revisi&oacute;n<\/strong><\/td>\n<td>27-10-2021 por MSB<\/td>\n<\/tr>\n<\/table>\n","protected":false},"excerpt":{"rendered":"<p>Auriculares True Wireless superligeros para escuchar m&uacute;sica con toda libertad. Los llevar&aacute;s siempre encima sin ni siquiera darte cuenta. Marca SPC Modelo 4616B Especificaciones &#8211; Bluetooth 5.0. &#8211; Perfiles: HSP, HFP, A2DP, AVRCP, AAC, SBC. &#8211; Manos libres. &#8211; Asistente de voz. &#8211; Sincronizaci&oacute;n autom&aacute;tica. &#8211; Control t&aacute;ctil. &#8211; IPX4. Bater&iacute;a y carga &#8211; Hasta&hellip;&nbsp;<a href=\"https:\/\/aivlisoft.net\/shop\/producto\/spc-auricular-4616b-bt5-0-ipx4\/\" rel=\"bookmark\"><span class=\"screen-reader-text\">SPC Auricular 4616B BT5.0 IPX4<\/span><\/a><\/p>\n","protected":false},"featured_media":15633,"template":"","meta":{"neve_meta_sidebar":"","neve_meta_container":"","neve_meta_enable_content_width":"","neve_meta_content_width":0,"neve_meta_title_alignment":"","neve_meta_author_avatar":"","neve_post_elements_order":"","neve_meta_disable_header":"","neve_meta_disable_footer":"","neve_meta_disable_title":""},"product_brand":[],"product_cat":[15,790,957,5818],"product_tag":[5915],"class_list":{"0":"post-15632","1":"product","2":"type-product","3":"status-publish","4":"has-post-thumbnail","6":"product_cat-sin-categorizar","7":"product_cat-accesorios-gaming","8":"product_cat-accesorios-imagen-y-sonido","9":"product_cat-audio","10":"product_tag-4616b","12":"first","13":"instock","14":"taxable","15":"shipping-taxable","16":"purchasable","17":"product-type-simple"},"yoast_head":"<!-- This site is optimized with the Yoast SEO plugin v26.0 - https:\/\/yoast.com\/wordpress\/plugins\/seo\/ -->\n<title>SPC Auricular 4616B BT5.0 IPX4 - Aivlisoft Inform\u00e1tica<\/title>\n<meta name=\"robots\" content=\"index, follow, max-snippet:-1, max-image-preview:large, max-video-preview:-1\" \/>\n<link rel=\"canonical\" href=\"https:\/\/aivlisoft.net\/shop\/producto\/spc-auricular-4616b-bt5-0-ipx4\/\" \/>\n<meta property=\"og:locale\" content=\"es_ES\" \/>\n<meta property=\"og:type\" content=\"article\" \/>\n<meta property=\"og:title\" content=\"SPC Auricular 4616B BT5.0 IPX4 - Aivlisoft Inform\u00e1tica\" \/>\n<meta property=\"og:description\" content=\"Auriculares True Wireless superligeros para escuchar m&uacute;sica con toda libertad. Los llevar&aacute;s siempre encima sin ni siquiera darte cuenta. Marca SPC Modelo 4616B Especificaciones &#8211; Bluetooth 5.0. &#8211; Perfiles: HSP, HFP, A2DP, AVRCP, AAC, SBC. &#8211; Manos libres. &#8211; Asistente de voz. &#8211; Sincronizaci&oacute;n autom&aacute;tica. &#8211; Control t&aacute;ctil. &#8211; IPX4. Bater&iacute;a y carga &#8211; Hasta&hellip;&nbsp;SPC Auricular 4616B BT5.0 IPX4\" \/>\n<meta property=\"og:url\" content=\"https:\/\/aivlisoft.net\/shop\/producto\/spc-auricular-4616b-bt5-0-ipx4\/\" \/>\n<meta property=\"og:site_name\" content=\"Aivlisoft Inform\u00e1tica\" \/>\n<meta property=\"article:modified_time\" content=\"2025-01-14T21:10:42+00:00\" \/>\n<meta property=\"og:image\" content=\"https:\/\/aivlisoft.net\/shop\/wp-content\/uploads\/2025\/01\/MAUAMI0941_800.jpg\" \/>\n\t<meta property=\"og:image:width\" content=\"800\" \/>\n\t<meta property=\"og:image:height\" content=\"800\" \/>\n\t<meta property=\"og:image:type\" content=\"image\/jpeg\" \/>\n<meta name=\"twitter:card\" content=\"summary_large_image\" \/>\n<meta name=\"twitter:label1\" content=\"Tiempo de lectura\" \/>\n\t<meta name=\"twitter:data1\" content=\"1 minuto\" \/>\n<script type=\"application\/ld+json\" class=\"yoast-schema-graph\">{\"@context\":\"https:\/\/schema.org\",\"@graph\":[{\"@type\":\"WebPage\",\"@id\":\"https:\/\/aivlisoft.net\/shop\/producto\/spc-auricular-4616b-bt5-0-ipx4\/\",\"url\":\"https:\/\/aivlisoft.net\/shop\/producto\/spc-auricular-4616b-bt5-0-ipx4\/\",\"name\":\"SPC Auricular 4616B BT5.0 IPX4 - Aivlisoft Inform\u00e1tica\",\"isPartOf\":{\"@id\":\"https:\/\/aivlisoft.net\/shop\/#website\"},\"primaryImageOfPage\":{\"@id\":\"https:\/\/aivlisoft.net\/shop\/producto\/spc-auricular-4616b-bt5-0-ipx4\/#primaryimage\"},\"image\":{\"@id\":\"https:\/\/aivlisoft.net\/shop\/producto\/spc-auricular-4616b-bt5-0-ipx4\/#primaryimage\"},\"thumbnailUrl\":\"https:\/\/aivlisoft.net\/shop\/wp-content\/uploads\/2025\/01\/MAUAMI0941_800.jpg\",\"datePublished\":\"2025-01-13T14:55:07+00:00\",\"dateModified\":\"2025-01-14T21:10:42+00:00\",\"breadcrumb\":{\"@id\":\"https:\/\/aivlisoft.net\/shop\/producto\/spc-auricular-4616b-bt5-0-ipx4\/#breadcrumb\"},\"inLanguage\":\"es\",\"potentialAction\":[{\"@type\":\"ReadAction\",\"target\":[\"https:\/\/aivlisoft.net\/shop\/producto\/spc-auricular-4616b-bt5-0-ipx4\/\"]}]},{\"@type\":\"ImageObject\",\"inLanguage\":\"es\",\"@id\":\"https:\/\/aivlisoft.net\/shop\/producto\/spc-auricular-4616b-bt5-0-ipx4\/#primaryimage\",\"url\":\"https:\/\/aivlisoft.net\/shop\/wp-content\/uploads\/2025\/01\/MAUAMI0941_800.jpg\",\"contentUrl\":\"https:\/\/aivlisoft.net\/shop\/wp-content\/uploads\/2025\/01\/MAUAMI0941_800.jpg\",\"width\":800,\"height\":800},{\"@type\":\"BreadcrumbList\",\"@id\":\"https:\/\/aivlisoft.net\/shop\/producto\/spc-auricular-4616b-bt5-0-ipx4\/#breadcrumb\",\"itemListElement\":[{\"@type\":\"ListItem\",\"position\":1,\"name\":\"Portada\",\"item\":\"https:\/\/aivlisoft.net\/shop\/\"},{\"@type\":\"ListItem\",\"position\":2,\"name\":\"Tienda\",\"item\":\"https:\/\/aivlisoft.net\/shop\/tienda\/\"},{\"@type\":\"ListItem\",\"position\":3,\"name\":\"SPC Auricular 4616B BT5.0 IPX4\"}]},{\"@type\":\"WebSite\",\"@id\":\"https:\/\/aivlisoft.net\/shop\/#website\",\"url\":\"https:\/\/aivlisoft.net\/shop\/\",\"name\":\"Aivlisoft Inform\u00e1tica\",\"description\":\"En Aivlisoft Inform\u00e1tica ofrecemos soluciones tecnol\u00f3gicas para empresas: venta de ordenadores, consumibles, perif\u00e9ricos y m\u00e1s. Calidad, atenci\u00f3n personalizada y los mejores precios para tu negocio.\",\"publisher\":{\"@id\":\"https:\/\/aivlisoft.net\/shop\/#organization\"},\"potentialAction\":[{\"@type\":\"SearchAction\",\"target\":{\"@type\":\"EntryPoint\",\"urlTemplate\":\"https:\/\/aivlisoft.net\/shop\/?s={search_term_string}\"},\"query-input\":{\"@type\":\"PropertyValueSpecification\",\"valueRequired\":true,\"valueName\":\"search_term_string\"}}],\"inLanguage\":\"es\"},{\"@type\":\"Organization\",\"@id\":\"https:\/\/aivlisoft.net\/shop\/#organization\",\"name\":\"Aivlisoft Inform\u00e1tica\",\"url\":\"https:\/\/aivlisoft.net\/shop\/\",\"logo\":{\"@type\":\"ImageObject\",\"inLanguage\":\"es\",\"@id\":\"https:\/\/aivlisoft.net\/shop\/#\/schema\/logo\/image\/\",\"url\":\"https:\/\/aivlisoft.net\/shop\/wp-content\/uploads\/2024\/12\/removal.ai_5b848c54-0cdf-4140-95c5-c5536bb7573b-logodef.png\",\"contentUrl\":\"https:\/\/aivlisoft.net\/shop\/wp-content\/uploads\/2024\/12\/removal.ai_5b848c54-0cdf-4140-95c5-c5536bb7573b-logodef.png\",\"width\":484,\"height\":182,\"caption\":\"Aivlisoft Inform\u00e1tica\"},\"image\":{\"@id\":\"https:\/\/aivlisoft.net\/shop\/#\/schema\/logo\/image\/\"}}]}<\/script>\n<!-- \/ Yoast SEO plugin. -->","yoast_head_json":{"title":"SPC Auricular 4616B BT5.0 IPX4 - Aivlisoft Inform\u00e1tica","robots":{"index":"index","follow":"follow","max-snippet":"max-snippet:-1","max-image-preview":"max-image-preview:large","max-video-preview":"max-video-preview:-1"},"canonical":"https:\/\/aivlisoft.net\/shop\/producto\/spc-auricular-4616b-bt5-0-ipx4\/","og_locale":"es_ES","og_type":"article","og_title":"SPC Auricular 4616B BT5.0 IPX4 - Aivlisoft Inform\u00e1tica","og_description":"Auriculares True Wireless superligeros para escuchar m&uacute;sica con toda libertad. Los llevar&aacute;s siempre encima sin ni siquiera darte cuenta. Marca SPC Modelo 4616B Especificaciones &#8211; Bluetooth 5.0. &#8211; Perfiles: HSP, HFP, A2DP, AVRCP, AAC, SBC. &#8211; Manos libres. &#8211; Asistente de voz. &#8211; Sincronizaci&oacute;n autom&aacute;tica. &#8211; Control t&aacute;ctil. &#8211; IPX4. Bater&iacute;a y carga &#8211; Hasta&hellip;&nbsp;SPC Auricular 4616B BT5.0 IPX4","og_url":"https:\/\/aivlisoft.net\/shop\/producto\/spc-auricular-4616b-bt5-0-ipx4\/","og_site_name":"Aivlisoft Inform\u00e1tica","article_modified_time":"2025-01-14T21:10:42+00:00","og_image":[{"width":800,"height":800,"url":"https:\/\/aivlisoft.net\/shop\/wp-content\/uploads\/2025\/01\/MAUAMI0941_800.jpg","type":"image\/jpeg"}],"twitter_card":"summary_large_image","twitter_misc":{"Tiempo de lectura":"1 minuto"},"schema":{"@context":"https:\/\/schema.org","@graph":[{"@type":"WebPage","@id":"https:\/\/aivlisoft.net\/shop\/producto\/spc-auricular-4616b-bt5-0-ipx4\/","url":"https:\/\/aivlisoft.net\/shop\/producto\/spc-auricular-4616b-bt5-0-ipx4\/","name":"SPC Auricular 4616B BT5.0 IPX4 - Aivlisoft Inform\u00e1tica","isPartOf":{"@id":"https:\/\/aivlisoft.net\/shop\/#website"},"primaryImageOfPage":{"@id":"https:\/\/aivlisoft.net\/shop\/producto\/spc-auricular-4616b-bt5-0-ipx4\/#primaryimage"},"image":{"@id":"https:\/\/aivlisoft.net\/shop\/producto\/spc-auricular-4616b-bt5-0-ipx4\/#primaryimage"},"thumbnailUrl":"https:\/\/aivlisoft.net\/shop\/wp-content\/uploads\/2025\/01\/MAUAMI0941_800.jpg","datePublished":"2025-01-13T14:55:07+00:00","dateModified":"2025-01-14T21:10:42+00:00","breadcrumb":{"@id":"https:\/\/aivlisoft.net\/shop\/producto\/spc-auricular-4616b-bt5-0-ipx4\/#breadcrumb"},"inLanguage":"es","potentialAction":[{"@type":"ReadAction","target":["https:\/\/aivlisoft.net\/shop\/producto\/spc-auricular-4616b-bt5-0-ipx4\/"]}]},{"@type":"ImageObject","inLanguage":"es","@id":"https:\/\/aivlisoft.net\/shop\/producto\/spc-auricular-4616b-bt5-0-ipx4\/#primaryimage","url":"https:\/\/aivlisoft.net\/shop\/wp-content\/uploads\/2025\/01\/MAUAMI0941_800.jpg","contentUrl":"https:\/\/aivlisoft.net\/shop\/wp-content\/uploads\/2025\/01\/MAUAMI0941_800.jpg","width":800,"height":800},{"@type":"BreadcrumbList","@id":"https:\/\/aivlisoft.net\/shop\/producto\/spc-auricular-4616b-bt5-0-ipx4\/#breadcrumb","itemListElement":[{"@type":"ListItem","position":1,"name":"Portada","item":"https:\/\/aivlisoft.net\/shop\/"},{"@type":"ListItem","position":2,"name":"Tienda","item":"https:\/\/aivlisoft.net\/shop\/tienda\/"},{"@type":"ListItem","position":3,"name":"SPC Auricular 4616B BT5.0 IPX4"}]},{"@type":"WebSite","@id":"https:\/\/aivlisoft.net\/shop\/#website","url":"https:\/\/aivlisoft.net\/shop\/","name":"Aivlisoft Inform\u00e1tica","description":"En Aivlisoft Inform\u00e1tica ofrecemos soluciones tecnol\u00f3gicas para empresas: venta de ordenadores, consumibles, perif\u00e9ricos y m\u00e1s. Calidad, atenci\u00f3n personalizada y los mejores precios para tu negocio.","publisher":{"@id":"https:\/\/aivlisoft.net\/shop\/#organization"},"potentialAction":[{"@type":"SearchAction","target":{"@type":"EntryPoint","urlTemplate":"https:\/\/aivlisoft.net\/shop\/?s={search_term_string}"},"query-input":{"@type":"PropertyValueSpecification","valueRequired":true,"valueName":"search_term_string"}}],"inLanguage":"es"},{"@type":"Organization","@id":"https:\/\/aivlisoft.net\/shop\/#organization","name":"Aivlisoft Inform\u00e1tica","url":"https:\/\/aivlisoft.net\/shop\/","logo":{"@type":"ImageObject","inLanguage":"es","@id":"https:\/\/aivlisoft.net\/shop\/#\/schema\/logo\/image\/","url":"https:\/\/aivlisoft.net\/shop\/wp-content\/uploads\/2024\/12\/removal.ai_5b848c54-0cdf-4140-95c5-c5536bb7573b-logodef.png","contentUrl":"https:\/\/aivlisoft.net\/shop\/wp-content\/uploads\/2024\/12\/removal.ai_5b848c54-0cdf-4140-95c5-c5536bb7573b-logodef.png","width":484,"height":182,"caption":"Aivlisoft Inform\u00e1tica"},"image":{"@id":"https:\/\/aivlisoft.net\/shop\/#\/schema\/logo\/image\/"}}]}},"_links":{"self":[{"href":"https:\/\/aivlisoft.net\/shop\/wp-json\/wp\/v2\/product\/15632","targetHints":{"allow":["GET"]}}],"collection":[{"href":"https:\/\/aivlisoft.net\/shop\/wp-json\/wp\/v2\/product"}],"about":[{"href":"https:\/\/aivlisoft.net\/shop\/wp-json\/wp\/v2\/types\/product"}],"wp:featuredmedia":[{"embeddable":true,"href":"https:\/\/aivlisoft.net\/shop\/wp-json\/wp\/v2\/media\/15633"}],"wp:attachment":[{"href":"https:\/\/aivlisoft.net\/shop\/wp-json\/wp\/v2\/media?parent=15632"}],"wp:term":[{"taxonomy":"product_brand","embeddable":true,"href":"https:\/\/aivlisoft.net\/shop\/wp-json\/wp\/v2\/product_brand?post=15632"},{"taxonomy":"product_cat","embeddable":true,"href":"https:\/\/aivlisoft.net\/shop\/wp-json\/wp\/v2\/product_cat?post=15632"},{"taxonomy":"product_tag","embeddable":true,"href":"https:\/\/aivlisoft.net\/shop\/wp-json\/wp\/v2\/product_tag?post=15632"}],"curies":[{"name":"wp","href":"https:\/\/api.w.org\/{rel}","templated":true}]}}