{"id":15565,"date":"2025-01-13T14:54:27","date_gmt":"2025-01-13T14:54:27","guid":{"rendered":"https:\/\/aivlisoft.com\/?post_type=product&#038;p=15565"},"modified":"2025-01-14T21:10:58","modified_gmt":"2025-01-14T21:10:58","slug":"iggual-auriculares-con-micro-intrauditivos-35-mm","status":"publish","type":"product","link":"https:\/\/aivlisoft.net\/shop\/producto\/iggual-auriculares-con-micro-intrauditivos-35-mm\/","title":{"rendered":"iggual Auriculares con micro intrauditivos 3,5 mm"},"content":{"rendered":"<p>Descubre los auriculares intrauditivos con micr&oacute;fono de iggual que, gracias a su tama&ntilde;o port&aacute;til, son la alternativa perfecta para disfrutar de la m&uacute;sica en cualquier parte.<br \/>Fabricados con materiales de alta calidad y con un dise&ntilde;o ergon&oacute;mico, son capaces de aislar el ruido exterior para conseguir una mejor experiencia de audio. Adem&aacute;s, estos auriculares de iggual disponen de controles en su cable que te permitir&aacute;n subir o bajar el volumen de forma r&aacute;pida y responder a tus llamadas o colgar de la manera m&aacute;s c&oacute;moda. Tambi&eacute;n incluyen 3 tama&ntilde;os de almohadilla en su caja para ajustarse a tus necesidades y ofrecerte un mayor confort.<br \/>Con&eacute;ctalo a cualquier dispositivo con una toma de audio mini jack de 3,5 mm y empieza a disfrutar del sonido m&aacute;s din&aacute;mico.<br \/>&nbsp;<br \/>&nbsp;<\/p>\n<table class=\"tabla_caracteristicas\" width=\"100%\">\n<tr>\n<td><strong>Marca<\/strong><\/td>\n<td>iggual<\/td>\n<\/tr>\n<tr>\n<td><strong>Modelo<\/strong><\/td>\n<td><strong>IGG317037<\/strong><\/td>\n<\/tr>\n<tr>\n<td><strong>Tipo<\/strong><\/td>\n<td>Auriculares con micro intrauditivos<\/td>\n<\/tr>\n<tr>\n<td><strong>Caracter&iacute;sticas<\/strong><\/td>\n<td>&#8211; Toma de conexi&oacute;n: mini jack 3,5 mm<br \/>\t\t\t&#8211; Frecuencia de respuesta: 20 Hz ~ 22 kHz<br \/>\t\t\t&#8211; Nivel de presi&oacute;n sonora (SPL): 105&plusmn;3 dB<br \/>\t\t\t&#8211; Impedancia: 32 ohm<br \/>\t\t\t&#8211; Sensibilidad del micr&oacute;fono: -42 dB&plusmn;3 dB (@1 kHz)<br \/>\t\t\t&#8211; Dise&ntilde;o: intrauditivo<br \/>\t\t\t&#8211; Tipo: din&aacute;mico<br \/>\t\t\t&#8211; Im&aacute;n de neodimio<br \/>\t\t\t&#8211; Di&aacute;metro del auricular: 12 mm<br \/>\t\t\t&#8211; Controles en el cable:<br \/>\t\t\t&nbsp;&nbsp; &nbsp;&middot; Botones para subir \/ bajar el volumen<br \/>\t\t\t&nbsp;&nbsp; &nbsp;&middot; Bot&oacute;n para descolgar \/ colgar<br \/>\t\t\t&#8211; Longitud del cable: 120 cm<br \/>\t\t\t&#8211; Materiales: TPE y aluminio (cuerpo)<br \/>\t\t\t&#8211; 3 tama&ntilde;os de almohadillas: S\/M\/L<\/td>\n<\/tr>\n<tr>\n<td><strong>Fecha de revisi&oacute;n<\/strong><\/td>\n<td>20-08-2021 por YMC<\/td>\n<\/tr>\n<\/table>\n","protected":false},"excerpt":{"rendered":"<p>Descubre los auriculares intrauditivos con micr&oacute;fono de iggual que, gracias a su tama&ntilde;o port&aacute;til, son la alternativa perfecta para disfrutar de la m&uacute;sica en cualquier parte.Fabricados con materiales de alta calidad y con un dise&ntilde;o ergon&oacute;mico, son capaces de aislar el ruido exterior para conseguir una mejor experiencia de audio. Adem&aacute;s, estos auriculares de iggual&hellip;&nbsp;<a href=\"https:\/\/aivlisoft.net\/shop\/producto\/iggual-auriculares-con-micro-intrauditivos-35-mm\/\" rel=\"bookmark\"><span class=\"screen-reader-text\">iggual Auriculares con micro intrauditivos 3,5 mm<\/span><\/a><\/p>\n","protected":false},"featured_media":15566,"template":"","meta":{"neve_meta_sidebar":"","neve_meta_container":"","neve_meta_enable_content_width":"","neve_meta_content_width":0,"neve_meta_title_alignment":"","neve_meta_author_avatar":"","neve_post_elements_order":"","neve_meta_disable_header":"","neve_meta_disable_footer":"","neve_meta_disable_title":""},"product_brand":[],"product_cat":[15,790,957,5818],"product_tag":[5891],"class_list":{"0":"post-15565","1":"product","2":"type-product","3":"status-publish","4":"has-post-thumbnail","6":"product_cat-sin-categorizar","7":"product_cat-accesorios-gaming","8":"product_cat-accesorios-imagen-y-sonido","9":"product_cat-audio","10":"product_tag-igg317037","12":"first","13":"instock","14":"taxable","15":"shipping-taxable","16":"purchasable","17":"product-type-simple"},"yoast_head":"<!-- This site is optimized with the Yoast SEO plugin v26.0 - https:\/\/yoast.com\/wordpress\/plugins\/seo\/ -->\n<title>iggual Auriculares con micro intrauditivos 3,5 mm - Aivlisoft Inform\u00e1tica<\/title>\n<meta name=\"robots\" content=\"index, follow, max-snippet:-1, max-image-preview:large, max-video-preview:-1\" \/>\n<link rel=\"canonical\" href=\"https:\/\/aivlisoft.net\/shop\/producto\/iggual-auriculares-con-micro-intrauditivos-35-mm\/\" \/>\n<meta property=\"og:locale\" content=\"es_ES\" \/>\n<meta property=\"og:type\" content=\"article\" \/>\n<meta property=\"og:title\" content=\"iggual Auriculares con micro intrauditivos 3,5 mm - Aivlisoft Inform\u00e1tica\" \/>\n<meta property=\"og:description\" content=\"Descubre los auriculares intrauditivos con micr&oacute;fono de iggual que, gracias a su tama&ntilde;o port&aacute;til, son la alternativa perfecta para disfrutar de la m&uacute;sica en cualquier parte.Fabricados con materiales de alta calidad y con un dise&ntilde;o ergon&oacute;mico, son capaces de aislar el ruido exterior para conseguir una mejor experiencia de audio. Adem&aacute;s, estos auriculares de iggual&hellip;&nbsp;iggual Auriculares con micro intrauditivos 3,5 mm\" \/>\n<meta property=\"og:url\" content=\"https:\/\/aivlisoft.net\/shop\/producto\/iggual-auriculares-con-micro-intrauditivos-35-mm\/\" \/>\n<meta property=\"og:site_name\" content=\"Aivlisoft Inform\u00e1tica\" \/>\n<meta property=\"article:modified_time\" content=\"2025-01-14T21:10:58+00:00\" \/>\n<meta property=\"og:image\" content=\"https:\/\/aivlisoft.net\/shop\/wp-content\/uploads\/2025\/01\/MAUAMI0879_800.jpg\" \/>\n\t<meta property=\"og:image:width\" content=\"800\" \/>\n\t<meta property=\"og:image:height\" content=\"800\" \/>\n\t<meta property=\"og:image:type\" content=\"image\/jpeg\" \/>\n<meta name=\"twitter:card\" content=\"summary_large_image\" \/>\n<meta name=\"twitter:label1\" content=\"Tiempo de lectura\" \/>\n\t<meta name=\"twitter:data1\" content=\"1 minuto\" \/>\n<script type=\"application\/ld+json\" class=\"yoast-schema-graph\">{\"@context\":\"https:\/\/schema.org\",\"@graph\":[{\"@type\":\"WebPage\",\"@id\":\"https:\/\/aivlisoft.net\/shop\/producto\/iggual-auriculares-con-micro-intrauditivos-35-mm\/\",\"url\":\"https:\/\/aivlisoft.net\/shop\/producto\/iggual-auriculares-con-micro-intrauditivos-35-mm\/\",\"name\":\"iggual Auriculares con micro intrauditivos 3,5 mm - Aivlisoft Inform\u00e1tica\",\"isPartOf\":{\"@id\":\"https:\/\/aivlisoft.net\/shop\/#website\"},\"primaryImageOfPage\":{\"@id\":\"https:\/\/aivlisoft.net\/shop\/producto\/iggual-auriculares-con-micro-intrauditivos-35-mm\/#primaryimage\"},\"image\":{\"@id\":\"https:\/\/aivlisoft.net\/shop\/producto\/iggual-auriculares-con-micro-intrauditivos-35-mm\/#primaryimage\"},\"thumbnailUrl\":\"https:\/\/aivlisoft.net\/shop\/wp-content\/uploads\/2025\/01\/MAUAMI0879_800.jpg\",\"datePublished\":\"2025-01-13T14:54:27+00:00\",\"dateModified\":\"2025-01-14T21:10:58+00:00\",\"breadcrumb\":{\"@id\":\"https:\/\/aivlisoft.net\/shop\/producto\/iggual-auriculares-con-micro-intrauditivos-35-mm\/#breadcrumb\"},\"inLanguage\":\"es\",\"potentialAction\":[{\"@type\":\"ReadAction\",\"target\":[\"https:\/\/aivlisoft.net\/shop\/producto\/iggual-auriculares-con-micro-intrauditivos-35-mm\/\"]}]},{\"@type\":\"ImageObject\",\"inLanguage\":\"es\",\"@id\":\"https:\/\/aivlisoft.net\/shop\/producto\/iggual-auriculares-con-micro-intrauditivos-35-mm\/#primaryimage\",\"url\":\"https:\/\/aivlisoft.net\/shop\/wp-content\/uploads\/2025\/01\/MAUAMI0879_800.jpg\",\"contentUrl\":\"https:\/\/aivlisoft.net\/shop\/wp-content\/uploads\/2025\/01\/MAUAMI0879_800.jpg\",\"width\":800,\"height\":800},{\"@type\":\"BreadcrumbList\",\"@id\":\"https:\/\/aivlisoft.net\/shop\/producto\/iggual-auriculares-con-micro-intrauditivos-35-mm\/#breadcrumb\",\"itemListElement\":[{\"@type\":\"ListItem\",\"position\":1,\"name\":\"Portada\",\"item\":\"https:\/\/aivlisoft.net\/shop\/\"},{\"@type\":\"ListItem\",\"position\":2,\"name\":\"Tienda\",\"item\":\"https:\/\/aivlisoft.net\/shop\/tienda\/\"},{\"@type\":\"ListItem\",\"position\":3,\"name\":\"iggual Auriculares con micro intrauditivos 3,5 mm\"}]},{\"@type\":\"WebSite\",\"@id\":\"https:\/\/aivlisoft.net\/shop\/#website\",\"url\":\"https:\/\/aivlisoft.net\/shop\/\",\"name\":\"Aivlisoft Inform\u00e1tica\",\"description\":\"En Aivlisoft Inform\u00e1tica ofrecemos soluciones tecnol\u00f3gicas para empresas: venta de ordenadores, consumibles, perif\u00e9ricos y m\u00e1s. Calidad, atenci\u00f3n personalizada y los mejores precios para tu negocio.\",\"publisher\":{\"@id\":\"https:\/\/aivlisoft.net\/shop\/#organization\"},\"potentialAction\":[{\"@type\":\"SearchAction\",\"target\":{\"@type\":\"EntryPoint\",\"urlTemplate\":\"https:\/\/aivlisoft.net\/shop\/?s={search_term_string}\"},\"query-input\":{\"@type\":\"PropertyValueSpecification\",\"valueRequired\":true,\"valueName\":\"search_term_string\"}}],\"inLanguage\":\"es\"},{\"@type\":\"Organization\",\"@id\":\"https:\/\/aivlisoft.net\/shop\/#organization\",\"name\":\"Aivlisoft Inform\u00e1tica\",\"url\":\"https:\/\/aivlisoft.net\/shop\/\",\"logo\":{\"@type\":\"ImageObject\",\"inLanguage\":\"es\",\"@id\":\"https:\/\/aivlisoft.net\/shop\/#\/schema\/logo\/image\/\",\"url\":\"https:\/\/aivlisoft.net\/shop\/wp-content\/uploads\/2024\/12\/removal.ai_5b848c54-0cdf-4140-95c5-c5536bb7573b-logodef.png\",\"contentUrl\":\"https:\/\/aivlisoft.net\/shop\/wp-content\/uploads\/2024\/12\/removal.ai_5b848c54-0cdf-4140-95c5-c5536bb7573b-logodef.png\",\"width\":484,\"height\":182,\"caption\":\"Aivlisoft Inform\u00e1tica\"},\"image\":{\"@id\":\"https:\/\/aivlisoft.net\/shop\/#\/schema\/logo\/image\/\"}}]}<\/script>\n<!-- \/ Yoast SEO plugin. -->","yoast_head_json":{"title":"iggual Auriculares con micro intrauditivos 3,5 mm - Aivlisoft Inform\u00e1tica","robots":{"index":"index","follow":"follow","max-snippet":"max-snippet:-1","max-image-preview":"max-image-preview:large","max-video-preview":"max-video-preview:-1"},"canonical":"https:\/\/aivlisoft.net\/shop\/producto\/iggual-auriculares-con-micro-intrauditivos-35-mm\/","og_locale":"es_ES","og_type":"article","og_title":"iggual Auriculares con micro intrauditivos 3,5 mm - Aivlisoft Inform\u00e1tica","og_description":"Descubre los auriculares intrauditivos con micr&oacute;fono de iggual que, gracias a su tama&ntilde;o port&aacute;til, son la alternativa perfecta para disfrutar de la m&uacute;sica en cualquier parte.Fabricados con materiales de alta calidad y con un dise&ntilde;o ergon&oacute;mico, son capaces de aislar el ruido exterior para conseguir una mejor experiencia de audio. Adem&aacute;s, estos auriculares de iggual&hellip;&nbsp;iggual Auriculares con micro intrauditivos 3,5 mm","og_url":"https:\/\/aivlisoft.net\/shop\/producto\/iggual-auriculares-con-micro-intrauditivos-35-mm\/","og_site_name":"Aivlisoft Inform\u00e1tica","article_modified_time":"2025-01-14T21:10:58+00:00","og_image":[{"width":800,"height":800,"url":"https:\/\/aivlisoft.net\/shop\/wp-content\/uploads\/2025\/01\/MAUAMI0879_800.jpg","type":"image\/jpeg"}],"twitter_card":"summary_large_image","twitter_misc":{"Tiempo de lectura":"1 minuto"},"schema":{"@context":"https:\/\/schema.org","@graph":[{"@type":"WebPage","@id":"https:\/\/aivlisoft.net\/shop\/producto\/iggual-auriculares-con-micro-intrauditivos-35-mm\/","url":"https:\/\/aivlisoft.net\/shop\/producto\/iggual-auriculares-con-micro-intrauditivos-35-mm\/","name":"iggual Auriculares con micro intrauditivos 3,5 mm - Aivlisoft Inform\u00e1tica","isPartOf":{"@id":"https:\/\/aivlisoft.net\/shop\/#website"},"primaryImageOfPage":{"@id":"https:\/\/aivlisoft.net\/shop\/producto\/iggual-auriculares-con-micro-intrauditivos-35-mm\/#primaryimage"},"image":{"@id":"https:\/\/aivlisoft.net\/shop\/producto\/iggual-auriculares-con-micro-intrauditivos-35-mm\/#primaryimage"},"thumbnailUrl":"https:\/\/aivlisoft.net\/shop\/wp-content\/uploads\/2025\/01\/MAUAMI0879_800.jpg","datePublished":"2025-01-13T14:54:27+00:00","dateModified":"2025-01-14T21:10:58+00:00","breadcrumb":{"@id":"https:\/\/aivlisoft.net\/shop\/producto\/iggual-auriculares-con-micro-intrauditivos-35-mm\/#breadcrumb"},"inLanguage":"es","potentialAction":[{"@type":"ReadAction","target":["https:\/\/aivlisoft.net\/shop\/producto\/iggual-auriculares-con-micro-intrauditivos-35-mm\/"]}]},{"@type":"ImageObject","inLanguage":"es","@id":"https:\/\/aivlisoft.net\/shop\/producto\/iggual-auriculares-con-micro-intrauditivos-35-mm\/#primaryimage","url":"https:\/\/aivlisoft.net\/shop\/wp-content\/uploads\/2025\/01\/MAUAMI0879_800.jpg","contentUrl":"https:\/\/aivlisoft.net\/shop\/wp-content\/uploads\/2025\/01\/MAUAMI0879_800.jpg","width":800,"height":800},{"@type":"BreadcrumbList","@id":"https:\/\/aivlisoft.net\/shop\/producto\/iggual-auriculares-con-micro-intrauditivos-35-mm\/#breadcrumb","itemListElement":[{"@type":"ListItem","position":1,"name":"Portada","item":"https:\/\/aivlisoft.net\/shop\/"},{"@type":"ListItem","position":2,"name":"Tienda","item":"https:\/\/aivlisoft.net\/shop\/tienda\/"},{"@type":"ListItem","position":3,"name":"iggual Auriculares con micro intrauditivos 3,5 mm"}]},{"@type":"WebSite","@id":"https:\/\/aivlisoft.net\/shop\/#website","url":"https:\/\/aivlisoft.net\/shop\/","name":"Aivlisoft Inform\u00e1tica","description":"En Aivlisoft Inform\u00e1tica ofrecemos soluciones tecnol\u00f3gicas para empresas: venta de ordenadores, consumibles, perif\u00e9ricos y m\u00e1s. Calidad, atenci\u00f3n personalizada y los mejores precios para tu negocio.","publisher":{"@id":"https:\/\/aivlisoft.net\/shop\/#organization"},"potentialAction":[{"@type":"SearchAction","target":{"@type":"EntryPoint","urlTemplate":"https:\/\/aivlisoft.net\/shop\/?s={search_term_string}"},"query-input":{"@type":"PropertyValueSpecification","valueRequired":true,"valueName":"search_term_string"}}],"inLanguage":"es"},{"@type":"Organization","@id":"https:\/\/aivlisoft.net\/shop\/#organization","name":"Aivlisoft Inform\u00e1tica","url":"https:\/\/aivlisoft.net\/shop\/","logo":{"@type":"ImageObject","inLanguage":"es","@id":"https:\/\/aivlisoft.net\/shop\/#\/schema\/logo\/image\/","url":"https:\/\/aivlisoft.net\/shop\/wp-content\/uploads\/2024\/12\/removal.ai_5b848c54-0cdf-4140-95c5-c5536bb7573b-logodef.png","contentUrl":"https:\/\/aivlisoft.net\/shop\/wp-content\/uploads\/2024\/12\/removal.ai_5b848c54-0cdf-4140-95c5-c5536bb7573b-logodef.png","width":484,"height":182,"caption":"Aivlisoft Inform\u00e1tica"},"image":{"@id":"https:\/\/aivlisoft.net\/shop\/#\/schema\/logo\/image\/"}}]}},"_links":{"self":[{"href":"https:\/\/aivlisoft.net\/shop\/wp-json\/wp\/v2\/product\/15565","targetHints":{"allow":["GET"]}}],"collection":[{"href":"https:\/\/aivlisoft.net\/shop\/wp-json\/wp\/v2\/product"}],"about":[{"href":"https:\/\/aivlisoft.net\/shop\/wp-json\/wp\/v2\/types\/product"}],"wp:featuredmedia":[{"embeddable":true,"href":"https:\/\/aivlisoft.net\/shop\/wp-json\/wp\/v2\/media\/15566"}],"wp:attachment":[{"href":"https:\/\/aivlisoft.net\/shop\/wp-json\/wp\/v2\/media?parent=15565"}],"wp:term":[{"taxonomy":"product_brand","embeddable":true,"href":"https:\/\/aivlisoft.net\/shop\/wp-json\/wp\/v2\/product_brand?post=15565"},{"taxonomy":"product_cat","embeddable":true,"href":"https:\/\/aivlisoft.net\/shop\/wp-json\/wp\/v2\/product_cat?post=15565"},{"taxonomy":"product_tag","embeddable":true,"href":"https:\/\/aivlisoft.net\/shop\/wp-json\/wp\/v2\/product_tag?post=15565"}],"curies":[{"name":"wp","href":"https:\/\/api.w.org\/{rel}","templated":true}]}}