{"id":15436,"date":"2025-01-13T14:53:17","date_gmt":"2025-01-13T14:53:17","guid":{"rendered":"https:\/\/aivlisoft.com\/?post_type=product&#038;p=15436"},"modified":"2025-01-14T21:15:07","modified_gmt":"2025-01-14T21:15:07","slug":"energy-sistem-auricularmic-dj2-blancos","status":"publish","type":"product","link":"https:\/\/aivlisoft.net\/shop\/producto\/energy-sistem-auricularmic-dj2-blancos\/","title":{"rendered":"Energy Sistem Auricular+Mic DJ2 Blancos"},"content":{"rendered":"<p>Auriculares pensados para que te acompa&ntilde;en durante todo el d&iacute;a y no pases ni un solo momento sin tu m&uacute;sica favorita. Contesta a tus llamadas con el micr&oacute;fono incorporado y controla la reproducci&oacute;n de la m&uacute;sica.<\/p>\n<p>&#8211; Auriculares est&eacute;reo DJ cerrados y ajustables.<br \/>&#8211; Especialmente dise&ntilde;ados para acompa&ntilde;arte all&aacute; donde vayas y disfrutar de tu m&uacute;sica.<br \/>&#8211; Driver de 40 mm que proporciona un sonido limpio y enriquecido en graves.<br \/>&#8211; Auricular con rotaci&oacute;n de 180 grados para que elijas c&oacute;mo quieres escuchar tu m&uacute;sica.<br \/>&#8211; Micr&oacute;fono omnidireccional integrado en el cable.<br \/>&#8211; Conector de audio de 3,5 mm que permite sustituir el cable para adecuarse a cada uso.<br \/>&#8211; Cable extra&iacute;ble con longitud de 1,2 m.<br \/>&#8211; Bot&oacute;n multifunci&oacute;n para controlar la reproducci&oacute;n de tu m&uacute;sica.<br \/>&#8211; Dise&ntilde;o ergon&oacute;mico con banda de sujeci&oacute;n y almohadillas acolchadas para un c&oacute;modo ajuste.<br \/>&#8211; 108 dB SPL para una potente salida de audio.<\/p>\n<p><\/p>\n<table class=\"tabla_caracteristicas k-table\" width=\"100%\">\n<tbody>\n<tr>\n<td><strong>Marca<\/strong><\/td>\n<td>Energy Sistem<\/td>\n<\/tr>\n<tr>\n<td valign=\"top\"><strong>Modelo<\/strong><\/td>\n<td><strong><\/strong><strong>426737<\/strong><\/td>\n<\/tr>\n<tr>\n<td><strong>Uso<\/strong><\/td>\n<td>&#8211; Auricular con micr&oacute;fono<\/td>\n<\/tr>\n<tr>\n<td valign=\"top\"><strong>Caracter&iacute;sticas<\/strong><\/td>\n<td>&#8211; Dise&ntilde;o: Cerrado<br \/>&#8211; Tipo: Din&aacute;mico<br \/>&#8211; Cable de audio de 3,5 mm<br \/>&#8211; Longitud del cable: 1,2 m<br \/><strong>Drivers<\/strong><br \/>&#8211; 40 mm<br \/>&#8211; Im&aacute;n de neodimio<br \/>&#8211; SPL: 108 dB &plusmn; 3 dB<br \/>&#8211; Respuesta en frecuencia: 20 Hz ~ 20 KHz<br \/><strong>Impedancia<\/strong><br \/>&#8211; 32 Ohm<br \/><strong>Micr&oacute;fono<\/strong><br \/>&#8211; Sensibilidad: -42 &plusmn; 3 dB<br \/><strong>Contenido<\/strong><br \/>&#8211; Energy Headphones DJ2 White Mic<br \/>&#8211; Cable de audio de 3,5 mm<br \/><strong>Dimensiones y peso<\/strong><br \/>&#8211; 174 x 192 x 72 mm<br \/>&#8211; 175 g<\/td>\n<\/tr>\n<tr>\n<td><strong>Fecha de revisi&oacute;n<\/strong><\/td>\n<td>25-05-2016 por MSB<\/td>\n<\/tr>\n<\/tbody>\n<\/table>\n","protected":false},"excerpt":{"rendered":"<p>Auriculares pensados para que te acompa&ntilde;en durante todo el d&iacute;a y no pases ni un solo momento sin tu m&uacute;sica favorita. Contesta a tus llamadas con el micr&oacute;fono incorporado y controla la reproducci&oacute;n de la m&uacute;sica. &#8211; Auriculares est&eacute;reo DJ cerrados y ajustables.&#8211; Especialmente dise&ntilde;ados para acompa&ntilde;arte all&aacute; donde vayas y disfrutar de tu m&uacute;sica.&#8211;&hellip;&nbsp;<a href=\"https:\/\/aivlisoft.net\/shop\/producto\/energy-sistem-auricularmic-dj2-blancos\/\" rel=\"bookmark\"><span class=\"screen-reader-text\">Energy Sistem Auricular+Mic DJ2 Blancos<\/span><\/a><\/p>\n","protected":false},"featured_media":15437,"template":"","meta":{"neve_meta_sidebar":"","neve_meta_container":"","neve_meta_enable_content_width":"","neve_meta_content_width":0,"neve_meta_title_alignment":"","neve_meta_author_avatar":"","neve_post_elements_order":"","neve_meta_disable_header":"","neve_meta_disable_footer":"","neve_meta_disable_title":""},"product_brand":[],"product_cat":[15,790,957,5818],"product_tag":[5854],"class_list":{"0":"post-15436","1":"product","2":"type-product","3":"status-publish","4":"has-post-thumbnail","6":"product_cat-sin-categorizar","7":"product_cat-accesorios-gaming","8":"product_cat-accesorios-imagen-y-sonido","9":"product_cat-audio","10":"product_tag-5854","12":"first","13":"instock","14":"taxable","15":"shipping-taxable","16":"purchasable","17":"product-type-simple"},"yoast_head":"<!-- This site is optimized with the Yoast SEO plugin v26.0 - https:\/\/yoast.com\/wordpress\/plugins\/seo\/ -->\n<title>Energy Sistem Auricular+Mic DJ2 Blancos - Aivlisoft Inform\u00e1tica<\/title>\n<meta name=\"robots\" content=\"index, follow, max-snippet:-1, max-image-preview:large, max-video-preview:-1\" \/>\n<link rel=\"canonical\" href=\"https:\/\/aivlisoft.net\/shop\/producto\/energy-sistem-auricularmic-dj2-blancos\/\" \/>\n<meta property=\"og:locale\" content=\"es_ES\" \/>\n<meta property=\"og:type\" content=\"article\" \/>\n<meta property=\"og:title\" content=\"Energy Sistem Auricular+Mic DJ2 Blancos - Aivlisoft Inform\u00e1tica\" \/>\n<meta property=\"og:description\" content=\"Auriculares pensados para que te acompa&ntilde;en durante todo el d&iacute;a y no pases ni un solo momento sin tu m&uacute;sica favorita. Contesta a tus llamadas con el micr&oacute;fono incorporado y controla la reproducci&oacute;n de la m&uacute;sica. &#8211; Auriculares est&eacute;reo DJ cerrados y ajustables.&#8211; Especialmente dise&ntilde;ados para acompa&ntilde;arte all&aacute; donde vayas y disfrutar de tu m&uacute;sica.&#8211;&hellip;&nbsp;Energy Sistem Auricular+Mic DJ2 Blancos\" \/>\n<meta property=\"og:url\" content=\"https:\/\/aivlisoft.net\/shop\/producto\/energy-sistem-auricularmic-dj2-blancos\/\" \/>\n<meta property=\"og:site_name\" content=\"Aivlisoft Inform\u00e1tica\" \/>\n<meta property=\"article:modified_time\" content=\"2025-01-14T21:15:07+00:00\" \/>\n<meta property=\"og:image\" content=\"https:\/\/aivlisoft.net\/shop\/wp-content\/uploads\/2025\/01\/MAUAMI0466_800.jpg\" \/>\n\t<meta property=\"og:image:width\" content=\"800\" \/>\n\t<meta property=\"og:image:height\" content=\"800\" \/>\n\t<meta property=\"og:image:type\" content=\"image\/jpeg\" \/>\n<meta name=\"twitter:card\" content=\"summary_large_image\" \/>\n<meta name=\"twitter:label1\" content=\"Tiempo de lectura\" \/>\n\t<meta name=\"twitter:data1\" content=\"1 minuto\" \/>\n<script type=\"application\/ld+json\" class=\"yoast-schema-graph\">{\"@context\":\"https:\/\/schema.org\",\"@graph\":[{\"@type\":\"WebPage\",\"@id\":\"https:\/\/aivlisoft.net\/shop\/producto\/energy-sistem-auricularmic-dj2-blancos\/\",\"url\":\"https:\/\/aivlisoft.net\/shop\/producto\/energy-sistem-auricularmic-dj2-blancos\/\",\"name\":\"Energy Sistem Auricular+Mic DJ2 Blancos - Aivlisoft Inform\u00e1tica\",\"isPartOf\":{\"@id\":\"https:\/\/aivlisoft.net\/shop\/#website\"},\"primaryImageOfPage\":{\"@id\":\"https:\/\/aivlisoft.net\/shop\/producto\/energy-sistem-auricularmic-dj2-blancos\/#primaryimage\"},\"image\":{\"@id\":\"https:\/\/aivlisoft.net\/shop\/producto\/energy-sistem-auricularmic-dj2-blancos\/#primaryimage\"},\"thumbnailUrl\":\"https:\/\/aivlisoft.net\/shop\/wp-content\/uploads\/2025\/01\/MAUAMI0466_800.jpg\",\"datePublished\":\"2025-01-13T14:53:17+00:00\",\"dateModified\":\"2025-01-14T21:15:07+00:00\",\"breadcrumb\":{\"@id\":\"https:\/\/aivlisoft.net\/shop\/producto\/energy-sistem-auricularmic-dj2-blancos\/#breadcrumb\"},\"inLanguage\":\"es\",\"potentialAction\":[{\"@type\":\"ReadAction\",\"target\":[\"https:\/\/aivlisoft.net\/shop\/producto\/energy-sistem-auricularmic-dj2-blancos\/\"]}]},{\"@type\":\"ImageObject\",\"inLanguage\":\"es\",\"@id\":\"https:\/\/aivlisoft.net\/shop\/producto\/energy-sistem-auricularmic-dj2-blancos\/#primaryimage\",\"url\":\"https:\/\/aivlisoft.net\/shop\/wp-content\/uploads\/2025\/01\/MAUAMI0466_800.jpg\",\"contentUrl\":\"https:\/\/aivlisoft.net\/shop\/wp-content\/uploads\/2025\/01\/MAUAMI0466_800.jpg\",\"width\":800,\"height\":800},{\"@type\":\"BreadcrumbList\",\"@id\":\"https:\/\/aivlisoft.net\/shop\/producto\/energy-sistem-auricularmic-dj2-blancos\/#breadcrumb\",\"itemListElement\":[{\"@type\":\"ListItem\",\"position\":1,\"name\":\"Portada\",\"item\":\"https:\/\/aivlisoft.net\/shop\/\"},{\"@type\":\"ListItem\",\"position\":2,\"name\":\"Tienda\",\"item\":\"https:\/\/aivlisoft.net\/shop\/tienda\/\"},{\"@type\":\"ListItem\",\"position\":3,\"name\":\"Energy Sistem Auricular+Mic DJ2 Blancos\"}]},{\"@type\":\"WebSite\",\"@id\":\"https:\/\/aivlisoft.net\/shop\/#website\",\"url\":\"https:\/\/aivlisoft.net\/shop\/\",\"name\":\"Aivlisoft Inform\u00e1tica\",\"description\":\"En Aivlisoft Inform\u00e1tica ofrecemos soluciones tecnol\u00f3gicas para empresas: venta de ordenadores, consumibles, perif\u00e9ricos y m\u00e1s. Calidad, atenci\u00f3n personalizada y los mejores precios para tu negocio.\",\"publisher\":{\"@id\":\"https:\/\/aivlisoft.net\/shop\/#organization\"},\"potentialAction\":[{\"@type\":\"SearchAction\",\"target\":{\"@type\":\"EntryPoint\",\"urlTemplate\":\"https:\/\/aivlisoft.net\/shop\/?s={search_term_string}\"},\"query-input\":{\"@type\":\"PropertyValueSpecification\",\"valueRequired\":true,\"valueName\":\"search_term_string\"}}],\"inLanguage\":\"es\"},{\"@type\":\"Organization\",\"@id\":\"https:\/\/aivlisoft.net\/shop\/#organization\",\"name\":\"Aivlisoft Inform\u00e1tica\",\"url\":\"https:\/\/aivlisoft.net\/shop\/\",\"logo\":{\"@type\":\"ImageObject\",\"inLanguage\":\"es\",\"@id\":\"https:\/\/aivlisoft.net\/shop\/#\/schema\/logo\/image\/\",\"url\":\"https:\/\/aivlisoft.net\/shop\/wp-content\/uploads\/2024\/12\/removal.ai_5b848c54-0cdf-4140-95c5-c5536bb7573b-logodef.png\",\"contentUrl\":\"https:\/\/aivlisoft.net\/shop\/wp-content\/uploads\/2024\/12\/removal.ai_5b848c54-0cdf-4140-95c5-c5536bb7573b-logodef.png\",\"width\":484,\"height\":182,\"caption\":\"Aivlisoft Inform\u00e1tica\"},\"image\":{\"@id\":\"https:\/\/aivlisoft.net\/shop\/#\/schema\/logo\/image\/\"}}]}<\/script>\n<!-- \/ Yoast SEO plugin. -->","yoast_head_json":{"title":"Energy Sistem Auricular+Mic DJ2 Blancos - Aivlisoft Inform\u00e1tica","robots":{"index":"index","follow":"follow","max-snippet":"max-snippet:-1","max-image-preview":"max-image-preview:large","max-video-preview":"max-video-preview:-1"},"canonical":"https:\/\/aivlisoft.net\/shop\/producto\/energy-sistem-auricularmic-dj2-blancos\/","og_locale":"es_ES","og_type":"article","og_title":"Energy Sistem Auricular+Mic DJ2 Blancos - Aivlisoft Inform\u00e1tica","og_description":"Auriculares pensados para que te acompa&ntilde;en durante todo el d&iacute;a y no pases ni un solo momento sin tu m&uacute;sica favorita. Contesta a tus llamadas con el micr&oacute;fono incorporado y controla la reproducci&oacute;n de la m&uacute;sica. &#8211; Auriculares est&eacute;reo DJ cerrados y ajustables.&#8211; Especialmente dise&ntilde;ados para acompa&ntilde;arte all&aacute; donde vayas y disfrutar de tu m&uacute;sica.&#8211;&hellip;&nbsp;Energy Sistem Auricular+Mic DJ2 Blancos","og_url":"https:\/\/aivlisoft.net\/shop\/producto\/energy-sistem-auricularmic-dj2-blancos\/","og_site_name":"Aivlisoft Inform\u00e1tica","article_modified_time":"2025-01-14T21:15:07+00:00","og_image":[{"width":800,"height":800,"url":"https:\/\/aivlisoft.net\/shop\/wp-content\/uploads\/2025\/01\/MAUAMI0466_800.jpg","type":"image\/jpeg"}],"twitter_card":"summary_large_image","twitter_misc":{"Tiempo de lectura":"1 minuto"},"schema":{"@context":"https:\/\/schema.org","@graph":[{"@type":"WebPage","@id":"https:\/\/aivlisoft.net\/shop\/producto\/energy-sistem-auricularmic-dj2-blancos\/","url":"https:\/\/aivlisoft.net\/shop\/producto\/energy-sistem-auricularmic-dj2-blancos\/","name":"Energy Sistem Auricular+Mic DJ2 Blancos - Aivlisoft Inform\u00e1tica","isPartOf":{"@id":"https:\/\/aivlisoft.net\/shop\/#website"},"primaryImageOfPage":{"@id":"https:\/\/aivlisoft.net\/shop\/producto\/energy-sistem-auricularmic-dj2-blancos\/#primaryimage"},"image":{"@id":"https:\/\/aivlisoft.net\/shop\/producto\/energy-sistem-auricularmic-dj2-blancos\/#primaryimage"},"thumbnailUrl":"https:\/\/aivlisoft.net\/shop\/wp-content\/uploads\/2025\/01\/MAUAMI0466_800.jpg","datePublished":"2025-01-13T14:53:17+00:00","dateModified":"2025-01-14T21:15:07+00:00","breadcrumb":{"@id":"https:\/\/aivlisoft.net\/shop\/producto\/energy-sistem-auricularmic-dj2-blancos\/#breadcrumb"},"inLanguage":"es","potentialAction":[{"@type":"ReadAction","target":["https:\/\/aivlisoft.net\/shop\/producto\/energy-sistem-auricularmic-dj2-blancos\/"]}]},{"@type":"ImageObject","inLanguage":"es","@id":"https:\/\/aivlisoft.net\/shop\/producto\/energy-sistem-auricularmic-dj2-blancos\/#primaryimage","url":"https:\/\/aivlisoft.net\/shop\/wp-content\/uploads\/2025\/01\/MAUAMI0466_800.jpg","contentUrl":"https:\/\/aivlisoft.net\/shop\/wp-content\/uploads\/2025\/01\/MAUAMI0466_800.jpg","width":800,"height":800},{"@type":"BreadcrumbList","@id":"https:\/\/aivlisoft.net\/shop\/producto\/energy-sistem-auricularmic-dj2-blancos\/#breadcrumb","itemListElement":[{"@type":"ListItem","position":1,"name":"Portada","item":"https:\/\/aivlisoft.net\/shop\/"},{"@type":"ListItem","position":2,"name":"Tienda","item":"https:\/\/aivlisoft.net\/shop\/tienda\/"},{"@type":"ListItem","position":3,"name":"Energy Sistem Auricular+Mic DJ2 Blancos"}]},{"@type":"WebSite","@id":"https:\/\/aivlisoft.net\/shop\/#website","url":"https:\/\/aivlisoft.net\/shop\/","name":"Aivlisoft Inform\u00e1tica","description":"En Aivlisoft Inform\u00e1tica ofrecemos soluciones tecnol\u00f3gicas para empresas: venta de ordenadores, consumibles, perif\u00e9ricos y m\u00e1s. Calidad, atenci\u00f3n personalizada y los mejores precios para tu negocio.","publisher":{"@id":"https:\/\/aivlisoft.net\/shop\/#organization"},"potentialAction":[{"@type":"SearchAction","target":{"@type":"EntryPoint","urlTemplate":"https:\/\/aivlisoft.net\/shop\/?s={search_term_string}"},"query-input":{"@type":"PropertyValueSpecification","valueRequired":true,"valueName":"search_term_string"}}],"inLanguage":"es"},{"@type":"Organization","@id":"https:\/\/aivlisoft.net\/shop\/#organization","name":"Aivlisoft Inform\u00e1tica","url":"https:\/\/aivlisoft.net\/shop\/","logo":{"@type":"ImageObject","inLanguage":"es","@id":"https:\/\/aivlisoft.net\/shop\/#\/schema\/logo\/image\/","url":"https:\/\/aivlisoft.net\/shop\/wp-content\/uploads\/2024\/12\/removal.ai_5b848c54-0cdf-4140-95c5-c5536bb7573b-logodef.png","contentUrl":"https:\/\/aivlisoft.net\/shop\/wp-content\/uploads\/2024\/12\/removal.ai_5b848c54-0cdf-4140-95c5-c5536bb7573b-logodef.png","width":484,"height":182,"caption":"Aivlisoft Inform\u00e1tica"},"image":{"@id":"https:\/\/aivlisoft.net\/shop\/#\/schema\/logo\/image\/"}}]}},"_links":{"self":[{"href":"https:\/\/aivlisoft.net\/shop\/wp-json\/wp\/v2\/product\/15436","targetHints":{"allow":["GET"]}}],"collection":[{"href":"https:\/\/aivlisoft.net\/shop\/wp-json\/wp\/v2\/product"}],"about":[{"href":"https:\/\/aivlisoft.net\/shop\/wp-json\/wp\/v2\/types\/product"}],"wp:featuredmedia":[{"embeddable":true,"href":"https:\/\/aivlisoft.net\/shop\/wp-json\/wp\/v2\/media\/15437"}],"wp:attachment":[{"href":"https:\/\/aivlisoft.net\/shop\/wp-json\/wp\/v2\/media?parent=15436"}],"wp:term":[{"taxonomy":"product_brand","embeddable":true,"href":"https:\/\/aivlisoft.net\/shop\/wp-json\/wp\/v2\/product_brand?post=15436"},{"taxonomy":"product_cat","embeddable":true,"href":"https:\/\/aivlisoft.net\/shop\/wp-json\/wp\/v2\/product_cat?post=15436"},{"taxonomy":"product_tag","embeddable":true,"href":"https:\/\/aivlisoft.net\/shop\/wp-json\/wp\/v2\/product_tag?post=15436"}],"curies":[{"name":"wp","href":"https:\/\/api.w.org\/{rel}","templated":true}]}}