{"id":15372,"date":"2025-01-13T14:52:42","date_gmt":"2025-01-13T14:52:42","guid":{"rendered":"https:\/\/aivlisoft.com\/?post_type=product&#038;p=15372"},"modified":"2025-01-14T11:21:49","modified_gmt":"2025-01-14T11:21:49","slug":"mars-gaming-altavoces-mscube-premium-8w-pink","status":"publish","type":"product","link":"https:\/\/aivlisoft.net\/shop\/producto\/mars-gaming-altavoces-mscube-premium-8w-pink\/","title":{"rendered":"MARS GAMING Altavoces MSCUBE Premium 8W Pink"},"content":{"rendered":"<p><strong>ALTAVOCES GAMING MSCUBE<\/strong><br \/>Iluminaci&oacute;n RGB, sonido DSP espacial, tama&ntilde;o compacto y excelentes materiales en los altavoces gaming m&aacute;s vers&aacute;tiles de Mars Gaming<\/p>\n<p><strong>8W DE POTENCIA<\/strong><br \/>Disfruta de una calidad de sonido excepcional con un tama&ntilde;o reducido al m&aacute;ximo durante tus partidas, viendo pel&iacute;culas, series o escuchando m&uacute;sica. Y todo ello con una c&oacute;moda alimentaci&oacute;n a trav&eacute;s de USB.<\/p>\n<p><strong>RGB ACTIVE-FLOW<\/strong><br \/>Da un toque de luz y color a tu setup con un elegante sistema de iluminaci&oacute;n RGB ACTIVE-FLOW.<\/p>\n<p><strong>PROCESADOR DE SONIDO DSP<\/strong><br \/>Gracias a su avanzado procesador de sonido DSP digital, los MSCUBE reproducen el sonido con una espacialidad multi-nivel y graves mejorados, meti&eacute;ndote de lleno en el centro de acci&oacute;n y haci&eacute;ndote disfrutar como nunca.<\/p>\n<p><strong>CONTROL BOX<\/strong><br \/>Elige c&oacute;modamente el nivel de volumen de tus MSCUBE a trav&eacute;s de su caja de control.<\/p>\n<table class=\"tabla_caracteristicas k-table\" width=\"100%\">\n<tr>\n<td><strong>Marca<\/strong><\/td>\n<td>Mars Gaming<\/td>\n<\/tr>\n<tr>\n<td><strong>Modelo<\/strong><\/td>\n<td><strong>MSCUBEP<\/strong><\/td>\n<\/tr>\n<tr>\n<td valign=\"top\"><strong>Especificaciones<\/strong><\/td>\n<td>&#8211; Dimensiones: 73x73x66mm<br \/>\t\t\t&#8211; Peso: 274g<br \/>\t\t\t&#8211; Tama&ntilde;o: Compacto<br \/>\t\t\t&#8211; Acabado: Mate<br \/>\t\t\t&#8211; Tipo de cable: Recubrimiento de goma<br \/>\t\t\t&#8211; Potencia: 8W<br \/>\t\t\t&#8211; Conector: USB alimentaci&oacute;n + Jack 3.5mm audio<br \/>\t\t\t&#8211; Drivers: 2 Activos<br \/>\t\t\t&#8211; Rango de frecuencia: 20Hz-20KHz<br \/>\t\t\t&#8211; Impedancia: 4&Omega;<br \/>\t\t\t&#8211; Control de volumen: S&iacute;<br \/>\t\t\t&#8211; Voltaje: DC 5V<br \/>\t\t\t&#8211; Corriente: 0.5A<br \/>\t\t\t&#8211; Longitud del cable: 45cm (altavoz-caja control) 110cm (caja control-USB)<\/td>\n<\/tr>\n<tr>\n<td><strong>Fecha de revisi&oacute;n<\/strong><\/td>\n<td>09-02-2022 por MPM<\/td>\n<\/tr>\n<\/table>\n","protected":false},"excerpt":{"rendered":"<p>ALTAVOCES GAMING MSCUBEIluminaci&oacute;n RGB, sonido DSP espacial, tama&ntilde;o compacto y excelentes materiales en los altavoces gaming m&aacute;s vers&aacute;tiles de Mars Gaming 8W DE POTENCIADisfruta de una calidad de sonido excepcional con un tama&ntilde;o reducido al m&aacute;ximo durante tus partidas, viendo pel&iacute;culas, series o escuchando m&uacute;sica. Y todo ello con una c&oacute;moda alimentaci&oacute;n a trav&eacute;s de&hellip;&nbsp;<a href=\"https:\/\/aivlisoft.net\/shop\/producto\/mars-gaming-altavoces-mscube-premium-8w-pink\/\" rel=\"bookmark\"><span class=\"screen-reader-text\">MARS GAMING Altavoces MSCUBE Premium 8W Pink<\/span><\/a><\/p>\n","protected":false},"featured_media":15373,"template":"","meta":{"neve_meta_sidebar":"","neve_meta_container":"","neve_meta_enable_content_width":"","neve_meta_content_width":0,"neve_meta_title_alignment":"","neve_meta_author_avatar":"","neve_post_elements_order":"","neve_meta_disable_header":"","neve_meta_disable_footer":"","neve_meta_disable_title":""},"product_brand":[],"product_cat":[8755],"product_tag":[5832],"class_list":{"0":"post-15372","1":"product","2":"type-product","3":"status-publish","4":"has-post-thumbnail","6":"product_cat-altavoces-2-0","7":"product_tag-mscubep","9":"first","10":"instock","11":"taxable","12":"shipping-taxable","13":"purchasable","14":"product-type-simple"},"yoast_head":"<!-- This site is optimized with the Yoast SEO plugin v26.0 - https:\/\/yoast.com\/wordpress\/plugins\/seo\/ -->\n<title>MARS GAMING Altavoces MSCUBE Premium 8W Pink - Aivlisoft Inform\u00e1tica<\/title>\n<meta name=\"robots\" content=\"index, follow, max-snippet:-1, max-image-preview:large, max-video-preview:-1\" \/>\n<link rel=\"canonical\" href=\"https:\/\/aivlisoft.net\/shop\/producto\/mars-gaming-altavoces-mscube-premium-8w-pink\/\" \/>\n<meta property=\"og:locale\" content=\"es_ES\" \/>\n<meta property=\"og:type\" content=\"article\" \/>\n<meta property=\"og:title\" content=\"MARS GAMING Altavoces MSCUBE Premium 8W Pink - Aivlisoft Inform\u00e1tica\" \/>\n<meta property=\"og:description\" content=\"ALTAVOCES GAMING MSCUBEIluminaci&oacute;n RGB, sonido DSP espacial, tama&ntilde;o compacto y excelentes materiales en los altavoces gaming m&aacute;s vers&aacute;tiles de Mars Gaming 8W DE POTENCIADisfruta de una calidad de sonido excepcional con un tama&ntilde;o reducido al m&aacute;ximo durante tus partidas, viendo pel&iacute;culas, series o escuchando m&uacute;sica. Y todo ello con una c&oacute;moda alimentaci&oacute;n a trav&eacute;s de&hellip;&nbsp;MARS GAMING Altavoces MSCUBE Premium 8W Pink\" \/>\n<meta property=\"og:url\" content=\"https:\/\/aivlisoft.net\/shop\/producto\/mars-gaming-altavoces-mscube-premium-8w-pink\/\" \/>\n<meta property=\"og:site_name\" content=\"Aivlisoft Inform\u00e1tica\" \/>\n<meta property=\"article:modified_time\" content=\"2025-01-14T11:21:49+00:00\" \/>\n<meta property=\"og:image\" content=\"https:\/\/aivlisoft.net\/shop\/wp-content\/uploads\/2025\/01\/MAUA200223_800.jpg\" \/>\n\t<meta property=\"og:image:width\" content=\"800\" \/>\n\t<meta property=\"og:image:height\" content=\"800\" \/>\n\t<meta property=\"og:image:type\" content=\"image\/jpeg\" \/>\n<meta name=\"twitter:card\" content=\"summary_large_image\" \/>\n<meta name=\"twitter:label1\" content=\"Tiempo de lectura\" \/>\n\t<meta name=\"twitter:data1\" content=\"1 minuto\" \/>\n<script type=\"application\/ld+json\" class=\"yoast-schema-graph\">{\"@context\":\"https:\/\/schema.org\",\"@graph\":[{\"@type\":\"WebPage\",\"@id\":\"https:\/\/aivlisoft.net\/shop\/producto\/mars-gaming-altavoces-mscube-premium-8w-pink\/\",\"url\":\"https:\/\/aivlisoft.net\/shop\/producto\/mars-gaming-altavoces-mscube-premium-8w-pink\/\",\"name\":\"MARS GAMING Altavoces MSCUBE Premium 8W Pink - Aivlisoft Inform\u00e1tica\",\"isPartOf\":{\"@id\":\"https:\/\/aivlisoft.net\/shop\/#website\"},\"primaryImageOfPage\":{\"@id\":\"https:\/\/aivlisoft.net\/shop\/producto\/mars-gaming-altavoces-mscube-premium-8w-pink\/#primaryimage\"},\"image\":{\"@id\":\"https:\/\/aivlisoft.net\/shop\/producto\/mars-gaming-altavoces-mscube-premium-8w-pink\/#primaryimage\"},\"thumbnailUrl\":\"https:\/\/aivlisoft.net\/shop\/wp-content\/uploads\/2025\/01\/MAUA200223_800.jpg\",\"datePublished\":\"2025-01-13T14:52:42+00:00\",\"dateModified\":\"2025-01-14T11:21:49+00:00\",\"breadcrumb\":{\"@id\":\"https:\/\/aivlisoft.net\/shop\/producto\/mars-gaming-altavoces-mscube-premium-8w-pink\/#breadcrumb\"},\"inLanguage\":\"es\",\"potentialAction\":[{\"@type\":\"ReadAction\",\"target\":[\"https:\/\/aivlisoft.net\/shop\/producto\/mars-gaming-altavoces-mscube-premium-8w-pink\/\"]}]},{\"@type\":\"ImageObject\",\"inLanguage\":\"es\",\"@id\":\"https:\/\/aivlisoft.net\/shop\/producto\/mars-gaming-altavoces-mscube-premium-8w-pink\/#primaryimage\",\"url\":\"https:\/\/aivlisoft.net\/shop\/wp-content\/uploads\/2025\/01\/MAUA200223_800.jpg\",\"contentUrl\":\"https:\/\/aivlisoft.net\/shop\/wp-content\/uploads\/2025\/01\/MAUA200223_800.jpg\",\"width\":800,\"height\":800},{\"@type\":\"BreadcrumbList\",\"@id\":\"https:\/\/aivlisoft.net\/shop\/producto\/mars-gaming-altavoces-mscube-premium-8w-pink\/#breadcrumb\",\"itemListElement\":[{\"@type\":\"ListItem\",\"position\":1,\"name\":\"Portada\",\"item\":\"https:\/\/aivlisoft.net\/shop\/\"},{\"@type\":\"ListItem\",\"position\":2,\"name\":\"Tienda\",\"item\":\"https:\/\/aivlisoft.net\/shop\/tienda\/\"},{\"@type\":\"ListItem\",\"position\":3,\"name\":\"MARS GAMING Altavoces MSCUBE Premium 8W Pink\"}]},{\"@type\":\"WebSite\",\"@id\":\"https:\/\/aivlisoft.net\/shop\/#website\",\"url\":\"https:\/\/aivlisoft.net\/shop\/\",\"name\":\"Aivlisoft Inform\u00e1tica\",\"description\":\"En Aivlisoft Inform\u00e1tica ofrecemos soluciones tecnol\u00f3gicas para empresas: venta de ordenadores, consumibles, perif\u00e9ricos y m\u00e1s. Calidad, atenci\u00f3n personalizada y los mejores precios para tu negocio.\",\"publisher\":{\"@id\":\"https:\/\/aivlisoft.net\/shop\/#organization\"},\"potentialAction\":[{\"@type\":\"SearchAction\",\"target\":{\"@type\":\"EntryPoint\",\"urlTemplate\":\"https:\/\/aivlisoft.net\/shop\/?s={search_term_string}\"},\"query-input\":{\"@type\":\"PropertyValueSpecification\",\"valueRequired\":true,\"valueName\":\"search_term_string\"}}],\"inLanguage\":\"es\"},{\"@type\":\"Organization\",\"@id\":\"https:\/\/aivlisoft.net\/shop\/#organization\",\"name\":\"Aivlisoft Inform\u00e1tica\",\"url\":\"https:\/\/aivlisoft.net\/shop\/\",\"logo\":{\"@type\":\"ImageObject\",\"inLanguage\":\"es\",\"@id\":\"https:\/\/aivlisoft.net\/shop\/#\/schema\/logo\/image\/\",\"url\":\"https:\/\/aivlisoft.net\/shop\/wp-content\/uploads\/2024\/12\/removal.ai_5b848c54-0cdf-4140-95c5-c5536bb7573b-logodef.png\",\"contentUrl\":\"https:\/\/aivlisoft.net\/shop\/wp-content\/uploads\/2024\/12\/removal.ai_5b848c54-0cdf-4140-95c5-c5536bb7573b-logodef.png\",\"width\":484,\"height\":182,\"caption\":\"Aivlisoft Inform\u00e1tica\"},\"image\":{\"@id\":\"https:\/\/aivlisoft.net\/shop\/#\/schema\/logo\/image\/\"}}]}<\/script>\n<!-- \/ Yoast SEO plugin. -->","yoast_head_json":{"title":"MARS GAMING Altavoces MSCUBE Premium 8W Pink - Aivlisoft Inform\u00e1tica","robots":{"index":"index","follow":"follow","max-snippet":"max-snippet:-1","max-image-preview":"max-image-preview:large","max-video-preview":"max-video-preview:-1"},"canonical":"https:\/\/aivlisoft.net\/shop\/producto\/mars-gaming-altavoces-mscube-premium-8w-pink\/","og_locale":"es_ES","og_type":"article","og_title":"MARS GAMING Altavoces MSCUBE Premium 8W Pink - Aivlisoft Inform\u00e1tica","og_description":"ALTAVOCES GAMING MSCUBEIluminaci&oacute;n RGB, sonido DSP espacial, tama&ntilde;o compacto y excelentes materiales en los altavoces gaming m&aacute;s vers&aacute;tiles de Mars Gaming 8W DE POTENCIADisfruta de una calidad de sonido excepcional con un tama&ntilde;o reducido al m&aacute;ximo durante tus partidas, viendo pel&iacute;culas, series o escuchando m&uacute;sica. Y todo ello con una c&oacute;moda alimentaci&oacute;n a trav&eacute;s de&hellip;&nbsp;MARS GAMING Altavoces MSCUBE Premium 8W Pink","og_url":"https:\/\/aivlisoft.net\/shop\/producto\/mars-gaming-altavoces-mscube-premium-8w-pink\/","og_site_name":"Aivlisoft Inform\u00e1tica","article_modified_time":"2025-01-14T11:21:49+00:00","og_image":[{"width":800,"height":800,"url":"https:\/\/aivlisoft.net\/shop\/wp-content\/uploads\/2025\/01\/MAUA200223_800.jpg","type":"image\/jpeg"}],"twitter_card":"summary_large_image","twitter_misc":{"Tiempo de lectura":"1 minuto"},"schema":{"@context":"https:\/\/schema.org","@graph":[{"@type":"WebPage","@id":"https:\/\/aivlisoft.net\/shop\/producto\/mars-gaming-altavoces-mscube-premium-8w-pink\/","url":"https:\/\/aivlisoft.net\/shop\/producto\/mars-gaming-altavoces-mscube-premium-8w-pink\/","name":"MARS GAMING Altavoces MSCUBE Premium 8W Pink - Aivlisoft Inform\u00e1tica","isPartOf":{"@id":"https:\/\/aivlisoft.net\/shop\/#website"},"primaryImageOfPage":{"@id":"https:\/\/aivlisoft.net\/shop\/producto\/mars-gaming-altavoces-mscube-premium-8w-pink\/#primaryimage"},"image":{"@id":"https:\/\/aivlisoft.net\/shop\/producto\/mars-gaming-altavoces-mscube-premium-8w-pink\/#primaryimage"},"thumbnailUrl":"https:\/\/aivlisoft.net\/shop\/wp-content\/uploads\/2025\/01\/MAUA200223_800.jpg","datePublished":"2025-01-13T14:52:42+00:00","dateModified":"2025-01-14T11:21:49+00:00","breadcrumb":{"@id":"https:\/\/aivlisoft.net\/shop\/producto\/mars-gaming-altavoces-mscube-premium-8w-pink\/#breadcrumb"},"inLanguage":"es","potentialAction":[{"@type":"ReadAction","target":["https:\/\/aivlisoft.net\/shop\/producto\/mars-gaming-altavoces-mscube-premium-8w-pink\/"]}]},{"@type":"ImageObject","inLanguage":"es","@id":"https:\/\/aivlisoft.net\/shop\/producto\/mars-gaming-altavoces-mscube-premium-8w-pink\/#primaryimage","url":"https:\/\/aivlisoft.net\/shop\/wp-content\/uploads\/2025\/01\/MAUA200223_800.jpg","contentUrl":"https:\/\/aivlisoft.net\/shop\/wp-content\/uploads\/2025\/01\/MAUA200223_800.jpg","width":800,"height":800},{"@type":"BreadcrumbList","@id":"https:\/\/aivlisoft.net\/shop\/producto\/mars-gaming-altavoces-mscube-premium-8w-pink\/#breadcrumb","itemListElement":[{"@type":"ListItem","position":1,"name":"Portada","item":"https:\/\/aivlisoft.net\/shop\/"},{"@type":"ListItem","position":2,"name":"Tienda","item":"https:\/\/aivlisoft.net\/shop\/tienda\/"},{"@type":"ListItem","position":3,"name":"MARS GAMING Altavoces MSCUBE Premium 8W Pink"}]},{"@type":"WebSite","@id":"https:\/\/aivlisoft.net\/shop\/#website","url":"https:\/\/aivlisoft.net\/shop\/","name":"Aivlisoft Inform\u00e1tica","description":"En Aivlisoft Inform\u00e1tica ofrecemos soluciones tecnol\u00f3gicas para empresas: venta de ordenadores, consumibles, perif\u00e9ricos y m\u00e1s. Calidad, atenci\u00f3n personalizada y los mejores precios para tu negocio.","publisher":{"@id":"https:\/\/aivlisoft.net\/shop\/#organization"},"potentialAction":[{"@type":"SearchAction","target":{"@type":"EntryPoint","urlTemplate":"https:\/\/aivlisoft.net\/shop\/?s={search_term_string}"},"query-input":{"@type":"PropertyValueSpecification","valueRequired":true,"valueName":"search_term_string"}}],"inLanguage":"es"},{"@type":"Organization","@id":"https:\/\/aivlisoft.net\/shop\/#organization","name":"Aivlisoft Inform\u00e1tica","url":"https:\/\/aivlisoft.net\/shop\/","logo":{"@type":"ImageObject","inLanguage":"es","@id":"https:\/\/aivlisoft.net\/shop\/#\/schema\/logo\/image\/","url":"https:\/\/aivlisoft.net\/shop\/wp-content\/uploads\/2024\/12\/removal.ai_5b848c54-0cdf-4140-95c5-c5536bb7573b-logodef.png","contentUrl":"https:\/\/aivlisoft.net\/shop\/wp-content\/uploads\/2024\/12\/removal.ai_5b848c54-0cdf-4140-95c5-c5536bb7573b-logodef.png","width":484,"height":182,"caption":"Aivlisoft Inform\u00e1tica"},"image":{"@id":"https:\/\/aivlisoft.net\/shop\/#\/schema\/logo\/image\/"}}]}},"_links":{"self":[{"href":"https:\/\/aivlisoft.net\/shop\/wp-json\/wp\/v2\/product\/15372","targetHints":{"allow":["GET"]}}],"collection":[{"href":"https:\/\/aivlisoft.net\/shop\/wp-json\/wp\/v2\/product"}],"about":[{"href":"https:\/\/aivlisoft.net\/shop\/wp-json\/wp\/v2\/types\/product"}],"wp:featuredmedia":[{"embeddable":true,"href":"https:\/\/aivlisoft.net\/shop\/wp-json\/wp\/v2\/media\/15373"}],"wp:attachment":[{"href":"https:\/\/aivlisoft.net\/shop\/wp-json\/wp\/v2\/media?parent=15372"}],"wp:term":[{"taxonomy":"product_brand","embeddable":true,"href":"https:\/\/aivlisoft.net\/shop\/wp-json\/wp\/v2\/product_brand?post=15372"},{"taxonomy":"product_cat","embeddable":true,"href":"https:\/\/aivlisoft.net\/shop\/wp-json\/wp\/v2\/product_cat?post=15372"},{"taxonomy":"product_tag","embeddable":true,"href":"https:\/\/aivlisoft.net\/shop\/wp-json\/wp\/v2\/product_tag?post=15372"}],"curies":[{"name":"wp","href":"https:\/\/api.w.org\/{rel}","templated":true}]}}