{"id":14842,"date":"2025-01-13T14:47:43","date_gmt":"2025-01-13T14:47:43","guid":{"rendered":"https:\/\/aivlisoft.com\/?post_type=product&#038;p=14842"},"modified":"2025-01-14T11:18:57","modified_gmt":"2025-01-14T11:18:57","slug":"msi-placa-base-pro-h610m-e-ddr4-matx-1700","status":"publish","type":"product","link":"https:\/\/aivlisoft.net\/shop\/producto\/msi-placa-base-pro-h610m-e-ddr4-matx-1700\/","title":{"rendered":"MSI Placa Base PRO H610M-E DDR4 mATX 1700"},"content":{"rendered":"<p><\/p>\n<table class=\"tabla_caracteristicas k-table\" width=\"100%\">\n<tr>\n<td valign=\"top\"><strong>Marca<\/strong><\/td>\n<td>MSI<\/td>\n<\/tr>\n<tr>\n<td valign=\"top\"><strong>Modelov<\/strong><\/td>\n<td><strong>911-7D48-012<\/strong><\/td>\n<\/tr>\n<tr>\n<td valign=\"top\"><strong>Plataforma<\/strong><\/td>\n<td>&#8211; <strong>Mirco-ATX<\/strong><\/td>\n<\/tr>\n<tr>\n<td valign=\"top\"><strong>Chipset<\/strong><\/td>\n<td>&#8211; Intel&reg; H610 Chipset<\/td>\n<\/tr>\n<tr>\n<td valign=\"top\"><strong>CPU<\/strong><br \/>\t\t\t<strong>Soportados<\/strong><\/td>\n<td>&#8211; Admite procesadores 12th\/ 13th Gen Intel&reg; Core&trade;, Pentium&reg; Gold y Celeron&reg;<br \/>\t\t\t&#8211; Z&oacute;calo del procesador <strong>LGA1700<\/strong><\/td>\n<\/tr>\n<tr>\n<td valign=\"top\"><strong>Memoria<\/strong><\/td>\n<td>&#8211; 2 x <strong>DDR4<\/strong> slots, soporta hasta 64GB<br \/>\t\t\t&#8211; Soporta 1R 2133\/ 2666\/ 3200 MHz (por JEDEC y POR)<br \/>\t\t\t&#8211; Admite el modo de doble canal<br \/>\t\t\t&#8211; Admite memoria sin b&uacute;fer ni ECC<\/td>\n<\/tr>\n<tr>\n<td valign=\"top\"><strong>PUERTOS SATA<\/strong><\/td>\n<td>&#8211; 4x SATA 6Gb\/s ports (From H610 chipset)<\/td>\n<\/tr>\n<tr>\n<td valign=\"top\"><strong>M.2 SSD SLOT<\/strong><\/td>\n<td>&#8211; 1x M.2 slot (Key M) (from CPU)<br \/>\t\t\t&#8211; Soporta PCIe 3.0 x4<br \/>\t\t\t&#8211; Soporta dispositivos de almacenamiento 2242\/ 2260\/ 2280<\/td>\n<\/tr>\n<tr>\n<td valign=\"top\">\n<div><strong>Slots Expansi&oacute;n<\/strong><\/div>\n<\/td>\n<td>&#8211; 1x PCIe x16 slot (de CPU)<br \/>\t\t\t&#8211; Soporta hasta PCIe 4.0 x16<br \/>\t\t\t&#8211; 1x PCIe x1 slot (de chipset H610 )<br \/>\t\t\t&#8211; Soporta PCIe 3.0 x1<\/td>\n<\/tr>\n<tr>\n<td valign=\"top\"><strong>Gr&aacute;ficos<\/strong><\/td>\n<td>&#8211; 1 x HDMI 1.4 con puerto HDR, soporta resoluci&oacute;n maxima de 4K 30Hz<br \/>\t\t\t&#8211; 1 x VGA, m&aacute;x. res. 2048&#215;1536 50Hz, 2048&#215;1280 60Hz, 1920&#215;1200 60Hz<br \/>\t\t\t<strong>(* Las especificaciones pueden variar dependiendo de la CPU instalada)<\/strong><\/td>\n<\/tr>\n<tr>\n<td valign=\"top\"><strong>LAN<\/strong><\/td>\n<td>&#8211; 1x Realtek&reg; RTL8111H 1Gbps LAN<\/td>\n<\/tr>\n<tr>\n<td valign=\"top\"><strong>AUDIO<\/strong><\/td>\n<td>&#8211; Realtek&reg; ALC897 Codec 7.1-Channel High Definition Audio<\/td>\n<\/tr>\n<tr>\n<td valign=\"top\">\n<div><strong>Puertos E\/S, <\/strong><\/div>\n<div><strong>Conectores<\/strong><\/div>\n<div>&nbsp;<\/div>\n<\/td>\n<td>\n<div>\n<div><strong>Conectores Internos E\/S <\/strong><\/div>\n<\/p><\/div>\n<p>\t\t\t&#8211; 1x USB 3.2 Gen 1 5Gbps connector (From H610 chipset)<br \/>\t\t\t&#8211; Soporta 2 puertos USB 3.2 Gen 1 5Gbps adicionales<br \/>\t\t\t&#8211; 2x USB 2.0 Type-A&nbsp; (desde Hub-GL850G)<br \/>\t\t\t&#8211; Soporta 4 USB 2.0 adicionales<br \/>\t\t\t&#8211; 1x audio conector frontal<br \/>\t\t\t&#8211; 2x System panel connectors<br \/>\t\t\t&#8211; 1x Chassis Intrusion connector<br \/>\t\t\t&#8211; 1x modulo TPM<br \/>\t\t\t&#8211; 1x Clear CMOS jumper<br \/>\t\t\t&#8211; 1x 4-pin RGB LED connector<br \/>\t\t\t&#8211; 4x EZ Debug LED<br \/>\t\t\t&#8211; 1x 24-pin ATX main power<br \/>\t\t\t&#8211; 1x 8-pin +12V power\t\t\t<\/p>\n<div>\n<div><strong>Panel E\/S Trasero<\/strong><\/div>\n<\/p><\/div>\n<p>\t\t\t&#8211; 1 x HDMI&trade;<br \/>\t\t\t&#8211; 1 x VGA<br \/>\t\t\t&#8211; 1 x Keyboard \/ Mouse<br \/>\t\t\t&#8211;&nbsp; 2 x USB 3.2 Gen 1 5Gbps Type-A<br \/>\t\t\t&#8211; 1 x LAN port<br \/>\t\t\t&#8211; 1 x Audio conector<br \/>\t\t\t&#8211; 4 x USB 2.0<\/td>\n<\/tr>\n<tr>\n<td valign=\"top\">\n<div><strong>Sistema Operativo<\/strong><\/div>\n<\/td>\n<td>&#8211; Soporte para Windows 11 64-bit, Windows 10 64-bit<\/td>\n<\/tr>\n<tr>\n<td valign=\"top\"><strong>Dimensiones<\/strong><\/td>\n<td>&#8211; 236 x 200 mm<br \/>\t\t\t&#8211; M-ATX<\/td>\n<\/tr>\n<tr>\n<td valign=\"top\"><strong>Fecha Revisi&oacute;n<\/strong><\/td>\n<td>21-02-2024 por RTY<\/td>\n<\/tr>\n<\/table>\n","protected":false},"excerpt":{"rendered":"<p>Marca MSI Modelov 911-7D48-012 Plataforma &#8211; Mirco-ATX Chipset &#8211; Intel&reg; H610 Chipset CPU Soportados &#8211; Admite procesadores 12th\/ 13th Gen Intel&reg; Core&trade;, Pentium&reg; Gold y Celeron&reg; &#8211; Z&oacute;calo del procesador LGA1700 Memoria &#8211; 2 x DDR4 slots, soporta hasta 64GB &#8211; Soporta 1R 2133\/ 2666\/ 3200 MHz (por JEDEC y POR) &#8211; Admite el modo&hellip;&nbsp;<a href=\"https:\/\/aivlisoft.net\/shop\/producto\/msi-placa-base-pro-h610m-e-ddr4-matx-1700\/\" rel=\"bookmark\"><span class=\"screen-reader-text\">MSI Placa Base PRO H610M-E DDR4 mATX 1700<\/span><\/a><\/p>\n","protected":false},"featured_media":14843,"template":"","meta":{"neve_meta_sidebar":"","neve_meta_container":"","neve_meta_enable_content_width":"","neve_meta_content_width":0,"neve_meta_title_alignment":"","neve_meta_author_avatar":"","neve_post_elements_order":"","neve_meta_disable_header":"","neve_meta_disable_footer":"","neve_meta_disable_title":""},"product_brand":[],"product_cat":[8750],"product_tag":[5681],"class_list":{"0":"post-14842","1":"product","2":"type-product","3":"status-publish","4":"has-post-thumbnail","6":"product_cat-intel-socket-1700","7":"product_tag-911-7d48-012","9":"first","10":"instock","11":"taxable","12":"shipping-taxable","13":"purchasable","14":"product-type-simple"},"yoast_head":"<!-- This site is optimized with the Yoast SEO plugin v26.0 - https:\/\/yoast.com\/wordpress\/plugins\/seo\/ -->\n<title>MSI Placa Base PRO H610M-E DDR4 mATX 1700 - Aivlisoft Inform\u00e1tica<\/title>\n<meta name=\"robots\" content=\"index, follow, max-snippet:-1, max-image-preview:large, max-video-preview:-1\" \/>\n<link rel=\"canonical\" href=\"https:\/\/aivlisoft.net\/shop\/producto\/msi-placa-base-pro-h610m-e-ddr4-matx-1700\/\" \/>\n<meta property=\"og:locale\" content=\"es_ES\" \/>\n<meta property=\"og:type\" content=\"article\" \/>\n<meta property=\"og:title\" content=\"MSI Placa Base PRO H610M-E DDR4 mATX 1700 - Aivlisoft Inform\u00e1tica\" \/>\n<meta property=\"og:description\" content=\"Marca MSI Modelov 911-7D48-012 Plataforma &#8211; Mirco-ATX Chipset &#8211; Intel&reg; H610 Chipset CPU Soportados &#8211; Admite procesadores 12th\/ 13th Gen Intel&reg; Core&trade;, Pentium&reg; Gold y Celeron&reg; &#8211; Z&oacute;calo del procesador LGA1700 Memoria &#8211; 2 x DDR4 slots, soporta hasta 64GB &#8211; Soporta 1R 2133\/ 2666\/ 3200 MHz (por JEDEC y POR) &#8211; Admite el modo&hellip;&nbsp;MSI Placa Base PRO H610M-E DDR4 mATX 1700\" \/>\n<meta property=\"og:url\" content=\"https:\/\/aivlisoft.net\/shop\/producto\/msi-placa-base-pro-h610m-e-ddr4-matx-1700\/\" \/>\n<meta property=\"og:site_name\" content=\"Aivlisoft Inform\u00e1tica\" \/>\n<meta property=\"article:modified_time\" content=\"2025-01-14T11:18:57+00:00\" \/>\n<meta property=\"og:image\" content=\"https:\/\/aivlisoft.net\/shop\/wp-content\/uploads\/2025\/01\/IPBPIB0069_800.jpg\" \/>\n\t<meta property=\"og:image:width\" content=\"800\" \/>\n\t<meta property=\"og:image:height\" content=\"800\" \/>\n\t<meta property=\"og:image:type\" content=\"image\/jpeg\" \/>\n<meta name=\"twitter:card\" content=\"summary_large_image\" \/>\n<meta name=\"twitter:label1\" content=\"Tiempo de lectura\" \/>\n\t<meta name=\"twitter:data1\" content=\"2 minutos\" \/>\n<script type=\"application\/ld+json\" class=\"yoast-schema-graph\">{\"@context\":\"https:\/\/schema.org\",\"@graph\":[{\"@type\":\"WebPage\",\"@id\":\"https:\/\/aivlisoft.net\/shop\/producto\/msi-placa-base-pro-h610m-e-ddr4-matx-1700\/\",\"url\":\"https:\/\/aivlisoft.net\/shop\/producto\/msi-placa-base-pro-h610m-e-ddr4-matx-1700\/\",\"name\":\"MSI Placa Base PRO H610M-E DDR4 mATX 1700 - Aivlisoft Inform\u00e1tica\",\"isPartOf\":{\"@id\":\"https:\/\/aivlisoft.net\/shop\/#website\"},\"primaryImageOfPage\":{\"@id\":\"https:\/\/aivlisoft.net\/shop\/producto\/msi-placa-base-pro-h610m-e-ddr4-matx-1700\/#primaryimage\"},\"image\":{\"@id\":\"https:\/\/aivlisoft.net\/shop\/producto\/msi-placa-base-pro-h610m-e-ddr4-matx-1700\/#primaryimage\"},\"thumbnailUrl\":\"https:\/\/aivlisoft.net\/shop\/wp-content\/uploads\/2025\/01\/IPBPIB0069_800.jpg\",\"datePublished\":\"2025-01-13T14:47:43+00:00\",\"dateModified\":\"2025-01-14T11:18:57+00:00\",\"breadcrumb\":{\"@id\":\"https:\/\/aivlisoft.net\/shop\/producto\/msi-placa-base-pro-h610m-e-ddr4-matx-1700\/#breadcrumb\"},\"inLanguage\":\"es\",\"potentialAction\":[{\"@type\":\"ReadAction\",\"target\":[\"https:\/\/aivlisoft.net\/shop\/producto\/msi-placa-base-pro-h610m-e-ddr4-matx-1700\/\"]}]},{\"@type\":\"ImageObject\",\"inLanguage\":\"es\",\"@id\":\"https:\/\/aivlisoft.net\/shop\/producto\/msi-placa-base-pro-h610m-e-ddr4-matx-1700\/#primaryimage\",\"url\":\"https:\/\/aivlisoft.net\/shop\/wp-content\/uploads\/2025\/01\/IPBPIB0069_800.jpg\",\"contentUrl\":\"https:\/\/aivlisoft.net\/shop\/wp-content\/uploads\/2025\/01\/IPBPIB0069_800.jpg\",\"width\":800,\"height\":800},{\"@type\":\"BreadcrumbList\",\"@id\":\"https:\/\/aivlisoft.net\/shop\/producto\/msi-placa-base-pro-h610m-e-ddr4-matx-1700\/#breadcrumb\",\"itemListElement\":[{\"@type\":\"ListItem\",\"position\":1,\"name\":\"Portada\",\"item\":\"https:\/\/aivlisoft.net\/shop\/\"},{\"@type\":\"ListItem\",\"position\":2,\"name\":\"Tienda\",\"item\":\"https:\/\/aivlisoft.net\/shop\/tienda\/\"},{\"@type\":\"ListItem\",\"position\":3,\"name\":\"MSI Placa Base PRO H610M-E DDR4 mATX 1700\"}]},{\"@type\":\"WebSite\",\"@id\":\"https:\/\/aivlisoft.net\/shop\/#website\",\"url\":\"https:\/\/aivlisoft.net\/shop\/\",\"name\":\"Aivlisoft Inform\u00e1tica\",\"description\":\"En Aivlisoft Inform\u00e1tica ofrecemos soluciones tecnol\u00f3gicas para empresas: venta de ordenadores, consumibles, perif\u00e9ricos y m\u00e1s. Calidad, atenci\u00f3n personalizada y los mejores precios para tu negocio.\",\"publisher\":{\"@id\":\"https:\/\/aivlisoft.net\/shop\/#organization\"},\"potentialAction\":[{\"@type\":\"SearchAction\",\"target\":{\"@type\":\"EntryPoint\",\"urlTemplate\":\"https:\/\/aivlisoft.net\/shop\/?s={search_term_string}\"},\"query-input\":{\"@type\":\"PropertyValueSpecification\",\"valueRequired\":true,\"valueName\":\"search_term_string\"}}],\"inLanguage\":\"es\"},{\"@type\":\"Organization\",\"@id\":\"https:\/\/aivlisoft.net\/shop\/#organization\",\"name\":\"Aivlisoft Inform\u00e1tica\",\"url\":\"https:\/\/aivlisoft.net\/shop\/\",\"logo\":{\"@type\":\"ImageObject\",\"inLanguage\":\"es\",\"@id\":\"https:\/\/aivlisoft.net\/shop\/#\/schema\/logo\/image\/\",\"url\":\"https:\/\/aivlisoft.net\/shop\/wp-content\/uploads\/2024\/12\/removal.ai_5b848c54-0cdf-4140-95c5-c5536bb7573b-logodef.png\",\"contentUrl\":\"https:\/\/aivlisoft.net\/shop\/wp-content\/uploads\/2024\/12\/removal.ai_5b848c54-0cdf-4140-95c5-c5536bb7573b-logodef.png\",\"width\":484,\"height\":182,\"caption\":\"Aivlisoft Inform\u00e1tica\"},\"image\":{\"@id\":\"https:\/\/aivlisoft.net\/shop\/#\/schema\/logo\/image\/\"}}]}<\/script>\n<!-- \/ Yoast SEO plugin. -->","yoast_head_json":{"title":"MSI Placa Base PRO H610M-E DDR4 mATX 1700 - Aivlisoft Inform\u00e1tica","robots":{"index":"index","follow":"follow","max-snippet":"max-snippet:-1","max-image-preview":"max-image-preview:large","max-video-preview":"max-video-preview:-1"},"canonical":"https:\/\/aivlisoft.net\/shop\/producto\/msi-placa-base-pro-h610m-e-ddr4-matx-1700\/","og_locale":"es_ES","og_type":"article","og_title":"MSI Placa Base PRO H610M-E DDR4 mATX 1700 - Aivlisoft Inform\u00e1tica","og_description":"Marca MSI Modelov 911-7D48-012 Plataforma &#8211; Mirco-ATX Chipset &#8211; Intel&reg; H610 Chipset CPU Soportados &#8211; Admite procesadores 12th\/ 13th Gen Intel&reg; Core&trade;, Pentium&reg; Gold y Celeron&reg; &#8211; Z&oacute;calo del procesador LGA1700 Memoria &#8211; 2 x DDR4 slots, soporta hasta 64GB &#8211; Soporta 1R 2133\/ 2666\/ 3200 MHz (por JEDEC y POR) &#8211; Admite el modo&hellip;&nbsp;MSI Placa Base PRO H610M-E DDR4 mATX 1700","og_url":"https:\/\/aivlisoft.net\/shop\/producto\/msi-placa-base-pro-h610m-e-ddr4-matx-1700\/","og_site_name":"Aivlisoft Inform\u00e1tica","article_modified_time":"2025-01-14T11:18:57+00:00","og_image":[{"width":800,"height":800,"url":"https:\/\/aivlisoft.net\/shop\/wp-content\/uploads\/2025\/01\/IPBPIB0069_800.jpg","type":"image\/jpeg"}],"twitter_card":"summary_large_image","twitter_misc":{"Tiempo de lectura":"2 minutos"},"schema":{"@context":"https:\/\/schema.org","@graph":[{"@type":"WebPage","@id":"https:\/\/aivlisoft.net\/shop\/producto\/msi-placa-base-pro-h610m-e-ddr4-matx-1700\/","url":"https:\/\/aivlisoft.net\/shop\/producto\/msi-placa-base-pro-h610m-e-ddr4-matx-1700\/","name":"MSI Placa Base PRO H610M-E DDR4 mATX 1700 - Aivlisoft Inform\u00e1tica","isPartOf":{"@id":"https:\/\/aivlisoft.net\/shop\/#website"},"primaryImageOfPage":{"@id":"https:\/\/aivlisoft.net\/shop\/producto\/msi-placa-base-pro-h610m-e-ddr4-matx-1700\/#primaryimage"},"image":{"@id":"https:\/\/aivlisoft.net\/shop\/producto\/msi-placa-base-pro-h610m-e-ddr4-matx-1700\/#primaryimage"},"thumbnailUrl":"https:\/\/aivlisoft.net\/shop\/wp-content\/uploads\/2025\/01\/IPBPIB0069_800.jpg","datePublished":"2025-01-13T14:47:43+00:00","dateModified":"2025-01-14T11:18:57+00:00","breadcrumb":{"@id":"https:\/\/aivlisoft.net\/shop\/producto\/msi-placa-base-pro-h610m-e-ddr4-matx-1700\/#breadcrumb"},"inLanguage":"es","potentialAction":[{"@type":"ReadAction","target":["https:\/\/aivlisoft.net\/shop\/producto\/msi-placa-base-pro-h610m-e-ddr4-matx-1700\/"]}]},{"@type":"ImageObject","inLanguage":"es","@id":"https:\/\/aivlisoft.net\/shop\/producto\/msi-placa-base-pro-h610m-e-ddr4-matx-1700\/#primaryimage","url":"https:\/\/aivlisoft.net\/shop\/wp-content\/uploads\/2025\/01\/IPBPIB0069_800.jpg","contentUrl":"https:\/\/aivlisoft.net\/shop\/wp-content\/uploads\/2025\/01\/IPBPIB0069_800.jpg","width":800,"height":800},{"@type":"BreadcrumbList","@id":"https:\/\/aivlisoft.net\/shop\/producto\/msi-placa-base-pro-h610m-e-ddr4-matx-1700\/#breadcrumb","itemListElement":[{"@type":"ListItem","position":1,"name":"Portada","item":"https:\/\/aivlisoft.net\/shop\/"},{"@type":"ListItem","position":2,"name":"Tienda","item":"https:\/\/aivlisoft.net\/shop\/tienda\/"},{"@type":"ListItem","position":3,"name":"MSI Placa Base PRO H610M-E DDR4 mATX 1700"}]},{"@type":"WebSite","@id":"https:\/\/aivlisoft.net\/shop\/#website","url":"https:\/\/aivlisoft.net\/shop\/","name":"Aivlisoft Inform\u00e1tica","description":"En Aivlisoft Inform\u00e1tica ofrecemos soluciones tecnol\u00f3gicas para empresas: venta de ordenadores, consumibles, perif\u00e9ricos y m\u00e1s. Calidad, atenci\u00f3n personalizada y los mejores precios para tu negocio.","publisher":{"@id":"https:\/\/aivlisoft.net\/shop\/#organization"},"potentialAction":[{"@type":"SearchAction","target":{"@type":"EntryPoint","urlTemplate":"https:\/\/aivlisoft.net\/shop\/?s={search_term_string}"},"query-input":{"@type":"PropertyValueSpecification","valueRequired":true,"valueName":"search_term_string"}}],"inLanguage":"es"},{"@type":"Organization","@id":"https:\/\/aivlisoft.net\/shop\/#organization","name":"Aivlisoft Inform\u00e1tica","url":"https:\/\/aivlisoft.net\/shop\/","logo":{"@type":"ImageObject","inLanguage":"es","@id":"https:\/\/aivlisoft.net\/shop\/#\/schema\/logo\/image\/","url":"https:\/\/aivlisoft.net\/shop\/wp-content\/uploads\/2024\/12\/removal.ai_5b848c54-0cdf-4140-95c5-c5536bb7573b-logodef.png","contentUrl":"https:\/\/aivlisoft.net\/shop\/wp-content\/uploads\/2024\/12\/removal.ai_5b848c54-0cdf-4140-95c5-c5536bb7573b-logodef.png","width":484,"height":182,"caption":"Aivlisoft Inform\u00e1tica"},"image":{"@id":"https:\/\/aivlisoft.net\/shop\/#\/schema\/logo\/image\/"}}]}},"_links":{"self":[{"href":"https:\/\/aivlisoft.net\/shop\/wp-json\/wp\/v2\/product\/14842","targetHints":{"allow":["GET"]}}],"collection":[{"href":"https:\/\/aivlisoft.net\/shop\/wp-json\/wp\/v2\/product"}],"about":[{"href":"https:\/\/aivlisoft.net\/shop\/wp-json\/wp\/v2\/types\/product"}],"wp:featuredmedia":[{"embeddable":true,"href":"https:\/\/aivlisoft.net\/shop\/wp-json\/wp\/v2\/media\/14843"}],"wp:attachment":[{"href":"https:\/\/aivlisoft.net\/shop\/wp-json\/wp\/v2\/media?parent=14842"}],"wp:term":[{"taxonomy":"product_brand","embeddable":true,"href":"https:\/\/aivlisoft.net\/shop\/wp-json\/wp\/v2\/product_brand?post=14842"},{"taxonomy":"product_cat","embeddable":true,"href":"https:\/\/aivlisoft.net\/shop\/wp-json\/wp\/v2\/product_cat?post=14842"},{"taxonomy":"product_tag","embeddable":true,"href":"https:\/\/aivlisoft.net\/shop\/wp-json\/wp\/v2\/product_tag?post=14842"}],"curies":[{"name":"wp","href":"https:\/\/api.w.org\/{rel}","templated":true}]}}