{"id":14738,"date":"2025-01-13T14:46:45","date_gmt":"2025-01-13T14:46:45","guid":{"rendered":"https:\/\/aivlisoft.com\/?post_type=product&#038;p=14738"},"modified":"2025-01-14T11:18:32","modified_gmt":"2025-01-14T11:18:32","slug":"biostar-placa-base-h61mhv3-matx-lga1155","status":"publish","type":"product","link":"https:\/\/aivlisoft.net\/shop\/producto\/biostar-placa-base-h61mhv3-matx-lga1155\/","title":{"rendered":"Biostar Placa Base H61MHV3 mATX LGA1155"},"content":{"rendered":"<p>&nbsp;&nbsp;<\/p>\n<table class=\"tabla_caracteristicas k-table\" width=\"100%\">\n<tr>\n<td valign=\"top\"><strong>Marca<\/strong><\/td>\n<td>Biostar<\/td>\n<\/tr>\n<tr>\n<td valign=\"top\"><strong>Modelo<\/strong><\/td>\n<td><strong>H61MHV3<\/strong><\/td>\n<\/tr>\n<tr>\n<td valign=\"top\"><strong>Plataforma<\/strong><\/td>\n<td>&#8211; Micro ATX (17cm x 19.1cm)<\/td>\n<\/tr>\n<tr>\n<td valign=\"top\"><strong>Chipset<\/strong><\/td>\n<td>&#8211; Intel H61<\/td>\n<\/tr>\n<tr>\n<td valign=\"top\"><strong>CPU<\/strong><\/td>\n<td>&#8211; Support Intel Core&trade; i7\/ i5\/ i3 processors and Intel Pentium processors\/ Intel Celeron processors in the LGA1155 package<\/td>\n<\/tr>\n<tr>\n<td valign=\"top\"><strong>Memoria <\/strong><\/td>\n<td>&#8211; Supports Dual Channel DDR3 1066\/ 1333\/ 1600<br \/>\t\t\t&#8211; 2 x DDR3 DIMM Memory Slot, Max. Supports up to 16 GB Memory<br \/>\t\t\t&#8211; Each DIMM supports non-ECC 512MB\/ 1\/ 2\/ 4\/ 8 GB DDR3 module<br \/>\t\t\t&nbsp; DDR3 1600 memory module (depending on CPU)<\/td>\n<\/tr>\n<tr>\n<td valign=\"top\"><strong>Slots Expansi&oacute;n <\/strong><\/td>\n<td>&#8211; 1 x PCIe 2.0 x1<br \/>\t\t\t&#8211; 1 x PCIe 3.0 x16 Slot (x16 mode, depending on CPU)<\/td>\n<\/tr>\n<tr>\n<td valign=\"top\">\n<div><strong>Puertos E\/S,<\/strong><\/div>\n<div><strong>Conectores<\/strong><\/div>\n<\/td>\n<td><strong>Internos<\/strong><br \/>\t\t\t&#8211; 4 x SATA II (3Gb\/s)<br \/>\t\t\t&#8211; 2 x USB 2.0 Headers (each header supports 2 USB 2.0 ports)<br \/>\t\t\t&#8211; 1 x 4-Pin Power Connector<br \/>\t\t\t&#8211; 1 x 24-Pin Power Connector<br \/>\t\t\t&#8211; 1 x CPU Fan Connector<br \/>\t\t\t&#8211; 1 x System Fan Connector<br \/>\t\t\t&#8211; 1 x Front Panel Header<br \/>\t\t\t&#8211; 1 x Front Audio Header<br \/>\t\t\t&#8211; 1 x Internal Stereo Speaker Header<br \/>\t\t\t&#8211; 1 x Clear CMOS Header<br \/>\t\t\t&#8211; 1 x COM Port Header<br \/>\t\t\t<strong>Traseros<\/strong><br \/>\t\t\t&#8211; 1 x PS\/2 Keyboard \/ Mouse<br \/>\t\t\t&#8211; 1 x VGA Port<br \/>\t\t\t&#8211; 1 x HDMI Port<br \/>\t\t\t&#8211; 4 x USB 2.0 Ports<br \/>\t\t\t&#8211; 1 x LAN port<br \/>\t\t\t&#8211; 3 x Audio Jack<\/td>\n<\/tr>\n<tr>\n<td valign=\"top\">\n<div><strong>Otras <\/strong><\/div>\n<div><strong>Caracter&iacute;sticas<\/strong><\/div>\n<\/td>\n<td><strong>Almacenamiento<\/strong><br \/>\t\t\t&#8211; 4 x SATA II (3Gb\/s)<br \/>\t\t\t<strong>LAN<\/strong><br \/>\t\t\t&#8211; Realtek RTL8111H<br \/>\t\t\t&#8211; 10\/ 100\/ 1000 Mb\/s auto negotiation, Half \/ Full duplex capability<br \/>\t\t\t<strong>Audio<\/strong><br \/>\t\t\t&#8211; ALC897<br \/>\t\t\t&#8211; 7.1 Channels, High Definition Audio<br \/>\t\t\t<strong>USB<\/strong><br \/>\t\t\t&#8211; 8 x USB 2.0 port (4 on rear I\/Os and 4 via internal headers)<br \/>\t\t\t<strong>SO soportados<\/strong><br \/>\t\t\t&#8211; Supports Windows 7\/ 8\/ 8.1\/ 10<\/td>\n<\/tr>\n<tr>\n<td valign=\"top\"><strong>Fecha Revisi&oacute;n<\/strong><\/td>\n<td>25-10-2022 por MPM<\/td>\n<\/tr>\n<\/table>\n<p><br class=\"k-br\" \/>&nbsp;<\/p>\n","protected":false},"excerpt":{"rendered":"<p>&nbsp;&nbsp; Marca Biostar Modelo H61MHV3 Plataforma &#8211; Micro ATX (17cm x 19.1cm) Chipset &#8211; Intel H61 CPU &#8211; Support Intel Core&trade; i7\/ i5\/ i3 processors and Intel Pentium processors\/ Intel Celeron processors in the LGA1155 package Memoria &#8211; Supports Dual Channel DDR3 1066\/ 1333\/ 1600 &#8211; 2 x DDR3 DIMM Memory Slot, Max. Supports up&hellip;&nbsp;<a href=\"https:\/\/aivlisoft.net\/shop\/producto\/biostar-placa-base-h61mhv3-matx-lga1155\/\" rel=\"bookmark\"><span class=\"screen-reader-text\">Biostar Placa Base H61MHV3 mATX LGA1155<\/span><\/a><\/p>\n","protected":false},"featured_media":14739,"template":"","meta":{"neve_meta_sidebar":"","neve_meta_container":"","neve_meta_enable_content_width":"","neve_meta_content_width":0,"neve_meta_title_alignment":"","neve_meta_author_avatar":"","neve_post_elements_order":"","neve_meta_disable_header":"","neve_meta_disable_footer":"","neve_meta_disable_title":""},"product_brand":[],"product_cat":[8748],"product_tag":[5659],"class_list":{"0":"post-14738","1":"product","2":"type-product","3":"status-publish","4":"has-post-thumbnail","6":"product_cat-intel-socket-1155","7":"product_tag-h61mhv3","9":"first","10":"instock","11":"taxable","12":"shipping-taxable","13":"purchasable","14":"product-type-simple"},"yoast_head":"<!-- This site is optimized with the Yoast SEO plugin v26.0 - https:\/\/yoast.com\/wordpress\/plugins\/seo\/ -->\n<title>Biostar Placa Base H61MHV3 mATX LGA1155 - Aivlisoft Inform\u00e1tica<\/title>\n<meta name=\"robots\" content=\"index, follow, max-snippet:-1, max-image-preview:large, max-video-preview:-1\" \/>\n<link rel=\"canonical\" href=\"https:\/\/aivlisoft.net\/shop\/producto\/biostar-placa-base-h61mhv3-matx-lga1155\/\" \/>\n<meta property=\"og:locale\" content=\"es_ES\" \/>\n<meta property=\"og:type\" content=\"article\" \/>\n<meta property=\"og:title\" content=\"Biostar Placa Base H61MHV3 mATX LGA1155 - Aivlisoft Inform\u00e1tica\" \/>\n<meta property=\"og:description\" content=\"&nbsp;&nbsp; Marca Biostar Modelo H61MHV3 Plataforma &#8211; Micro ATX (17cm x 19.1cm) Chipset &#8211; Intel H61 CPU &#8211; Support Intel Core&trade; i7\/ i5\/ i3 processors and Intel Pentium processors\/ Intel Celeron processors in the LGA1155 package Memoria &#8211; Supports Dual Channel DDR3 1066\/ 1333\/ 1600 &#8211; 2 x DDR3 DIMM Memory Slot, Max. Supports up&hellip;&nbsp;Biostar Placa Base H61MHV3 mATX LGA1155\" \/>\n<meta property=\"og:url\" content=\"https:\/\/aivlisoft.net\/shop\/producto\/biostar-placa-base-h61mhv3-matx-lga1155\/\" \/>\n<meta property=\"og:site_name\" content=\"Aivlisoft Inform\u00e1tica\" \/>\n<meta property=\"article:modified_time\" content=\"2025-01-14T11:18:32+00:00\" \/>\n<meta property=\"og:image\" content=\"https:\/\/aivlisoft.net\/shop\/wp-content\/uploads\/2025\/01\/IPBPI50209_800.jpg\" \/>\n\t<meta property=\"og:image:width\" content=\"800\" \/>\n\t<meta property=\"og:image:height\" content=\"800\" \/>\n\t<meta property=\"og:image:type\" content=\"image\/jpeg\" \/>\n<meta name=\"twitter:card\" content=\"summary_large_image\" \/>\n<meta name=\"twitter:label1\" content=\"Tiempo de lectura\" \/>\n\t<meta name=\"twitter:data1\" content=\"1 minuto\" \/>\n<script type=\"application\/ld+json\" class=\"yoast-schema-graph\">{\"@context\":\"https:\/\/schema.org\",\"@graph\":[{\"@type\":\"WebPage\",\"@id\":\"https:\/\/aivlisoft.net\/shop\/producto\/biostar-placa-base-h61mhv3-matx-lga1155\/\",\"url\":\"https:\/\/aivlisoft.net\/shop\/producto\/biostar-placa-base-h61mhv3-matx-lga1155\/\",\"name\":\"Biostar Placa Base H61MHV3 mATX LGA1155 - Aivlisoft Inform\u00e1tica\",\"isPartOf\":{\"@id\":\"https:\/\/aivlisoft.net\/shop\/#website\"},\"primaryImageOfPage\":{\"@id\":\"https:\/\/aivlisoft.net\/shop\/producto\/biostar-placa-base-h61mhv3-matx-lga1155\/#primaryimage\"},\"image\":{\"@id\":\"https:\/\/aivlisoft.net\/shop\/producto\/biostar-placa-base-h61mhv3-matx-lga1155\/#primaryimage\"},\"thumbnailUrl\":\"https:\/\/aivlisoft.net\/shop\/wp-content\/uploads\/2025\/01\/IPBPI50209_800.jpg\",\"datePublished\":\"2025-01-13T14:46:45+00:00\",\"dateModified\":\"2025-01-14T11:18:32+00:00\",\"breadcrumb\":{\"@id\":\"https:\/\/aivlisoft.net\/shop\/producto\/biostar-placa-base-h61mhv3-matx-lga1155\/#breadcrumb\"},\"inLanguage\":\"es\",\"potentialAction\":[{\"@type\":\"ReadAction\",\"target\":[\"https:\/\/aivlisoft.net\/shop\/producto\/biostar-placa-base-h61mhv3-matx-lga1155\/\"]}]},{\"@type\":\"ImageObject\",\"inLanguage\":\"es\",\"@id\":\"https:\/\/aivlisoft.net\/shop\/producto\/biostar-placa-base-h61mhv3-matx-lga1155\/#primaryimage\",\"url\":\"https:\/\/aivlisoft.net\/shop\/wp-content\/uploads\/2025\/01\/IPBPI50209_800.jpg\",\"contentUrl\":\"https:\/\/aivlisoft.net\/shop\/wp-content\/uploads\/2025\/01\/IPBPI50209_800.jpg\",\"width\":800,\"height\":800},{\"@type\":\"BreadcrumbList\",\"@id\":\"https:\/\/aivlisoft.net\/shop\/producto\/biostar-placa-base-h61mhv3-matx-lga1155\/#breadcrumb\",\"itemListElement\":[{\"@type\":\"ListItem\",\"position\":1,\"name\":\"Portada\",\"item\":\"https:\/\/aivlisoft.net\/shop\/\"},{\"@type\":\"ListItem\",\"position\":2,\"name\":\"Tienda\",\"item\":\"https:\/\/aivlisoft.net\/shop\/tienda\/\"},{\"@type\":\"ListItem\",\"position\":3,\"name\":\"Biostar Placa Base H61MHV3 mATX LGA1155\"}]},{\"@type\":\"WebSite\",\"@id\":\"https:\/\/aivlisoft.net\/shop\/#website\",\"url\":\"https:\/\/aivlisoft.net\/shop\/\",\"name\":\"Aivlisoft Inform\u00e1tica\",\"description\":\"En Aivlisoft Inform\u00e1tica ofrecemos soluciones tecnol\u00f3gicas para empresas: venta de ordenadores, consumibles, perif\u00e9ricos y m\u00e1s. Calidad, atenci\u00f3n personalizada y los mejores precios para tu negocio.\",\"publisher\":{\"@id\":\"https:\/\/aivlisoft.net\/shop\/#organization\"},\"potentialAction\":[{\"@type\":\"SearchAction\",\"target\":{\"@type\":\"EntryPoint\",\"urlTemplate\":\"https:\/\/aivlisoft.net\/shop\/?s={search_term_string}\"},\"query-input\":{\"@type\":\"PropertyValueSpecification\",\"valueRequired\":true,\"valueName\":\"search_term_string\"}}],\"inLanguage\":\"es\"},{\"@type\":\"Organization\",\"@id\":\"https:\/\/aivlisoft.net\/shop\/#organization\",\"name\":\"Aivlisoft Inform\u00e1tica\",\"url\":\"https:\/\/aivlisoft.net\/shop\/\",\"logo\":{\"@type\":\"ImageObject\",\"inLanguage\":\"es\",\"@id\":\"https:\/\/aivlisoft.net\/shop\/#\/schema\/logo\/image\/\",\"url\":\"https:\/\/aivlisoft.net\/shop\/wp-content\/uploads\/2024\/12\/removal.ai_5b848c54-0cdf-4140-95c5-c5536bb7573b-logodef.png\",\"contentUrl\":\"https:\/\/aivlisoft.net\/shop\/wp-content\/uploads\/2024\/12\/removal.ai_5b848c54-0cdf-4140-95c5-c5536bb7573b-logodef.png\",\"width\":484,\"height\":182,\"caption\":\"Aivlisoft Inform\u00e1tica\"},\"image\":{\"@id\":\"https:\/\/aivlisoft.net\/shop\/#\/schema\/logo\/image\/\"}}]}<\/script>\n<!-- \/ Yoast SEO plugin. -->","yoast_head_json":{"title":"Biostar Placa Base H61MHV3 mATX LGA1155 - Aivlisoft Inform\u00e1tica","robots":{"index":"index","follow":"follow","max-snippet":"max-snippet:-1","max-image-preview":"max-image-preview:large","max-video-preview":"max-video-preview:-1"},"canonical":"https:\/\/aivlisoft.net\/shop\/producto\/biostar-placa-base-h61mhv3-matx-lga1155\/","og_locale":"es_ES","og_type":"article","og_title":"Biostar Placa Base H61MHV3 mATX LGA1155 - Aivlisoft Inform\u00e1tica","og_description":"&nbsp;&nbsp; Marca Biostar Modelo H61MHV3 Plataforma &#8211; Micro ATX (17cm x 19.1cm) Chipset &#8211; Intel H61 CPU &#8211; Support Intel Core&trade; i7\/ i5\/ i3 processors and Intel Pentium processors\/ Intel Celeron processors in the LGA1155 package Memoria &#8211; Supports Dual Channel DDR3 1066\/ 1333\/ 1600 &#8211; 2 x DDR3 DIMM Memory Slot, Max. Supports up&hellip;&nbsp;Biostar Placa Base H61MHV3 mATX LGA1155","og_url":"https:\/\/aivlisoft.net\/shop\/producto\/biostar-placa-base-h61mhv3-matx-lga1155\/","og_site_name":"Aivlisoft Inform\u00e1tica","article_modified_time":"2025-01-14T11:18:32+00:00","og_image":[{"width":800,"height":800,"url":"https:\/\/aivlisoft.net\/shop\/wp-content\/uploads\/2025\/01\/IPBPI50209_800.jpg","type":"image\/jpeg"}],"twitter_card":"summary_large_image","twitter_misc":{"Tiempo de lectura":"1 minuto"},"schema":{"@context":"https:\/\/schema.org","@graph":[{"@type":"WebPage","@id":"https:\/\/aivlisoft.net\/shop\/producto\/biostar-placa-base-h61mhv3-matx-lga1155\/","url":"https:\/\/aivlisoft.net\/shop\/producto\/biostar-placa-base-h61mhv3-matx-lga1155\/","name":"Biostar Placa Base H61MHV3 mATX LGA1155 - Aivlisoft Inform\u00e1tica","isPartOf":{"@id":"https:\/\/aivlisoft.net\/shop\/#website"},"primaryImageOfPage":{"@id":"https:\/\/aivlisoft.net\/shop\/producto\/biostar-placa-base-h61mhv3-matx-lga1155\/#primaryimage"},"image":{"@id":"https:\/\/aivlisoft.net\/shop\/producto\/biostar-placa-base-h61mhv3-matx-lga1155\/#primaryimage"},"thumbnailUrl":"https:\/\/aivlisoft.net\/shop\/wp-content\/uploads\/2025\/01\/IPBPI50209_800.jpg","datePublished":"2025-01-13T14:46:45+00:00","dateModified":"2025-01-14T11:18:32+00:00","breadcrumb":{"@id":"https:\/\/aivlisoft.net\/shop\/producto\/biostar-placa-base-h61mhv3-matx-lga1155\/#breadcrumb"},"inLanguage":"es","potentialAction":[{"@type":"ReadAction","target":["https:\/\/aivlisoft.net\/shop\/producto\/biostar-placa-base-h61mhv3-matx-lga1155\/"]}]},{"@type":"ImageObject","inLanguage":"es","@id":"https:\/\/aivlisoft.net\/shop\/producto\/biostar-placa-base-h61mhv3-matx-lga1155\/#primaryimage","url":"https:\/\/aivlisoft.net\/shop\/wp-content\/uploads\/2025\/01\/IPBPI50209_800.jpg","contentUrl":"https:\/\/aivlisoft.net\/shop\/wp-content\/uploads\/2025\/01\/IPBPI50209_800.jpg","width":800,"height":800},{"@type":"BreadcrumbList","@id":"https:\/\/aivlisoft.net\/shop\/producto\/biostar-placa-base-h61mhv3-matx-lga1155\/#breadcrumb","itemListElement":[{"@type":"ListItem","position":1,"name":"Portada","item":"https:\/\/aivlisoft.net\/shop\/"},{"@type":"ListItem","position":2,"name":"Tienda","item":"https:\/\/aivlisoft.net\/shop\/tienda\/"},{"@type":"ListItem","position":3,"name":"Biostar Placa Base H61MHV3 mATX LGA1155"}]},{"@type":"WebSite","@id":"https:\/\/aivlisoft.net\/shop\/#website","url":"https:\/\/aivlisoft.net\/shop\/","name":"Aivlisoft Inform\u00e1tica","description":"En Aivlisoft Inform\u00e1tica ofrecemos soluciones tecnol\u00f3gicas para empresas: venta de ordenadores, consumibles, perif\u00e9ricos y m\u00e1s. Calidad, atenci\u00f3n personalizada y los mejores precios para tu negocio.","publisher":{"@id":"https:\/\/aivlisoft.net\/shop\/#organization"},"potentialAction":[{"@type":"SearchAction","target":{"@type":"EntryPoint","urlTemplate":"https:\/\/aivlisoft.net\/shop\/?s={search_term_string}"},"query-input":{"@type":"PropertyValueSpecification","valueRequired":true,"valueName":"search_term_string"}}],"inLanguage":"es"},{"@type":"Organization","@id":"https:\/\/aivlisoft.net\/shop\/#organization","name":"Aivlisoft Inform\u00e1tica","url":"https:\/\/aivlisoft.net\/shop\/","logo":{"@type":"ImageObject","inLanguage":"es","@id":"https:\/\/aivlisoft.net\/shop\/#\/schema\/logo\/image\/","url":"https:\/\/aivlisoft.net\/shop\/wp-content\/uploads\/2024\/12\/removal.ai_5b848c54-0cdf-4140-95c5-c5536bb7573b-logodef.png","contentUrl":"https:\/\/aivlisoft.net\/shop\/wp-content\/uploads\/2024\/12\/removal.ai_5b848c54-0cdf-4140-95c5-c5536bb7573b-logodef.png","width":484,"height":182,"caption":"Aivlisoft Inform\u00e1tica"},"image":{"@id":"https:\/\/aivlisoft.net\/shop\/#\/schema\/logo\/image\/"}}]}},"_links":{"self":[{"href":"https:\/\/aivlisoft.net\/shop\/wp-json\/wp\/v2\/product\/14738","targetHints":{"allow":["GET"]}}],"collection":[{"href":"https:\/\/aivlisoft.net\/shop\/wp-json\/wp\/v2\/product"}],"about":[{"href":"https:\/\/aivlisoft.net\/shop\/wp-json\/wp\/v2\/types\/product"}],"wp:featuredmedia":[{"embeddable":true,"href":"https:\/\/aivlisoft.net\/shop\/wp-json\/wp\/v2\/media\/14739"}],"wp:attachment":[{"href":"https:\/\/aivlisoft.net\/shop\/wp-json\/wp\/v2\/media?parent=14738"}],"wp:term":[{"taxonomy":"product_brand","embeddable":true,"href":"https:\/\/aivlisoft.net\/shop\/wp-json\/wp\/v2\/product_brand?post=14738"},{"taxonomy":"product_cat","embeddable":true,"href":"https:\/\/aivlisoft.net\/shop\/wp-json\/wp\/v2\/product_cat?post=14738"},{"taxonomy":"product_tag","embeddable":true,"href":"https:\/\/aivlisoft.net\/shop\/wp-json\/wp\/v2\/product_tag?post=14738"}],"curies":[{"name":"wp","href":"https:\/\/api.w.org\/{rel}","templated":true}]}}