{"id":14573,"date":"2025-01-13T14:45:01","date_gmt":"2025-01-13T14:45:01","guid":{"rendered":"https:\/\/aivlisoft.com\/?post_type=product&#038;p=14573"},"modified":"2025-01-14T11:17:37","modified_gmt":"2025-01-14T11:17:37","slug":"asus-placa-base-prime-a520m-a-ii-csm-matx-am4","status":"publish","type":"product","link":"https:\/\/aivlisoft.net\/shop\/producto\/asus-placa-base-prime-a520m-a-ii-csm-matx-am4\/","title":{"rendered":"Asus Placa Base PRIME A520M-A II CSM mATX AM4"},"content":{"rendered":"<p><\/p>\n<table class=\"tabla_caracteristicas k-table\" width=\"100%\">\n<tr>\n<td valign=\"top\"><strong>Marca<\/strong><\/td>\n<td>Asus<\/td>\n<\/tr>\n<tr>\n<td valign=\"top\"><strong>Modelo<\/strong><\/td>\n<td><strong>90MB17H0-M0EAYC<\/strong><\/td>\n<\/tr>\n<tr>\n<td valign=\"top\"><strong>Plataforma<\/strong><\/td>\n<td>&#8211; mATX ( 24.4 cm x 24.4 cm )<\/td>\n<\/tr>\n<tr>\n<td valign=\"top\"><strong>Chipset<\/strong><\/td>\n<td>&#8211; <strong>AMD B650<\/strong><\/td>\n<\/tr>\n<tr>\n<td valign=\"top\"><strong>CPU<\/strong><strong> Soportados<\/strong><\/td>\n<td>&#8211; AMD Socket AM4 para procesadores de escritorio Ryzen series 5000 G-Series, 4000 G-Series y 4000 G-Series\/ 300 Series<br \/>\t\t\t* Consulte www.asus.com para obtener la lista de soporte de CPU.<\/td>\n<\/tr>\n<tr>\n<td valign=\"top\"><strong>Memoria<\/strong><\/td>\n<td>&#8211; Canales de memoria: 4DDR4 (doble canal)<br \/>\t\t\t&#8211; Tama&ntilde;o m&aacute;ximo de memoria: 128 GB<br \/>\t\t\t&#8211; 4800(OC)\/4600(OC)\/4466(OC)\/4400(OC)\/4266(OC)\/4133(OC)\/4000(OC)\/3866(OC)\/3733(OC)\/3600(OC)\/3466(OC)\/3333(OC)\/3200\/3000\/2800\/2666\/2400\/2133 memoria sin b&uacute;fer<br \/>\t\t\t&#8211; Arquitectura de memoria de doble canal<br \/>\t\t\t* ECC Memory (ECC mode) support varies by CPU.<br \/>\t\t\t* Refer to www.asus.com for the Memory QVL (Qualified Vendors Lists), and memory frequency support depends on the CPU types.<\/td>\n<\/tr>\n<tr>\n<td valign=\"top\">\n<div><strong>Slots Expansi&oacute;n<\/strong><\/div>\n<\/td>\n<td>&#8211; 1 x PCIe 3.0 x16 (modo x16)<br \/>\t\t\t<strong>Procesadores de escritorio AMD Ryzen Serie 5000\/ Serie 5000 G\/ Serie 4000 G\/ Serie 3000<\/strong><br \/>\t\t\t&#8211; 1 x ranura PCIe 3.0 x16 (admite modo x16)<br \/>\t\t\t<strong>Conjunto de chips AMD A520<\/strong><br \/>\t\t\t&#8211; 2 x ranuras PCIe 3.0 x1<\/td>\n<\/tr>\n<tr>\n<td valign=\"top\"><strong>Gr&aacute;ficos<\/strong><\/td>\n<td>&#8211; 1 x D-Sub<br \/>\t\t\t&#8211; 1 x puerto HDMI<br \/>\t\t\t* Las especificaciones gr&aacute;ficas pueden variar seg&uacute;n el tipo de CPU.<\/td>\n<\/tr>\n<tr>\n<td valign=\"top\">\n<div><strong>Puertos E\/S, <\/strong><\/div>\n<div><strong>Conectores<\/strong><\/div>\n<div>&nbsp;<\/div>\n<\/td>\n<td>\n<div>\n<div><strong>Conectores Internos E\/S <\/strong><\/div>\n<\/p><\/div>\n<p>\t\t\t&#8211; Relacionados con el ventilador y la refrigeraci&oacute;n<br \/>\t\t\t&nbsp; 1 x cabezal de ventilador de CPU de 4 pines<br \/>\t\t\t&nbsp; 2 x cabezales de ventilador de chasis de 4 pines<br \/>\t\t\t&#8211; Relacionado con el poder<br \/>\t\t\t&nbsp; 1 x conector de alimentaci&oacute;n principal de 24 pines<br \/>\t\t\t&nbsp; 1 x conector de alimentaci&oacute;n de 8 pines +12 V<br \/>\t\t\t&#8211; Relacionado con el almacenamiento<br \/>\t\t\t&nbsp; 1 x ranura M.2 (tecla M)<br \/>\t\t\t&nbsp; 4 x puertos SATA de 6 Gb\/s<br \/>\t\t\t&#8211; USB<br \/>\t\t\t&nbsp; 1 x conector USB 3.2 Gen 1 que admite 2 puertos USB 3.2 Gen 1 adicionales<br \/>\t\t\t&nbsp; 2 x cabezales USB 2.0 que admiten 4 puertos USB 2.0 adicionales<br \/>\t\t\t&#8211; Varios<br \/>\t\t\t&nbsp; 2 x encabezado AURA direccionable Gen 2<br \/>\t\t\t&nbsp; 2 x cabezales AURA RGB<br \/>\t\t\t&nbsp; 1 x encabezado CMOS transparente<br \/>\t\t\t&nbsp; 1 encabezado de puerto COM<br \/>\t\t\t&nbsp; 1 x encabezado de audio del panel frontal (AAFP)<br \/>\t\t\t&nbsp; 1 x encabezado de salida S\/PDIF<br \/>\t\t\t&nbsp; 1 x encabezado de altavoz<br \/>\t\t\t&nbsp; 1 x cabezal SPI TPM (14-1 pines)<br \/>\t\t\t&nbsp; 1 x cabezal del panel del sistema de 10-1 pines\t\t\t<\/p>\n<div>\n<div><strong>Panel E\/S Trasero<\/strong><\/div>\n<\/p><\/div>\n<p>\t\t\t&#8211; 4 x puertos USB 3.2 Gen 1 (4 x Tipo-A)<br \/>\t\t\t&#8211; 2 x puertos USB 2.0 (2 x Tipo-A)<br \/>\t\t\t&#8211; 1 x puerto DisplayPort<br \/>\t\t\t&#8211; 1 x puerto HDMITM<br \/>\t\t\t&#8211; 1 x D-Sub<br \/>\t\t\t&#8211; 1 x puerto Ethernet Realtek de 1 Gb<br \/>\t\t\t&#8211; 3 x conectores de audio<br \/>\t\t\t&#8211; 1 x puerto combinado de teclado\/rat&oacute;n PS\/2<\/td>\n<\/tr>\n<tr>\n<td valign=\"top\">\n<div><strong>Otras <\/strong><\/div>\n<div><strong>Caracter&iacute;sticas<\/strong><\/div>\n<\/td>\n<td><strong>Audio<\/strong><br \/>\t\t\t&#8211; ALC887\/897<br \/>\t\t\t&#8211; Realtek ALC887\/897 CODEC de audio de alta definici&oacute;n con sonido envolvente 7.1*<br \/>\t\t\t&nbsp; Admite: detecci&oacute;n de conector, transmisi&oacute;n m&uacute;ltiple, reasignaci&oacute;n de conector del panel frontal<br \/>\t\t\t&nbsp; Admite reproducci&oacute;n de hasta 24 bits\/192 kHz\u00bb<br \/>\t\t\t&#8211; Funciones de audio<br \/>\t\t\t&nbsp; Blindaje de audio<br \/>\t\t\t&nbsp; Condensadores de audio japoneses premium<br \/>\t\t\t&nbsp; Capas de PCB de audio dedicadas<br \/>\t\t\t*Se requiere un chasis con un m&oacute;dulo de audio HD en el panel frontal para admitir la salida de audio de sonido envolvente 7.1.<br \/>\t\t\t<strong>LAN<\/strong><br \/>\t\t\t&#8211; 1 x Realtek 1Gb Ethernet<br \/>\t\t\t<strong>Almacenamiento<\/strong><br \/>\t\t\t&#8211; Admite 1 ranura M.2 y 4 puertos SATA de 6 Gb\/s<br \/>\t\t\t&#8211; Admite 1 ranura M.2 y 4 puertos SATA de 6 Gb\/s<br \/>\t\t\t&#8211; Procesadores de escritorio AMD Ryzen Serie 5000\/ Serie 5000 G\/ Serie 4000 G\/ Serie 3000<br \/>\t\t\t&nbsp; Ranura M.2 (Clave M), tipo 2242\/2260\/2280 (admite modos PCIe 3.0 x4 y SATA)<br \/>\t\t\t&#8211; Conjunto de chips AMD A520<br \/>\t\t\t&nbsp; 4 x puertos SATA de 6 Gb\/s<br \/>\t\t\t&nbsp; Incursi&oacute;n de apoyo 0, 1, 10<br \/>\t\t\t<strong>USB<\/strong><br \/>\t\t\t&#8211; USB trasero: 6 puertos en total<br \/>\t\t\t&nbsp; 4 x puertos USB 3.2 Gen 1 (4 x Tipo-A)<br \/>\t\t\t&nbsp; 2 x puertos USB 2.0 (2 x Tipo-A)<br \/>\t\t\t&#8211; USB frontal: 6 puertos en total<br \/>\t\t\t&nbsp; 1 x conector USB 3.2 Gen 1 que admite 2 puertos USB 3.2 Gen 1 adicionales<br \/>\t\t\t&nbsp; 2 x cabezales USB 2.0 que admiten 4 puertos USB 2.0 adicionales\t\t\t<\/p>\n<div class=\"TechSpec__rowTable__1LR9D\">\n<div class=\"TechSpec__rowTableTitle__3GLj4\">\n<div class=\"rowTableTitle\"><strong>Sistema operativo<\/strong><br \/>\t\t\t&#8211; Windows 10 64-bit<\/div>\n<\/p><\/div>\n<\/p><\/div>\n<\/td>\n<\/tr>\n<tr>\n<td valign=\"top\"><strong>Fecha Revisi&oacute;n<\/strong><\/td>\n<td>25-10-2024 por RTY<\/td>\n<\/tr>\n<\/table>\n","protected":false},"excerpt":{"rendered":"<p>Marca Asus Modelo 90MB17H0-M0EAYC Plataforma &#8211; mATX ( 24.4 cm x 24.4 cm ) Chipset &#8211; AMD B650 CPU Soportados &#8211; AMD Socket AM4 para procesadores de escritorio Ryzen series 5000 G-Series, 4000 G-Series y 4000 G-Series\/ 300 Series * Consulte www.asus.com para obtener la lista de soporte de CPU. Memoria &#8211; Canales de memoria:&hellip;&nbsp;<a href=\"https:\/\/aivlisoft.net\/shop\/producto\/asus-placa-base-prime-a520m-a-ii-csm-matx-am4\/\" rel=\"bookmark\"><span class=\"screen-reader-text\">Asus Placa Base PRIME A520M-A II CSM mATX AM4<\/span><\/a><\/p>\n","protected":false},"featured_media":14574,"template":"","meta":{"neve_meta_sidebar":"","neve_meta_container":"","neve_meta_enable_content_width":"","neve_meta_content_width":0,"neve_meta_title_alignment":"","neve_meta_author_avatar":"","neve_post_elements_order":"","neve_meta_disable_header":"","neve_meta_disable_footer":"","neve_meta_disable_title":""},"product_brand":[],"product_cat":[8745],"product_tag":[5608],"class_list":{"0":"post-14573","1":"product","2":"type-product","3":"status-publish","4":"has-post-thumbnail","6":"product_cat-amd-socket-am4","7":"product_tag-90mb17h0-m0eayc","9":"first","10":"instock","11":"taxable","12":"shipping-taxable","13":"purchasable","14":"product-type-simple"},"yoast_head":"<!-- This site is optimized with the Yoast SEO plugin v26.0 - https:\/\/yoast.com\/wordpress\/plugins\/seo\/ -->\n<title>Asus Placa Base PRIME A520M-A II CSM mATX AM4 - Aivlisoft Inform\u00e1tica<\/title>\n<meta name=\"robots\" content=\"index, follow, max-snippet:-1, max-image-preview:large, max-video-preview:-1\" \/>\n<link rel=\"canonical\" href=\"https:\/\/aivlisoft.net\/shop\/producto\/asus-placa-base-prime-a520m-a-ii-csm-matx-am4\/\" \/>\n<meta property=\"og:locale\" content=\"es_ES\" \/>\n<meta property=\"og:type\" content=\"article\" \/>\n<meta property=\"og:title\" content=\"Asus Placa Base PRIME A520M-A II CSM mATX AM4 - Aivlisoft Inform\u00e1tica\" \/>\n<meta property=\"og:description\" content=\"Marca Asus Modelo 90MB17H0-M0EAYC Plataforma &#8211; mATX ( 24.4 cm x 24.4 cm ) Chipset &#8211; AMD B650 CPU Soportados &#8211; AMD Socket AM4 para procesadores de escritorio Ryzen series 5000 G-Series, 4000 G-Series y 4000 G-Series\/ 300 Series * Consulte www.asus.com para obtener la lista de soporte de CPU. Memoria &#8211; Canales de memoria:&hellip;&nbsp;Asus Placa Base PRIME A520M-A II CSM mATX AM4\" \/>\n<meta property=\"og:url\" content=\"https:\/\/aivlisoft.net\/shop\/producto\/asus-placa-base-prime-a520m-a-ii-csm-matx-am4\/\" \/>\n<meta property=\"og:site_name\" content=\"Aivlisoft Inform\u00e1tica\" \/>\n<meta property=\"article:modified_time\" content=\"2025-01-14T11:17:37+00:00\" \/>\n<meta property=\"og:image\" content=\"https:\/\/aivlisoft.net\/shop\/wp-content\/uploads\/2025\/01\/IPBPA40190_800.jpg\" \/>\n\t<meta property=\"og:image:width\" content=\"800\" \/>\n\t<meta property=\"og:image:height\" content=\"800\" \/>\n\t<meta property=\"og:image:type\" content=\"image\/jpeg\" \/>\n<meta name=\"twitter:card\" content=\"summary_large_image\" \/>\n<meta name=\"twitter:label1\" content=\"Tiempo de lectura\" \/>\n\t<meta name=\"twitter:data1\" content=\"3 minutos\" \/>\n<script type=\"application\/ld+json\" class=\"yoast-schema-graph\">{\"@context\":\"https:\/\/schema.org\",\"@graph\":[{\"@type\":\"WebPage\",\"@id\":\"https:\/\/aivlisoft.net\/shop\/producto\/asus-placa-base-prime-a520m-a-ii-csm-matx-am4\/\",\"url\":\"https:\/\/aivlisoft.net\/shop\/producto\/asus-placa-base-prime-a520m-a-ii-csm-matx-am4\/\",\"name\":\"Asus Placa Base PRIME A520M-A II CSM mATX AM4 - Aivlisoft Inform\u00e1tica\",\"isPartOf\":{\"@id\":\"https:\/\/aivlisoft.net\/shop\/#website\"},\"primaryImageOfPage\":{\"@id\":\"https:\/\/aivlisoft.net\/shop\/producto\/asus-placa-base-prime-a520m-a-ii-csm-matx-am4\/#primaryimage\"},\"image\":{\"@id\":\"https:\/\/aivlisoft.net\/shop\/producto\/asus-placa-base-prime-a520m-a-ii-csm-matx-am4\/#primaryimage\"},\"thumbnailUrl\":\"https:\/\/aivlisoft.net\/shop\/wp-content\/uploads\/2025\/01\/IPBPA40190_800.jpg\",\"datePublished\":\"2025-01-13T14:45:01+00:00\",\"dateModified\":\"2025-01-14T11:17:37+00:00\",\"breadcrumb\":{\"@id\":\"https:\/\/aivlisoft.net\/shop\/producto\/asus-placa-base-prime-a520m-a-ii-csm-matx-am4\/#breadcrumb\"},\"inLanguage\":\"es\",\"potentialAction\":[{\"@type\":\"ReadAction\",\"target\":[\"https:\/\/aivlisoft.net\/shop\/producto\/asus-placa-base-prime-a520m-a-ii-csm-matx-am4\/\"]}]},{\"@type\":\"ImageObject\",\"inLanguage\":\"es\",\"@id\":\"https:\/\/aivlisoft.net\/shop\/producto\/asus-placa-base-prime-a520m-a-ii-csm-matx-am4\/#primaryimage\",\"url\":\"https:\/\/aivlisoft.net\/shop\/wp-content\/uploads\/2025\/01\/IPBPA40190_800.jpg\",\"contentUrl\":\"https:\/\/aivlisoft.net\/shop\/wp-content\/uploads\/2025\/01\/IPBPA40190_800.jpg\",\"width\":800,\"height\":800},{\"@type\":\"BreadcrumbList\",\"@id\":\"https:\/\/aivlisoft.net\/shop\/producto\/asus-placa-base-prime-a520m-a-ii-csm-matx-am4\/#breadcrumb\",\"itemListElement\":[{\"@type\":\"ListItem\",\"position\":1,\"name\":\"Portada\",\"item\":\"https:\/\/aivlisoft.net\/shop\/\"},{\"@type\":\"ListItem\",\"position\":2,\"name\":\"Tienda\",\"item\":\"https:\/\/aivlisoft.net\/shop\/tienda\/\"},{\"@type\":\"ListItem\",\"position\":3,\"name\":\"Asus Placa Base PRIME A520M-A II CSM mATX AM4\"}]},{\"@type\":\"WebSite\",\"@id\":\"https:\/\/aivlisoft.net\/shop\/#website\",\"url\":\"https:\/\/aivlisoft.net\/shop\/\",\"name\":\"Aivlisoft Inform\u00e1tica\",\"description\":\"En Aivlisoft Inform\u00e1tica ofrecemos soluciones tecnol\u00f3gicas para empresas: venta de ordenadores, consumibles, perif\u00e9ricos y m\u00e1s. Calidad, atenci\u00f3n personalizada y los mejores precios para tu negocio.\",\"publisher\":{\"@id\":\"https:\/\/aivlisoft.net\/shop\/#organization\"},\"potentialAction\":[{\"@type\":\"SearchAction\",\"target\":{\"@type\":\"EntryPoint\",\"urlTemplate\":\"https:\/\/aivlisoft.net\/shop\/?s={search_term_string}\"},\"query-input\":{\"@type\":\"PropertyValueSpecification\",\"valueRequired\":true,\"valueName\":\"search_term_string\"}}],\"inLanguage\":\"es\"},{\"@type\":\"Organization\",\"@id\":\"https:\/\/aivlisoft.net\/shop\/#organization\",\"name\":\"Aivlisoft Inform\u00e1tica\",\"url\":\"https:\/\/aivlisoft.net\/shop\/\",\"logo\":{\"@type\":\"ImageObject\",\"inLanguage\":\"es\",\"@id\":\"https:\/\/aivlisoft.net\/shop\/#\/schema\/logo\/image\/\",\"url\":\"https:\/\/aivlisoft.net\/shop\/wp-content\/uploads\/2024\/12\/removal.ai_5b848c54-0cdf-4140-95c5-c5536bb7573b-logodef.png\",\"contentUrl\":\"https:\/\/aivlisoft.net\/shop\/wp-content\/uploads\/2024\/12\/removal.ai_5b848c54-0cdf-4140-95c5-c5536bb7573b-logodef.png\",\"width\":484,\"height\":182,\"caption\":\"Aivlisoft Inform\u00e1tica\"},\"image\":{\"@id\":\"https:\/\/aivlisoft.net\/shop\/#\/schema\/logo\/image\/\"}}]}<\/script>\n<!-- \/ Yoast SEO plugin. -->","yoast_head_json":{"title":"Asus Placa Base PRIME A520M-A II CSM mATX AM4 - Aivlisoft Inform\u00e1tica","robots":{"index":"index","follow":"follow","max-snippet":"max-snippet:-1","max-image-preview":"max-image-preview:large","max-video-preview":"max-video-preview:-1"},"canonical":"https:\/\/aivlisoft.net\/shop\/producto\/asus-placa-base-prime-a520m-a-ii-csm-matx-am4\/","og_locale":"es_ES","og_type":"article","og_title":"Asus Placa Base PRIME A520M-A II CSM mATX AM4 - Aivlisoft Inform\u00e1tica","og_description":"Marca Asus Modelo 90MB17H0-M0EAYC Plataforma &#8211; mATX ( 24.4 cm x 24.4 cm ) Chipset &#8211; AMD B650 CPU Soportados &#8211; AMD Socket AM4 para procesadores de escritorio Ryzen series 5000 G-Series, 4000 G-Series y 4000 G-Series\/ 300 Series * Consulte www.asus.com para obtener la lista de soporte de CPU. Memoria &#8211; Canales de memoria:&hellip;&nbsp;Asus Placa Base PRIME A520M-A II CSM mATX AM4","og_url":"https:\/\/aivlisoft.net\/shop\/producto\/asus-placa-base-prime-a520m-a-ii-csm-matx-am4\/","og_site_name":"Aivlisoft Inform\u00e1tica","article_modified_time":"2025-01-14T11:17:37+00:00","og_image":[{"width":800,"height":800,"url":"https:\/\/aivlisoft.net\/shop\/wp-content\/uploads\/2025\/01\/IPBPA40190_800.jpg","type":"image\/jpeg"}],"twitter_card":"summary_large_image","twitter_misc":{"Tiempo de lectura":"3 minutos"},"schema":{"@context":"https:\/\/schema.org","@graph":[{"@type":"WebPage","@id":"https:\/\/aivlisoft.net\/shop\/producto\/asus-placa-base-prime-a520m-a-ii-csm-matx-am4\/","url":"https:\/\/aivlisoft.net\/shop\/producto\/asus-placa-base-prime-a520m-a-ii-csm-matx-am4\/","name":"Asus Placa Base PRIME A520M-A II CSM mATX AM4 - Aivlisoft Inform\u00e1tica","isPartOf":{"@id":"https:\/\/aivlisoft.net\/shop\/#website"},"primaryImageOfPage":{"@id":"https:\/\/aivlisoft.net\/shop\/producto\/asus-placa-base-prime-a520m-a-ii-csm-matx-am4\/#primaryimage"},"image":{"@id":"https:\/\/aivlisoft.net\/shop\/producto\/asus-placa-base-prime-a520m-a-ii-csm-matx-am4\/#primaryimage"},"thumbnailUrl":"https:\/\/aivlisoft.net\/shop\/wp-content\/uploads\/2025\/01\/IPBPA40190_800.jpg","datePublished":"2025-01-13T14:45:01+00:00","dateModified":"2025-01-14T11:17:37+00:00","breadcrumb":{"@id":"https:\/\/aivlisoft.net\/shop\/producto\/asus-placa-base-prime-a520m-a-ii-csm-matx-am4\/#breadcrumb"},"inLanguage":"es","potentialAction":[{"@type":"ReadAction","target":["https:\/\/aivlisoft.net\/shop\/producto\/asus-placa-base-prime-a520m-a-ii-csm-matx-am4\/"]}]},{"@type":"ImageObject","inLanguage":"es","@id":"https:\/\/aivlisoft.net\/shop\/producto\/asus-placa-base-prime-a520m-a-ii-csm-matx-am4\/#primaryimage","url":"https:\/\/aivlisoft.net\/shop\/wp-content\/uploads\/2025\/01\/IPBPA40190_800.jpg","contentUrl":"https:\/\/aivlisoft.net\/shop\/wp-content\/uploads\/2025\/01\/IPBPA40190_800.jpg","width":800,"height":800},{"@type":"BreadcrumbList","@id":"https:\/\/aivlisoft.net\/shop\/producto\/asus-placa-base-prime-a520m-a-ii-csm-matx-am4\/#breadcrumb","itemListElement":[{"@type":"ListItem","position":1,"name":"Portada","item":"https:\/\/aivlisoft.net\/shop\/"},{"@type":"ListItem","position":2,"name":"Tienda","item":"https:\/\/aivlisoft.net\/shop\/tienda\/"},{"@type":"ListItem","position":3,"name":"Asus Placa Base PRIME A520M-A II CSM mATX AM4"}]},{"@type":"WebSite","@id":"https:\/\/aivlisoft.net\/shop\/#website","url":"https:\/\/aivlisoft.net\/shop\/","name":"Aivlisoft Inform\u00e1tica","description":"En Aivlisoft Inform\u00e1tica ofrecemos soluciones tecnol\u00f3gicas para empresas: venta de ordenadores, consumibles, perif\u00e9ricos y m\u00e1s. Calidad, atenci\u00f3n personalizada y los mejores precios para tu negocio.","publisher":{"@id":"https:\/\/aivlisoft.net\/shop\/#organization"},"potentialAction":[{"@type":"SearchAction","target":{"@type":"EntryPoint","urlTemplate":"https:\/\/aivlisoft.net\/shop\/?s={search_term_string}"},"query-input":{"@type":"PropertyValueSpecification","valueRequired":true,"valueName":"search_term_string"}}],"inLanguage":"es"},{"@type":"Organization","@id":"https:\/\/aivlisoft.net\/shop\/#organization","name":"Aivlisoft Inform\u00e1tica","url":"https:\/\/aivlisoft.net\/shop\/","logo":{"@type":"ImageObject","inLanguage":"es","@id":"https:\/\/aivlisoft.net\/shop\/#\/schema\/logo\/image\/","url":"https:\/\/aivlisoft.net\/shop\/wp-content\/uploads\/2024\/12\/removal.ai_5b848c54-0cdf-4140-95c5-c5536bb7573b-logodef.png","contentUrl":"https:\/\/aivlisoft.net\/shop\/wp-content\/uploads\/2024\/12\/removal.ai_5b848c54-0cdf-4140-95c5-c5536bb7573b-logodef.png","width":484,"height":182,"caption":"Aivlisoft Inform\u00e1tica"},"image":{"@id":"https:\/\/aivlisoft.net\/shop\/#\/schema\/logo\/image\/"}}]}},"_links":{"self":[{"href":"https:\/\/aivlisoft.net\/shop\/wp-json\/wp\/v2\/product\/14573","targetHints":{"allow":["GET"]}}],"collection":[{"href":"https:\/\/aivlisoft.net\/shop\/wp-json\/wp\/v2\/product"}],"about":[{"href":"https:\/\/aivlisoft.net\/shop\/wp-json\/wp\/v2\/types\/product"}],"wp:featuredmedia":[{"embeddable":true,"href":"https:\/\/aivlisoft.net\/shop\/wp-json\/wp\/v2\/media\/14574"}],"wp:attachment":[{"href":"https:\/\/aivlisoft.net\/shop\/wp-json\/wp\/v2\/media?parent=14573"}],"wp:term":[{"taxonomy":"product_brand","embeddable":true,"href":"https:\/\/aivlisoft.net\/shop\/wp-json\/wp\/v2\/product_brand?post=14573"},{"taxonomy":"product_cat","embeddable":true,"href":"https:\/\/aivlisoft.net\/shop\/wp-json\/wp\/v2\/product_cat?post=14573"},{"taxonomy":"product_tag","embeddable":true,"href":"https:\/\/aivlisoft.net\/shop\/wp-json\/wp\/v2\/product_tag?post=14573"}],"curies":[{"name":"wp","href":"https:\/\/api.w.org\/{rel}","templated":true}]}}