{"id":14538,"date":"2025-01-13T14:44:38","date_gmt":"2025-01-13T14:44:38","guid":{"rendered":"https:\/\/aivlisoft.com\/?post_type=product&#038;p=14538"},"modified":"2025-01-14T11:17:27","modified_gmt":"2025-01-14T11:17:27","slug":"gigabyte-placa-base-b550m-ds3h-matx-am4","status":"publish","type":"product","link":"https:\/\/aivlisoft.net\/shop\/producto\/gigabyte-placa-base-b550m-ds3h-matx-am4\/","title":{"rendered":"Gigabyte Placa Base B550M DS3H mATX AM4"},"content":{"rendered":"<p><\/p>\n<table class=\"tabla_caracteristicas k-table\" width=\"100%\">\n<tr>\n<td valign=\"top\"><strong>Marca<\/strong><\/td>\n<td>Gigabyte<\/td>\n<\/tr>\n<tr>\n<td valign=\"top\"><strong>Modelo<\/strong><\/td>\n<td><strong>B550M DS3H<\/strong><\/td>\n<\/tr>\n<tr>\n<td valign=\"top\"><strong>Plataforma<\/strong><\/td>\n<td>&#8211; mATX (24.4cm x 24.4cm)<\/td>\n<\/tr>\n<tr>\n<td valign=\"top\"><strong>Chipset<\/strong><\/td>\n<td>&#8211; AMD B550<\/td>\n<\/tr>\n<tr>\n<td valign=\"top\"><strong>CPU Soportados<\/strong><\/td>\n<td>&#8211; AMD Socket AM4, soporte para: procesadores AMD Ryzen &trade; de 3&ordf; generaci&oacute;n \/ AMD Ryzen &trade; de 3&ordf; generaci&oacute;n con procesadores gr&aacute;ficos Radeon &trade;<\/td>\n<\/tr>\n<tr>\n<td valign=\"top\"><strong>Memoria <\/strong><\/td>\n<td>&#8211; 4 x DDR4 DIMM sockets hasta 128 GB<br \/>\t\t\t3rd Gen AMD Ryzen&trade; Processors:<br \/>\t\t\t&#8211; Soporte para DDR4 4000(O.C.) \/ 3600(O.C.) \/ 3333(O.C.) \/3200\/2933\/2667\/2400\/2133 MHz memory modules<br \/>\t\t\tNueva generaci&oacute;n AMD Ryzen &trade; con procesadores gr&aacute;ficos Radeon &trade;:<br \/>\t\t\t&#8211; Soporte para 4733(O.C.) \/ 4600(O.C.) \/ 4400(O.C.) \/ 4000(O.C.) \/ 3600(O.C.) \/ 3333(O.C.) \/3200\/2933\/2667\/2400\/2133 MHz memory modules<br \/>\t\t\t&#8211; Arquitectura de memoria Dual Channel<br \/>\t\t\t&#8211; Soporte para m&oacute;dulos de memoria ECC Un-buffered DIMM 1Rx8\/2Rx8<br \/>\t\t\t&#8211; Soporte para m&oacute;dulos de memoria non-ECC Un-buffered DIMM 1Rx8\/2Rx8<br \/>\t\t\t&#8211; Soporte para m&oacute;dulos de memoria Extreme Memory Profile (XMP)<\/td>\n<\/tr>\n<tr>\n<td valign=\"top\"><strong>Slots Expansi&oacute;n <\/strong><\/td>\n<td>&#8211; 1 x PCI Express x16 slot, running at x16 (PCIEX16)<br \/>\t\t\t&#8211; 1 x PCI Express x16 slot, running at x4 (PCIEX4)<br \/>\t\t\t&#8211; 1 x PCI Express x1 slot<\/td>\n<\/tr>\n<tr>\n<td valign=\"top\"><strong>Gr&aacute;ficos<\/strong><\/td>\n<td>&#8211; 1 x DVI-D, 1920 x 1200 @ 60 Hz<br \/>\t\t\t&#8211; 1 x HDMI, 4096 x 2160 @ 60 Hz(Note)<br \/>\t\t\t&#8211; M&aacute;ximo de memoria compartida 16 GB<\/td>\n<\/tr>\n<tr>\n<td valign=\"top\">\n<div><strong>Puertos E\/S,<\/strong><\/div>\n<div><strong>Conectores<\/strong><\/div>\n<\/td>\n<td><strong>Conectores Internos <\/strong><br \/>\t\t\t&#8211; 1 x conector de alimentaci&oacute;n principal ATX 24-pin<br \/>\t\t\t&#8211; 1 x conector de alimentaci&oacute;n ATX 12V 8-pin<br \/>\t\t\t&#8211; 1 x conector del ventilador de la CPU<br \/>\t\t\t&#8211; 2 x cabeceras para ventilador del sistema<br \/>\t\t\t&#8211; 2 x Addressable LED strip headers<br \/>\t\t\t&#8211; 2 x RGB LED strip headers<br \/>\t\t\t&#8211; 1 x CPU cooler LED strip\/RGB LED strip header<br \/>\t\t\t&#8211; 2 x conectores M.2 Socket 3<br \/>\t\t\t&#8211; 4 x conectores SATA 6 Gb \/ s<br \/>\t\t\t&#8211; 1 x conector del panel frontal<br \/>\t\t\t&#8211; 1 x conector de audio en el panel frontal<br \/>\t\t\t&#8211; 1 x USB 3.2 Gen 1 header<br \/>\t\t\t&#8211; 1 x conector USB 2.0\/1.1<br \/>\t\t\t&#8211; 1 x Trusted Platform Module (TPM) header (2&#215;6 pin, for the GC-TPM2.0_S module only)<br \/>\t\t\t&#8211; 1 x conector del puerto de serie<br \/>\t\t\t&#8211; 1 x Clear CMOS jumper<br \/>\t\t\t&#8211; 1 x Q-Flash Plus button<br \/>\t\t\t<strong>Panel Trasero<\/strong><br \/>\t\t\t&#8211; 1 x PS\/2 teclado\/rat&oacute;n<br \/>\t\t\t&#8211; 1 x DVI-D<br \/>\t\t\t&#8211; 1 x HDMI<br \/>\t\t\t&#8211; 4 x USB 3.2 Gen 1<br \/>\t\t\t&#8211; 4 x USB 2.0\/1.1<br \/>\t\t\t&#8211; 1 x RJ-45<br \/>\t\t\t&#8211; 3 x Audio jacks<\/td>\n<\/tr>\n<tr>\n<td valign=\"top\">\n<div><strong>Otras <\/strong><\/div>\n<div><strong>Caracter&iacute;sticas<\/strong><\/div>\n<\/td>\n<td>\n<div><strong>Almacenamiento<\/strong><\/div>\n<p>\t\t\t&#8211; 1 x M.2 (Socket 3, M key, type 2242\/2260\/2280\/22110 SATA y PCIe 4.0 x4\/x2 SSD)<br \/>\t\t\t&#8211; 1 x M.2 (Socket 3, M key, SSD type 2242\/2260\/2280 SATA y PCIe 3.0 x2 SSD)<br \/>\t\t\t&#8211; 4 x SATA 6Gb\/s<br \/>\t\t\t&#8211; Soporta RAID 0, RAID 1, y RAID 10\t\t\t<\/p>\n<div><strong>USB<\/strong><br \/>\t\t\t&#8211; 2 x USB 3.2 Gen 1<br \/>\t\t\t&#8211; 6 x USB 2.0\/1.1<br \/>\t\t\t&#8211; 4 x USB 3.2 Gen 1<br \/>\t\t\t<strong>Audio<\/strong><\/div>\n<div>\n<div>&#8211; Realtek&reg; ALC887 codec<br \/>\t\t\t&#8211; High Definition Audio<br \/>\t\t\t&#8211; 2\/4\/5.1\/7.1-channel<\/div>\n<div style=\"list-style-type:inherit;\"><strong>LAN<\/strong><\/div>\n<\/p><\/div>\n<p>\t\t\t&#8211; Realtek&reg; GbE LAN chip (10\/100\/1000 Mbit)<\/td>\n<\/tr>\n<tr>\n<td valign=\"top\"><strong>Fecha Revisi&oacute;n<\/strong><\/td>\n<td>29-07-2020 por MSB<\/td>\n<\/tr>\n<\/table>\n","protected":false},"excerpt":{"rendered":"<p>Marca Gigabyte Modelo B550M DS3H Plataforma &#8211; mATX (24.4cm x 24.4cm) Chipset &#8211; AMD B550 CPU Soportados &#8211; AMD Socket AM4, soporte para: procesadores AMD Ryzen &trade; de 3&ordf; generaci&oacute;n \/ AMD Ryzen &trade; de 3&ordf; generaci&oacute;n con procesadores gr&aacute;ficos Radeon &trade; Memoria &#8211; 4 x DDR4 DIMM sockets hasta 128 GB 3rd Gen AMD&hellip;&nbsp;<a href=\"https:\/\/aivlisoft.net\/shop\/producto\/gigabyte-placa-base-b550m-ds3h-matx-am4\/\" rel=\"bookmark\"><span class=\"screen-reader-text\">Gigabyte Placa Base B550M DS3H mATX AM4<\/span><\/a><\/p>\n","protected":false},"featured_media":14539,"template":"","meta":{"neve_meta_sidebar":"","neve_meta_container":"","neve_meta_enable_content_width":"","neve_meta_content_width":0,"neve_meta_title_alignment":"","neve_meta_author_avatar":"","neve_post_elements_order":"","neve_meta_disable_header":"","neve_meta_disable_footer":"","neve_meta_disable_title":""},"product_brand":[],"product_cat":[8745],"product_tag":[5600],"class_list":{"0":"post-14538","1":"product","2":"type-product","3":"status-publish","4":"has-post-thumbnail","6":"product_cat-amd-socket-am4","7":"product_tag-b550m-ds3h","9":"first","10":"instock","11":"taxable","12":"shipping-taxable","13":"purchasable","14":"product-type-simple"},"yoast_head":"<!-- This site is optimized with the Yoast SEO plugin v26.0 - https:\/\/yoast.com\/wordpress\/plugins\/seo\/ -->\n<title>Gigabyte Placa Base B550M DS3H mATX AM4 - Aivlisoft Inform\u00e1tica<\/title>\n<meta name=\"robots\" content=\"index, follow, max-snippet:-1, max-image-preview:large, max-video-preview:-1\" \/>\n<link rel=\"canonical\" href=\"https:\/\/aivlisoft.net\/shop\/producto\/gigabyte-placa-base-b550m-ds3h-matx-am4\/\" \/>\n<meta property=\"og:locale\" content=\"es_ES\" \/>\n<meta property=\"og:type\" content=\"article\" \/>\n<meta property=\"og:title\" content=\"Gigabyte Placa Base B550M DS3H mATX AM4 - Aivlisoft Inform\u00e1tica\" \/>\n<meta property=\"og:description\" content=\"Marca Gigabyte Modelo B550M DS3H Plataforma &#8211; mATX (24.4cm x 24.4cm) Chipset &#8211; AMD B550 CPU Soportados &#8211; AMD Socket AM4, soporte para: procesadores AMD Ryzen &trade; de 3&ordf; generaci&oacute;n \/ AMD Ryzen &trade; de 3&ordf; generaci&oacute;n con procesadores gr&aacute;ficos Radeon &trade; Memoria &#8211; 4 x DDR4 DIMM sockets hasta 128 GB 3rd Gen AMD&hellip;&nbsp;Gigabyte Placa Base B550M DS3H mATX AM4\" \/>\n<meta property=\"og:url\" content=\"https:\/\/aivlisoft.net\/shop\/producto\/gigabyte-placa-base-b550m-ds3h-matx-am4\/\" \/>\n<meta property=\"og:site_name\" content=\"Aivlisoft Inform\u00e1tica\" \/>\n<meta property=\"article:modified_time\" content=\"2025-01-14T11:17:27+00:00\" \/>\n<meta property=\"og:image\" content=\"https:\/\/aivlisoft.net\/shop\/wp-content\/uploads\/2025\/01\/IPBPA40126_800.jpg\" \/>\n\t<meta property=\"og:image:width\" content=\"800\" \/>\n\t<meta property=\"og:image:height\" content=\"800\" \/>\n\t<meta property=\"og:image:type\" content=\"image\/jpeg\" \/>\n<meta name=\"twitter:card\" content=\"summary_large_image\" \/>\n<meta name=\"twitter:label1\" content=\"Tiempo de lectura\" \/>\n\t<meta name=\"twitter:data1\" content=\"2 minutos\" \/>\n<script type=\"application\/ld+json\" class=\"yoast-schema-graph\">{\"@context\":\"https:\/\/schema.org\",\"@graph\":[{\"@type\":\"WebPage\",\"@id\":\"https:\/\/aivlisoft.net\/shop\/producto\/gigabyte-placa-base-b550m-ds3h-matx-am4\/\",\"url\":\"https:\/\/aivlisoft.net\/shop\/producto\/gigabyte-placa-base-b550m-ds3h-matx-am4\/\",\"name\":\"Gigabyte Placa Base B550M DS3H mATX AM4 - Aivlisoft Inform\u00e1tica\",\"isPartOf\":{\"@id\":\"https:\/\/aivlisoft.net\/shop\/#website\"},\"primaryImageOfPage\":{\"@id\":\"https:\/\/aivlisoft.net\/shop\/producto\/gigabyte-placa-base-b550m-ds3h-matx-am4\/#primaryimage\"},\"image\":{\"@id\":\"https:\/\/aivlisoft.net\/shop\/producto\/gigabyte-placa-base-b550m-ds3h-matx-am4\/#primaryimage\"},\"thumbnailUrl\":\"https:\/\/aivlisoft.net\/shop\/wp-content\/uploads\/2025\/01\/IPBPA40126_800.jpg\",\"datePublished\":\"2025-01-13T14:44:38+00:00\",\"dateModified\":\"2025-01-14T11:17:27+00:00\",\"breadcrumb\":{\"@id\":\"https:\/\/aivlisoft.net\/shop\/producto\/gigabyte-placa-base-b550m-ds3h-matx-am4\/#breadcrumb\"},\"inLanguage\":\"es\",\"potentialAction\":[{\"@type\":\"ReadAction\",\"target\":[\"https:\/\/aivlisoft.net\/shop\/producto\/gigabyte-placa-base-b550m-ds3h-matx-am4\/\"]}]},{\"@type\":\"ImageObject\",\"inLanguage\":\"es\",\"@id\":\"https:\/\/aivlisoft.net\/shop\/producto\/gigabyte-placa-base-b550m-ds3h-matx-am4\/#primaryimage\",\"url\":\"https:\/\/aivlisoft.net\/shop\/wp-content\/uploads\/2025\/01\/IPBPA40126_800.jpg\",\"contentUrl\":\"https:\/\/aivlisoft.net\/shop\/wp-content\/uploads\/2025\/01\/IPBPA40126_800.jpg\",\"width\":800,\"height\":800},{\"@type\":\"BreadcrumbList\",\"@id\":\"https:\/\/aivlisoft.net\/shop\/producto\/gigabyte-placa-base-b550m-ds3h-matx-am4\/#breadcrumb\",\"itemListElement\":[{\"@type\":\"ListItem\",\"position\":1,\"name\":\"Portada\",\"item\":\"https:\/\/aivlisoft.net\/shop\/\"},{\"@type\":\"ListItem\",\"position\":2,\"name\":\"Tienda\",\"item\":\"https:\/\/aivlisoft.net\/shop\/tienda\/\"},{\"@type\":\"ListItem\",\"position\":3,\"name\":\"Gigabyte Placa Base B550M DS3H mATX AM4\"}]},{\"@type\":\"WebSite\",\"@id\":\"https:\/\/aivlisoft.net\/shop\/#website\",\"url\":\"https:\/\/aivlisoft.net\/shop\/\",\"name\":\"Aivlisoft Inform\u00e1tica\",\"description\":\"En Aivlisoft Inform\u00e1tica ofrecemos soluciones tecnol\u00f3gicas para empresas: venta de ordenadores, consumibles, perif\u00e9ricos y m\u00e1s. Calidad, atenci\u00f3n personalizada y los mejores precios para tu negocio.\",\"publisher\":{\"@id\":\"https:\/\/aivlisoft.net\/shop\/#organization\"},\"potentialAction\":[{\"@type\":\"SearchAction\",\"target\":{\"@type\":\"EntryPoint\",\"urlTemplate\":\"https:\/\/aivlisoft.net\/shop\/?s={search_term_string}\"},\"query-input\":{\"@type\":\"PropertyValueSpecification\",\"valueRequired\":true,\"valueName\":\"search_term_string\"}}],\"inLanguage\":\"es\"},{\"@type\":\"Organization\",\"@id\":\"https:\/\/aivlisoft.net\/shop\/#organization\",\"name\":\"Aivlisoft Inform\u00e1tica\",\"url\":\"https:\/\/aivlisoft.net\/shop\/\",\"logo\":{\"@type\":\"ImageObject\",\"inLanguage\":\"es\",\"@id\":\"https:\/\/aivlisoft.net\/shop\/#\/schema\/logo\/image\/\",\"url\":\"https:\/\/aivlisoft.net\/shop\/wp-content\/uploads\/2024\/12\/removal.ai_5b848c54-0cdf-4140-95c5-c5536bb7573b-logodef.png\",\"contentUrl\":\"https:\/\/aivlisoft.net\/shop\/wp-content\/uploads\/2024\/12\/removal.ai_5b848c54-0cdf-4140-95c5-c5536bb7573b-logodef.png\",\"width\":484,\"height\":182,\"caption\":\"Aivlisoft Inform\u00e1tica\"},\"image\":{\"@id\":\"https:\/\/aivlisoft.net\/shop\/#\/schema\/logo\/image\/\"}}]}<\/script>\n<!-- \/ Yoast SEO plugin. -->","yoast_head_json":{"title":"Gigabyte Placa Base B550M DS3H mATX AM4 - Aivlisoft Inform\u00e1tica","robots":{"index":"index","follow":"follow","max-snippet":"max-snippet:-1","max-image-preview":"max-image-preview:large","max-video-preview":"max-video-preview:-1"},"canonical":"https:\/\/aivlisoft.net\/shop\/producto\/gigabyte-placa-base-b550m-ds3h-matx-am4\/","og_locale":"es_ES","og_type":"article","og_title":"Gigabyte Placa Base B550M DS3H mATX AM4 - Aivlisoft Inform\u00e1tica","og_description":"Marca Gigabyte Modelo B550M DS3H Plataforma &#8211; mATX (24.4cm x 24.4cm) Chipset &#8211; AMD B550 CPU Soportados &#8211; AMD Socket AM4, soporte para: procesadores AMD Ryzen &trade; de 3&ordf; generaci&oacute;n \/ AMD Ryzen &trade; de 3&ordf; generaci&oacute;n con procesadores gr&aacute;ficos Radeon &trade; Memoria &#8211; 4 x DDR4 DIMM sockets hasta 128 GB 3rd Gen AMD&hellip;&nbsp;Gigabyte Placa Base B550M DS3H mATX AM4","og_url":"https:\/\/aivlisoft.net\/shop\/producto\/gigabyte-placa-base-b550m-ds3h-matx-am4\/","og_site_name":"Aivlisoft Inform\u00e1tica","article_modified_time":"2025-01-14T11:17:27+00:00","og_image":[{"width":800,"height":800,"url":"https:\/\/aivlisoft.net\/shop\/wp-content\/uploads\/2025\/01\/IPBPA40126_800.jpg","type":"image\/jpeg"}],"twitter_card":"summary_large_image","twitter_misc":{"Tiempo de lectura":"2 minutos"},"schema":{"@context":"https:\/\/schema.org","@graph":[{"@type":"WebPage","@id":"https:\/\/aivlisoft.net\/shop\/producto\/gigabyte-placa-base-b550m-ds3h-matx-am4\/","url":"https:\/\/aivlisoft.net\/shop\/producto\/gigabyte-placa-base-b550m-ds3h-matx-am4\/","name":"Gigabyte Placa Base B550M DS3H mATX AM4 - Aivlisoft Inform\u00e1tica","isPartOf":{"@id":"https:\/\/aivlisoft.net\/shop\/#website"},"primaryImageOfPage":{"@id":"https:\/\/aivlisoft.net\/shop\/producto\/gigabyte-placa-base-b550m-ds3h-matx-am4\/#primaryimage"},"image":{"@id":"https:\/\/aivlisoft.net\/shop\/producto\/gigabyte-placa-base-b550m-ds3h-matx-am4\/#primaryimage"},"thumbnailUrl":"https:\/\/aivlisoft.net\/shop\/wp-content\/uploads\/2025\/01\/IPBPA40126_800.jpg","datePublished":"2025-01-13T14:44:38+00:00","dateModified":"2025-01-14T11:17:27+00:00","breadcrumb":{"@id":"https:\/\/aivlisoft.net\/shop\/producto\/gigabyte-placa-base-b550m-ds3h-matx-am4\/#breadcrumb"},"inLanguage":"es","potentialAction":[{"@type":"ReadAction","target":["https:\/\/aivlisoft.net\/shop\/producto\/gigabyte-placa-base-b550m-ds3h-matx-am4\/"]}]},{"@type":"ImageObject","inLanguage":"es","@id":"https:\/\/aivlisoft.net\/shop\/producto\/gigabyte-placa-base-b550m-ds3h-matx-am4\/#primaryimage","url":"https:\/\/aivlisoft.net\/shop\/wp-content\/uploads\/2025\/01\/IPBPA40126_800.jpg","contentUrl":"https:\/\/aivlisoft.net\/shop\/wp-content\/uploads\/2025\/01\/IPBPA40126_800.jpg","width":800,"height":800},{"@type":"BreadcrumbList","@id":"https:\/\/aivlisoft.net\/shop\/producto\/gigabyte-placa-base-b550m-ds3h-matx-am4\/#breadcrumb","itemListElement":[{"@type":"ListItem","position":1,"name":"Portada","item":"https:\/\/aivlisoft.net\/shop\/"},{"@type":"ListItem","position":2,"name":"Tienda","item":"https:\/\/aivlisoft.net\/shop\/tienda\/"},{"@type":"ListItem","position":3,"name":"Gigabyte Placa Base B550M DS3H mATX AM4"}]},{"@type":"WebSite","@id":"https:\/\/aivlisoft.net\/shop\/#website","url":"https:\/\/aivlisoft.net\/shop\/","name":"Aivlisoft Inform\u00e1tica","description":"En Aivlisoft Inform\u00e1tica ofrecemos soluciones tecnol\u00f3gicas para empresas: venta de ordenadores, consumibles, perif\u00e9ricos y m\u00e1s. Calidad, atenci\u00f3n personalizada y los mejores precios para tu negocio.","publisher":{"@id":"https:\/\/aivlisoft.net\/shop\/#organization"},"potentialAction":[{"@type":"SearchAction","target":{"@type":"EntryPoint","urlTemplate":"https:\/\/aivlisoft.net\/shop\/?s={search_term_string}"},"query-input":{"@type":"PropertyValueSpecification","valueRequired":true,"valueName":"search_term_string"}}],"inLanguage":"es"},{"@type":"Organization","@id":"https:\/\/aivlisoft.net\/shop\/#organization","name":"Aivlisoft Inform\u00e1tica","url":"https:\/\/aivlisoft.net\/shop\/","logo":{"@type":"ImageObject","inLanguage":"es","@id":"https:\/\/aivlisoft.net\/shop\/#\/schema\/logo\/image\/","url":"https:\/\/aivlisoft.net\/shop\/wp-content\/uploads\/2024\/12\/removal.ai_5b848c54-0cdf-4140-95c5-c5536bb7573b-logodef.png","contentUrl":"https:\/\/aivlisoft.net\/shop\/wp-content\/uploads\/2024\/12\/removal.ai_5b848c54-0cdf-4140-95c5-c5536bb7573b-logodef.png","width":484,"height":182,"caption":"Aivlisoft Inform\u00e1tica"},"image":{"@id":"https:\/\/aivlisoft.net\/shop\/#\/schema\/logo\/image\/"}}]}},"_links":{"self":[{"href":"https:\/\/aivlisoft.net\/shop\/wp-json\/wp\/v2\/product\/14538","targetHints":{"allow":["GET"]}}],"collection":[{"href":"https:\/\/aivlisoft.net\/shop\/wp-json\/wp\/v2\/product"}],"about":[{"href":"https:\/\/aivlisoft.net\/shop\/wp-json\/wp\/v2\/types\/product"}],"wp:featuredmedia":[{"embeddable":true,"href":"https:\/\/aivlisoft.net\/shop\/wp-json\/wp\/v2\/media\/14539"}],"wp:attachment":[{"href":"https:\/\/aivlisoft.net\/shop\/wp-json\/wp\/v2\/media?parent=14538"}],"wp:term":[{"taxonomy":"product_brand","embeddable":true,"href":"https:\/\/aivlisoft.net\/shop\/wp-json\/wp\/v2\/product_brand?post=14538"},{"taxonomy":"product_cat","embeddable":true,"href":"https:\/\/aivlisoft.net\/shop\/wp-json\/wp\/v2\/product_cat?post=14538"},{"taxonomy":"product_tag","embeddable":true,"href":"https:\/\/aivlisoft.net\/shop\/wp-json\/wp\/v2\/product_tag?post=14538"}],"curies":[{"name":"wp","href":"https:\/\/api.w.org\/{rel}","templated":true}]}}