{"id":13866,"date":"2025-01-13T14:37:30","date_gmt":"2025-01-13T14:37:30","guid":{"rendered":"https:\/\/aivlisoft.com\/?post_type=product&#038;p=13866"},"modified":"2025-01-14T11:13:10","modified_gmt":"2025-01-14T11:13:10","slug":"adata-xpg-lancer-ddr5-6000mhz-2x16gb-cl30","status":"publish","type":"product","link":"https:\/\/aivlisoft.net\/shop\/producto\/adata-xpg-lancer-ddr5-6000mhz-2x16gb-cl30\/","title":{"rendered":"ADATA XPG Lancer DDR5 6000MHz 2x16GB CL30"},"content":{"rendered":"<p><\/p>\n<table class=\"tabla_caracteristicas k-table\" width=\"100%\">\n<tr>\n<td valign=\"top\"><strong>Marca<\/strong><\/td>\n<td>A-DATA<\/td>\n<\/tr>\n<tr>\n<td valign=\"top\"><strong>Modelo<\/strong><\/td>\n<td><strong>5U6000C3016GDCLABK<\/strong><\/td>\n<\/tr>\n<tr>\n<td valign=\"top\"><strong>Conector<\/strong><\/td>\n<td>&#8211; U DIMM<\/td>\n<\/tr>\n<tr>\n<td valign=\"top\"><strong>Tecnolog&iacute;a<\/strong><\/td>\n<td><strong>&#8211; DDR5<\/strong><\/td>\n<\/tr>\n<tr>\n<td valign=\"top\"><strong>Capacidad<\/strong><\/td>\n<td><strong>&#8211; 32 GB <\/strong>(16 GB + 16 GB)<\/td>\n<\/tr>\n<tr>\n<td valign=\"top\"><strong>Velocidad<\/strong><\/td>\n<td>&#8211; 6000 MHz<\/td>\n<\/tr>\n<tr>\n<td valign=\"top\"><strong>Latencia<\/strong><\/td>\n<td>&#8211; CL30<\/td>\n<\/tr>\n<tr>\n<td valign=\"top\"><strong>Otras<\/strong><\/td>\n<td>&#8211; Voltaje de operaci&oacute;n: 1.35V<br \/>\t\t\t&#8211; Temperatura de operaci&oacute;n: De 0 &deg;C a 85 &deg;C<br \/>\t\t\t&#8211; Dimensiones: 133.35 x&nbsp; 43.56 x 8mm (unidad)<br \/>\t\t\t&#8211; Peso: 72.4g (unidad)<\/td>\n<\/tr>\n<tr>\n<td valign=\"top\"><strong>Fecha de revisi&oacute;n<\/strong><\/td>\n<td>12-12-2023 por RTY<\/td>\n<\/tr>\n<\/table>\n","protected":false},"excerpt":{"rendered":"<p>Marca A-DATA Modelo 5U6000C3016GDCLABK Conector &#8211; U DIMM Tecnolog&iacute;a &#8211; DDR5 Capacidad &#8211; 32 GB (16 GB + 16 GB) Velocidad &#8211; 6000 MHz Latencia &#8211; CL30 Otras &#8211; Voltaje de operaci&oacute;n: 1.35V &#8211; Temperatura de operaci&oacute;n: De 0 &deg;C a 85 &deg;C &#8211; Dimensiones: 133.35 x&nbsp; 43.56 x 8mm (unidad) &#8211; Peso: 72.4g (unidad)&hellip;&nbsp;<a href=\"https:\/\/aivlisoft.net\/shop\/producto\/adata-xpg-lancer-ddr5-6000mhz-2x16gb-cl30\/\" rel=\"bookmark\"><span class=\"screen-reader-text\">ADATA XPG Lancer DDR5 6000MHz 2x16GB CL30<\/span><\/a><\/p>\n","protected":false},"featured_media":13867,"template":"","meta":{"neve_meta_sidebar":"","neve_meta_container":"","neve_meta_enable_content_width":"","neve_meta_content_width":0,"neve_meta_title_alignment":"","neve_meta_author_avatar":"","neve_post_elements_order":"","neve_meta_disable_header":"","neve_meta_disable_footer":"","neve_meta_disable_title":""},"product_brand":[],"product_cat":[8736],"product_tag":[5357],"class_list":{"0":"post-13866","1":"product","2":"type-product","3":"status-publish","4":"has-post-thumbnail","6":"product_cat-memorias-ddr5","7":"product_tag-5u6000c3016gdclabk","9":"first","10":"instock","11":"taxable","12":"shipping-taxable","13":"purchasable","14":"product-type-simple"},"yoast_head":"<!-- This site is optimized with the Yoast SEO plugin v26.0 - https:\/\/yoast.com\/wordpress\/plugins\/seo\/ -->\n<title>ADATA XPG Lancer DDR5 6000MHz 2x16GB CL30 - Aivlisoft Inform\u00e1tica<\/title>\n<meta name=\"robots\" content=\"index, follow, max-snippet:-1, max-image-preview:large, max-video-preview:-1\" \/>\n<link rel=\"canonical\" href=\"https:\/\/aivlisoft.net\/shop\/producto\/adata-xpg-lancer-ddr5-6000mhz-2x16gb-cl30\/\" \/>\n<meta property=\"og:locale\" content=\"es_ES\" \/>\n<meta property=\"og:type\" content=\"article\" \/>\n<meta property=\"og:title\" content=\"ADATA XPG Lancer DDR5 6000MHz 2x16GB CL30 - Aivlisoft Inform\u00e1tica\" \/>\n<meta property=\"og:description\" content=\"Marca A-DATA Modelo 5U6000C3016GDCLABK Conector &#8211; U DIMM Tecnolog&iacute;a &#8211; DDR5 Capacidad &#8211; 32 GB (16 GB + 16 GB) Velocidad &#8211; 6000 MHz Latencia &#8211; CL30 Otras &#8211; Voltaje de operaci&oacute;n: 1.35V &#8211; Temperatura de operaci&oacute;n: De 0 &deg;C a 85 &deg;C &#8211; Dimensiones: 133.35 x&nbsp; 43.56 x 8mm (unidad) &#8211; Peso: 72.4g (unidad)&hellip;&nbsp;ADATA XPG Lancer DDR5 6000MHz 2x16GB CL30\" \/>\n<meta property=\"og:url\" content=\"https:\/\/aivlisoft.net\/shop\/producto\/adata-xpg-lancer-ddr5-6000mhz-2x16gb-cl30\/\" \/>\n<meta property=\"og:site_name\" content=\"Aivlisoft Inform\u00e1tica\" \/>\n<meta property=\"article:modified_time\" content=\"2025-01-14T11:13:10+00:00\" \/>\n<meta property=\"og:image\" content=\"https:\/\/aivlisoft.net\/shop\/wp-content\/uploads\/2025\/01\/IMEMD50059_800.jpg\" \/>\n\t<meta property=\"og:image:width\" content=\"800\" \/>\n\t<meta property=\"og:image:height\" content=\"800\" \/>\n\t<meta property=\"og:image:type\" content=\"image\/jpeg\" \/>\n<meta name=\"twitter:card\" content=\"summary_large_image\" \/>\n<script type=\"application\/ld+json\" class=\"yoast-schema-graph\">{\"@context\":\"https:\/\/schema.org\",\"@graph\":[{\"@type\":\"WebPage\",\"@id\":\"https:\/\/aivlisoft.net\/shop\/producto\/adata-xpg-lancer-ddr5-6000mhz-2x16gb-cl30\/\",\"url\":\"https:\/\/aivlisoft.net\/shop\/producto\/adata-xpg-lancer-ddr5-6000mhz-2x16gb-cl30\/\",\"name\":\"ADATA XPG Lancer DDR5 6000MHz 2x16GB CL30 - Aivlisoft Inform\u00e1tica\",\"isPartOf\":{\"@id\":\"https:\/\/aivlisoft.net\/shop\/#website\"},\"primaryImageOfPage\":{\"@id\":\"https:\/\/aivlisoft.net\/shop\/producto\/adata-xpg-lancer-ddr5-6000mhz-2x16gb-cl30\/#primaryimage\"},\"image\":{\"@id\":\"https:\/\/aivlisoft.net\/shop\/producto\/adata-xpg-lancer-ddr5-6000mhz-2x16gb-cl30\/#primaryimage\"},\"thumbnailUrl\":\"https:\/\/aivlisoft.net\/shop\/wp-content\/uploads\/2025\/01\/IMEMD50059_800.jpg\",\"datePublished\":\"2025-01-13T14:37:30+00:00\",\"dateModified\":\"2025-01-14T11:13:10+00:00\",\"breadcrumb\":{\"@id\":\"https:\/\/aivlisoft.net\/shop\/producto\/adata-xpg-lancer-ddr5-6000mhz-2x16gb-cl30\/#breadcrumb\"},\"inLanguage\":\"es\",\"potentialAction\":[{\"@type\":\"ReadAction\",\"target\":[\"https:\/\/aivlisoft.net\/shop\/producto\/adata-xpg-lancer-ddr5-6000mhz-2x16gb-cl30\/\"]}]},{\"@type\":\"ImageObject\",\"inLanguage\":\"es\",\"@id\":\"https:\/\/aivlisoft.net\/shop\/producto\/adata-xpg-lancer-ddr5-6000mhz-2x16gb-cl30\/#primaryimage\",\"url\":\"https:\/\/aivlisoft.net\/shop\/wp-content\/uploads\/2025\/01\/IMEMD50059_800.jpg\",\"contentUrl\":\"https:\/\/aivlisoft.net\/shop\/wp-content\/uploads\/2025\/01\/IMEMD50059_800.jpg\",\"width\":800,\"height\":800},{\"@type\":\"BreadcrumbList\",\"@id\":\"https:\/\/aivlisoft.net\/shop\/producto\/adata-xpg-lancer-ddr5-6000mhz-2x16gb-cl30\/#breadcrumb\",\"itemListElement\":[{\"@type\":\"ListItem\",\"position\":1,\"name\":\"Portada\",\"item\":\"https:\/\/aivlisoft.net\/shop\/\"},{\"@type\":\"ListItem\",\"position\":2,\"name\":\"Tienda\",\"item\":\"https:\/\/aivlisoft.net\/shop\/tienda\/\"},{\"@type\":\"ListItem\",\"position\":3,\"name\":\"ADATA XPG Lancer DDR5 6000MHz 2x16GB CL30\"}]},{\"@type\":\"WebSite\",\"@id\":\"https:\/\/aivlisoft.net\/shop\/#website\",\"url\":\"https:\/\/aivlisoft.net\/shop\/\",\"name\":\"Aivlisoft Inform\u00e1tica\",\"description\":\"En Aivlisoft Inform\u00e1tica ofrecemos soluciones tecnol\u00f3gicas para empresas: venta de ordenadores, consumibles, perif\u00e9ricos y m\u00e1s. Calidad, atenci\u00f3n personalizada y los mejores precios para tu negocio.\",\"publisher\":{\"@id\":\"https:\/\/aivlisoft.net\/shop\/#organization\"},\"potentialAction\":[{\"@type\":\"SearchAction\",\"target\":{\"@type\":\"EntryPoint\",\"urlTemplate\":\"https:\/\/aivlisoft.net\/shop\/?s={search_term_string}\"},\"query-input\":{\"@type\":\"PropertyValueSpecification\",\"valueRequired\":true,\"valueName\":\"search_term_string\"}}],\"inLanguage\":\"es\"},{\"@type\":\"Organization\",\"@id\":\"https:\/\/aivlisoft.net\/shop\/#organization\",\"name\":\"Aivlisoft Inform\u00e1tica\",\"url\":\"https:\/\/aivlisoft.net\/shop\/\",\"logo\":{\"@type\":\"ImageObject\",\"inLanguage\":\"es\",\"@id\":\"https:\/\/aivlisoft.net\/shop\/#\/schema\/logo\/image\/\",\"url\":\"https:\/\/aivlisoft.net\/shop\/wp-content\/uploads\/2024\/12\/removal.ai_5b848c54-0cdf-4140-95c5-c5536bb7573b-logodef.png\",\"contentUrl\":\"https:\/\/aivlisoft.net\/shop\/wp-content\/uploads\/2024\/12\/removal.ai_5b848c54-0cdf-4140-95c5-c5536bb7573b-logodef.png\",\"width\":484,\"height\":182,\"caption\":\"Aivlisoft Inform\u00e1tica\"},\"image\":{\"@id\":\"https:\/\/aivlisoft.net\/shop\/#\/schema\/logo\/image\/\"}}]}<\/script>\n<!-- \/ Yoast SEO plugin. -->","yoast_head_json":{"title":"ADATA XPG Lancer DDR5 6000MHz 2x16GB CL30 - Aivlisoft Inform\u00e1tica","robots":{"index":"index","follow":"follow","max-snippet":"max-snippet:-1","max-image-preview":"max-image-preview:large","max-video-preview":"max-video-preview:-1"},"canonical":"https:\/\/aivlisoft.net\/shop\/producto\/adata-xpg-lancer-ddr5-6000mhz-2x16gb-cl30\/","og_locale":"es_ES","og_type":"article","og_title":"ADATA XPG Lancer DDR5 6000MHz 2x16GB CL30 - Aivlisoft Inform\u00e1tica","og_description":"Marca A-DATA Modelo 5U6000C3016GDCLABK Conector &#8211; U DIMM Tecnolog&iacute;a &#8211; DDR5 Capacidad &#8211; 32 GB (16 GB + 16 GB) Velocidad &#8211; 6000 MHz Latencia &#8211; CL30 Otras &#8211; Voltaje de operaci&oacute;n: 1.35V &#8211; Temperatura de operaci&oacute;n: De 0 &deg;C a 85 &deg;C &#8211; Dimensiones: 133.35 x&nbsp; 43.56 x 8mm (unidad) &#8211; Peso: 72.4g (unidad)&hellip;&nbsp;ADATA XPG Lancer DDR5 6000MHz 2x16GB CL30","og_url":"https:\/\/aivlisoft.net\/shop\/producto\/adata-xpg-lancer-ddr5-6000mhz-2x16gb-cl30\/","og_site_name":"Aivlisoft Inform\u00e1tica","article_modified_time":"2025-01-14T11:13:10+00:00","og_image":[{"width":800,"height":800,"url":"https:\/\/aivlisoft.net\/shop\/wp-content\/uploads\/2025\/01\/IMEMD50059_800.jpg","type":"image\/jpeg"}],"twitter_card":"summary_large_image","schema":{"@context":"https:\/\/schema.org","@graph":[{"@type":"WebPage","@id":"https:\/\/aivlisoft.net\/shop\/producto\/adata-xpg-lancer-ddr5-6000mhz-2x16gb-cl30\/","url":"https:\/\/aivlisoft.net\/shop\/producto\/adata-xpg-lancer-ddr5-6000mhz-2x16gb-cl30\/","name":"ADATA XPG Lancer DDR5 6000MHz 2x16GB CL30 - Aivlisoft Inform\u00e1tica","isPartOf":{"@id":"https:\/\/aivlisoft.net\/shop\/#website"},"primaryImageOfPage":{"@id":"https:\/\/aivlisoft.net\/shop\/producto\/adata-xpg-lancer-ddr5-6000mhz-2x16gb-cl30\/#primaryimage"},"image":{"@id":"https:\/\/aivlisoft.net\/shop\/producto\/adata-xpg-lancer-ddr5-6000mhz-2x16gb-cl30\/#primaryimage"},"thumbnailUrl":"https:\/\/aivlisoft.net\/shop\/wp-content\/uploads\/2025\/01\/IMEMD50059_800.jpg","datePublished":"2025-01-13T14:37:30+00:00","dateModified":"2025-01-14T11:13:10+00:00","breadcrumb":{"@id":"https:\/\/aivlisoft.net\/shop\/producto\/adata-xpg-lancer-ddr5-6000mhz-2x16gb-cl30\/#breadcrumb"},"inLanguage":"es","potentialAction":[{"@type":"ReadAction","target":["https:\/\/aivlisoft.net\/shop\/producto\/adata-xpg-lancer-ddr5-6000mhz-2x16gb-cl30\/"]}]},{"@type":"ImageObject","inLanguage":"es","@id":"https:\/\/aivlisoft.net\/shop\/producto\/adata-xpg-lancer-ddr5-6000mhz-2x16gb-cl30\/#primaryimage","url":"https:\/\/aivlisoft.net\/shop\/wp-content\/uploads\/2025\/01\/IMEMD50059_800.jpg","contentUrl":"https:\/\/aivlisoft.net\/shop\/wp-content\/uploads\/2025\/01\/IMEMD50059_800.jpg","width":800,"height":800},{"@type":"BreadcrumbList","@id":"https:\/\/aivlisoft.net\/shop\/producto\/adata-xpg-lancer-ddr5-6000mhz-2x16gb-cl30\/#breadcrumb","itemListElement":[{"@type":"ListItem","position":1,"name":"Portada","item":"https:\/\/aivlisoft.net\/shop\/"},{"@type":"ListItem","position":2,"name":"Tienda","item":"https:\/\/aivlisoft.net\/shop\/tienda\/"},{"@type":"ListItem","position":3,"name":"ADATA XPG Lancer DDR5 6000MHz 2x16GB CL30"}]},{"@type":"WebSite","@id":"https:\/\/aivlisoft.net\/shop\/#website","url":"https:\/\/aivlisoft.net\/shop\/","name":"Aivlisoft Inform\u00e1tica","description":"En Aivlisoft Inform\u00e1tica ofrecemos soluciones tecnol\u00f3gicas para empresas: venta de ordenadores, consumibles, perif\u00e9ricos y m\u00e1s. Calidad, atenci\u00f3n personalizada y los mejores precios para tu negocio.","publisher":{"@id":"https:\/\/aivlisoft.net\/shop\/#organization"},"potentialAction":[{"@type":"SearchAction","target":{"@type":"EntryPoint","urlTemplate":"https:\/\/aivlisoft.net\/shop\/?s={search_term_string}"},"query-input":{"@type":"PropertyValueSpecification","valueRequired":true,"valueName":"search_term_string"}}],"inLanguage":"es"},{"@type":"Organization","@id":"https:\/\/aivlisoft.net\/shop\/#organization","name":"Aivlisoft Inform\u00e1tica","url":"https:\/\/aivlisoft.net\/shop\/","logo":{"@type":"ImageObject","inLanguage":"es","@id":"https:\/\/aivlisoft.net\/shop\/#\/schema\/logo\/image\/","url":"https:\/\/aivlisoft.net\/shop\/wp-content\/uploads\/2024\/12\/removal.ai_5b848c54-0cdf-4140-95c5-c5536bb7573b-logodef.png","contentUrl":"https:\/\/aivlisoft.net\/shop\/wp-content\/uploads\/2024\/12\/removal.ai_5b848c54-0cdf-4140-95c5-c5536bb7573b-logodef.png","width":484,"height":182,"caption":"Aivlisoft Inform\u00e1tica"},"image":{"@id":"https:\/\/aivlisoft.net\/shop\/#\/schema\/logo\/image\/"}}]}},"_links":{"self":[{"href":"https:\/\/aivlisoft.net\/shop\/wp-json\/wp\/v2\/product\/13866","targetHints":{"allow":["GET"]}}],"collection":[{"href":"https:\/\/aivlisoft.net\/shop\/wp-json\/wp\/v2\/product"}],"about":[{"href":"https:\/\/aivlisoft.net\/shop\/wp-json\/wp\/v2\/types\/product"}],"wp:featuredmedia":[{"embeddable":true,"href":"https:\/\/aivlisoft.net\/shop\/wp-json\/wp\/v2\/media\/13867"}],"wp:attachment":[{"href":"https:\/\/aivlisoft.net\/shop\/wp-json\/wp\/v2\/media?parent=13866"}],"wp:term":[{"taxonomy":"product_brand","embeddable":true,"href":"https:\/\/aivlisoft.net\/shop\/wp-json\/wp\/v2\/product_brand?post=13866"},{"taxonomy":"product_cat","embeddable":true,"href":"https:\/\/aivlisoft.net\/shop\/wp-json\/wp\/v2\/product_cat?post=13866"},{"taxonomy":"product_tag","embeddable":true,"href":"https:\/\/aivlisoft.net\/shop\/wp-json\/wp\/v2\/product_tag?post=13866"}],"curies":[{"name":"wp","href":"https:\/\/api.w.org\/{rel}","templated":true}]}}