{"id":13626,"date":"2025-01-13T14:35:05","date_gmt":"2025-01-13T14:35:05","guid":{"rendered":"https:\/\/aivlisoft.com\/?post_type=product&#038;p=13626"},"modified":"2025-01-14T11:11:36","modified_gmt":"2025-01-14T11:11:36","slug":"kingston-fury-beast-kf432c16bbk2-16-16g-2x8-3200","status":"publish","type":"product","link":"https:\/\/aivlisoft.net\/shop\/producto\/kingston-fury-beast-kf432c16bbk2-16-16g-2x8-3200\/","title":{"rendered":"Kingston Fury Beast KF432C16BBK2\/16 16G (2&#215;8) 3200"},"content":{"rendered":"<p><strong>FURY KF432C16BBK2\/16 <\/strong>es un kit de dos memorias de 1G x 64 bits (8GB) DDR4-3200 CL16 SDRAM (Synchronous DRAM) 1Rx8, m&oacute;dulo de memoria basado en ocho componentes FBGA de 1G x 8 bits por m&oacute;dulo.&nbsp;<br \/>Cada kit de m&oacute;dulos es compatible con los perfiles de memoria Intel&reg; Extreme&nbsp;(Intel&reg; XMP) 2.0.<\/p>\n<p>La capacidad total del kit es de 16 GB. Cada m&oacute;dulo ha sido probado para funcionar con DDR4-3200 a una temporizaci&oacute;n de baja latencia de 16-18-18 a 1,35V. Los SPD est&aacute;n programados para la latencia est&aacute;ndar JEDEC&nbsp; de latencia est&aacute;ndar DDR4-2400 de 17-17-17 a 1,2V.&nbsp;<br \/>Cada DIMM de 288 pines utiliza dedos de contacto de oro.&nbsp;<br \/>&nbsp;<br \/>&nbsp;<\/p>\n<table class=\"tabla_caracteristicas\" width=\"100%\">\n<tr>\n<td valign=\"top\"><strong>Marca<\/strong><\/td>\n<td>Kingston<\/td>\n<\/tr>\n<tr>\n<td valign=\"top\"><strong>Modelo<\/strong><\/td>\n<td><strong>KF432C16BBK2\/16<\/strong><\/td>\n<\/tr>\n<tr>\n<td valign=\"top\"><strong>Caracter&iacute;sticas<\/strong><\/td>\n<td>&#8211; Capacidad: 16GB&nbsp;(8GB 1G x 64-Bit x 2 pcs.)<br \/>\t\t\t&#8211; Tipo: DDR4<br \/>\t\t\t&#8211; Voltaje: 1.2V<br \/>\t\t\t&#8211; Frecuencia: 3200 MHZ<br \/>\t\t\t&#8211; Formato: DIMM<br \/>\t\t\t&#8211; N&uacute;mero de pines: 288 pines<br \/>\t\t\t&#8211; Latencia: CL 17<\/td>\n<\/tr>\n<tr>\n<td valign=\"top\"><strong>Fecha de revisi&oacute;n<\/strong><\/td>\n<td>03-09-2021 por YMC<\/td>\n<\/tr>\n<\/table>\n","protected":false},"excerpt":{"rendered":"<p>FURY KF432C16BBK2\/16 es un kit de dos memorias de 1G x 64 bits (8GB) DDR4-3200 CL16 SDRAM (Synchronous DRAM) 1Rx8, m&oacute;dulo de memoria basado en ocho componentes FBGA de 1G x 8 bits por m&oacute;dulo.&nbsp;Cada kit de m&oacute;dulos es compatible con los perfiles de memoria Intel&reg; Extreme&nbsp;(Intel&reg; XMP) 2.0. La capacidad total del kit es&hellip;&nbsp;<a href=\"https:\/\/aivlisoft.net\/shop\/producto\/kingston-fury-beast-kf432c16bbk2-16-16g-2x8-3200\/\" rel=\"bookmark\"><span class=\"screen-reader-text\">Kingston Fury Beast KF432C16BBK2\/16 16G (2&#215;8) 3200<\/span><\/a><\/p>\n","protected":false},"featured_media":13627,"template":"","meta":{"neve_meta_sidebar":"","neve_meta_container":"","neve_meta_enable_content_width":"","neve_meta_content_width":0,"neve_meta_title_alignment":"","neve_meta_author_avatar":"","neve_post_elements_order":"","neve_meta_disable_header":"","neve_meta_disable_footer":"","neve_meta_disable_title":""},"product_brand":[],"product_cat":[8735],"product_tag":[5268],"class_list":{"0":"post-13626","1":"product","2":"type-product","3":"status-publish","4":"has-post-thumbnail","6":"product_cat-memorias-ddr4","7":"product_tag-kf432c16bbk2-16","9":"first","10":"instock","11":"taxable","12":"shipping-taxable","13":"purchasable","14":"product-type-simple"},"yoast_head":"<!-- This site is optimized with the Yoast SEO plugin v26.0 - https:\/\/yoast.com\/wordpress\/plugins\/seo\/ -->\n<title>Kingston Fury Beast KF432C16BBK2\/16 16G (2x8) 3200 - Aivlisoft Inform\u00e1tica<\/title>\n<meta name=\"robots\" content=\"index, follow, max-snippet:-1, max-image-preview:large, max-video-preview:-1\" \/>\n<link rel=\"canonical\" href=\"https:\/\/aivlisoft.net\/shop\/producto\/kingston-fury-beast-kf432c16bbk2-16-16g-2x8-3200\/\" \/>\n<meta property=\"og:locale\" content=\"es_ES\" \/>\n<meta property=\"og:type\" content=\"article\" \/>\n<meta property=\"og:title\" content=\"Kingston Fury Beast KF432C16BBK2\/16 16G (2x8) 3200 - Aivlisoft Inform\u00e1tica\" \/>\n<meta property=\"og:description\" content=\"FURY KF432C16BBK2\/16 es un kit de dos memorias de 1G x 64 bits (8GB) DDR4-3200 CL16 SDRAM (Synchronous DRAM) 1Rx8, m&oacute;dulo de memoria basado en ocho componentes FBGA de 1G x 8 bits por m&oacute;dulo.&nbsp;Cada kit de m&oacute;dulos es compatible con los perfiles de memoria Intel&reg; Extreme&nbsp;(Intel&reg; XMP) 2.0. La capacidad total del kit es&hellip;&nbsp;Kingston Fury Beast KF432C16BBK2\/16 16G (2&#215;8) 3200\" \/>\n<meta property=\"og:url\" content=\"https:\/\/aivlisoft.net\/shop\/producto\/kingston-fury-beast-kf432c16bbk2-16-16g-2x8-3200\/\" \/>\n<meta property=\"og:site_name\" content=\"Aivlisoft Inform\u00e1tica\" \/>\n<meta property=\"article:modified_time\" content=\"2025-01-14T11:11:36+00:00\" \/>\n<meta property=\"og:image\" content=\"https:\/\/aivlisoft.net\/shop\/wp-content\/uploads\/2025\/01\/IMEMD40388_800.jpg\" \/>\n\t<meta property=\"og:image:width\" content=\"800\" \/>\n\t<meta property=\"og:image:height\" content=\"800\" \/>\n\t<meta property=\"og:image:type\" content=\"image\/jpeg\" \/>\n<meta name=\"twitter:card\" content=\"summary_large_image\" \/>\n<meta name=\"twitter:label1\" content=\"Tiempo de lectura\" \/>\n\t<meta name=\"twitter:data1\" content=\"1 minuto\" \/>\n<script type=\"application\/ld+json\" class=\"yoast-schema-graph\">{\"@context\":\"https:\/\/schema.org\",\"@graph\":[{\"@type\":\"WebPage\",\"@id\":\"https:\/\/aivlisoft.net\/shop\/producto\/kingston-fury-beast-kf432c16bbk2-16-16g-2x8-3200\/\",\"url\":\"https:\/\/aivlisoft.net\/shop\/producto\/kingston-fury-beast-kf432c16bbk2-16-16g-2x8-3200\/\",\"name\":\"Kingston Fury Beast KF432C16BBK2\/16 16G (2x8) 3200 - Aivlisoft Inform\u00e1tica\",\"isPartOf\":{\"@id\":\"https:\/\/aivlisoft.net\/shop\/#website\"},\"primaryImageOfPage\":{\"@id\":\"https:\/\/aivlisoft.net\/shop\/producto\/kingston-fury-beast-kf432c16bbk2-16-16g-2x8-3200\/#primaryimage\"},\"image\":{\"@id\":\"https:\/\/aivlisoft.net\/shop\/producto\/kingston-fury-beast-kf432c16bbk2-16-16g-2x8-3200\/#primaryimage\"},\"thumbnailUrl\":\"https:\/\/aivlisoft.net\/shop\/wp-content\/uploads\/2025\/01\/IMEMD40388_800.jpg\",\"datePublished\":\"2025-01-13T14:35:05+00:00\",\"dateModified\":\"2025-01-14T11:11:36+00:00\",\"breadcrumb\":{\"@id\":\"https:\/\/aivlisoft.net\/shop\/producto\/kingston-fury-beast-kf432c16bbk2-16-16g-2x8-3200\/#breadcrumb\"},\"inLanguage\":\"es\",\"potentialAction\":[{\"@type\":\"ReadAction\",\"target\":[\"https:\/\/aivlisoft.net\/shop\/producto\/kingston-fury-beast-kf432c16bbk2-16-16g-2x8-3200\/\"]}]},{\"@type\":\"ImageObject\",\"inLanguage\":\"es\",\"@id\":\"https:\/\/aivlisoft.net\/shop\/producto\/kingston-fury-beast-kf432c16bbk2-16-16g-2x8-3200\/#primaryimage\",\"url\":\"https:\/\/aivlisoft.net\/shop\/wp-content\/uploads\/2025\/01\/IMEMD40388_800.jpg\",\"contentUrl\":\"https:\/\/aivlisoft.net\/shop\/wp-content\/uploads\/2025\/01\/IMEMD40388_800.jpg\",\"width\":800,\"height\":800},{\"@type\":\"BreadcrumbList\",\"@id\":\"https:\/\/aivlisoft.net\/shop\/producto\/kingston-fury-beast-kf432c16bbk2-16-16g-2x8-3200\/#breadcrumb\",\"itemListElement\":[{\"@type\":\"ListItem\",\"position\":1,\"name\":\"Portada\",\"item\":\"https:\/\/aivlisoft.net\/shop\/\"},{\"@type\":\"ListItem\",\"position\":2,\"name\":\"Tienda\",\"item\":\"https:\/\/aivlisoft.net\/shop\/tienda\/\"},{\"@type\":\"ListItem\",\"position\":3,\"name\":\"Kingston Fury Beast KF432C16BBK2\/16 16G (2&#215;8) 3200\"}]},{\"@type\":\"WebSite\",\"@id\":\"https:\/\/aivlisoft.net\/shop\/#website\",\"url\":\"https:\/\/aivlisoft.net\/shop\/\",\"name\":\"Aivlisoft Inform\u00e1tica\",\"description\":\"En Aivlisoft Inform\u00e1tica ofrecemos soluciones tecnol\u00f3gicas para empresas: venta de ordenadores, consumibles, perif\u00e9ricos y m\u00e1s. Calidad, atenci\u00f3n personalizada y los mejores precios para tu negocio.\",\"publisher\":{\"@id\":\"https:\/\/aivlisoft.net\/shop\/#organization\"},\"potentialAction\":[{\"@type\":\"SearchAction\",\"target\":{\"@type\":\"EntryPoint\",\"urlTemplate\":\"https:\/\/aivlisoft.net\/shop\/?s={search_term_string}\"},\"query-input\":{\"@type\":\"PropertyValueSpecification\",\"valueRequired\":true,\"valueName\":\"search_term_string\"}}],\"inLanguage\":\"es\"},{\"@type\":\"Organization\",\"@id\":\"https:\/\/aivlisoft.net\/shop\/#organization\",\"name\":\"Aivlisoft Inform\u00e1tica\",\"url\":\"https:\/\/aivlisoft.net\/shop\/\",\"logo\":{\"@type\":\"ImageObject\",\"inLanguage\":\"es\",\"@id\":\"https:\/\/aivlisoft.net\/shop\/#\/schema\/logo\/image\/\",\"url\":\"https:\/\/aivlisoft.net\/shop\/wp-content\/uploads\/2024\/12\/removal.ai_5b848c54-0cdf-4140-95c5-c5536bb7573b-logodef.png\",\"contentUrl\":\"https:\/\/aivlisoft.net\/shop\/wp-content\/uploads\/2024\/12\/removal.ai_5b848c54-0cdf-4140-95c5-c5536bb7573b-logodef.png\",\"width\":484,\"height\":182,\"caption\":\"Aivlisoft Inform\u00e1tica\"},\"image\":{\"@id\":\"https:\/\/aivlisoft.net\/shop\/#\/schema\/logo\/image\/\"}}]}<\/script>\n<!-- \/ Yoast SEO plugin. -->","yoast_head_json":{"title":"Kingston Fury Beast KF432C16BBK2\/16 16G (2x8) 3200 - Aivlisoft Inform\u00e1tica","robots":{"index":"index","follow":"follow","max-snippet":"max-snippet:-1","max-image-preview":"max-image-preview:large","max-video-preview":"max-video-preview:-1"},"canonical":"https:\/\/aivlisoft.net\/shop\/producto\/kingston-fury-beast-kf432c16bbk2-16-16g-2x8-3200\/","og_locale":"es_ES","og_type":"article","og_title":"Kingston Fury Beast KF432C16BBK2\/16 16G (2x8) 3200 - Aivlisoft Inform\u00e1tica","og_description":"FURY KF432C16BBK2\/16 es un kit de dos memorias de 1G x 64 bits (8GB) DDR4-3200 CL16 SDRAM (Synchronous DRAM) 1Rx8, m&oacute;dulo de memoria basado en ocho componentes FBGA de 1G x 8 bits por m&oacute;dulo.&nbsp;Cada kit de m&oacute;dulos es compatible con los perfiles de memoria Intel&reg; Extreme&nbsp;(Intel&reg; XMP) 2.0. La capacidad total del kit es&hellip;&nbsp;Kingston Fury Beast KF432C16BBK2\/16 16G (2&#215;8) 3200","og_url":"https:\/\/aivlisoft.net\/shop\/producto\/kingston-fury-beast-kf432c16bbk2-16-16g-2x8-3200\/","og_site_name":"Aivlisoft Inform\u00e1tica","article_modified_time":"2025-01-14T11:11:36+00:00","og_image":[{"width":800,"height":800,"url":"https:\/\/aivlisoft.net\/shop\/wp-content\/uploads\/2025\/01\/IMEMD40388_800.jpg","type":"image\/jpeg"}],"twitter_card":"summary_large_image","twitter_misc":{"Tiempo de lectura":"1 minuto"},"schema":{"@context":"https:\/\/schema.org","@graph":[{"@type":"WebPage","@id":"https:\/\/aivlisoft.net\/shop\/producto\/kingston-fury-beast-kf432c16bbk2-16-16g-2x8-3200\/","url":"https:\/\/aivlisoft.net\/shop\/producto\/kingston-fury-beast-kf432c16bbk2-16-16g-2x8-3200\/","name":"Kingston Fury Beast KF432C16BBK2\/16 16G (2x8) 3200 - Aivlisoft Inform\u00e1tica","isPartOf":{"@id":"https:\/\/aivlisoft.net\/shop\/#website"},"primaryImageOfPage":{"@id":"https:\/\/aivlisoft.net\/shop\/producto\/kingston-fury-beast-kf432c16bbk2-16-16g-2x8-3200\/#primaryimage"},"image":{"@id":"https:\/\/aivlisoft.net\/shop\/producto\/kingston-fury-beast-kf432c16bbk2-16-16g-2x8-3200\/#primaryimage"},"thumbnailUrl":"https:\/\/aivlisoft.net\/shop\/wp-content\/uploads\/2025\/01\/IMEMD40388_800.jpg","datePublished":"2025-01-13T14:35:05+00:00","dateModified":"2025-01-14T11:11:36+00:00","breadcrumb":{"@id":"https:\/\/aivlisoft.net\/shop\/producto\/kingston-fury-beast-kf432c16bbk2-16-16g-2x8-3200\/#breadcrumb"},"inLanguage":"es","potentialAction":[{"@type":"ReadAction","target":["https:\/\/aivlisoft.net\/shop\/producto\/kingston-fury-beast-kf432c16bbk2-16-16g-2x8-3200\/"]}]},{"@type":"ImageObject","inLanguage":"es","@id":"https:\/\/aivlisoft.net\/shop\/producto\/kingston-fury-beast-kf432c16bbk2-16-16g-2x8-3200\/#primaryimage","url":"https:\/\/aivlisoft.net\/shop\/wp-content\/uploads\/2025\/01\/IMEMD40388_800.jpg","contentUrl":"https:\/\/aivlisoft.net\/shop\/wp-content\/uploads\/2025\/01\/IMEMD40388_800.jpg","width":800,"height":800},{"@type":"BreadcrumbList","@id":"https:\/\/aivlisoft.net\/shop\/producto\/kingston-fury-beast-kf432c16bbk2-16-16g-2x8-3200\/#breadcrumb","itemListElement":[{"@type":"ListItem","position":1,"name":"Portada","item":"https:\/\/aivlisoft.net\/shop\/"},{"@type":"ListItem","position":2,"name":"Tienda","item":"https:\/\/aivlisoft.net\/shop\/tienda\/"},{"@type":"ListItem","position":3,"name":"Kingston Fury Beast KF432C16BBK2\/16 16G (2&#215;8) 3200"}]},{"@type":"WebSite","@id":"https:\/\/aivlisoft.net\/shop\/#website","url":"https:\/\/aivlisoft.net\/shop\/","name":"Aivlisoft Inform\u00e1tica","description":"En Aivlisoft Inform\u00e1tica ofrecemos soluciones tecnol\u00f3gicas para empresas: venta de ordenadores, consumibles, perif\u00e9ricos y m\u00e1s. Calidad, atenci\u00f3n personalizada y los mejores precios para tu negocio.","publisher":{"@id":"https:\/\/aivlisoft.net\/shop\/#organization"},"potentialAction":[{"@type":"SearchAction","target":{"@type":"EntryPoint","urlTemplate":"https:\/\/aivlisoft.net\/shop\/?s={search_term_string}"},"query-input":{"@type":"PropertyValueSpecification","valueRequired":true,"valueName":"search_term_string"}}],"inLanguage":"es"},{"@type":"Organization","@id":"https:\/\/aivlisoft.net\/shop\/#organization","name":"Aivlisoft Inform\u00e1tica","url":"https:\/\/aivlisoft.net\/shop\/","logo":{"@type":"ImageObject","inLanguage":"es","@id":"https:\/\/aivlisoft.net\/shop\/#\/schema\/logo\/image\/","url":"https:\/\/aivlisoft.net\/shop\/wp-content\/uploads\/2024\/12\/removal.ai_5b848c54-0cdf-4140-95c5-c5536bb7573b-logodef.png","contentUrl":"https:\/\/aivlisoft.net\/shop\/wp-content\/uploads\/2024\/12\/removal.ai_5b848c54-0cdf-4140-95c5-c5536bb7573b-logodef.png","width":484,"height":182,"caption":"Aivlisoft Inform\u00e1tica"},"image":{"@id":"https:\/\/aivlisoft.net\/shop\/#\/schema\/logo\/image\/"}}]}},"_links":{"self":[{"href":"https:\/\/aivlisoft.net\/shop\/wp-json\/wp\/v2\/product\/13626","targetHints":{"allow":["GET"]}}],"collection":[{"href":"https:\/\/aivlisoft.net\/shop\/wp-json\/wp\/v2\/product"}],"about":[{"href":"https:\/\/aivlisoft.net\/shop\/wp-json\/wp\/v2\/types\/product"}],"wp:featuredmedia":[{"embeddable":true,"href":"https:\/\/aivlisoft.net\/shop\/wp-json\/wp\/v2\/media\/13627"}],"wp:attachment":[{"href":"https:\/\/aivlisoft.net\/shop\/wp-json\/wp\/v2\/media?parent=13626"}],"wp:term":[{"taxonomy":"product_brand","embeddable":true,"href":"https:\/\/aivlisoft.net\/shop\/wp-json\/wp\/v2\/product_brand?post=13626"},{"taxonomy":"product_cat","embeddable":true,"href":"https:\/\/aivlisoft.net\/shop\/wp-json\/wp\/v2\/product_cat?post=13626"},{"taxonomy":"product_tag","embeddable":true,"href":"https:\/\/aivlisoft.net\/shop\/wp-json\/wp\/v2\/product_tag?post=13626"}],"curies":[{"name":"wp","href":"https:\/\/api.w.org\/{rel}","templated":true}]}}