{"id":12946,"date":"2025-01-13T14:28:24","date_gmt":"2025-01-13T14:28:24","guid":{"rendered":"https:\/\/aivlisoft.com\/?post_type=product&#038;p=12946"},"modified":"2025-01-14T11:07:34","modified_gmt":"2025-01-14T11:07:34","slug":"hiditec-semitorre-v30-pro-argb-cristal-templado","status":"publish","type":"product","link":"https:\/\/aivlisoft.net\/shop\/producto\/hiditec-semitorre-v30-pro-argb-cristal-templado\/","title":{"rendered":"Hiditec Semitorre V30 PRO ARGB CRISTAL TEMPLADO"},"content":{"rendered":"<p><strong>Espectacular dise&ntilde;o con iluminaci&oacute;n Hexagonal ARGB y cristal templado<\/strong><br \/><strong>V30<\/strong> incorpora iluminaci&oacute;n HEXAGONAL ARGB en su frontal y tiene capacidad para 6 ventiladores ARGB. La ventana lateral es de cristal templado de 4mm al igual que su frontal y cuenta con compartimento independiente para la fuente de alimentaci&oacute;n.<\/p>\n<p><strong>Sistema de iluminaci&oacute;n HEXAGONAL ARGB<\/strong><br \/><strong>V30 ARGB<\/strong> incorpora de serie 4 ventiladores HEXAGONALES ARGB, adem&aacute;s permite la instalaci&oacute;n de 2 ventiladores ARGB adicionales en la parte superior del chasis para ofrecer un potente sistema de iluminaci&oacute;n.<br \/>Incluye una controladora para poder conectar todos los ventiladores ARGB as&iacute; como la iluminaci&oacute;n del sistema de refrigeraci&oacute;n l&iacute;quida y poder sincronizar toda la iluminaci&oacute;n ARGB con el boton que tiene en el frontal del chasis o bi&eacute;n conectando la controladora a la placa base.<br \/>El frontal y la ventana lateral es de crital templado de 4mm para ofrecer mayor calidad, durabilidad y adem&aacute;s, poder ver todos los componentes instalados en su interior.<\/p>\n<p><strong>Chasis gaming para cualquier configuraci&oacute;n<\/strong><br \/>La construcci&oacute;n y materiales de la <strong>V30 ARGB<\/strong> permiten cualquier configuraci&oacute;n, combina el acero SPCC con cristal templado.<br \/>Admite refrigeraci&oacute;n l&iacute;quida en su frontal y parte trasera adem&aacute;s de la instalaci&oacute;n de coolers con un tama&ntilde;o de hasta 160mm y gr&aacute;ficas de alto rendimiento con una longitud m&aacute;xima de 290mm.<br \/>Cuenta con filtros antipolvo imantados, muy f&aacute;ciles de poner y quitar, que facilitan al m&aacute;ximo su limpieza para tener un buen mantenimiento.<br \/>Por otro lado, cuenta tambi&eacute;n con un compartimiento exclusivo para la Fuente de Alimentaci&oacute;n y los HDD, de modo que el calor de estos componentes no se transfiere al resto de elementos del chasis.<\/p>\n<p><strong>Sistema de refrigeraci&oacute;n ARGB<\/strong><br \/><strong>V30 ARGB<\/strong> cuenta con espacio suficiente para la instalaci&oacute;n de 6 ventiladores . De serie incluye 3 ventiladores HEXAGONALES ARGB en su frontal y 1 ventilador HEXAGONAL ARGB en la parte trasera, adem&aacute;s permite la instalaci&oacute;n de 2 ventiladores m&aacute;s en la parte superior del chasis consiguiendo un potente sistema de refrigeraci&oacute;n.<br \/>Tambi&eacute;n es compatible con la instalaci&oacute;n de sistema de refrigeraci&oacute;n l&iacute;quida gracias a su amplio espacio.<\/p>\n<p><strong>Gran capacidad de almacenamiento<\/strong><br \/>La espectacular <strong>V30 ARGB<\/strong> es compatible con placas base ATX, Micro ATX e ITX.<br \/>Tiene una gran capacidad de almacenamiento totalmente configurable por cada usuario ya que podr&aacute;s instalar hasta 5 unidades SSD as&iacute; como 2 unidades HDD en el interior del chasis.<\/p>\n<table class=\"tabla_caracteristicas k-table\" width=\"100%\">\n<tr>\n<td valign=\"top\"><strong>Marca<\/strong><\/td>\n<td>Hiditec<\/td>\n<\/tr>\n<tr>\n<td valign=\"top\"><strong>Modelo<\/strong><\/td>\n<td valign=\"top\"><strong>CHA010028<\/strong><\/td>\n<\/tr>\n<tr>\n<td>\n<div><strong>Formatos soportados<\/strong><\/div>\n<\/td>\n<td>&#8211; ATX, Micro ATX, ITX<\/td>\n<\/tr>\n<tr>\n<td valign=\"top\"><strong>Bah&iacute;as <\/strong><\/td>\n<td><strong>Internas<\/strong><br \/>\t\t\t&#8211; 2 x HDD<br \/>\t\t\t&#8211; 5 x SSD<\/td>\n<\/tr>\n<tr>\n<td valign=\"top\">\n<div><strong>Conexiones <\/strong><\/div>\n<div><strong>frontales<\/strong><\/div>\n<\/td>\n<td>&#8211; 1 x USB 3.0<br \/>\t\t\t&#8211; 2 x USB 2.0<br \/>\t\t\t&#8211; Auricular HD<br \/>\t\t\t&#8211; Micr&oacute;fono<\/td>\n<\/tr>\n<tr>\n<td valign=\"top\"><strong>Refrigeraci&oacute;n<\/strong><\/td>\n<td>&#8211; Frontal: 3 x 120mm<br \/>\t\t\t&#8211; Trasero: 1 x 120mm<br \/>\t\t\t&#8211; Superior: 2 x 120mm (Opcional)<\/td>\n<\/tr>\n<tr>\n<td valign=\"top\">\n<div><strong>Otras <\/strong><\/div>\n<div><strong>Caracter&iacute;sticas<\/strong><\/div>\n<\/td>\n<td>&#8211; PCI: 7<br \/>\t\t\t&#8211; Dimensiones: 335 x 190 x 428 mm<br \/>\t\t\t&#8211; Peso: 4500grs<br \/>\t\t\t&#8211; Certificados: CE, RoHs<br \/>\t\t\t<strong>Materiales<\/strong><br \/>\t\t\t&#8211; Estructura Acero: SPCC<br \/>\t\t\t&#8211; Panel Frontal: Cristal Templado<br \/>\t\t\t&#8211; Laterales: SPCC<br \/>\t\t\t<strong>Otras<\/strong><br \/>\t\t\t&#8211; Frontal y ventana lateral de cristal templado de 4mm<br \/>\t\t\t&#8211; Compatible con refrigeraci&oacute;n l&iacute;quida<br \/>\t\t\t&#8211; Filtros anti polvo en la parte inferior del chasis<\/td>\n<\/tr>\n<tr>\n<td valign=\"top\"><strong>Fecha de revisi&oacute;n<\/strong><\/td>\n<td>06-05-2021 por MPM<\/td>\n<\/tr>\n<\/table>\n","protected":false},"excerpt":{"rendered":"<p>Espectacular dise&ntilde;o con iluminaci&oacute;n Hexagonal ARGB y cristal templadoV30 incorpora iluminaci&oacute;n HEXAGONAL ARGB en su frontal y tiene capacidad para 6 ventiladores ARGB. La ventana lateral es de cristal templado de 4mm al igual que su frontal y cuenta con compartimento independiente para la fuente de alimentaci&oacute;n. Sistema de iluminaci&oacute;n HEXAGONAL ARGBV30 ARGB incorpora de&hellip;&nbsp;<a href=\"https:\/\/aivlisoft.net\/shop\/producto\/hiditec-semitorre-v30-pro-argb-cristal-templado\/\" rel=\"bookmark\"><span class=\"screen-reader-text\">Hiditec Semitorre V30 PRO ARGB CRISTAL TEMPLADO<\/span><\/a><\/p>\n","protected":false},"featured_media":12947,"template":"","meta":{"neve_meta_sidebar":"","neve_meta_container":"","neve_meta_enable_content_width":"","neve_meta_content_width":0,"neve_meta_title_alignment":"","neve_meta_author_avatar":"","neve_post_elements_order":"","neve_meta_disable_header":"","neve_meta_disable_footer":"","neve_meta_disable_title":""},"product_brand":[],"product_cat":[8729],"product_tag":[5030],"class_list":{"0":"post-12946","1":"product","2":"type-product","3":"status-publish","4":"has-post-thumbnail","6":"product_cat-semitorre-y-miditorre","7":"product_tag-cha010028","9":"first","10":"instock","11":"taxable","12":"shipping-taxable","13":"purchasable","14":"product-type-simple"},"yoast_head":"<!-- This site is optimized with the Yoast SEO plugin v26.0 - https:\/\/yoast.com\/wordpress\/plugins\/seo\/ -->\n<title>Hiditec Semitorre V30 PRO ARGB CRISTAL TEMPLADO - Aivlisoft Inform\u00e1tica<\/title>\n<meta name=\"robots\" content=\"index, follow, max-snippet:-1, max-image-preview:large, max-video-preview:-1\" \/>\n<link rel=\"canonical\" href=\"https:\/\/aivlisoft.net\/shop\/producto\/hiditec-semitorre-v30-pro-argb-cristal-templado\/\" \/>\n<meta property=\"og:locale\" content=\"es_ES\" \/>\n<meta property=\"og:type\" content=\"article\" \/>\n<meta property=\"og:title\" content=\"Hiditec Semitorre V30 PRO ARGB CRISTAL TEMPLADO - Aivlisoft Inform\u00e1tica\" \/>\n<meta property=\"og:description\" content=\"Espectacular dise&ntilde;o con iluminaci&oacute;n Hexagonal ARGB y cristal templadoV30 incorpora iluminaci&oacute;n HEXAGONAL ARGB en su frontal y tiene capacidad para 6 ventiladores ARGB. La ventana lateral es de cristal templado de 4mm al igual que su frontal y cuenta con compartimento independiente para la fuente de alimentaci&oacute;n. Sistema de iluminaci&oacute;n HEXAGONAL ARGBV30 ARGB incorpora de&hellip;&nbsp;Hiditec Semitorre V30 PRO ARGB CRISTAL TEMPLADO\" \/>\n<meta property=\"og:url\" content=\"https:\/\/aivlisoft.net\/shop\/producto\/hiditec-semitorre-v30-pro-argb-cristal-templado\/\" \/>\n<meta property=\"og:site_name\" content=\"Aivlisoft Inform\u00e1tica\" \/>\n<meta property=\"article:modified_time\" content=\"2025-01-14T11:07:34+00:00\" \/>\n<meta property=\"og:image\" content=\"https:\/\/aivlisoft.net\/shop\/wp-content\/uploads\/2025\/01\/ICACSM0630_800.jpg\" \/>\n\t<meta property=\"og:image:width\" content=\"800\" \/>\n\t<meta property=\"og:image:height\" content=\"800\" \/>\n\t<meta property=\"og:image:type\" content=\"image\/jpeg\" \/>\n<meta name=\"twitter:card\" content=\"summary_large_image\" \/>\n<meta name=\"twitter:label1\" content=\"Tiempo de lectura\" \/>\n\t<meta name=\"twitter:data1\" content=\"3 minutos\" \/>\n<script type=\"application\/ld+json\" class=\"yoast-schema-graph\">{\"@context\":\"https:\/\/schema.org\",\"@graph\":[{\"@type\":\"WebPage\",\"@id\":\"https:\/\/aivlisoft.net\/shop\/producto\/hiditec-semitorre-v30-pro-argb-cristal-templado\/\",\"url\":\"https:\/\/aivlisoft.net\/shop\/producto\/hiditec-semitorre-v30-pro-argb-cristal-templado\/\",\"name\":\"Hiditec Semitorre V30 PRO ARGB CRISTAL TEMPLADO - Aivlisoft Inform\u00e1tica\",\"isPartOf\":{\"@id\":\"https:\/\/aivlisoft.net\/shop\/#website\"},\"primaryImageOfPage\":{\"@id\":\"https:\/\/aivlisoft.net\/shop\/producto\/hiditec-semitorre-v30-pro-argb-cristal-templado\/#primaryimage\"},\"image\":{\"@id\":\"https:\/\/aivlisoft.net\/shop\/producto\/hiditec-semitorre-v30-pro-argb-cristal-templado\/#primaryimage\"},\"thumbnailUrl\":\"https:\/\/aivlisoft.net\/shop\/wp-content\/uploads\/2025\/01\/ICACSM0630_800.jpg\",\"datePublished\":\"2025-01-13T14:28:24+00:00\",\"dateModified\":\"2025-01-14T11:07:34+00:00\",\"breadcrumb\":{\"@id\":\"https:\/\/aivlisoft.net\/shop\/producto\/hiditec-semitorre-v30-pro-argb-cristal-templado\/#breadcrumb\"},\"inLanguage\":\"es\",\"potentialAction\":[{\"@type\":\"ReadAction\",\"target\":[\"https:\/\/aivlisoft.net\/shop\/producto\/hiditec-semitorre-v30-pro-argb-cristal-templado\/\"]}]},{\"@type\":\"ImageObject\",\"inLanguage\":\"es\",\"@id\":\"https:\/\/aivlisoft.net\/shop\/producto\/hiditec-semitorre-v30-pro-argb-cristal-templado\/#primaryimage\",\"url\":\"https:\/\/aivlisoft.net\/shop\/wp-content\/uploads\/2025\/01\/ICACSM0630_800.jpg\",\"contentUrl\":\"https:\/\/aivlisoft.net\/shop\/wp-content\/uploads\/2025\/01\/ICACSM0630_800.jpg\",\"width\":800,\"height\":800},{\"@type\":\"BreadcrumbList\",\"@id\":\"https:\/\/aivlisoft.net\/shop\/producto\/hiditec-semitorre-v30-pro-argb-cristal-templado\/#breadcrumb\",\"itemListElement\":[{\"@type\":\"ListItem\",\"position\":1,\"name\":\"Portada\",\"item\":\"https:\/\/aivlisoft.net\/shop\/\"},{\"@type\":\"ListItem\",\"position\":2,\"name\":\"Tienda\",\"item\":\"https:\/\/aivlisoft.net\/shop\/tienda\/\"},{\"@type\":\"ListItem\",\"position\":3,\"name\":\"Hiditec Semitorre V30 PRO ARGB CRISTAL TEMPLADO\"}]},{\"@type\":\"WebSite\",\"@id\":\"https:\/\/aivlisoft.net\/shop\/#website\",\"url\":\"https:\/\/aivlisoft.net\/shop\/\",\"name\":\"Aivlisoft Inform\u00e1tica\",\"description\":\"En Aivlisoft Inform\u00e1tica ofrecemos soluciones tecnol\u00f3gicas para empresas: venta de ordenadores, consumibles, perif\u00e9ricos y m\u00e1s. Calidad, atenci\u00f3n personalizada y los mejores precios para tu negocio.\",\"publisher\":{\"@id\":\"https:\/\/aivlisoft.net\/shop\/#organization\"},\"potentialAction\":[{\"@type\":\"SearchAction\",\"target\":{\"@type\":\"EntryPoint\",\"urlTemplate\":\"https:\/\/aivlisoft.net\/shop\/?s={search_term_string}\"},\"query-input\":{\"@type\":\"PropertyValueSpecification\",\"valueRequired\":true,\"valueName\":\"search_term_string\"}}],\"inLanguage\":\"es\"},{\"@type\":\"Organization\",\"@id\":\"https:\/\/aivlisoft.net\/shop\/#organization\",\"name\":\"Aivlisoft Inform\u00e1tica\",\"url\":\"https:\/\/aivlisoft.net\/shop\/\",\"logo\":{\"@type\":\"ImageObject\",\"inLanguage\":\"es\",\"@id\":\"https:\/\/aivlisoft.net\/shop\/#\/schema\/logo\/image\/\",\"url\":\"https:\/\/aivlisoft.net\/shop\/wp-content\/uploads\/2024\/12\/removal.ai_5b848c54-0cdf-4140-95c5-c5536bb7573b-logodef.png\",\"contentUrl\":\"https:\/\/aivlisoft.net\/shop\/wp-content\/uploads\/2024\/12\/removal.ai_5b848c54-0cdf-4140-95c5-c5536bb7573b-logodef.png\",\"width\":484,\"height\":182,\"caption\":\"Aivlisoft Inform\u00e1tica\"},\"image\":{\"@id\":\"https:\/\/aivlisoft.net\/shop\/#\/schema\/logo\/image\/\"}}]}<\/script>\n<!-- \/ Yoast SEO plugin. -->","yoast_head_json":{"title":"Hiditec Semitorre V30 PRO ARGB CRISTAL TEMPLADO - Aivlisoft Inform\u00e1tica","robots":{"index":"index","follow":"follow","max-snippet":"max-snippet:-1","max-image-preview":"max-image-preview:large","max-video-preview":"max-video-preview:-1"},"canonical":"https:\/\/aivlisoft.net\/shop\/producto\/hiditec-semitorre-v30-pro-argb-cristal-templado\/","og_locale":"es_ES","og_type":"article","og_title":"Hiditec Semitorre V30 PRO ARGB CRISTAL TEMPLADO - Aivlisoft Inform\u00e1tica","og_description":"Espectacular dise&ntilde;o con iluminaci&oacute;n Hexagonal ARGB y cristal templadoV30 incorpora iluminaci&oacute;n HEXAGONAL ARGB en su frontal y tiene capacidad para 6 ventiladores ARGB. La ventana lateral es de cristal templado de 4mm al igual que su frontal y cuenta con compartimento independiente para la fuente de alimentaci&oacute;n. Sistema de iluminaci&oacute;n HEXAGONAL ARGBV30 ARGB incorpora de&hellip;&nbsp;Hiditec Semitorre V30 PRO ARGB CRISTAL TEMPLADO","og_url":"https:\/\/aivlisoft.net\/shop\/producto\/hiditec-semitorre-v30-pro-argb-cristal-templado\/","og_site_name":"Aivlisoft Inform\u00e1tica","article_modified_time":"2025-01-14T11:07:34+00:00","og_image":[{"width":800,"height":800,"url":"https:\/\/aivlisoft.net\/shop\/wp-content\/uploads\/2025\/01\/ICACSM0630_800.jpg","type":"image\/jpeg"}],"twitter_card":"summary_large_image","twitter_misc":{"Tiempo de lectura":"3 minutos"},"schema":{"@context":"https:\/\/schema.org","@graph":[{"@type":"WebPage","@id":"https:\/\/aivlisoft.net\/shop\/producto\/hiditec-semitorre-v30-pro-argb-cristal-templado\/","url":"https:\/\/aivlisoft.net\/shop\/producto\/hiditec-semitorre-v30-pro-argb-cristal-templado\/","name":"Hiditec Semitorre V30 PRO ARGB CRISTAL TEMPLADO - Aivlisoft Inform\u00e1tica","isPartOf":{"@id":"https:\/\/aivlisoft.net\/shop\/#website"},"primaryImageOfPage":{"@id":"https:\/\/aivlisoft.net\/shop\/producto\/hiditec-semitorre-v30-pro-argb-cristal-templado\/#primaryimage"},"image":{"@id":"https:\/\/aivlisoft.net\/shop\/producto\/hiditec-semitorre-v30-pro-argb-cristal-templado\/#primaryimage"},"thumbnailUrl":"https:\/\/aivlisoft.net\/shop\/wp-content\/uploads\/2025\/01\/ICACSM0630_800.jpg","datePublished":"2025-01-13T14:28:24+00:00","dateModified":"2025-01-14T11:07:34+00:00","breadcrumb":{"@id":"https:\/\/aivlisoft.net\/shop\/producto\/hiditec-semitorre-v30-pro-argb-cristal-templado\/#breadcrumb"},"inLanguage":"es","potentialAction":[{"@type":"ReadAction","target":["https:\/\/aivlisoft.net\/shop\/producto\/hiditec-semitorre-v30-pro-argb-cristal-templado\/"]}]},{"@type":"ImageObject","inLanguage":"es","@id":"https:\/\/aivlisoft.net\/shop\/producto\/hiditec-semitorre-v30-pro-argb-cristal-templado\/#primaryimage","url":"https:\/\/aivlisoft.net\/shop\/wp-content\/uploads\/2025\/01\/ICACSM0630_800.jpg","contentUrl":"https:\/\/aivlisoft.net\/shop\/wp-content\/uploads\/2025\/01\/ICACSM0630_800.jpg","width":800,"height":800},{"@type":"BreadcrumbList","@id":"https:\/\/aivlisoft.net\/shop\/producto\/hiditec-semitorre-v30-pro-argb-cristal-templado\/#breadcrumb","itemListElement":[{"@type":"ListItem","position":1,"name":"Portada","item":"https:\/\/aivlisoft.net\/shop\/"},{"@type":"ListItem","position":2,"name":"Tienda","item":"https:\/\/aivlisoft.net\/shop\/tienda\/"},{"@type":"ListItem","position":3,"name":"Hiditec Semitorre V30 PRO ARGB CRISTAL TEMPLADO"}]},{"@type":"WebSite","@id":"https:\/\/aivlisoft.net\/shop\/#website","url":"https:\/\/aivlisoft.net\/shop\/","name":"Aivlisoft Inform\u00e1tica","description":"En Aivlisoft Inform\u00e1tica ofrecemos soluciones tecnol\u00f3gicas para empresas: venta de ordenadores, consumibles, perif\u00e9ricos y m\u00e1s. Calidad, atenci\u00f3n personalizada y los mejores precios para tu negocio.","publisher":{"@id":"https:\/\/aivlisoft.net\/shop\/#organization"},"potentialAction":[{"@type":"SearchAction","target":{"@type":"EntryPoint","urlTemplate":"https:\/\/aivlisoft.net\/shop\/?s={search_term_string}"},"query-input":{"@type":"PropertyValueSpecification","valueRequired":true,"valueName":"search_term_string"}}],"inLanguage":"es"},{"@type":"Organization","@id":"https:\/\/aivlisoft.net\/shop\/#organization","name":"Aivlisoft Inform\u00e1tica","url":"https:\/\/aivlisoft.net\/shop\/","logo":{"@type":"ImageObject","inLanguage":"es","@id":"https:\/\/aivlisoft.net\/shop\/#\/schema\/logo\/image\/","url":"https:\/\/aivlisoft.net\/shop\/wp-content\/uploads\/2024\/12\/removal.ai_5b848c54-0cdf-4140-95c5-c5536bb7573b-logodef.png","contentUrl":"https:\/\/aivlisoft.net\/shop\/wp-content\/uploads\/2024\/12\/removal.ai_5b848c54-0cdf-4140-95c5-c5536bb7573b-logodef.png","width":484,"height":182,"caption":"Aivlisoft Inform\u00e1tica"},"image":{"@id":"https:\/\/aivlisoft.net\/shop\/#\/schema\/logo\/image\/"}}]}},"_links":{"self":[{"href":"https:\/\/aivlisoft.net\/shop\/wp-json\/wp\/v2\/product\/12946","targetHints":{"allow":["GET"]}}],"collection":[{"href":"https:\/\/aivlisoft.net\/shop\/wp-json\/wp\/v2\/product"}],"about":[{"href":"https:\/\/aivlisoft.net\/shop\/wp-json\/wp\/v2\/types\/product"}],"wp:featuredmedia":[{"embeddable":true,"href":"https:\/\/aivlisoft.net\/shop\/wp-json\/wp\/v2\/media\/12947"}],"wp:attachment":[{"href":"https:\/\/aivlisoft.net\/shop\/wp-json\/wp\/v2\/media?parent=12946"}],"wp:term":[{"taxonomy":"product_brand","embeddable":true,"href":"https:\/\/aivlisoft.net\/shop\/wp-json\/wp\/v2\/product_brand?post=12946"},{"taxonomy":"product_cat","embeddable":true,"href":"https:\/\/aivlisoft.net\/shop\/wp-json\/wp\/v2\/product_cat?post=12946"},{"taxonomy":"product_tag","embeddable":true,"href":"https:\/\/aivlisoft.net\/shop\/wp-json\/wp\/v2\/product_tag?post=12946"}],"curies":[{"name":"wp","href":"https:\/\/api.w.org\/{rel}","templated":true}]}}