{"id":12714,"date":"2025-01-13T14:26:13","date_gmt":"2025-01-13T14:26:13","guid":{"rendered":"https:\/\/aivlisoft.com\/?post_type=product&#038;p=12714"},"modified":"2025-01-14T11:06:14","modified_gmt":"2025-01-14T11:06:14","slug":"hiditec-d-1-multiplataforma-sin-fuente","status":"publish","type":"product","link":"https:\/\/aivlisoft.net\/shop\/producto\/hiditec-d-1-multiplataforma-sin-fuente\/","title":{"rendered":"Hiditec D-1 Multiplataforma sin fuente"},"content":{"rendered":"<p>&nbsp;<\/p>\n<table class=\"tabla_caracteristicas k-table\" width=\"100%\">\n<tr>\n<td><strong>Marca<\/strong><\/td>\n<td>Hiditec<\/td>\n<\/tr>\n<tr>\n<td><strong>Modelo<\/strong><\/td>\n<td><strong>D170D10003<\/strong><\/td>\n<\/tr>\n<tr>\n<td valign=\"top\"><strong>Bah&iacute;as<\/strong><\/td>\n<td>&#8211; 1 x 3.5&quot;<br \/>\t\t\t&#8211; 1 x 2.5&quot;<\/td>\n<\/tr>\n<tr>\n<td valign=\"top\"><strong>Conexiones<\/strong><\/td>\n<td>&#8211; Entrada de audio<br \/>\t\t\t&#8211; Salida de audio<br \/>\t\t\t&#8211; 2 x puertos USB 2.0<\/td>\n<\/tr>\n<tr>\n<td valign=\"top\"><strong>Caracteristicas<\/strong><\/td>\n<td>&#8211; Hasta 27&quot;<br \/>\t\t\t&#8211; Form factor: Mini-ITX<br \/>\t\t\t&#8211; Bot&oacute;n de restaurar: Si<br \/>\t\t\t&#8211; Material: ABS sint&eacute;ticos, SECC<br \/>\t\t\t<strong>Almacenamiento<\/strong><br \/>\t\t\t&#8211; Tama&ntilde;os de disco duro soportados: 2.5&quot;<br \/>\t\t\t&#8211; N&uacute;mero de HDDs soportados: 1<br \/>\t\t\t<strong>Fuente de alimentaci&oacute;n<\/strong><br \/>\t\t\t&#8211; Fuente de alimentaci&oacute;n NO incluida<br \/>\t\t\t&#8211; Ubicaci&oacute;n de fuente de alimentaci&oacute;n: Fondo<br \/>\t\t\t&#8211; N&uacute;mero de conectores SATA: 2<br \/>\t\t\t&#8211; Conector de poder ATX (20 + 4 pin): Si<br \/>\t\t\t&#8211; Funciones de protecci&oacute;n: Sobreintensidad, Sobretensi&oacute;n, Sobrevoltaje, Sobrecarga<br \/>\t\t\t<strong>Peso y dimensiones<\/strong><br \/>\t\t\t&#8211; Ancho: 270 mm<br \/>\t\t\t&#8211; Profundidad: 75 mm<br \/>\t\t\t&#8211; Altura: 402 mm<br \/>\t\t\t&#8211; Peso: 500 g<br \/>\t\t\t&#8211; Certificado Energy Star: Si<\/td>\n<\/tr>\n<tr>\n<td><strong>Fecha de revisi&oacute;n<\/strong><\/td>\n<td>14-11-2022 por MPM<\/td>\n<\/tr>\n<\/table>\n","protected":false},"excerpt":{"rendered":"<p>&nbsp; Marca Hiditec Modelo D170D10003 Bah&iacute;as &#8211; 1 x 3.5&quot; &#8211; 1 x 2.5&quot; Conexiones &#8211; Entrada de audio &#8211; Salida de audio &#8211; 2 x puertos USB 2.0 Caracteristicas &#8211; Hasta 27&quot; &#8211; Form factor: Mini-ITX &#8211; Bot&oacute;n de restaurar: Si &#8211; Material: ABS sint&eacute;ticos, SECC Almacenamiento &#8211; Tama&ntilde;os de disco duro soportados: 2.5&quot;&hellip;&nbsp;<a href=\"https:\/\/aivlisoft.net\/shop\/producto\/hiditec-d-1-multiplataforma-sin-fuente\/\" rel=\"bookmark\"><span class=\"screen-reader-text\">Hiditec D-1 Multiplataforma sin fuente<\/span><\/a><\/p>\n","protected":false},"featured_media":12715,"template":"","meta":{"neve_meta_sidebar":"","neve_meta_container":"","neve_meta_enable_content_width":"","neve_meta_content_width":0,"neve_meta_title_alignment":"","neve_meta_author_avatar":"","neve_post_elements_order":"","neve_meta_disable_header":"","neve_meta_disable_footer":"","neve_meta_disable_title":""},"product_brand":[],"product_cat":[8728],"product_tag":[4962],"class_list":{"0":"post-12714","1":"product","2":"type-product","3":"status-publish","4":"has-post-thumbnail","6":"product_cat-minitorre-y-microtorre","7":"product_tag-d170d10003","9":"first","10":"instock","11":"taxable","12":"shipping-taxable","13":"purchasable","14":"product-type-simple"},"yoast_head":"<!-- This site is optimized with the Yoast SEO plugin v26.0 - https:\/\/yoast.com\/wordpress\/plugins\/seo\/ -->\n<title>Hiditec D-1 Multiplataforma sin fuente - Aivlisoft Inform\u00e1tica<\/title>\n<meta name=\"robots\" content=\"index, follow, max-snippet:-1, max-image-preview:large, max-video-preview:-1\" \/>\n<link rel=\"canonical\" href=\"https:\/\/aivlisoft.net\/shop\/producto\/hiditec-d-1-multiplataforma-sin-fuente\/\" \/>\n<meta property=\"og:locale\" content=\"es_ES\" \/>\n<meta property=\"og:type\" content=\"article\" \/>\n<meta property=\"og:title\" content=\"Hiditec D-1 Multiplataforma sin fuente - Aivlisoft Inform\u00e1tica\" \/>\n<meta property=\"og:description\" content=\"&nbsp; Marca Hiditec Modelo D170D10003 Bah&iacute;as &#8211; 1 x 3.5&quot; &#8211; 1 x 2.5&quot; Conexiones &#8211; Entrada de audio &#8211; Salida de audio &#8211; 2 x puertos USB 2.0 Caracteristicas &#8211; Hasta 27&quot; &#8211; Form factor: Mini-ITX &#8211; Bot&oacute;n de restaurar: Si &#8211; Material: ABS sint&eacute;ticos, SECC Almacenamiento &#8211; Tama&ntilde;os de disco duro soportados: 2.5&quot;&hellip;&nbsp;Hiditec D-1 Multiplataforma sin fuente\" \/>\n<meta property=\"og:url\" content=\"https:\/\/aivlisoft.net\/shop\/producto\/hiditec-d-1-multiplataforma-sin-fuente\/\" \/>\n<meta property=\"og:site_name\" content=\"Aivlisoft Inform\u00e1tica\" \/>\n<meta property=\"article:modified_time\" content=\"2025-01-14T11:06:14+00:00\" \/>\n<meta property=\"og:image\" content=\"https:\/\/aivlisoft.net\/shop\/wp-content\/uploads\/2025\/01\/ICACMM0262_800.jpg\" \/>\n\t<meta property=\"og:image:width\" content=\"800\" \/>\n\t<meta property=\"og:image:height\" content=\"800\" \/>\n\t<meta property=\"og:image:type\" content=\"image\/jpeg\" \/>\n<meta name=\"twitter:card\" content=\"summary_large_image\" \/>\n<meta name=\"twitter:label1\" content=\"Tiempo de lectura\" \/>\n\t<meta name=\"twitter:data1\" content=\"1 minuto\" \/>\n<script type=\"application\/ld+json\" class=\"yoast-schema-graph\">{\"@context\":\"https:\/\/schema.org\",\"@graph\":[{\"@type\":\"WebPage\",\"@id\":\"https:\/\/aivlisoft.net\/shop\/producto\/hiditec-d-1-multiplataforma-sin-fuente\/\",\"url\":\"https:\/\/aivlisoft.net\/shop\/producto\/hiditec-d-1-multiplataforma-sin-fuente\/\",\"name\":\"Hiditec D-1 Multiplataforma sin fuente - Aivlisoft Inform\u00e1tica\",\"isPartOf\":{\"@id\":\"https:\/\/aivlisoft.net\/shop\/#website\"},\"primaryImageOfPage\":{\"@id\":\"https:\/\/aivlisoft.net\/shop\/producto\/hiditec-d-1-multiplataforma-sin-fuente\/#primaryimage\"},\"image\":{\"@id\":\"https:\/\/aivlisoft.net\/shop\/producto\/hiditec-d-1-multiplataforma-sin-fuente\/#primaryimage\"},\"thumbnailUrl\":\"https:\/\/aivlisoft.net\/shop\/wp-content\/uploads\/2025\/01\/ICACMM0262_800.jpg\",\"datePublished\":\"2025-01-13T14:26:13+00:00\",\"dateModified\":\"2025-01-14T11:06:14+00:00\",\"breadcrumb\":{\"@id\":\"https:\/\/aivlisoft.net\/shop\/producto\/hiditec-d-1-multiplataforma-sin-fuente\/#breadcrumb\"},\"inLanguage\":\"es\",\"potentialAction\":[{\"@type\":\"ReadAction\",\"target\":[\"https:\/\/aivlisoft.net\/shop\/producto\/hiditec-d-1-multiplataforma-sin-fuente\/\"]}]},{\"@type\":\"ImageObject\",\"inLanguage\":\"es\",\"@id\":\"https:\/\/aivlisoft.net\/shop\/producto\/hiditec-d-1-multiplataforma-sin-fuente\/#primaryimage\",\"url\":\"https:\/\/aivlisoft.net\/shop\/wp-content\/uploads\/2025\/01\/ICACMM0262_800.jpg\",\"contentUrl\":\"https:\/\/aivlisoft.net\/shop\/wp-content\/uploads\/2025\/01\/ICACMM0262_800.jpg\",\"width\":800,\"height\":800},{\"@type\":\"BreadcrumbList\",\"@id\":\"https:\/\/aivlisoft.net\/shop\/producto\/hiditec-d-1-multiplataforma-sin-fuente\/#breadcrumb\",\"itemListElement\":[{\"@type\":\"ListItem\",\"position\":1,\"name\":\"Portada\",\"item\":\"https:\/\/aivlisoft.net\/shop\/\"},{\"@type\":\"ListItem\",\"position\":2,\"name\":\"Tienda\",\"item\":\"https:\/\/aivlisoft.net\/shop\/tienda\/\"},{\"@type\":\"ListItem\",\"position\":3,\"name\":\"Hiditec D-1 Multiplataforma sin fuente\"}]},{\"@type\":\"WebSite\",\"@id\":\"https:\/\/aivlisoft.net\/shop\/#website\",\"url\":\"https:\/\/aivlisoft.net\/shop\/\",\"name\":\"Aivlisoft Inform\u00e1tica\",\"description\":\"En Aivlisoft Inform\u00e1tica ofrecemos soluciones tecnol\u00f3gicas para empresas: venta de ordenadores, consumibles, perif\u00e9ricos y m\u00e1s. Calidad, atenci\u00f3n personalizada y los mejores precios para tu negocio.\",\"publisher\":{\"@id\":\"https:\/\/aivlisoft.net\/shop\/#organization\"},\"potentialAction\":[{\"@type\":\"SearchAction\",\"target\":{\"@type\":\"EntryPoint\",\"urlTemplate\":\"https:\/\/aivlisoft.net\/shop\/?s={search_term_string}\"},\"query-input\":{\"@type\":\"PropertyValueSpecification\",\"valueRequired\":true,\"valueName\":\"search_term_string\"}}],\"inLanguage\":\"es\"},{\"@type\":\"Organization\",\"@id\":\"https:\/\/aivlisoft.net\/shop\/#organization\",\"name\":\"Aivlisoft Inform\u00e1tica\",\"url\":\"https:\/\/aivlisoft.net\/shop\/\",\"logo\":{\"@type\":\"ImageObject\",\"inLanguage\":\"es\",\"@id\":\"https:\/\/aivlisoft.net\/shop\/#\/schema\/logo\/image\/\",\"url\":\"https:\/\/aivlisoft.net\/shop\/wp-content\/uploads\/2024\/12\/removal.ai_5b848c54-0cdf-4140-95c5-c5536bb7573b-logodef.png\",\"contentUrl\":\"https:\/\/aivlisoft.net\/shop\/wp-content\/uploads\/2024\/12\/removal.ai_5b848c54-0cdf-4140-95c5-c5536bb7573b-logodef.png\",\"width\":484,\"height\":182,\"caption\":\"Aivlisoft Inform\u00e1tica\"},\"image\":{\"@id\":\"https:\/\/aivlisoft.net\/shop\/#\/schema\/logo\/image\/\"}}]}<\/script>\n<!-- \/ Yoast SEO plugin. -->","yoast_head_json":{"title":"Hiditec D-1 Multiplataforma sin fuente - Aivlisoft Inform\u00e1tica","robots":{"index":"index","follow":"follow","max-snippet":"max-snippet:-1","max-image-preview":"max-image-preview:large","max-video-preview":"max-video-preview:-1"},"canonical":"https:\/\/aivlisoft.net\/shop\/producto\/hiditec-d-1-multiplataforma-sin-fuente\/","og_locale":"es_ES","og_type":"article","og_title":"Hiditec D-1 Multiplataforma sin fuente - Aivlisoft Inform\u00e1tica","og_description":"&nbsp; Marca Hiditec Modelo D170D10003 Bah&iacute;as &#8211; 1 x 3.5&quot; &#8211; 1 x 2.5&quot; Conexiones &#8211; Entrada de audio &#8211; Salida de audio &#8211; 2 x puertos USB 2.0 Caracteristicas &#8211; Hasta 27&quot; &#8211; Form factor: Mini-ITX &#8211; Bot&oacute;n de restaurar: Si &#8211; Material: ABS sint&eacute;ticos, SECC Almacenamiento &#8211; Tama&ntilde;os de disco duro soportados: 2.5&quot;&hellip;&nbsp;Hiditec D-1 Multiplataforma sin fuente","og_url":"https:\/\/aivlisoft.net\/shop\/producto\/hiditec-d-1-multiplataforma-sin-fuente\/","og_site_name":"Aivlisoft Inform\u00e1tica","article_modified_time":"2025-01-14T11:06:14+00:00","og_image":[{"width":800,"height":800,"url":"https:\/\/aivlisoft.net\/shop\/wp-content\/uploads\/2025\/01\/ICACMM0262_800.jpg","type":"image\/jpeg"}],"twitter_card":"summary_large_image","twitter_misc":{"Tiempo de lectura":"1 minuto"},"schema":{"@context":"https:\/\/schema.org","@graph":[{"@type":"WebPage","@id":"https:\/\/aivlisoft.net\/shop\/producto\/hiditec-d-1-multiplataforma-sin-fuente\/","url":"https:\/\/aivlisoft.net\/shop\/producto\/hiditec-d-1-multiplataforma-sin-fuente\/","name":"Hiditec D-1 Multiplataforma sin fuente - Aivlisoft Inform\u00e1tica","isPartOf":{"@id":"https:\/\/aivlisoft.net\/shop\/#website"},"primaryImageOfPage":{"@id":"https:\/\/aivlisoft.net\/shop\/producto\/hiditec-d-1-multiplataforma-sin-fuente\/#primaryimage"},"image":{"@id":"https:\/\/aivlisoft.net\/shop\/producto\/hiditec-d-1-multiplataforma-sin-fuente\/#primaryimage"},"thumbnailUrl":"https:\/\/aivlisoft.net\/shop\/wp-content\/uploads\/2025\/01\/ICACMM0262_800.jpg","datePublished":"2025-01-13T14:26:13+00:00","dateModified":"2025-01-14T11:06:14+00:00","breadcrumb":{"@id":"https:\/\/aivlisoft.net\/shop\/producto\/hiditec-d-1-multiplataforma-sin-fuente\/#breadcrumb"},"inLanguage":"es","potentialAction":[{"@type":"ReadAction","target":["https:\/\/aivlisoft.net\/shop\/producto\/hiditec-d-1-multiplataforma-sin-fuente\/"]}]},{"@type":"ImageObject","inLanguage":"es","@id":"https:\/\/aivlisoft.net\/shop\/producto\/hiditec-d-1-multiplataforma-sin-fuente\/#primaryimage","url":"https:\/\/aivlisoft.net\/shop\/wp-content\/uploads\/2025\/01\/ICACMM0262_800.jpg","contentUrl":"https:\/\/aivlisoft.net\/shop\/wp-content\/uploads\/2025\/01\/ICACMM0262_800.jpg","width":800,"height":800},{"@type":"BreadcrumbList","@id":"https:\/\/aivlisoft.net\/shop\/producto\/hiditec-d-1-multiplataforma-sin-fuente\/#breadcrumb","itemListElement":[{"@type":"ListItem","position":1,"name":"Portada","item":"https:\/\/aivlisoft.net\/shop\/"},{"@type":"ListItem","position":2,"name":"Tienda","item":"https:\/\/aivlisoft.net\/shop\/tienda\/"},{"@type":"ListItem","position":3,"name":"Hiditec D-1 Multiplataforma sin fuente"}]},{"@type":"WebSite","@id":"https:\/\/aivlisoft.net\/shop\/#website","url":"https:\/\/aivlisoft.net\/shop\/","name":"Aivlisoft Inform\u00e1tica","description":"En Aivlisoft Inform\u00e1tica ofrecemos soluciones tecnol\u00f3gicas para empresas: venta de ordenadores, consumibles, perif\u00e9ricos y m\u00e1s. Calidad, atenci\u00f3n personalizada y los mejores precios para tu negocio.","publisher":{"@id":"https:\/\/aivlisoft.net\/shop\/#organization"},"potentialAction":[{"@type":"SearchAction","target":{"@type":"EntryPoint","urlTemplate":"https:\/\/aivlisoft.net\/shop\/?s={search_term_string}"},"query-input":{"@type":"PropertyValueSpecification","valueRequired":true,"valueName":"search_term_string"}}],"inLanguage":"es"},{"@type":"Organization","@id":"https:\/\/aivlisoft.net\/shop\/#organization","name":"Aivlisoft Inform\u00e1tica","url":"https:\/\/aivlisoft.net\/shop\/","logo":{"@type":"ImageObject","inLanguage":"es","@id":"https:\/\/aivlisoft.net\/shop\/#\/schema\/logo\/image\/","url":"https:\/\/aivlisoft.net\/shop\/wp-content\/uploads\/2024\/12\/removal.ai_5b848c54-0cdf-4140-95c5-c5536bb7573b-logodef.png","contentUrl":"https:\/\/aivlisoft.net\/shop\/wp-content\/uploads\/2024\/12\/removal.ai_5b848c54-0cdf-4140-95c5-c5536bb7573b-logodef.png","width":484,"height":182,"caption":"Aivlisoft Inform\u00e1tica"},"image":{"@id":"https:\/\/aivlisoft.net\/shop\/#\/schema\/logo\/image\/"}}]}},"_links":{"self":[{"href":"https:\/\/aivlisoft.net\/shop\/wp-json\/wp\/v2\/product\/12714","targetHints":{"allow":["GET"]}}],"collection":[{"href":"https:\/\/aivlisoft.net\/shop\/wp-json\/wp\/v2\/product"}],"about":[{"href":"https:\/\/aivlisoft.net\/shop\/wp-json\/wp\/v2\/types\/product"}],"wp:featuredmedia":[{"embeddable":true,"href":"https:\/\/aivlisoft.net\/shop\/wp-json\/wp\/v2\/media\/12715"}],"wp:attachment":[{"href":"https:\/\/aivlisoft.net\/shop\/wp-json\/wp\/v2\/media?parent=12714"}],"wp:term":[{"taxonomy":"product_brand","embeddable":true,"href":"https:\/\/aivlisoft.net\/shop\/wp-json\/wp\/v2\/product_brand?post=12714"},{"taxonomy":"product_cat","embeddable":true,"href":"https:\/\/aivlisoft.net\/shop\/wp-json\/wp\/v2\/product_cat?post=12714"},{"taxonomy":"product_tag","embeddable":true,"href":"https:\/\/aivlisoft.net\/shop\/wp-json\/wp\/v2\/product_tag?post=12714"}],"curies":[{"name":"wp","href":"https:\/\/api.w.org\/{rel}","templated":true}]}}