{"id":12504,"date":"2025-01-13T14:24:18","date_gmt":"2025-01-13T14:24:18","guid":{"rendered":"https:\/\/aivlisoft.com\/?post_type=product&#038;p=12504"},"modified":"2025-01-14T21:55:40","modified_gmt":"2025-01-14T21:55:40","slug":"seagate-firecuda-530r-hs-ssd-4tb-m-2-pcie-gen4-x4","status":"publish","type":"product","link":"https:\/\/aivlisoft.net\/shop\/producto\/seagate-firecuda-530r-hs-ssd-4tb-m-2-pcie-gen4-x4\/","title":{"rendered":"Seagate FireCuda 530R HS SSD 4TB M.2 PCIe Gen4 x4"},"content":{"rendered":"<p><\/p>\n<table class=\"tabla_caracteristicas k-table\" width=\"100%\">\n<tr>\n<td><strong>Marca<\/strong><\/td>\n<td>Seagate<\/td>\n<\/tr>\n<tr>\n<td><strong>Modelo<\/strong><\/td>\n<td><strong>ZP4000GM3A073<\/strong><\/td>\n<\/tr>\n<tr>\n<td><strong>Tipo<\/strong><\/td>\n<td>Disco Duro S&oacute;lido (SSD)<\/td>\n<\/tr>\n<tr>\n<td><strong>Capacidad<\/strong><\/td>\n<td><strong>&#8211; 4 TB<\/strong><\/td>\n<\/tr>\n<tr>\n<td><strong>Conexi&oacute;n<\/strong><\/td>\n<td>&#8211; PCIe &times;4 de 4ta. gen., NVMe 1.4<\/td>\n<\/tr>\n<tr>\n<td><strong>Tama&ntilde;o<\/strong><\/td>\n<td>&#8211; M.2 2280-D2<\/td>\n<\/tr>\n<tr>\n<td valign=\"top\"><strong>Velocidad<\/strong><\/td>\n<td>\n<div>&#8211; Lectura secuencial: 7.400 MB\/s<br \/>\t\t\t&#8211; Escritura secuencial: 6.800 MB\/s<br \/>\t\t\t&#8211; Lectura aleatoria (IOPS m&aacute;x.), 4 KB QD32 T8:&nbsp;1 300 000 IOPS<br \/>\t\t\t&#8211; Escritura aleatoria (m&aacute;xima, IOPS), 4 KB QD32 T8: 1 300 000 IOPS<\/div>\n<\/td>\n<\/tr>\n<tr>\n<td valign=\"top\"><strong>Otras caracter&iacute;sticas<\/strong><\/td>\n<td>\n<div>&#8211; Total de bytes escritos (TB): 5.050<br \/>\t\t\t&#8211; Tiempo medio entre fallos (MTBF, horas): 1 800 000 h<br \/>\t\t\t<strong>Alimentaci&oacute;n<\/strong><br \/>\t\t\t&#8211; Consumo de energ&iacute;a en funcionamiento, promedio (W): 8,9 W<br \/>\t\t\t&#8211; Consumo de energ&iacute;a en reposo en PS3, media (mW): 29 W<br \/>\t\t\t&#8211; Modo de bajo consumo de corriente L1.2 (mW): &lt;5<br \/>\t\t\t<strong>Dimensiones y peso<\/strong><br \/>\t\t\t&#8211; 80,85 x 24,22 x 11,10 mm<br \/>\t\t\t&#8211; 49 g<\/div>\n<\/td>\n<\/tr>\n<tr>\n<td><strong>Fecha de revisi&oacute;n<\/strong><\/td>\n<td>27-06-2024 por RTY<\/td>\n<\/tr>\n<\/table>\n","protected":false},"excerpt":{"rendered":"<p>Marca Seagate Modelo ZP4000GM3A073 Tipo Disco Duro S&oacute;lido (SSD) Capacidad &#8211; 4 TB Conexi&oacute;n &#8211; PCIe &times;4 de 4ta. gen., NVMe 1.4 Tama&ntilde;o &#8211; M.2 2280-D2 Velocidad &#8211; Lectura secuencial: 7.400 MB\/s &#8211; Escritura secuencial: 6.800 MB\/s &#8211; Lectura aleatoria (IOPS m&aacute;x.), 4 KB QD32 T8:&nbsp;1 300 000 IOPS &#8211; Escritura aleatoria (m&aacute;xima, IOPS), 4&hellip;&nbsp;<a href=\"https:\/\/aivlisoft.net\/shop\/producto\/seagate-firecuda-530r-hs-ssd-4tb-m-2-pcie-gen4-x4\/\" rel=\"bookmark\"><span class=\"screen-reader-text\">Seagate FireCuda 530R HS SSD 4TB M.2 PCIe Gen4 x4<\/span><\/a><\/p>\n","protected":false},"featured_media":12505,"template":"","meta":{"neve_meta_sidebar":"","neve_meta_container":"","neve_meta_enable_content_width":"","neve_meta_content_width":0,"neve_meta_title_alignment":"","neve_meta_author_avatar":"","neve_post_elements_order":"","neve_meta_disable_header":"","neve_meta_disable_footer":"","neve_meta_disable_title":""},"product_brand":[],"product_cat":[15,4578,8796],"product_tag":[4895],"class_list":{"0":"post-12504","1":"product","2":"type-product","3":"status-publish","4":"has-post-thumbnail","6":"product_cat-sin-categorizar","7":"product_cat-almacenamiento-interno","8":"product_cat-componentes-pc","9":"product_tag-zp4000gm3a073","11":"first","12":"instock","13":"taxable","14":"shipping-taxable","15":"purchasable","16":"product-type-simple"},"yoast_head":"<!-- This site is optimized with the Yoast SEO plugin v26.0 - https:\/\/yoast.com\/wordpress\/plugins\/seo\/ -->\n<title>Seagate FireCuda 530R HS SSD 4TB M.2 PCIe Gen4 x4 - Aivlisoft Inform\u00e1tica<\/title>\n<meta name=\"robots\" content=\"index, follow, max-snippet:-1, max-image-preview:large, max-video-preview:-1\" \/>\n<link rel=\"canonical\" href=\"https:\/\/aivlisoft.net\/shop\/producto\/seagate-firecuda-530r-hs-ssd-4tb-m-2-pcie-gen4-x4\/\" \/>\n<meta property=\"og:locale\" content=\"es_ES\" \/>\n<meta property=\"og:type\" content=\"article\" \/>\n<meta property=\"og:title\" content=\"Seagate FireCuda 530R HS SSD 4TB M.2 PCIe Gen4 x4 - Aivlisoft Inform\u00e1tica\" \/>\n<meta property=\"og:description\" content=\"Marca Seagate Modelo ZP4000GM3A073 Tipo Disco Duro S&oacute;lido (SSD) Capacidad &#8211; 4 TB Conexi&oacute;n &#8211; PCIe &times;4 de 4ta. gen., NVMe 1.4 Tama&ntilde;o &#8211; M.2 2280-D2 Velocidad &#8211; Lectura secuencial: 7.400 MB\/s &#8211; Escritura secuencial: 6.800 MB\/s &#8211; Lectura aleatoria (IOPS m&aacute;x.), 4 KB QD32 T8:&nbsp;1 300 000 IOPS &#8211; Escritura aleatoria (m&aacute;xima, IOPS), 4&hellip;&nbsp;Seagate FireCuda 530R HS SSD 4TB M.2 PCIe Gen4 x4\" \/>\n<meta property=\"og:url\" content=\"https:\/\/aivlisoft.net\/shop\/producto\/seagate-firecuda-530r-hs-ssd-4tb-m-2-pcie-gen4-x4\/\" \/>\n<meta property=\"og:site_name\" content=\"Aivlisoft Inform\u00e1tica\" \/>\n<meta property=\"article:modified_time\" content=\"2025-01-14T21:55:40+00:00\" \/>\n<meta property=\"og:image\" content=\"https:\/\/aivlisoft.net\/shop\/wp-content\/uploads\/2025\/01\/IAIDSO0804_800.jpg\" \/>\n\t<meta property=\"og:image:width\" content=\"800\" \/>\n\t<meta property=\"og:image:height\" content=\"800\" \/>\n\t<meta property=\"og:image:type\" content=\"image\/jpeg\" \/>\n<meta name=\"twitter:card\" content=\"summary_large_image\" \/>\n<meta name=\"twitter:label1\" content=\"Tiempo de lectura\" \/>\n\t<meta name=\"twitter:data1\" content=\"1 minuto\" \/>\n<script type=\"application\/ld+json\" class=\"yoast-schema-graph\">{\"@context\":\"https:\/\/schema.org\",\"@graph\":[{\"@type\":\"WebPage\",\"@id\":\"https:\/\/aivlisoft.net\/shop\/producto\/seagate-firecuda-530r-hs-ssd-4tb-m-2-pcie-gen4-x4\/\",\"url\":\"https:\/\/aivlisoft.net\/shop\/producto\/seagate-firecuda-530r-hs-ssd-4tb-m-2-pcie-gen4-x4\/\",\"name\":\"Seagate FireCuda 530R HS SSD 4TB M.2 PCIe Gen4 x4 - Aivlisoft Inform\u00e1tica\",\"isPartOf\":{\"@id\":\"https:\/\/aivlisoft.net\/shop\/#website\"},\"primaryImageOfPage\":{\"@id\":\"https:\/\/aivlisoft.net\/shop\/producto\/seagate-firecuda-530r-hs-ssd-4tb-m-2-pcie-gen4-x4\/#primaryimage\"},\"image\":{\"@id\":\"https:\/\/aivlisoft.net\/shop\/producto\/seagate-firecuda-530r-hs-ssd-4tb-m-2-pcie-gen4-x4\/#primaryimage\"},\"thumbnailUrl\":\"https:\/\/aivlisoft.net\/shop\/wp-content\/uploads\/2025\/01\/IAIDSO0804_800.jpg\",\"datePublished\":\"2025-01-13T14:24:18+00:00\",\"dateModified\":\"2025-01-14T21:55:40+00:00\",\"breadcrumb\":{\"@id\":\"https:\/\/aivlisoft.net\/shop\/producto\/seagate-firecuda-530r-hs-ssd-4tb-m-2-pcie-gen4-x4\/#breadcrumb\"},\"inLanguage\":\"es\",\"potentialAction\":[{\"@type\":\"ReadAction\",\"target\":[\"https:\/\/aivlisoft.net\/shop\/producto\/seagate-firecuda-530r-hs-ssd-4tb-m-2-pcie-gen4-x4\/\"]}]},{\"@type\":\"ImageObject\",\"inLanguage\":\"es\",\"@id\":\"https:\/\/aivlisoft.net\/shop\/producto\/seagate-firecuda-530r-hs-ssd-4tb-m-2-pcie-gen4-x4\/#primaryimage\",\"url\":\"https:\/\/aivlisoft.net\/shop\/wp-content\/uploads\/2025\/01\/IAIDSO0804_800.jpg\",\"contentUrl\":\"https:\/\/aivlisoft.net\/shop\/wp-content\/uploads\/2025\/01\/IAIDSO0804_800.jpg\",\"width\":800,\"height\":800},{\"@type\":\"BreadcrumbList\",\"@id\":\"https:\/\/aivlisoft.net\/shop\/producto\/seagate-firecuda-530r-hs-ssd-4tb-m-2-pcie-gen4-x4\/#breadcrumb\",\"itemListElement\":[{\"@type\":\"ListItem\",\"position\":1,\"name\":\"Portada\",\"item\":\"https:\/\/aivlisoft.net\/shop\/\"},{\"@type\":\"ListItem\",\"position\":2,\"name\":\"Tienda\",\"item\":\"https:\/\/aivlisoft.net\/shop\/tienda\/\"},{\"@type\":\"ListItem\",\"position\":3,\"name\":\"Seagate FireCuda 530R HS SSD 4TB M.2 PCIe Gen4 x4\"}]},{\"@type\":\"WebSite\",\"@id\":\"https:\/\/aivlisoft.net\/shop\/#website\",\"url\":\"https:\/\/aivlisoft.net\/shop\/\",\"name\":\"Aivlisoft Inform\u00e1tica\",\"description\":\"En Aivlisoft Inform\u00e1tica ofrecemos soluciones tecnol\u00f3gicas para empresas: venta de ordenadores, consumibles, perif\u00e9ricos y m\u00e1s. Calidad, atenci\u00f3n personalizada y los mejores precios para tu negocio.\",\"publisher\":{\"@id\":\"https:\/\/aivlisoft.net\/shop\/#organization\"},\"potentialAction\":[{\"@type\":\"SearchAction\",\"target\":{\"@type\":\"EntryPoint\",\"urlTemplate\":\"https:\/\/aivlisoft.net\/shop\/?s={search_term_string}\"},\"query-input\":{\"@type\":\"PropertyValueSpecification\",\"valueRequired\":true,\"valueName\":\"search_term_string\"}}],\"inLanguage\":\"es\"},{\"@type\":\"Organization\",\"@id\":\"https:\/\/aivlisoft.net\/shop\/#organization\",\"name\":\"Aivlisoft Inform\u00e1tica\",\"url\":\"https:\/\/aivlisoft.net\/shop\/\",\"logo\":{\"@type\":\"ImageObject\",\"inLanguage\":\"es\",\"@id\":\"https:\/\/aivlisoft.net\/shop\/#\/schema\/logo\/image\/\",\"url\":\"https:\/\/aivlisoft.net\/shop\/wp-content\/uploads\/2024\/12\/removal.ai_5b848c54-0cdf-4140-95c5-c5536bb7573b-logodef.png\",\"contentUrl\":\"https:\/\/aivlisoft.net\/shop\/wp-content\/uploads\/2024\/12\/removal.ai_5b848c54-0cdf-4140-95c5-c5536bb7573b-logodef.png\",\"width\":484,\"height\":182,\"caption\":\"Aivlisoft Inform\u00e1tica\"},\"image\":{\"@id\":\"https:\/\/aivlisoft.net\/shop\/#\/schema\/logo\/image\/\"}}]}<\/script>\n<!-- \/ Yoast SEO plugin. -->","yoast_head_json":{"title":"Seagate FireCuda 530R HS SSD 4TB M.2 PCIe Gen4 x4 - Aivlisoft Inform\u00e1tica","robots":{"index":"index","follow":"follow","max-snippet":"max-snippet:-1","max-image-preview":"max-image-preview:large","max-video-preview":"max-video-preview:-1"},"canonical":"https:\/\/aivlisoft.net\/shop\/producto\/seagate-firecuda-530r-hs-ssd-4tb-m-2-pcie-gen4-x4\/","og_locale":"es_ES","og_type":"article","og_title":"Seagate FireCuda 530R HS SSD 4TB M.2 PCIe Gen4 x4 - Aivlisoft Inform\u00e1tica","og_description":"Marca Seagate Modelo ZP4000GM3A073 Tipo Disco Duro S&oacute;lido (SSD) Capacidad &#8211; 4 TB Conexi&oacute;n &#8211; PCIe &times;4 de 4ta. gen., NVMe 1.4 Tama&ntilde;o &#8211; M.2 2280-D2 Velocidad &#8211; Lectura secuencial: 7.400 MB\/s &#8211; Escritura secuencial: 6.800 MB\/s &#8211; Lectura aleatoria (IOPS m&aacute;x.), 4 KB QD32 T8:&nbsp;1 300 000 IOPS &#8211; Escritura aleatoria (m&aacute;xima, IOPS), 4&hellip;&nbsp;Seagate FireCuda 530R HS SSD 4TB M.2 PCIe Gen4 x4","og_url":"https:\/\/aivlisoft.net\/shop\/producto\/seagate-firecuda-530r-hs-ssd-4tb-m-2-pcie-gen4-x4\/","og_site_name":"Aivlisoft Inform\u00e1tica","article_modified_time":"2025-01-14T21:55:40+00:00","og_image":[{"width":800,"height":800,"url":"https:\/\/aivlisoft.net\/shop\/wp-content\/uploads\/2025\/01\/IAIDSO0804_800.jpg","type":"image\/jpeg"}],"twitter_card":"summary_large_image","twitter_misc":{"Tiempo de lectura":"1 minuto"},"schema":{"@context":"https:\/\/schema.org","@graph":[{"@type":"WebPage","@id":"https:\/\/aivlisoft.net\/shop\/producto\/seagate-firecuda-530r-hs-ssd-4tb-m-2-pcie-gen4-x4\/","url":"https:\/\/aivlisoft.net\/shop\/producto\/seagate-firecuda-530r-hs-ssd-4tb-m-2-pcie-gen4-x4\/","name":"Seagate FireCuda 530R HS SSD 4TB M.2 PCIe Gen4 x4 - Aivlisoft Inform\u00e1tica","isPartOf":{"@id":"https:\/\/aivlisoft.net\/shop\/#website"},"primaryImageOfPage":{"@id":"https:\/\/aivlisoft.net\/shop\/producto\/seagate-firecuda-530r-hs-ssd-4tb-m-2-pcie-gen4-x4\/#primaryimage"},"image":{"@id":"https:\/\/aivlisoft.net\/shop\/producto\/seagate-firecuda-530r-hs-ssd-4tb-m-2-pcie-gen4-x4\/#primaryimage"},"thumbnailUrl":"https:\/\/aivlisoft.net\/shop\/wp-content\/uploads\/2025\/01\/IAIDSO0804_800.jpg","datePublished":"2025-01-13T14:24:18+00:00","dateModified":"2025-01-14T21:55:40+00:00","breadcrumb":{"@id":"https:\/\/aivlisoft.net\/shop\/producto\/seagate-firecuda-530r-hs-ssd-4tb-m-2-pcie-gen4-x4\/#breadcrumb"},"inLanguage":"es","potentialAction":[{"@type":"ReadAction","target":["https:\/\/aivlisoft.net\/shop\/producto\/seagate-firecuda-530r-hs-ssd-4tb-m-2-pcie-gen4-x4\/"]}]},{"@type":"ImageObject","inLanguage":"es","@id":"https:\/\/aivlisoft.net\/shop\/producto\/seagate-firecuda-530r-hs-ssd-4tb-m-2-pcie-gen4-x4\/#primaryimage","url":"https:\/\/aivlisoft.net\/shop\/wp-content\/uploads\/2025\/01\/IAIDSO0804_800.jpg","contentUrl":"https:\/\/aivlisoft.net\/shop\/wp-content\/uploads\/2025\/01\/IAIDSO0804_800.jpg","width":800,"height":800},{"@type":"BreadcrumbList","@id":"https:\/\/aivlisoft.net\/shop\/producto\/seagate-firecuda-530r-hs-ssd-4tb-m-2-pcie-gen4-x4\/#breadcrumb","itemListElement":[{"@type":"ListItem","position":1,"name":"Portada","item":"https:\/\/aivlisoft.net\/shop\/"},{"@type":"ListItem","position":2,"name":"Tienda","item":"https:\/\/aivlisoft.net\/shop\/tienda\/"},{"@type":"ListItem","position":3,"name":"Seagate FireCuda 530R HS SSD 4TB M.2 PCIe Gen4 x4"}]},{"@type":"WebSite","@id":"https:\/\/aivlisoft.net\/shop\/#website","url":"https:\/\/aivlisoft.net\/shop\/","name":"Aivlisoft Inform\u00e1tica","description":"En Aivlisoft Inform\u00e1tica ofrecemos soluciones tecnol\u00f3gicas para empresas: venta de ordenadores, consumibles, perif\u00e9ricos y m\u00e1s. Calidad, atenci\u00f3n personalizada y los mejores precios para tu negocio.","publisher":{"@id":"https:\/\/aivlisoft.net\/shop\/#organization"},"potentialAction":[{"@type":"SearchAction","target":{"@type":"EntryPoint","urlTemplate":"https:\/\/aivlisoft.net\/shop\/?s={search_term_string}"},"query-input":{"@type":"PropertyValueSpecification","valueRequired":true,"valueName":"search_term_string"}}],"inLanguage":"es"},{"@type":"Organization","@id":"https:\/\/aivlisoft.net\/shop\/#organization","name":"Aivlisoft Inform\u00e1tica","url":"https:\/\/aivlisoft.net\/shop\/","logo":{"@type":"ImageObject","inLanguage":"es","@id":"https:\/\/aivlisoft.net\/shop\/#\/schema\/logo\/image\/","url":"https:\/\/aivlisoft.net\/shop\/wp-content\/uploads\/2024\/12\/removal.ai_5b848c54-0cdf-4140-95c5-c5536bb7573b-logodef.png","contentUrl":"https:\/\/aivlisoft.net\/shop\/wp-content\/uploads\/2024\/12\/removal.ai_5b848c54-0cdf-4140-95c5-c5536bb7573b-logodef.png","width":484,"height":182,"caption":"Aivlisoft Inform\u00e1tica"},"image":{"@id":"https:\/\/aivlisoft.net\/shop\/#\/schema\/logo\/image\/"}}]}},"_links":{"self":[{"href":"https:\/\/aivlisoft.net\/shop\/wp-json\/wp\/v2\/product\/12504","targetHints":{"allow":["GET"]}}],"collection":[{"href":"https:\/\/aivlisoft.net\/shop\/wp-json\/wp\/v2\/product"}],"about":[{"href":"https:\/\/aivlisoft.net\/shop\/wp-json\/wp\/v2\/types\/product"}],"wp:featuredmedia":[{"embeddable":true,"href":"https:\/\/aivlisoft.net\/shop\/wp-json\/wp\/v2\/media\/12505"}],"wp:attachment":[{"href":"https:\/\/aivlisoft.net\/shop\/wp-json\/wp\/v2\/media?parent=12504"}],"wp:term":[{"taxonomy":"product_brand","embeddable":true,"href":"https:\/\/aivlisoft.net\/shop\/wp-json\/wp\/v2\/product_brand?post=12504"},{"taxonomy":"product_cat","embeddable":true,"href":"https:\/\/aivlisoft.net\/shop\/wp-json\/wp\/v2\/product_cat?post=12504"},{"taxonomy":"product_tag","embeddable":true,"href":"https:\/\/aivlisoft.net\/shop\/wp-json\/wp\/v2\/product_tag?post=12504"}],"curies":[{"name":"wp","href":"https:\/\/api.w.org\/{rel}","templated":true}]}}