{"id":11538,"date":"2025-01-13T14:15:38","date_gmt":"2025-01-13T14:15:38","guid":{"rendered":"https:\/\/aivlisoft.com\/?post_type=product&#038;p=11538"},"modified":"2025-01-14T10:59:05","modified_gmt":"2025-01-14T10:59:05","slug":"fanvil-i63-sip-videoportero-con-ik07-ip66","status":"publish","type":"product","link":"https:\/\/aivlisoft.net\/shop\/producto\/fanvil-i63-sip-videoportero-con-ik07-ip66\/","title":{"rendered":"Fanvil i63 SIP Videoportero con IK07 IP66"},"content":{"rendered":"<p><\/p>\n<table class=\"tabla_caracteristicas\" width=\"100%\">\n<tr>\n<td valign=\"top\"><strong>Marca<\/strong><\/td>\n<td>Fanvil<\/td>\n<\/tr>\n<tr>\n<td valign=\"top\"><strong>Modelo<\/strong><\/td>\n<td><strong>i63<\/strong><\/td>\n<\/tr>\n<tr>\n<td valign=\"top\"><strong>Caracter&iacute;sticas<\/strong><\/td>\n<td>&#8211; Bot&oacute;n de marcaci&oacute;n r&aacute;pida: Cinco botones de marcaci&oacute;n r&aacute;pida<br \/>\t\t\t&#8211; L&iacute;neas SIP<br \/>\t\t\t&#8211; N&uacute;mero de tarjeta de acceso: 10000<br \/>\t\t\t&#8211; Formas de desbloquear la puerta: DTMF, tarjeta RFID\/IC, interruptor interior, puerta abierta temporizada<br \/>\t\t\t&#8211; A prueba de manipulaciones<br \/>\t\t\t&#8211; C&oacute;dec de banda ancha: G.722\/Opus<br \/>\t\t\t&#8211; C&oacute;dec de banda estrecha: G711A\/U,G729A\/B, iLBC,G723.1, G.726-32K<br \/>\t\t\t&#8211; C&aacute;mara: 2 megap&iacute;xeles<br \/>\t\t\t&#8211; Detecci&oacute;n de movimiento:<br \/>\t\t\t&#8211; Luz suplementaria: Suplemento de IR<br \/>\t\t\t&#8211; Amplificador de potencia: 2,5W<br \/>\t\t\t&#8211; ONVIF<br \/>\t\t\t&#8211; Tarjeta TF: Hasta 128G<br \/>\t\t\t&#8211; Interfaz de salida de l&iacute;nea<br \/>\t\t\t&#8211; Salida de cortocircuito: 2<br \/>\t\t\t&#8211; Entrada de cortocircuito: 3<br \/>\t\t\t&#8211; Puerto magn&eacute;tico de la puerta<br \/>\t\t\t&#8211; Puerto Wiegand<br \/>\t\t\t&#8211; Empotrado<br \/>\t\t\t&#8211; Montado en la pared<br \/>\t\t\t&#8211; Nivel de protecci&oacute;n: IP66, IK07<br \/>\t\t\t&#8211; Rango de temperatura: ?40&ordm;C ~ +70&ordm;C<br \/>\t\t\t&#8211; Tama&ntilde;o: 177,4 x 88 x 36,15 mm<\/td>\n<\/tr>\n<tr>\n<td valign=\"top\"><strong>Fecha de revisi&oacute;n<\/strong><\/td>\n<td>03-09-2024 por RTY<\/td>\n<\/tr>\n<\/table>\n","protected":false},"excerpt":{"rendered":"<p>Marca Fanvil Modelo i63 Caracter&iacute;sticas &#8211; Bot&oacute;n de marcaci&oacute;n r&aacute;pida: Cinco botones de marcaci&oacute;n r&aacute;pida &#8211; L&iacute;neas SIP &#8211; N&uacute;mero de tarjeta de acceso: 10000 &#8211; Formas de desbloquear la puerta: DTMF, tarjeta RFID\/IC, interruptor interior, puerta abierta temporizada &#8211; A prueba de manipulaciones &#8211; C&oacute;dec de banda ancha: G.722\/Opus &#8211; C&oacute;dec de banda estrecha:&hellip;&nbsp;<a href=\"https:\/\/aivlisoft.net\/shop\/producto\/fanvil-i63-sip-videoportero-con-ik07-ip66\/\" rel=\"bookmark\"><span class=\"screen-reader-text\">Fanvil i63 SIP Videoportero con IK07 IP66<\/span><\/a><\/p>\n","protected":false},"featured_media":11539,"template":"","meta":{"neve_meta_sidebar":"","neve_meta_container":"","neve_meta_enable_content_width":"","neve_meta_content_width":0,"neve_meta_title_alignment":"","neve_meta_author_avatar":"","neve_post_elements_order":"","neve_meta_disable_header":"","neve_meta_disable_footer":"","neve_meta_disable_title":""},"product_brand":[],"product_cat":[8727],"product_tag":[4573],"class_list":{"0":"post-11538","1":"product","2":"type-product","3":"status-publish","4":"has-post-thumbnail","6":"product_cat-videoportero","7":"product_tag-i63","9":"first","10":"instock","11":"taxable","12":"shipping-taxable","13":"purchasable","14":"product-type-simple"},"yoast_head":"<!-- This site is optimized with the Yoast SEO plugin v26.0 - https:\/\/yoast.com\/wordpress\/plugins\/seo\/ -->\n<title>Fanvil i63 SIP Videoportero con IK07 IP66 - Aivlisoft Inform\u00e1tica<\/title>\n<meta name=\"robots\" content=\"index, follow, max-snippet:-1, max-image-preview:large, max-video-preview:-1\" \/>\n<link rel=\"canonical\" href=\"https:\/\/aivlisoft.net\/shop\/producto\/fanvil-i63-sip-videoportero-con-ik07-ip66\/\" \/>\n<meta property=\"og:locale\" content=\"es_ES\" \/>\n<meta property=\"og:type\" content=\"article\" \/>\n<meta property=\"og:title\" content=\"Fanvil i63 SIP Videoportero con IK07 IP66 - Aivlisoft Inform\u00e1tica\" \/>\n<meta property=\"og:description\" content=\"Marca Fanvil Modelo i63 Caracter&iacute;sticas &#8211; Bot&oacute;n de marcaci&oacute;n r&aacute;pida: Cinco botones de marcaci&oacute;n r&aacute;pida &#8211; L&iacute;neas SIP &#8211; N&uacute;mero de tarjeta de acceso: 10000 &#8211; Formas de desbloquear la puerta: DTMF, tarjeta RFID\/IC, interruptor interior, puerta abierta temporizada &#8211; A prueba de manipulaciones &#8211; C&oacute;dec de banda ancha: G.722\/Opus &#8211; C&oacute;dec de banda estrecha:&hellip;&nbsp;Fanvil i63 SIP Videoportero con IK07 IP66\" \/>\n<meta property=\"og:url\" content=\"https:\/\/aivlisoft.net\/shop\/producto\/fanvil-i63-sip-videoportero-con-ik07-ip66\/\" \/>\n<meta property=\"og:site_name\" content=\"Aivlisoft Inform\u00e1tica\" \/>\n<meta property=\"article:modified_time\" content=\"2025-01-14T10:59:05+00:00\" \/>\n<meta property=\"og:image\" content=\"https:\/\/aivlisoft.net\/shop\/wp-content\/uploads\/2025\/01\/GVVVPO0020_800.jpg\" \/>\n\t<meta property=\"og:image:width\" content=\"800\" \/>\n\t<meta property=\"og:image:height\" content=\"800\" \/>\n\t<meta property=\"og:image:type\" content=\"image\/jpeg\" \/>\n<meta name=\"twitter:card\" content=\"summary_large_image\" \/>\n<meta name=\"twitter:label1\" content=\"Tiempo de lectura\" \/>\n\t<meta name=\"twitter:data1\" content=\"1 minuto\" \/>\n<script type=\"application\/ld+json\" class=\"yoast-schema-graph\">{\"@context\":\"https:\/\/schema.org\",\"@graph\":[{\"@type\":\"WebPage\",\"@id\":\"https:\/\/aivlisoft.net\/shop\/producto\/fanvil-i63-sip-videoportero-con-ik07-ip66\/\",\"url\":\"https:\/\/aivlisoft.net\/shop\/producto\/fanvil-i63-sip-videoportero-con-ik07-ip66\/\",\"name\":\"Fanvil i63 SIP Videoportero con IK07 IP66 - Aivlisoft Inform\u00e1tica\",\"isPartOf\":{\"@id\":\"https:\/\/aivlisoft.net\/shop\/#website\"},\"primaryImageOfPage\":{\"@id\":\"https:\/\/aivlisoft.net\/shop\/producto\/fanvil-i63-sip-videoportero-con-ik07-ip66\/#primaryimage\"},\"image\":{\"@id\":\"https:\/\/aivlisoft.net\/shop\/producto\/fanvil-i63-sip-videoportero-con-ik07-ip66\/#primaryimage\"},\"thumbnailUrl\":\"https:\/\/aivlisoft.net\/shop\/wp-content\/uploads\/2025\/01\/GVVVPO0020_800.jpg\",\"datePublished\":\"2025-01-13T14:15:38+00:00\",\"dateModified\":\"2025-01-14T10:59:05+00:00\",\"breadcrumb\":{\"@id\":\"https:\/\/aivlisoft.net\/shop\/producto\/fanvil-i63-sip-videoportero-con-ik07-ip66\/#breadcrumb\"},\"inLanguage\":\"es\",\"potentialAction\":[{\"@type\":\"ReadAction\",\"target\":[\"https:\/\/aivlisoft.net\/shop\/producto\/fanvil-i63-sip-videoportero-con-ik07-ip66\/\"]}]},{\"@type\":\"ImageObject\",\"inLanguage\":\"es\",\"@id\":\"https:\/\/aivlisoft.net\/shop\/producto\/fanvil-i63-sip-videoportero-con-ik07-ip66\/#primaryimage\",\"url\":\"https:\/\/aivlisoft.net\/shop\/wp-content\/uploads\/2025\/01\/GVVVPO0020_800.jpg\",\"contentUrl\":\"https:\/\/aivlisoft.net\/shop\/wp-content\/uploads\/2025\/01\/GVVVPO0020_800.jpg\",\"width\":800,\"height\":800},{\"@type\":\"BreadcrumbList\",\"@id\":\"https:\/\/aivlisoft.net\/shop\/producto\/fanvil-i63-sip-videoportero-con-ik07-ip66\/#breadcrumb\",\"itemListElement\":[{\"@type\":\"ListItem\",\"position\":1,\"name\":\"Portada\",\"item\":\"https:\/\/aivlisoft.net\/shop\/\"},{\"@type\":\"ListItem\",\"position\":2,\"name\":\"Tienda\",\"item\":\"https:\/\/aivlisoft.net\/shop\/tienda\/\"},{\"@type\":\"ListItem\",\"position\":3,\"name\":\"Fanvil i63 SIP Videoportero con IK07 IP66\"}]},{\"@type\":\"WebSite\",\"@id\":\"https:\/\/aivlisoft.net\/shop\/#website\",\"url\":\"https:\/\/aivlisoft.net\/shop\/\",\"name\":\"Aivlisoft Inform\u00e1tica\",\"description\":\"En Aivlisoft Inform\u00e1tica ofrecemos soluciones tecnol\u00f3gicas para empresas: venta de ordenadores, consumibles, perif\u00e9ricos y m\u00e1s. Calidad, atenci\u00f3n personalizada y los mejores precios para tu negocio.\",\"publisher\":{\"@id\":\"https:\/\/aivlisoft.net\/shop\/#organization\"},\"potentialAction\":[{\"@type\":\"SearchAction\",\"target\":{\"@type\":\"EntryPoint\",\"urlTemplate\":\"https:\/\/aivlisoft.net\/shop\/?s={search_term_string}\"},\"query-input\":{\"@type\":\"PropertyValueSpecification\",\"valueRequired\":true,\"valueName\":\"search_term_string\"}}],\"inLanguage\":\"es\"},{\"@type\":\"Organization\",\"@id\":\"https:\/\/aivlisoft.net\/shop\/#organization\",\"name\":\"Aivlisoft Inform\u00e1tica\",\"url\":\"https:\/\/aivlisoft.net\/shop\/\",\"logo\":{\"@type\":\"ImageObject\",\"inLanguage\":\"es\",\"@id\":\"https:\/\/aivlisoft.net\/shop\/#\/schema\/logo\/image\/\",\"url\":\"https:\/\/aivlisoft.net\/shop\/wp-content\/uploads\/2024\/12\/removal.ai_5b848c54-0cdf-4140-95c5-c5536bb7573b-logodef.png\",\"contentUrl\":\"https:\/\/aivlisoft.net\/shop\/wp-content\/uploads\/2024\/12\/removal.ai_5b848c54-0cdf-4140-95c5-c5536bb7573b-logodef.png\",\"width\":484,\"height\":182,\"caption\":\"Aivlisoft Inform\u00e1tica\"},\"image\":{\"@id\":\"https:\/\/aivlisoft.net\/shop\/#\/schema\/logo\/image\/\"}}]}<\/script>\n<!-- \/ Yoast SEO plugin. -->","yoast_head_json":{"title":"Fanvil i63 SIP Videoportero con IK07 IP66 - Aivlisoft Inform\u00e1tica","robots":{"index":"index","follow":"follow","max-snippet":"max-snippet:-1","max-image-preview":"max-image-preview:large","max-video-preview":"max-video-preview:-1"},"canonical":"https:\/\/aivlisoft.net\/shop\/producto\/fanvil-i63-sip-videoportero-con-ik07-ip66\/","og_locale":"es_ES","og_type":"article","og_title":"Fanvil i63 SIP Videoportero con IK07 IP66 - Aivlisoft Inform\u00e1tica","og_description":"Marca Fanvil Modelo i63 Caracter&iacute;sticas &#8211; Bot&oacute;n de marcaci&oacute;n r&aacute;pida: Cinco botones de marcaci&oacute;n r&aacute;pida &#8211; L&iacute;neas SIP &#8211; N&uacute;mero de tarjeta de acceso: 10000 &#8211; Formas de desbloquear la puerta: DTMF, tarjeta RFID\/IC, interruptor interior, puerta abierta temporizada &#8211; A prueba de manipulaciones &#8211; C&oacute;dec de banda ancha: G.722\/Opus &#8211; C&oacute;dec de banda estrecha:&hellip;&nbsp;Fanvil i63 SIP Videoportero con IK07 IP66","og_url":"https:\/\/aivlisoft.net\/shop\/producto\/fanvil-i63-sip-videoportero-con-ik07-ip66\/","og_site_name":"Aivlisoft Inform\u00e1tica","article_modified_time":"2025-01-14T10:59:05+00:00","og_image":[{"width":800,"height":800,"url":"https:\/\/aivlisoft.net\/shop\/wp-content\/uploads\/2025\/01\/GVVVPO0020_800.jpg","type":"image\/jpeg"}],"twitter_card":"summary_large_image","twitter_misc":{"Tiempo de lectura":"1 minuto"},"schema":{"@context":"https:\/\/schema.org","@graph":[{"@type":"WebPage","@id":"https:\/\/aivlisoft.net\/shop\/producto\/fanvil-i63-sip-videoportero-con-ik07-ip66\/","url":"https:\/\/aivlisoft.net\/shop\/producto\/fanvil-i63-sip-videoportero-con-ik07-ip66\/","name":"Fanvil i63 SIP Videoportero con IK07 IP66 - Aivlisoft Inform\u00e1tica","isPartOf":{"@id":"https:\/\/aivlisoft.net\/shop\/#website"},"primaryImageOfPage":{"@id":"https:\/\/aivlisoft.net\/shop\/producto\/fanvil-i63-sip-videoportero-con-ik07-ip66\/#primaryimage"},"image":{"@id":"https:\/\/aivlisoft.net\/shop\/producto\/fanvil-i63-sip-videoportero-con-ik07-ip66\/#primaryimage"},"thumbnailUrl":"https:\/\/aivlisoft.net\/shop\/wp-content\/uploads\/2025\/01\/GVVVPO0020_800.jpg","datePublished":"2025-01-13T14:15:38+00:00","dateModified":"2025-01-14T10:59:05+00:00","breadcrumb":{"@id":"https:\/\/aivlisoft.net\/shop\/producto\/fanvil-i63-sip-videoportero-con-ik07-ip66\/#breadcrumb"},"inLanguage":"es","potentialAction":[{"@type":"ReadAction","target":["https:\/\/aivlisoft.net\/shop\/producto\/fanvil-i63-sip-videoportero-con-ik07-ip66\/"]}]},{"@type":"ImageObject","inLanguage":"es","@id":"https:\/\/aivlisoft.net\/shop\/producto\/fanvil-i63-sip-videoportero-con-ik07-ip66\/#primaryimage","url":"https:\/\/aivlisoft.net\/shop\/wp-content\/uploads\/2025\/01\/GVVVPO0020_800.jpg","contentUrl":"https:\/\/aivlisoft.net\/shop\/wp-content\/uploads\/2025\/01\/GVVVPO0020_800.jpg","width":800,"height":800},{"@type":"BreadcrumbList","@id":"https:\/\/aivlisoft.net\/shop\/producto\/fanvil-i63-sip-videoportero-con-ik07-ip66\/#breadcrumb","itemListElement":[{"@type":"ListItem","position":1,"name":"Portada","item":"https:\/\/aivlisoft.net\/shop\/"},{"@type":"ListItem","position":2,"name":"Tienda","item":"https:\/\/aivlisoft.net\/shop\/tienda\/"},{"@type":"ListItem","position":3,"name":"Fanvil i63 SIP Videoportero con IK07 IP66"}]},{"@type":"WebSite","@id":"https:\/\/aivlisoft.net\/shop\/#website","url":"https:\/\/aivlisoft.net\/shop\/","name":"Aivlisoft Inform\u00e1tica","description":"En Aivlisoft Inform\u00e1tica ofrecemos soluciones tecnol\u00f3gicas para empresas: venta de ordenadores, consumibles, perif\u00e9ricos y m\u00e1s. Calidad, atenci\u00f3n personalizada y los mejores precios para tu negocio.","publisher":{"@id":"https:\/\/aivlisoft.net\/shop\/#organization"},"potentialAction":[{"@type":"SearchAction","target":{"@type":"EntryPoint","urlTemplate":"https:\/\/aivlisoft.net\/shop\/?s={search_term_string}"},"query-input":{"@type":"PropertyValueSpecification","valueRequired":true,"valueName":"search_term_string"}}],"inLanguage":"es"},{"@type":"Organization","@id":"https:\/\/aivlisoft.net\/shop\/#organization","name":"Aivlisoft Inform\u00e1tica","url":"https:\/\/aivlisoft.net\/shop\/","logo":{"@type":"ImageObject","inLanguage":"es","@id":"https:\/\/aivlisoft.net\/shop\/#\/schema\/logo\/image\/","url":"https:\/\/aivlisoft.net\/shop\/wp-content\/uploads\/2024\/12\/removal.ai_5b848c54-0cdf-4140-95c5-c5536bb7573b-logodef.png","contentUrl":"https:\/\/aivlisoft.net\/shop\/wp-content\/uploads\/2024\/12\/removal.ai_5b848c54-0cdf-4140-95c5-c5536bb7573b-logodef.png","width":484,"height":182,"caption":"Aivlisoft Inform\u00e1tica"},"image":{"@id":"https:\/\/aivlisoft.net\/shop\/#\/schema\/logo\/image\/"}}]}},"_links":{"self":[{"href":"https:\/\/aivlisoft.net\/shop\/wp-json\/wp\/v2\/product\/11538","targetHints":{"allow":["GET"]}}],"collection":[{"href":"https:\/\/aivlisoft.net\/shop\/wp-json\/wp\/v2\/product"}],"about":[{"href":"https:\/\/aivlisoft.net\/shop\/wp-json\/wp\/v2\/types\/product"}],"wp:featuredmedia":[{"embeddable":true,"href":"https:\/\/aivlisoft.net\/shop\/wp-json\/wp\/v2\/media\/11539"}],"wp:attachment":[{"href":"https:\/\/aivlisoft.net\/shop\/wp-json\/wp\/v2\/media?parent=11538"}],"wp:term":[{"taxonomy":"product_brand","embeddable":true,"href":"https:\/\/aivlisoft.net\/shop\/wp-json\/wp\/v2\/product_brand?post=11538"},{"taxonomy":"product_cat","embeddable":true,"href":"https:\/\/aivlisoft.net\/shop\/wp-json\/wp\/v2\/product_cat?post=11538"},{"taxonomy":"product_tag","embeddable":true,"href":"https:\/\/aivlisoft.net\/shop\/wp-json\/wp\/v2\/product_tag?post=11538"}],"curies":[{"name":"wp","href":"https:\/\/api.w.org\/{rel}","templated":true}]}}