{"id":11490,"date":"2025-01-13T14:15:12","date_gmt":"2025-01-13T14:15:12","guid":{"rendered":"https:\/\/aivlisoft.com\/?post_type=product&#038;p=11490"},"modified":"2025-01-14T10:58:51","modified_gmt":"2025-01-14T10:58:51","slug":"grandstream-videoportero-gds3705","status":"publish","type":"product","link":"https:\/\/aivlisoft.net\/shop\/producto\/grandstream-videoportero-gds3705\/","title":{"rendered":"Grandstream Videoportero GDS3705"},"content":{"rendered":"<p>El GDS3705 se dise&ntilde;&oacute; para usuarios que buscan una soluci&oacute;n s&oacute;lida de control de acceso a instalaciones s&oacute;lo con audio y de monitoreo de seguridad que pueda implementarse en ambientes de cualquier tama&ntilde;o. Este sistema de intercomunicador (cit&oacute;fono) incluye micr&oacute;fonos duales y altavoz HD con AEC de tecnolog&iacute;a avanzada para ofrecer la funci&oacute;n de intercomunicaci&oacute;n, puede soportar llamadas SIP a tel&eacute;fonos IP y tiene un lector de tarjeta de proximidad RFID integrado y teclado para acceso seguro con o sin clave. El GDS3705 viene equipado con una carcasa met&aacute;lica con aleaci&oacute;n de zinc, haci&eacute;ndolo impermeable y a prueba de vandalismo y ofrece soporte de entrada y salida de alarma para integraci&oacute;n con dispositivos de seguridad existentes. El GDS3705 se integra con el software gratuito de gesti&oacute;n de<br \/>servicios de Grandstream, el GDS Manager, permitiendo que la informaci&oacute;n de la tarjeta RFID, as&iacute; como el dispositivo sean totalmente gestionados por este software. Gracias a su integraci&oacute;n con otros dispositivos Grandstream como los tel&eacute;fonos IP y la aplicaci&oacute;n m&oacute;vil GS Wave, el GDS3705 ofrece una soluci&oacute;n continua completa para control de acceso, intercomunicaci&oacute;n y necesidades de seguridad.<\/p>\n<table class=\"tabla_caracteristicas k-table\" width=\"100%\">\n<tbody>\n<tr>\n<td valign=\"top\"><strong>Marca<\/strong><\/td>\n<td>Grandstream<\/td>\n<\/tr>\n<tr>\n<td valign=\"top\"><strong>Modelo<\/strong><\/td>\n<td><strong><\/strong><strong>GDS3705<\/strong><\/td>\n<\/tr>\n<tr>\n<td valign=\"top\"><strong>Caracter&iacute;sticas<\/strong><\/td>\n<td>&#8211; Red: 10M\/100M con detecci&oacute;n autom&aacute;tica<br \/>&#8211; PoE: PoE IEEE 802.3af Clase 3<br \/>&#8211; Voltaje de Suministro: 12VDC \/1A (adaptador de corriente alterna no incluido)<br \/>&#8211; Soporte de SIP\/VoIP: S&iacute;, amplia interoperabilidad<br \/>&#8211; C&oacute;decs de Voz: G.711&mu;\/a, G.722<br \/>&#8211; Entrada de Audio: Micr&oacute;fonos duales integrados de hasta 1.5m<br \/>&#8211; Salida de Audio: Altavoz HD 2W, hasta 3m<br \/>&#8211; Teclado Integrado: 12+1 Teclas met&aacute;licas con luz LED de fondo de color azul<br \/>&#8211; RFID: EM4100 (125kHz)<br \/>&#8211; Entrada: 2 entradas de optoacoplador, VIN &lt;15V, para Interruptor de Puerta\/Entrada Ma- gn&eacute;tica y de Alarma<br \/>&#8211; Salida: 2 rel&eacute;s, 125VAC\/0.5A, 30VDC\/2A, para Cerradura El&eacute;ctrica y Salida de Alarma<br \/>&#8211; Wiegand: IN &amp; OUT Wiegand 26<br \/>&#8211; RS485: RS485 (300 metros o 1000 pies)<br \/>&#8211; Certificaci&oacute;n de Impermeabilidad: IP66 (EN60529)<br \/>&#8211; A Prueba de Vandalismo IK09 (IEC62262)<br \/>&#8211; Gama de Temperatura -30&deg;C a 60&deg;C<br \/>&#8211; Montaje Superficie de pared, en la pared<br \/>&#8211; Dimensi&oacute;n (Altura x Ancho x Profundidad) y Peso: 217mm x 120mm x 11.6mm (en la pared); 173mm x 80mm x 36mm (sobre la pared); 0.635Kg<\/td>\n<\/tr>\n<tr>\n<td valign=\"top\"><strong>Fecha de revisi&oacute;n<\/strong><\/td>\n<td>26-12-2019 por MRS<\/td>\n<\/tr>\n<\/tbody>\n<\/table>\n","protected":false},"excerpt":{"rendered":"<p>El GDS3705 se dise&ntilde;&oacute; para usuarios que buscan una soluci&oacute;n s&oacute;lida de control de acceso a instalaciones s&oacute;lo con audio y de monitoreo de seguridad que pueda implementarse en ambientes de cualquier tama&ntilde;o. Este sistema de intercomunicador (cit&oacute;fono) incluye micr&oacute;fonos duales y altavoz HD con AEC de tecnolog&iacute;a avanzada para ofrecer la funci&oacute;n de intercomunicaci&oacute;n,&hellip;&nbsp;<a href=\"https:\/\/aivlisoft.net\/shop\/producto\/grandstream-videoportero-gds3705\/\" rel=\"bookmark\"><span class=\"screen-reader-text\">Grandstream Videoportero GDS3705<\/span><\/a><\/p>\n","protected":false},"featured_media":11491,"template":"","meta":{"neve_meta_sidebar":"","neve_meta_container":"","neve_meta_enable_content_width":"","neve_meta_content_width":0,"neve_meta_title_alignment":"","neve_meta_author_avatar":"","neve_post_elements_order":"","neve_meta_disable_header":"","neve_meta_disable_footer":"","neve_meta_disable_title":""},"product_brand":[],"product_cat":[8727],"product_tag":[4557],"class_list":{"0":"post-11490","1":"product","2":"type-product","3":"status-publish","4":"has-post-thumbnail","6":"product_cat-videoportero","7":"product_tag-gds3705","9":"first","10":"instock","11":"taxable","12":"shipping-taxable","13":"purchasable","14":"product-type-simple"},"yoast_head":"<!-- This site is optimized with the Yoast SEO plugin v26.0 - https:\/\/yoast.com\/wordpress\/plugins\/seo\/ -->\n<title>Grandstream Videoportero GDS3705 - Aivlisoft Inform\u00e1tica<\/title>\n<meta name=\"robots\" content=\"index, follow, max-snippet:-1, max-image-preview:large, max-video-preview:-1\" \/>\n<link rel=\"canonical\" href=\"https:\/\/aivlisoft.net\/shop\/producto\/grandstream-videoportero-gds3705\/\" \/>\n<meta property=\"og:locale\" content=\"es_ES\" \/>\n<meta property=\"og:type\" content=\"article\" \/>\n<meta property=\"og:title\" content=\"Grandstream Videoportero GDS3705 - Aivlisoft Inform\u00e1tica\" \/>\n<meta property=\"og:description\" content=\"El GDS3705 se dise&ntilde;&oacute; para usuarios que buscan una soluci&oacute;n s&oacute;lida de control de acceso a instalaciones s&oacute;lo con audio y de monitoreo de seguridad que pueda implementarse en ambientes de cualquier tama&ntilde;o. Este sistema de intercomunicador (cit&oacute;fono) incluye micr&oacute;fonos duales y altavoz HD con AEC de tecnolog&iacute;a avanzada para ofrecer la funci&oacute;n de intercomunicaci&oacute;n,&hellip;&nbsp;Grandstream Videoportero GDS3705\" \/>\n<meta property=\"og:url\" content=\"https:\/\/aivlisoft.net\/shop\/producto\/grandstream-videoportero-gds3705\/\" \/>\n<meta property=\"og:site_name\" content=\"Aivlisoft Inform\u00e1tica\" \/>\n<meta property=\"article:modified_time\" content=\"2025-01-14T10:58:51+00:00\" \/>\n<meta property=\"og:image\" content=\"https:\/\/aivlisoft.net\/shop\/wp-content\/uploads\/2025\/01\/GVVVPO0004_800.jpg\" \/>\n\t<meta property=\"og:image:width\" content=\"800\" \/>\n\t<meta property=\"og:image:height\" content=\"800\" \/>\n\t<meta property=\"og:image:type\" content=\"image\/jpeg\" \/>\n<meta name=\"twitter:card\" content=\"summary_large_image\" \/>\n<meta name=\"twitter:label1\" content=\"Tiempo de lectura\" \/>\n\t<meta name=\"twitter:data1\" content=\"2 minutos\" \/>\n<script type=\"application\/ld+json\" class=\"yoast-schema-graph\">{\"@context\":\"https:\/\/schema.org\",\"@graph\":[{\"@type\":\"WebPage\",\"@id\":\"https:\/\/aivlisoft.net\/shop\/producto\/grandstream-videoportero-gds3705\/\",\"url\":\"https:\/\/aivlisoft.net\/shop\/producto\/grandstream-videoportero-gds3705\/\",\"name\":\"Grandstream Videoportero GDS3705 - Aivlisoft Inform\u00e1tica\",\"isPartOf\":{\"@id\":\"https:\/\/aivlisoft.net\/shop\/#website\"},\"primaryImageOfPage\":{\"@id\":\"https:\/\/aivlisoft.net\/shop\/producto\/grandstream-videoportero-gds3705\/#primaryimage\"},\"image\":{\"@id\":\"https:\/\/aivlisoft.net\/shop\/producto\/grandstream-videoportero-gds3705\/#primaryimage\"},\"thumbnailUrl\":\"https:\/\/aivlisoft.net\/shop\/wp-content\/uploads\/2025\/01\/GVVVPO0004_800.jpg\",\"datePublished\":\"2025-01-13T14:15:12+00:00\",\"dateModified\":\"2025-01-14T10:58:51+00:00\",\"breadcrumb\":{\"@id\":\"https:\/\/aivlisoft.net\/shop\/producto\/grandstream-videoportero-gds3705\/#breadcrumb\"},\"inLanguage\":\"es\",\"potentialAction\":[{\"@type\":\"ReadAction\",\"target\":[\"https:\/\/aivlisoft.net\/shop\/producto\/grandstream-videoportero-gds3705\/\"]}]},{\"@type\":\"ImageObject\",\"inLanguage\":\"es\",\"@id\":\"https:\/\/aivlisoft.net\/shop\/producto\/grandstream-videoportero-gds3705\/#primaryimage\",\"url\":\"https:\/\/aivlisoft.net\/shop\/wp-content\/uploads\/2025\/01\/GVVVPO0004_800.jpg\",\"contentUrl\":\"https:\/\/aivlisoft.net\/shop\/wp-content\/uploads\/2025\/01\/GVVVPO0004_800.jpg\",\"width\":800,\"height\":800},{\"@type\":\"BreadcrumbList\",\"@id\":\"https:\/\/aivlisoft.net\/shop\/producto\/grandstream-videoportero-gds3705\/#breadcrumb\",\"itemListElement\":[{\"@type\":\"ListItem\",\"position\":1,\"name\":\"Portada\",\"item\":\"https:\/\/aivlisoft.net\/shop\/\"},{\"@type\":\"ListItem\",\"position\":2,\"name\":\"Tienda\",\"item\":\"https:\/\/aivlisoft.net\/shop\/tienda\/\"},{\"@type\":\"ListItem\",\"position\":3,\"name\":\"Grandstream Videoportero GDS3705\"}]},{\"@type\":\"WebSite\",\"@id\":\"https:\/\/aivlisoft.net\/shop\/#website\",\"url\":\"https:\/\/aivlisoft.net\/shop\/\",\"name\":\"Aivlisoft Inform\u00e1tica\",\"description\":\"En Aivlisoft Inform\u00e1tica ofrecemos soluciones tecnol\u00f3gicas para empresas: venta de ordenadores, consumibles, perif\u00e9ricos y m\u00e1s. Calidad, atenci\u00f3n personalizada y los mejores precios para tu negocio.\",\"publisher\":{\"@id\":\"https:\/\/aivlisoft.net\/shop\/#organization\"},\"potentialAction\":[{\"@type\":\"SearchAction\",\"target\":{\"@type\":\"EntryPoint\",\"urlTemplate\":\"https:\/\/aivlisoft.net\/shop\/?s={search_term_string}\"},\"query-input\":{\"@type\":\"PropertyValueSpecification\",\"valueRequired\":true,\"valueName\":\"search_term_string\"}}],\"inLanguage\":\"es\"},{\"@type\":\"Organization\",\"@id\":\"https:\/\/aivlisoft.net\/shop\/#organization\",\"name\":\"Aivlisoft Inform\u00e1tica\",\"url\":\"https:\/\/aivlisoft.net\/shop\/\",\"logo\":{\"@type\":\"ImageObject\",\"inLanguage\":\"es\",\"@id\":\"https:\/\/aivlisoft.net\/shop\/#\/schema\/logo\/image\/\",\"url\":\"https:\/\/aivlisoft.net\/shop\/wp-content\/uploads\/2024\/12\/removal.ai_5b848c54-0cdf-4140-95c5-c5536bb7573b-logodef.png\",\"contentUrl\":\"https:\/\/aivlisoft.net\/shop\/wp-content\/uploads\/2024\/12\/removal.ai_5b848c54-0cdf-4140-95c5-c5536bb7573b-logodef.png\",\"width\":484,\"height\":182,\"caption\":\"Aivlisoft Inform\u00e1tica\"},\"image\":{\"@id\":\"https:\/\/aivlisoft.net\/shop\/#\/schema\/logo\/image\/\"}}]}<\/script>\n<!-- \/ Yoast SEO plugin. -->","yoast_head_json":{"title":"Grandstream Videoportero GDS3705 - Aivlisoft Inform\u00e1tica","robots":{"index":"index","follow":"follow","max-snippet":"max-snippet:-1","max-image-preview":"max-image-preview:large","max-video-preview":"max-video-preview:-1"},"canonical":"https:\/\/aivlisoft.net\/shop\/producto\/grandstream-videoportero-gds3705\/","og_locale":"es_ES","og_type":"article","og_title":"Grandstream Videoportero GDS3705 - Aivlisoft Inform\u00e1tica","og_description":"El GDS3705 se dise&ntilde;&oacute; para usuarios que buscan una soluci&oacute;n s&oacute;lida de control de acceso a instalaciones s&oacute;lo con audio y de monitoreo de seguridad que pueda implementarse en ambientes de cualquier tama&ntilde;o. Este sistema de intercomunicador (cit&oacute;fono) incluye micr&oacute;fonos duales y altavoz HD con AEC de tecnolog&iacute;a avanzada para ofrecer la funci&oacute;n de intercomunicaci&oacute;n,&hellip;&nbsp;Grandstream Videoportero GDS3705","og_url":"https:\/\/aivlisoft.net\/shop\/producto\/grandstream-videoportero-gds3705\/","og_site_name":"Aivlisoft Inform\u00e1tica","article_modified_time":"2025-01-14T10:58:51+00:00","og_image":[{"width":800,"height":800,"url":"https:\/\/aivlisoft.net\/shop\/wp-content\/uploads\/2025\/01\/GVVVPO0004_800.jpg","type":"image\/jpeg"}],"twitter_card":"summary_large_image","twitter_misc":{"Tiempo de lectura":"2 minutos"},"schema":{"@context":"https:\/\/schema.org","@graph":[{"@type":"WebPage","@id":"https:\/\/aivlisoft.net\/shop\/producto\/grandstream-videoportero-gds3705\/","url":"https:\/\/aivlisoft.net\/shop\/producto\/grandstream-videoportero-gds3705\/","name":"Grandstream Videoportero GDS3705 - Aivlisoft Inform\u00e1tica","isPartOf":{"@id":"https:\/\/aivlisoft.net\/shop\/#website"},"primaryImageOfPage":{"@id":"https:\/\/aivlisoft.net\/shop\/producto\/grandstream-videoportero-gds3705\/#primaryimage"},"image":{"@id":"https:\/\/aivlisoft.net\/shop\/producto\/grandstream-videoportero-gds3705\/#primaryimage"},"thumbnailUrl":"https:\/\/aivlisoft.net\/shop\/wp-content\/uploads\/2025\/01\/GVVVPO0004_800.jpg","datePublished":"2025-01-13T14:15:12+00:00","dateModified":"2025-01-14T10:58:51+00:00","breadcrumb":{"@id":"https:\/\/aivlisoft.net\/shop\/producto\/grandstream-videoportero-gds3705\/#breadcrumb"},"inLanguage":"es","potentialAction":[{"@type":"ReadAction","target":["https:\/\/aivlisoft.net\/shop\/producto\/grandstream-videoportero-gds3705\/"]}]},{"@type":"ImageObject","inLanguage":"es","@id":"https:\/\/aivlisoft.net\/shop\/producto\/grandstream-videoportero-gds3705\/#primaryimage","url":"https:\/\/aivlisoft.net\/shop\/wp-content\/uploads\/2025\/01\/GVVVPO0004_800.jpg","contentUrl":"https:\/\/aivlisoft.net\/shop\/wp-content\/uploads\/2025\/01\/GVVVPO0004_800.jpg","width":800,"height":800},{"@type":"BreadcrumbList","@id":"https:\/\/aivlisoft.net\/shop\/producto\/grandstream-videoportero-gds3705\/#breadcrumb","itemListElement":[{"@type":"ListItem","position":1,"name":"Portada","item":"https:\/\/aivlisoft.net\/shop\/"},{"@type":"ListItem","position":2,"name":"Tienda","item":"https:\/\/aivlisoft.net\/shop\/tienda\/"},{"@type":"ListItem","position":3,"name":"Grandstream Videoportero GDS3705"}]},{"@type":"WebSite","@id":"https:\/\/aivlisoft.net\/shop\/#website","url":"https:\/\/aivlisoft.net\/shop\/","name":"Aivlisoft Inform\u00e1tica","description":"En Aivlisoft Inform\u00e1tica ofrecemos soluciones tecnol\u00f3gicas para empresas: venta de ordenadores, consumibles, perif\u00e9ricos y m\u00e1s. Calidad, atenci\u00f3n personalizada y los mejores precios para tu negocio.","publisher":{"@id":"https:\/\/aivlisoft.net\/shop\/#organization"},"potentialAction":[{"@type":"SearchAction","target":{"@type":"EntryPoint","urlTemplate":"https:\/\/aivlisoft.net\/shop\/?s={search_term_string}"},"query-input":{"@type":"PropertyValueSpecification","valueRequired":true,"valueName":"search_term_string"}}],"inLanguage":"es"},{"@type":"Organization","@id":"https:\/\/aivlisoft.net\/shop\/#organization","name":"Aivlisoft Inform\u00e1tica","url":"https:\/\/aivlisoft.net\/shop\/","logo":{"@type":"ImageObject","inLanguage":"es","@id":"https:\/\/aivlisoft.net\/shop\/#\/schema\/logo\/image\/","url":"https:\/\/aivlisoft.net\/shop\/wp-content\/uploads\/2024\/12\/removal.ai_5b848c54-0cdf-4140-95c5-c5536bb7573b-logodef.png","contentUrl":"https:\/\/aivlisoft.net\/shop\/wp-content\/uploads\/2024\/12\/removal.ai_5b848c54-0cdf-4140-95c5-c5536bb7573b-logodef.png","width":484,"height":182,"caption":"Aivlisoft Inform\u00e1tica"},"image":{"@id":"https:\/\/aivlisoft.net\/shop\/#\/schema\/logo\/image\/"}}]}},"_links":{"self":[{"href":"https:\/\/aivlisoft.net\/shop\/wp-json\/wp\/v2\/product\/11490","targetHints":{"allow":["GET"]}}],"collection":[{"href":"https:\/\/aivlisoft.net\/shop\/wp-json\/wp\/v2\/product"}],"about":[{"href":"https:\/\/aivlisoft.net\/shop\/wp-json\/wp\/v2\/types\/product"}],"wp:featuredmedia":[{"embeddable":true,"href":"https:\/\/aivlisoft.net\/shop\/wp-json\/wp\/v2\/media\/11491"}],"wp:attachment":[{"href":"https:\/\/aivlisoft.net\/shop\/wp-json\/wp\/v2\/media?parent=11490"}],"wp:term":[{"taxonomy":"product_brand","embeddable":true,"href":"https:\/\/aivlisoft.net\/shop\/wp-json\/wp\/v2\/product_brand?post=11490"},{"taxonomy":"product_cat","embeddable":true,"href":"https:\/\/aivlisoft.net\/shop\/wp-json\/wp\/v2\/product_cat?post=11490"},{"taxonomy":"product_tag","embeddable":true,"href":"https:\/\/aivlisoft.net\/shop\/wp-json\/wp\/v2\/product_tag?post=11490"}],"curies":[{"name":"wp","href":"https:\/\/api.w.org\/{rel}","templated":true}]}}