{"id":11478,"date":"2025-01-13T14:15:07","date_gmt":"2025-01-13T14:15:07","guid":{"rendered":"https:\/\/aivlisoft.com\/?post_type=product&#038;p=11478"},"modified":"2025-01-14T10:58:48","modified_gmt":"2025-01-14T10:58:48","slug":"vigi-nvr1108h-w-grabador-ip-sencillo-01-hdd-08-c","status":"publish","type":"product","link":"https:\/\/aivlisoft.net\/shop\/producto\/vigi-nvr1108h-w-grabador-ip-sencillo-01-hdd-08-c\/","title":{"rendered":"VIGI NVR1108H-W Grabador IP Sencillo 01 HDD 08 C"},"content":{"rendered":"<p><\/p>\n<table class=\"tabla_caracteristicas\" width=\"100%\">\n<tr>\n<td valign=\"top\"><strong>Marca<\/strong><\/td>\n<td>VIGI<\/td>\n<\/tr>\n<tr>\n<td valign=\"top\"><strong>Modelo<\/strong><\/td>\n<td><strong>VIGI NVR1108H-W <\/strong><\/td>\n<\/tr>\n<tr>\n<td valign=\"top\"><strong>V&iacute;deo y Audio<\/strong><\/td>\n<td>&#8211; Entrada de v&iacute;deo IP: 8 canales<br \/>\t\t\t&#8211; Ancho de banda entrada: 80 Mbps<br \/>\t\t\t&#8211; Ancho de banda salida: 60 Mbps<br \/>\t\t\t&#8211; Resoluci&oacute;n de salida HDMI: 1 Canal, Resoluci&oacute;n: 3840 &times;2160\/30Hz, 1920 &times; 1080\/60Hz, 1680&times; 1050\/60Hz, 1440 &times; 900\/60Hz, 1280 &times; 1024\/60Hz, 1280 &times; 720\/60Hz<br \/>\t\t\t&#8211; Resoluci&oacute;n de salida VGA: 1 Canal, Resoluci&oacute;n: 1920 &times; 1080\/60Hz, 1680&times; 1050\/60Hz, 1440 &times; 900\/60Hz, 1280 &times; 1024\/60Hz, 1280 &times; 720\/60Hz<br \/>\t\t\t&#8211; Modo de salida de v&iacute;deo: Salida simult&aacute;nea HDMI\/VGA<br \/>\t\t\t&#8211; Pantalla multivista: 1\/4\/6\/8<\/td>\n<\/tr>\n<tr>\n<td valign=\"top\"><strong>Descodificaci&oacute;n<\/strong><\/td>\n<td>&#8211; Audio Compression: G.711A\/G.711U\/G.726<br \/>\t\t\t&#8211; Compresi&oacute;n de v&iacute;deo: H.265+\/H.265\/ H.264+\/H.264<br \/>\t\t\t&#8211; Resoluci&oacute;n de registro: 8MP\/5MP\/4MP\/3MP\/1080p\/UXGA\/720p\/VGA\/4CIF\/DCIF\/2CIF\/CIF\/QCIF<br \/>\t\t\t&#8211; Reproducci&oacute;n s&iacute;ncrona: 8-Channel<br \/>\t\t\t&#8211; Capacidad: 2-ch @ 8MP, 4-ch @ 4MP, 8-ch @ 2MP<\/td>\n<\/tr>\n<tr>\n<td valign=\"top\"><strong>Alarma<\/strong><\/td>\n<td>&#8211; Alarma General<br \/>\t\t\t&nbsp; Detecci&oacute;n de movimiento<br \/>\t\t\t&nbsp; Manipulaci&oacute;n de v&iacute;deo<br \/>\t\t\t&nbsp; Detecci&oacute;n de cambio de escena<br \/>\t\t\t&nbsp; Detecci&oacute;n de cruce de l&iacute;neas<br \/>\t\t\t&nbsp; Detecci&oacute;n de intrusiones<br \/>\t\t\t&nbsp; Regi&oacute;n que ingresa a la detecci&oacute;n<br \/>\t\t\t&nbsp; Detecci&oacute;n de salida de regi&oacute;n<br \/>\t\t\t&nbsp; Detecci&oacute;n de merodeo<br \/>\t\t\t&nbsp; Detecci&oacute;n de objetos abandonados\/eliminados<br \/>\t\t\t&nbsp; Detecci&oacute;n de veh&iacute;culos<br \/>\t\t\t&nbsp; Detecci&oacute;n humana<br \/>\t\t\t&nbsp; Detecci&oacute;n de sonido anormal<br \/>\t\t\t&nbsp; Marco inteligente<br \/>\t\t\t&#8211; Alarma de anomal&iacute;a<br \/>\t\t\t&nbsp; P&eacute;rdida de v&iacute;deo<br \/>\t\t\t&nbsp; Conflicto de IP y sin conexi&oacute;n<br \/>\t\t\t&nbsp; Excepci&oacute;n de disco<br \/>\t\t\t&nbsp; Excepci&oacute;n de inicio de sesi&oacute;n<br \/>\t\t\t&#8211; Enlace de alarma<br \/>\t\t\t&nbsp; Grabaci&oacute;n<br \/>\t\t\t&nbsp; Alarma de luz blanca<br \/>\t\t\t&nbsp; Registro<br \/>\t\t\t&nbsp; Alarma sonora<\/td>\n<\/tr>\n<tr>\n<td valign=\"top\"><strong>Interfaces<\/strong><\/td>\n<td>&#8211; Interfaz de red:<br \/>\t\t\t&nbsp; 1 &times; interfaz Ethernet WAN\/LAN autoadaptable RJ-45 10\/100 Mbps<br \/>\t\t\t&nbsp; 1&times; Interfaz Ethernet LAN autoadaptable RJ-45 10\/100 Mbps<br \/>\t\t\t&#8211; USB Interface: 2&times; USB 2.0<br \/>\t\t\t&#8211; Audio Interface: 1-ch RCA Input; 1-ch RCA Output<br \/>\t\t\t&#8211; Alimentaci&oacute;n: 1 &times; conector CC<br \/>\t\t\t&#8211; Bot&oacute;n de reinicio: 1<br \/>\t\t\t&#8211; Speaker: 1; Salida de audio en tiempo real sin necesidad de perif&eacute;ricos.<br \/>\t\t\t&#8211; HDMI: 1<br \/>\t\t\t&#8211; VGA: 1<br \/>\t\t\t&#8211; SATA: 1 SATA Interfaces<br \/>\t\t\t&#8211; Capacidad: Hasta 16 TB de capacidad para cada HDD<\/td>\n<\/tr>\n<tr>\n<td valign=\"top\"><strong>Caracter&iacute;sticas<\/strong><\/td>\n<td><strong>Red<\/strong><br \/>\t\t\t&#8211; Protocolo: UPnP (Plug and Play), NTP (Network Timing), SMTP, TCP\/IP, UDP, ICMP, HTTP, HTTPS, DHCP, RTSP, SSL\/TLS, RTP, IPv4, ARP<br \/>\t\t\t&#8211; Acceso a tel&eacute;fono m&oacute;vil: Android, iOS<br \/>\t\t\t&#8211; Navegador web: Chrome (57+), Firefox (52+), Edge (91+)<br \/>\t\t\t&#8211; Interoperabilidad: ONVIF, CGI<br \/>\t\t\t<strong>Gesti&oacute;n de registros<\/strong><br \/>\t\t\t&#8211; Modo de grabaci&oacute;n:<br \/>\t\t\t&nbsp; Grabaci&oacute;n manual<br \/>\t\t\t&nbsp; Programaci&oacute;n de grabaci&oacute;n<br \/>\t\t\t&nbsp; Grabaci&oacute;n por detecci&oacute;n de movimiento<br \/>\t\t\t&#8211; Modo de reproducci&oacute;n:<br \/>\t\t\t&nbsp; Reproducci&oacute;n instant&aacute;nea<br \/>\t\t\t&nbsp; Reproducci&oacute;n normal<br \/>\t\t\t&nbsp; Reproducci&oacute;n de etiquetas<br \/>\t\t\t&nbsp; Reproducci&oacute;n de eventos<br \/>\t\t\t&#8211; Modo de copia de seguridad:<br \/>\t\t\t&nbsp; Copia de seguridad peri&oacute;dica<br \/>\t\t\t&nbsp; Copia de seguridad de videoclips<br \/>\t\t\t&#8211; Funci&oacute;n de reproducci&oacute;n:<br \/>\t\t\t&nbsp; Play<br \/>\t\t\t&nbsp; Pausa<br \/>\t\t\t&nbsp; Stop<br \/>\t\t\t&nbsp; Avance r&aacute;pido<br \/>\t\t\t&nbsp; Retroceso r&aacute;pido<br \/>\t\t\t&nbsp; Reproducir por cuadro<br \/>\t\t\t&nbsp; Pantalla completa<br \/>\t\t\t&nbsp; V&iacute;deoclip<br \/>\t\t\t&nbsp; Exportar clip<br \/>\t\t\t&nbsp; Zoom digital<br \/>\t\t\t&nbsp; Bloquear grabaci&oacute;n<br \/>\t\t\t&nbsp; Audio On\/Off<br \/>\t\t\t<strong>Inal&aacute;mbricos<\/strong><br \/>\t\t\t&#8211; Est&aacute;ndares: IEEE 802.11b\/g\/n<br \/>\t\t\t&#8211; Canales Wi-Fi:&nbsp;&nbsp;&nbsp; &nbsp;<br \/>\t\t\t&nbsp; UN: 1-13<br \/>\t\t\t&nbsp; US: 1-11<br \/>\t\t\t&#8211; Wireless Name:<br \/>\t\t\t&nbsp; SSID Configuration<br \/>\t\t\t&nbsp; Radio<br \/>\t\t\t&#8211; Conmutador de red<br \/>\t\t\t&#8211; Frecuencia: 2.4 GHz<br \/>\t\t\t&#8211; Ancho de banda de radio:<br \/>\t\t\t&nbsp; Auto: S&iacute;<br \/>\t\t\t&nbsp; 20M: S&iacute;<br \/>\t\t\t&nbsp; 40M: S&iacute;<br \/>\t\t\t&#8211; Wireless Rate: 300Mbps(802.11n), 2 &times; 2 MIMO<br \/>\t\t\t&#8211; Wireless Security: WPA-PSK\/WPA2-PSK<br \/>\t\t\t<strong>Alimentaci&oacute;n<\/strong><br \/>\t\t\t&#8211; Fuente de Alimentaci&oacute;n Externa: DC 12V\/2A<br \/>\t\t\t<strong>Peso<\/strong><br \/>\t\t\t&#8211; 0.5 kg<br \/>\t\t\t<strong>Contiene<\/strong><br \/>\t\t\t&#8211; Grabador de v&iacute;deo en red VIGI<br \/>\t\t\t&#8211; Adaptador de corriente<br \/>\t\t\t&#8211; Tornillos para disco duro<br \/>\t\t\t&#8211; Rat&oacute;n<br \/>\t\t\t&#8211; Gu&iacute;a de instalaci&oacute;n r&aacute;pida<\/td>\n<\/tr>\n<tr>\n<td valign=\"top\"><strong>Fecha de revisi&oacute;n<\/strong><\/td>\n<td>08-10-2024 por A<\/td>\n<\/tr>\n<\/table>\n","protected":false},"excerpt":{"rendered":"<p>Marca VIGI Modelo VIGI NVR1108H-W V&iacute;deo y Audio &#8211; Entrada de v&iacute;deo IP: 8 canales &#8211; Ancho de banda entrada: 80 Mbps &#8211; Ancho de banda salida: 60 Mbps &#8211; Resoluci&oacute;n de salida HDMI: 1 Canal, Resoluci&oacute;n: 3840 &times;2160\/30Hz, 1920 &times; 1080\/60Hz, 1680&times; 1050\/60Hz, 1440 &times; 900\/60Hz, 1280 &times; 1024\/60Hz, 1280 &times; 720\/60Hz &#8211; Resoluci&oacute;n&hellip;&nbsp;<a href=\"https:\/\/aivlisoft.net\/shop\/producto\/vigi-nvr1108h-w-grabador-ip-sencillo-01-hdd-08-c\/\" rel=\"bookmark\"><span class=\"screen-reader-text\">VIGI NVR1108H-W Grabador IP Sencillo 01 HDD 08 C<\/span><\/a><\/p>\n","protected":false},"featured_media":11479,"template":"","meta":{"neve_meta_sidebar":"","neve_meta_container":"","neve_meta_enable_content_width":"","neve_meta_content_width":0,"neve_meta_title_alignment":"","neve_meta_author_avatar":"","neve_post_elements_order":"","neve_meta_disable_header":"","neve_meta_disable_footer":"","neve_meta_disable_title":""},"product_brand":[],"product_cat":[8726],"product_tag":[4554],"class_list":{"0":"post-11478","1":"product","2":"type-product","3":"status-publish","4":"has-post-thumbnail","6":"product_cat-grabadores-digitales","7":"product_tag-vigi-nvr1108h-w","9":"first","10":"instock","11":"taxable","12":"shipping-taxable","13":"purchasable","14":"product-type-simple"},"yoast_head":"<!-- This site is optimized with the Yoast SEO plugin v26.0 - https:\/\/yoast.com\/wordpress\/plugins\/seo\/ -->\n<title>VIGI NVR1108H-W Grabador IP Sencillo 01 HDD 08 C - Aivlisoft Inform\u00e1tica<\/title>\n<meta name=\"robots\" content=\"index, follow, max-snippet:-1, max-image-preview:large, max-video-preview:-1\" \/>\n<link rel=\"canonical\" href=\"https:\/\/aivlisoft.net\/shop\/producto\/vigi-nvr1108h-w-grabador-ip-sencillo-01-hdd-08-c\/\" \/>\n<meta property=\"og:locale\" content=\"es_ES\" \/>\n<meta property=\"og:type\" content=\"article\" \/>\n<meta property=\"og:title\" content=\"VIGI NVR1108H-W Grabador IP Sencillo 01 HDD 08 C - Aivlisoft Inform\u00e1tica\" \/>\n<meta property=\"og:description\" content=\"Marca VIGI Modelo VIGI NVR1108H-W V&iacute;deo y Audio &#8211; Entrada de v&iacute;deo IP: 8 canales &#8211; Ancho de banda entrada: 80 Mbps &#8211; Ancho de banda salida: 60 Mbps &#8211; Resoluci&oacute;n de salida HDMI: 1 Canal, Resoluci&oacute;n: 3840 &times;2160\/30Hz, 1920 &times; 1080\/60Hz, 1680&times; 1050\/60Hz, 1440 &times; 900\/60Hz, 1280 &times; 1024\/60Hz, 1280 &times; 720\/60Hz &#8211; Resoluci&oacute;n&hellip;&nbsp;VIGI NVR1108H-W Grabador IP Sencillo 01 HDD 08 C\" \/>\n<meta property=\"og:url\" content=\"https:\/\/aivlisoft.net\/shop\/producto\/vigi-nvr1108h-w-grabador-ip-sencillo-01-hdd-08-c\/\" \/>\n<meta property=\"og:site_name\" content=\"Aivlisoft Inform\u00e1tica\" \/>\n<meta property=\"article:modified_time\" content=\"2025-01-14T10:58:48+00:00\" \/>\n<meta property=\"og:image\" content=\"https:\/\/aivlisoft.net\/shop\/wp-content\/uploads\/2025\/01\/GVVGVD0102_800.jpg\" \/>\n\t<meta property=\"og:image:width\" content=\"800\" \/>\n\t<meta property=\"og:image:height\" content=\"800\" \/>\n\t<meta property=\"og:image:type\" content=\"image\/jpeg\" \/>\n<meta name=\"twitter:card\" content=\"summary_large_image\" \/>\n<meta name=\"twitter:label1\" content=\"Tiempo de lectura\" \/>\n\t<meta name=\"twitter:data1\" content=\"3 minutos\" \/>\n<script type=\"application\/ld+json\" class=\"yoast-schema-graph\">{\"@context\":\"https:\/\/schema.org\",\"@graph\":[{\"@type\":\"WebPage\",\"@id\":\"https:\/\/aivlisoft.net\/shop\/producto\/vigi-nvr1108h-w-grabador-ip-sencillo-01-hdd-08-c\/\",\"url\":\"https:\/\/aivlisoft.net\/shop\/producto\/vigi-nvr1108h-w-grabador-ip-sencillo-01-hdd-08-c\/\",\"name\":\"VIGI NVR1108H-W Grabador IP Sencillo 01 HDD 08 C - Aivlisoft Inform\u00e1tica\",\"isPartOf\":{\"@id\":\"https:\/\/aivlisoft.net\/shop\/#website\"},\"primaryImageOfPage\":{\"@id\":\"https:\/\/aivlisoft.net\/shop\/producto\/vigi-nvr1108h-w-grabador-ip-sencillo-01-hdd-08-c\/#primaryimage\"},\"image\":{\"@id\":\"https:\/\/aivlisoft.net\/shop\/producto\/vigi-nvr1108h-w-grabador-ip-sencillo-01-hdd-08-c\/#primaryimage\"},\"thumbnailUrl\":\"https:\/\/aivlisoft.net\/shop\/wp-content\/uploads\/2025\/01\/GVVGVD0102_800.jpg\",\"datePublished\":\"2025-01-13T14:15:07+00:00\",\"dateModified\":\"2025-01-14T10:58:48+00:00\",\"breadcrumb\":{\"@id\":\"https:\/\/aivlisoft.net\/shop\/producto\/vigi-nvr1108h-w-grabador-ip-sencillo-01-hdd-08-c\/#breadcrumb\"},\"inLanguage\":\"es\",\"potentialAction\":[{\"@type\":\"ReadAction\",\"target\":[\"https:\/\/aivlisoft.net\/shop\/producto\/vigi-nvr1108h-w-grabador-ip-sencillo-01-hdd-08-c\/\"]}]},{\"@type\":\"ImageObject\",\"inLanguage\":\"es\",\"@id\":\"https:\/\/aivlisoft.net\/shop\/producto\/vigi-nvr1108h-w-grabador-ip-sencillo-01-hdd-08-c\/#primaryimage\",\"url\":\"https:\/\/aivlisoft.net\/shop\/wp-content\/uploads\/2025\/01\/GVVGVD0102_800.jpg\",\"contentUrl\":\"https:\/\/aivlisoft.net\/shop\/wp-content\/uploads\/2025\/01\/GVVGVD0102_800.jpg\",\"width\":800,\"height\":800},{\"@type\":\"BreadcrumbList\",\"@id\":\"https:\/\/aivlisoft.net\/shop\/producto\/vigi-nvr1108h-w-grabador-ip-sencillo-01-hdd-08-c\/#breadcrumb\",\"itemListElement\":[{\"@type\":\"ListItem\",\"position\":1,\"name\":\"Portada\",\"item\":\"https:\/\/aivlisoft.net\/shop\/\"},{\"@type\":\"ListItem\",\"position\":2,\"name\":\"Tienda\",\"item\":\"https:\/\/aivlisoft.net\/shop\/tienda\/\"},{\"@type\":\"ListItem\",\"position\":3,\"name\":\"VIGI NVR1108H-W Grabador IP Sencillo 01 HDD 08 C\"}]},{\"@type\":\"WebSite\",\"@id\":\"https:\/\/aivlisoft.net\/shop\/#website\",\"url\":\"https:\/\/aivlisoft.net\/shop\/\",\"name\":\"Aivlisoft Inform\u00e1tica\",\"description\":\"En Aivlisoft Inform\u00e1tica ofrecemos soluciones tecnol\u00f3gicas para empresas: venta de ordenadores, consumibles, perif\u00e9ricos y m\u00e1s. Calidad, atenci\u00f3n personalizada y los mejores precios para tu negocio.\",\"publisher\":{\"@id\":\"https:\/\/aivlisoft.net\/shop\/#organization\"},\"potentialAction\":[{\"@type\":\"SearchAction\",\"target\":{\"@type\":\"EntryPoint\",\"urlTemplate\":\"https:\/\/aivlisoft.net\/shop\/?s={search_term_string}\"},\"query-input\":{\"@type\":\"PropertyValueSpecification\",\"valueRequired\":true,\"valueName\":\"search_term_string\"}}],\"inLanguage\":\"es\"},{\"@type\":\"Organization\",\"@id\":\"https:\/\/aivlisoft.net\/shop\/#organization\",\"name\":\"Aivlisoft Inform\u00e1tica\",\"url\":\"https:\/\/aivlisoft.net\/shop\/\",\"logo\":{\"@type\":\"ImageObject\",\"inLanguage\":\"es\",\"@id\":\"https:\/\/aivlisoft.net\/shop\/#\/schema\/logo\/image\/\",\"url\":\"https:\/\/aivlisoft.net\/shop\/wp-content\/uploads\/2024\/12\/removal.ai_5b848c54-0cdf-4140-95c5-c5536bb7573b-logodef.png\",\"contentUrl\":\"https:\/\/aivlisoft.net\/shop\/wp-content\/uploads\/2024\/12\/removal.ai_5b848c54-0cdf-4140-95c5-c5536bb7573b-logodef.png\",\"width\":484,\"height\":182,\"caption\":\"Aivlisoft Inform\u00e1tica\"},\"image\":{\"@id\":\"https:\/\/aivlisoft.net\/shop\/#\/schema\/logo\/image\/\"}}]}<\/script>\n<!-- \/ Yoast SEO plugin. -->","yoast_head_json":{"title":"VIGI NVR1108H-W Grabador IP Sencillo 01 HDD 08 C - Aivlisoft Inform\u00e1tica","robots":{"index":"index","follow":"follow","max-snippet":"max-snippet:-1","max-image-preview":"max-image-preview:large","max-video-preview":"max-video-preview:-1"},"canonical":"https:\/\/aivlisoft.net\/shop\/producto\/vigi-nvr1108h-w-grabador-ip-sencillo-01-hdd-08-c\/","og_locale":"es_ES","og_type":"article","og_title":"VIGI NVR1108H-W Grabador IP Sencillo 01 HDD 08 C - Aivlisoft Inform\u00e1tica","og_description":"Marca VIGI Modelo VIGI NVR1108H-W V&iacute;deo y Audio &#8211; Entrada de v&iacute;deo IP: 8 canales &#8211; Ancho de banda entrada: 80 Mbps &#8211; Ancho de banda salida: 60 Mbps &#8211; Resoluci&oacute;n de salida HDMI: 1 Canal, Resoluci&oacute;n: 3840 &times;2160\/30Hz, 1920 &times; 1080\/60Hz, 1680&times; 1050\/60Hz, 1440 &times; 900\/60Hz, 1280 &times; 1024\/60Hz, 1280 &times; 720\/60Hz &#8211; Resoluci&oacute;n&hellip;&nbsp;VIGI NVR1108H-W Grabador IP Sencillo 01 HDD 08 C","og_url":"https:\/\/aivlisoft.net\/shop\/producto\/vigi-nvr1108h-w-grabador-ip-sencillo-01-hdd-08-c\/","og_site_name":"Aivlisoft Inform\u00e1tica","article_modified_time":"2025-01-14T10:58:48+00:00","og_image":[{"width":800,"height":800,"url":"https:\/\/aivlisoft.net\/shop\/wp-content\/uploads\/2025\/01\/GVVGVD0102_800.jpg","type":"image\/jpeg"}],"twitter_card":"summary_large_image","twitter_misc":{"Tiempo de lectura":"3 minutos"},"schema":{"@context":"https:\/\/schema.org","@graph":[{"@type":"WebPage","@id":"https:\/\/aivlisoft.net\/shop\/producto\/vigi-nvr1108h-w-grabador-ip-sencillo-01-hdd-08-c\/","url":"https:\/\/aivlisoft.net\/shop\/producto\/vigi-nvr1108h-w-grabador-ip-sencillo-01-hdd-08-c\/","name":"VIGI NVR1108H-W Grabador IP Sencillo 01 HDD 08 C - Aivlisoft Inform\u00e1tica","isPartOf":{"@id":"https:\/\/aivlisoft.net\/shop\/#website"},"primaryImageOfPage":{"@id":"https:\/\/aivlisoft.net\/shop\/producto\/vigi-nvr1108h-w-grabador-ip-sencillo-01-hdd-08-c\/#primaryimage"},"image":{"@id":"https:\/\/aivlisoft.net\/shop\/producto\/vigi-nvr1108h-w-grabador-ip-sencillo-01-hdd-08-c\/#primaryimage"},"thumbnailUrl":"https:\/\/aivlisoft.net\/shop\/wp-content\/uploads\/2025\/01\/GVVGVD0102_800.jpg","datePublished":"2025-01-13T14:15:07+00:00","dateModified":"2025-01-14T10:58:48+00:00","breadcrumb":{"@id":"https:\/\/aivlisoft.net\/shop\/producto\/vigi-nvr1108h-w-grabador-ip-sencillo-01-hdd-08-c\/#breadcrumb"},"inLanguage":"es","potentialAction":[{"@type":"ReadAction","target":["https:\/\/aivlisoft.net\/shop\/producto\/vigi-nvr1108h-w-grabador-ip-sencillo-01-hdd-08-c\/"]}]},{"@type":"ImageObject","inLanguage":"es","@id":"https:\/\/aivlisoft.net\/shop\/producto\/vigi-nvr1108h-w-grabador-ip-sencillo-01-hdd-08-c\/#primaryimage","url":"https:\/\/aivlisoft.net\/shop\/wp-content\/uploads\/2025\/01\/GVVGVD0102_800.jpg","contentUrl":"https:\/\/aivlisoft.net\/shop\/wp-content\/uploads\/2025\/01\/GVVGVD0102_800.jpg","width":800,"height":800},{"@type":"BreadcrumbList","@id":"https:\/\/aivlisoft.net\/shop\/producto\/vigi-nvr1108h-w-grabador-ip-sencillo-01-hdd-08-c\/#breadcrumb","itemListElement":[{"@type":"ListItem","position":1,"name":"Portada","item":"https:\/\/aivlisoft.net\/shop\/"},{"@type":"ListItem","position":2,"name":"Tienda","item":"https:\/\/aivlisoft.net\/shop\/tienda\/"},{"@type":"ListItem","position":3,"name":"VIGI NVR1108H-W Grabador IP Sencillo 01 HDD 08 C"}]},{"@type":"WebSite","@id":"https:\/\/aivlisoft.net\/shop\/#website","url":"https:\/\/aivlisoft.net\/shop\/","name":"Aivlisoft Inform\u00e1tica","description":"En Aivlisoft Inform\u00e1tica ofrecemos soluciones tecnol\u00f3gicas para empresas: venta de ordenadores, consumibles, perif\u00e9ricos y m\u00e1s. Calidad, atenci\u00f3n personalizada y los mejores precios para tu negocio.","publisher":{"@id":"https:\/\/aivlisoft.net\/shop\/#organization"},"potentialAction":[{"@type":"SearchAction","target":{"@type":"EntryPoint","urlTemplate":"https:\/\/aivlisoft.net\/shop\/?s={search_term_string}"},"query-input":{"@type":"PropertyValueSpecification","valueRequired":true,"valueName":"search_term_string"}}],"inLanguage":"es"},{"@type":"Organization","@id":"https:\/\/aivlisoft.net\/shop\/#organization","name":"Aivlisoft Inform\u00e1tica","url":"https:\/\/aivlisoft.net\/shop\/","logo":{"@type":"ImageObject","inLanguage":"es","@id":"https:\/\/aivlisoft.net\/shop\/#\/schema\/logo\/image\/","url":"https:\/\/aivlisoft.net\/shop\/wp-content\/uploads\/2024\/12\/removal.ai_5b848c54-0cdf-4140-95c5-c5536bb7573b-logodef.png","contentUrl":"https:\/\/aivlisoft.net\/shop\/wp-content\/uploads\/2024\/12\/removal.ai_5b848c54-0cdf-4140-95c5-c5536bb7573b-logodef.png","width":484,"height":182,"caption":"Aivlisoft Inform\u00e1tica"},"image":{"@id":"https:\/\/aivlisoft.net\/shop\/#\/schema\/logo\/image\/"}}]}},"_links":{"self":[{"href":"https:\/\/aivlisoft.net\/shop\/wp-json\/wp\/v2\/product\/11478","targetHints":{"allow":["GET"]}}],"collection":[{"href":"https:\/\/aivlisoft.net\/shop\/wp-json\/wp\/v2\/product"}],"about":[{"href":"https:\/\/aivlisoft.net\/shop\/wp-json\/wp\/v2\/types\/product"}],"wp:featuredmedia":[{"embeddable":true,"href":"https:\/\/aivlisoft.net\/shop\/wp-json\/wp\/v2\/media\/11479"}],"wp:attachment":[{"href":"https:\/\/aivlisoft.net\/shop\/wp-json\/wp\/v2\/media?parent=11478"}],"wp:term":[{"taxonomy":"product_brand","embeddable":true,"href":"https:\/\/aivlisoft.net\/shop\/wp-json\/wp\/v2\/product_brand?post=11478"},{"taxonomy":"product_cat","embeddable":true,"href":"https:\/\/aivlisoft.net\/shop\/wp-json\/wp\/v2\/product_cat?post=11478"},{"taxonomy":"product_tag","embeddable":true,"href":"https:\/\/aivlisoft.net\/shop\/wp-json\/wp\/v2\/product_tag?post=11478"}],"curies":[{"name":"wp","href":"https:\/\/api.w.org\/{rel}","templated":true}]}}