{"id":11442,"date":"2025-01-13T14:14:47","date_gmt":"2025-01-13T14:14:47","guid":{"rendered":"https:\/\/aivlisoft.com\/?post_type=product&#038;p=11442"},"modified":"2025-01-14T10:58:39","modified_gmt":"2025-01-14T10:58:39","slug":"vigi-nvr1008h-8p-grabador-ip-rack-01-hdd-08-c","status":"publish","type":"product","link":"https:\/\/aivlisoft.net\/shop\/producto\/vigi-nvr1008h-8p-grabador-ip-rack-01-hdd-08-c\/","title":{"rendered":"VIGI NVR1008H-8P Grabador IP Rack 01 HDD 08 C"},"content":{"rendered":"<p><strong>Salida de Video HDMI 4K y Capacidad de Decodificaci&oacute;n de 16MP. <\/strong>La definici&oacute;n de imagen de hasta 8MP y una pantalla de 8 canales garantizan capturar cada detalle, desde todos los &aacute;ngulos 2 .<\/p>\n<p><strong>F&aacute;cil Instalaci&oacute;n con PoE+.<\/strong> Conecta y enciende f&aacute;cilmente la c&aacute;mara VIGI a trav&eacute;s de cable RJ45 que transmite datos y energ&iacute;a, sin necesidad de ning&uacute;n adaptador de corriente.<\/p>\n<p><strong>Reproducci&oacute;n Simult&aacute;nea de 8 Canales.<\/strong> Reproduce la se&ntilde;al de hasta 8 c&aacute;maras al mismo tiempo. Aumente la velocidad de reproducci&oacute;n y encuentra eventos para revisar m&aacute;s f&aacute;cil y r&aacute;pidamente cada uno de los v&iacute;deos.<\/p>\n<p><strong>V&iacute;deo H.265+. <\/strong>Ahorra espacio de almacenamiento y ancho de banda sin sacrificar la calidad de imagen de los v&iacute;deos. Con ello puedes ahorrar en costes de monitorizaci&oacute;n.<\/p>\n<p><strong>Compatibilidad con ONVIF.<\/strong> Las c&aacute;maras VIGI se integran f&aacute;cilmente en un sistema de seguridad de otras marcas.<\/p>\n<p><strong>Plug &amp; Play. <\/strong>Las c&aacute;maras VIGI se a&ntilde;aden autom&aacute;ticamente al NVR y se activan al momento.<\/p>\n<p><strong>Grabaci&oacute;n Continua 24\/7.<\/strong> Los 10TB de almacenaje seguro para los videos de las c&aacute;maras conectadas permiten un acceso r&aacute;pido y sencillo.<\/p>\n<p><strong>Control Sencillo y Remoto. <\/strong>La aplicaci&oacute;n VIGI y el administrador de seguridad VIGI se han desarrollado para monitorizar las distintas c&aacute;maras desde cualquier lugar, facilitando su acceso y control.<\/p>\n<p><strong>Instalaci&oacute;n flexible.<\/strong> elige el m&eacute;todo de instalaci&oacute;n adecuado, alojando tu NVR en un bastidor o coloc&aacute;ndolo sobre o bajo un escritorio para mayor comodidad.<\/p>\n<p><strong>Audio bidireccional. <\/strong>Permite la comunicaci&oacute;n a trav&eacute;s del micr&oacute;fono y altavoz integrados en la c&aacute;mara, mientras se visualiza el v&iacute;deo.<\/p>\n<table class=\"tabla_caracteristicas\" width=\"100%\">\n<tr>\n<td valign=\"top\"><strong>Marca<\/strong><\/td>\n<td>VIGI<\/td>\n<\/tr>\n<tr>\n<td valign=\"top\"><strong>Modelo<\/strong><\/td>\n<td><strong>VIGI NVR1008H-8P <\/strong><\/td>\n<\/tr>\n<tr>\n<td valign=\"top\"><strong>Descodificaci&oacute;n<\/strong><\/td>\n<td>&#8211; Formato de decodificaci&oacute;n: H.265+\/H.265\/ H.264+\/H.264<br \/>\t\t\t&#8211; Resoluci&oacute;n de vista en vivo\/reproducci&oacute;n: 8MP\/5MP\/4MP\/3MP\/1080p\/UXGA\/720p\/VGA\/4CIF\/DCIF\/2CIF\/CIF\/QCIF<br \/>\t\t\t&#8211; Reproducci&oacute;n s&iacute;ncrona: 8 Canales<br \/>\t\t\t&#8211; Capacidad: 2 canales a 8 MP, 4 canales a 4 MP, 8 canales a 2 MP<\/td>\n<\/tr>\n<tr>\n<td valign=\"top\"><strong>Red<\/strong><\/td>\n<td>&#8211; Protocolo: TCP\/IP, DHCP, DNS, NTP, UPnP<br \/>\t\t\t&#8211; Ancho de banda de entrada: 80 Mbps<br \/>\t\t\t&#8211; Ancho de banda de salida: 60 Mbps<\/td>\n<\/tr>\n<tr>\n<td valign=\"top\"><strong>Interfaces<\/strong><\/td>\n<td>&#8211; Interfaz de Red: 1 interfaz Ethernet autoadaptable RJ-45 10\/100 Mbps<br \/>\t\t\t&#8211; Interfaz USB: 2 USB 2.0<\/td>\n<\/tr>\n<tr>\n<td valign=\"top\"><strong>HDD<\/strong><\/td>\n<td>&#8211; SATA: 1 Interfaz SATA<br \/>\t\t\t&#8211; Capacidad: Hasta 10 TB<\/td>\n<\/tr>\n<tr>\n<td valign=\"top\"><strong>V&iacute;deo\/Imagen<\/strong><\/td>\n<td>&#8211; Entrada de video: Entrada de v&iacute;deo IP de 8 canales, resoluci&oacute;n de hasta 8 MP<br \/>\t\t\t&#8211; Resoluci&oacute;n de grabaci&oacute;n: 8MP\/5MP\/4MP\/3MP\/1080p\/UXGA\/720p\/VGA\/4CIF\/DCIF\/ 2CIF\/CIF\/QCIF<br \/>\t\t\t&#8211; Resoluci&oacute;n de salida HDMI: 1 Canal, Resoluci&oacute;n: 3840&#215;2160\/30Hz,1920&#215;1080\/60Hz,1680&#215;1050\/60Hz, 1440&#215;900\/60Hz, 1280&#215;1024\/60Hz,1024&#215;768\/60Hz, 1280&#215;720\/60Hz<br \/>\t\t\t&#8211; Resoluci&oacute;n de salida VGA: 1 Canal, Resoluci&oacute;n: 1920&#215;1080\/60Hz,1680&#215;1050\/60Hz,1440&#215;900\/60Hz, 1280&#215;1024\/60Hz, 1280&#215;720\/60Hz,1024&#215;768\/60Hz,<\/td>\n<\/tr>\n<tr>\n<td valign=\"top\"><strong>Caracter&iacute;sticas Generales<\/strong><\/td>\n<td>&#8211; Temperatura de funcionamiento:&nbsp; -10&ndash;55 &deg;C<br \/>\t\t\t&#8211; Contenido del Paquete:<br \/>\t\t\t&nbsp; Videograbadora en red VIGI<br \/>\t\t\t&nbsp; Adaptador de corriente<br \/>\t\t\t&nbsp; Tornillos HDD<br \/>\t\t\t&nbsp; Rat&oacute;n<br \/>\t\t\t&nbsp; Gu&iacute;a r&aacute;pida de instalaci&oacute;n<br \/>\t\t\t&#8211; Dimensiones: 294 &times; 180 &times; 44 mm<br \/>\t\t\t&#8211; PoE:&nbsp;&nbsp;&nbsp; &nbsp;<br \/>\t\t\t&nbsp; Est&aacute;ndar: 802.3af\/at<br \/>\t\t\t&nbsp; Puertos PoE: Puertos 1-8<br \/>\t\t\t&nbsp; PoE Presupuesto: 53 W<br \/>\t\t\t&#8211; Fuente de Alimentaci&oacute;n Externa: 53.5V DC\/1.31 A<br \/>\t\t\t&#8211; Consumo energ&eacute;tico:<br \/>\t\t\t&nbsp; 2,38 W (sin disco)<br \/>\t\t\t&nbsp; 12,94 W (con disco)<\/td>\n<\/tr>\n<tr>\n<td valign=\"top\"><strong>Fecha de revisi&oacute;n<\/strong><\/td>\n<td>08-10-2024 por A<\/td>\n<\/tr>\n<\/table>\n","protected":false},"excerpt":{"rendered":"<p>Salida de Video HDMI 4K y Capacidad de Decodificaci&oacute;n de 16MP. La definici&oacute;n de imagen de hasta 8MP y una pantalla de 8 canales garantizan capturar cada detalle, desde todos los &aacute;ngulos 2 . F&aacute;cil Instalaci&oacute;n con PoE+. Conecta y enciende f&aacute;cilmente la c&aacute;mara VIGI a trav&eacute;s de cable RJ45 que transmite datos y energ&iacute;a,&hellip;&nbsp;<a href=\"https:\/\/aivlisoft.net\/shop\/producto\/vigi-nvr1008h-8p-grabador-ip-rack-01-hdd-08-c\/\" rel=\"bookmark\"><span class=\"screen-reader-text\">VIGI NVR1008H-8P Grabador IP Rack 01 HDD 08 C<\/span><\/a><\/p>\n","protected":false},"featured_media":11443,"template":"","meta":{"neve_meta_sidebar":"","neve_meta_container":"","neve_meta_enable_content_width":"","neve_meta_content_width":0,"neve_meta_title_alignment":"","neve_meta_author_avatar":"","neve_post_elements_order":"","neve_meta_disable_header":"","neve_meta_disable_footer":"","neve_meta_disable_title":""},"product_brand":[],"product_cat":[8726],"product_tag":[4546],"class_list":{"0":"post-11442","1":"product","2":"type-product","3":"status-publish","4":"has-post-thumbnail","6":"product_cat-grabadores-digitales","7":"product_tag-vigi-nvr1008h-8p","9":"first","10":"instock","11":"taxable","12":"shipping-taxable","13":"purchasable","14":"product-type-simple"},"yoast_head":"<!-- This site is optimized with the Yoast SEO plugin v26.0 - https:\/\/yoast.com\/wordpress\/plugins\/seo\/ -->\n<title>VIGI NVR1008H-8P Grabador IP Rack 01 HDD 08 C - Aivlisoft Inform\u00e1tica<\/title>\n<meta name=\"robots\" content=\"index, follow, max-snippet:-1, max-image-preview:large, max-video-preview:-1\" \/>\n<link rel=\"canonical\" href=\"https:\/\/aivlisoft.net\/shop\/producto\/vigi-nvr1008h-8p-grabador-ip-rack-01-hdd-08-c\/\" \/>\n<meta property=\"og:locale\" content=\"es_ES\" \/>\n<meta property=\"og:type\" content=\"article\" \/>\n<meta property=\"og:title\" content=\"VIGI NVR1008H-8P Grabador IP Rack 01 HDD 08 C - Aivlisoft Inform\u00e1tica\" \/>\n<meta property=\"og:description\" content=\"Salida de Video HDMI 4K y Capacidad de Decodificaci&oacute;n de 16MP. La definici&oacute;n de imagen de hasta 8MP y una pantalla de 8 canales garantizan capturar cada detalle, desde todos los &aacute;ngulos 2 . F&aacute;cil Instalaci&oacute;n con PoE+. Conecta y enciende f&aacute;cilmente la c&aacute;mara VIGI a trav&eacute;s de cable RJ45 que transmite datos y energ&iacute;a,&hellip;&nbsp;VIGI NVR1008H-8P Grabador IP Rack 01 HDD 08 C\" \/>\n<meta property=\"og:url\" content=\"https:\/\/aivlisoft.net\/shop\/producto\/vigi-nvr1008h-8p-grabador-ip-rack-01-hdd-08-c\/\" \/>\n<meta property=\"og:site_name\" content=\"Aivlisoft Inform\u00e1tica\" \/>\n<meta property=\"article:modified_time\" content=\"2025-01-14T10:58:39+00:00\" \/>\n<meta property=\"og:image\" content=\"https:\/\/aivlisoft.net\/shop\/wp-content\/uploads\/2025\/01\/GVVGVD0094_800.jpg\" \/>\n\t<meta property=\"og:image:width\" content=\"800\" \/>\n\t<meta property=\"og:image:height\" content=\"800\" \/>\n\t<meta property=\"og:image:type\" content=\"image\/jpeg\" \/>\n<meta name=\"twitter:card\" content=\"summary_large_image\" \/>\n<meta name=\"twitter:label1\" content=\"Tiempo de lectura\" \/>\n\t<meta name=\"twitter:data1\" content=\"3 minutos\" \/>\n<script type=\"application\/ld+json\" class=\"yoast-schema-graph\">{\"@context\":\"https:\/\/schema.org\",\"@graph\":[{\"@type\":\"WebPage\",\"@id\":\"https:\/\/aivlisoft.net\/shop\/producto\/vigi-nvr1008h-8p-grabador-ip-rack-01-hdd-08-c\/\",\"url\":\"https:\/\/aivlisoft.net\/shop\/producto\/vigi-nvr1008h-8p-grabador-ip-rack-01-hdd-08-c\/\",\"name\":\"VIGI NVR1008H-8P Grabador IP Rack 01 HDD 08 C - Aivlisoft Inform\u00e1tica\",\"isPartOf\":{\"@id\":\"https:\/\/aivlisoft.net\/shop\/#website\"},\"primaryImageOfPage\":{\"@id\":\"https:\/\/aivlisoft.net\/shop\/producto\/vigi-nvr1008h-8p-grabador-ip-rack-01-hdd-08-c\/#primaryimage\"},\"image\":{\"@id\":\"https:\/\/aivlisoft.net\/shop\/producto\/vigi-nvr1008h-8p-grabador-ip-rack-01-hdd-08-c\/#primaryimage\"},\"thumbnailUrl\":\"https:\/\/aivlisoft.net\/shop\/wp-content\/uploads\/2025\/01\/GVVGVD0094_800.jpg\",\"datePublished\":\"2025-01-13T14:14:47+00:00\",\"dateModified\":\"2025-01-14T10:58:39+00:00\",\"breadcrumb\":{\"@id\":\"https:\/\/aivlisoft.net\/shop\/producto\/vigi-nvr1008h-8p-grabador-ip-rack-01-hdd-08-c\/#breadcrumb\"},\"inLanguage\":\"es\",\"potentialAction\":[{\"@type\":\"ReadAction\",\"target\":[\"https:\/\/aivlisoft.net\/shop\/producto\/vigi-nvr1008h-8p-grabador-ip-rack-01-hdd-08-c\/\"]}]},{\"@type\":\"ImageObject\",\"inLanguage\":\"es\",\"@id\":\"https:\/\/aivlisoft.net\/shop\/producto\/vigi-nvr1008h-8p-grabador-ip-rack-01-hdd-08-c\/#primaryimage\",\"url\":\"https:\/\/aivlisoft.net\/shop\/wp-content\/uploads\/2025\/01\/GVVGVD0094_800.jpg\",\"contentUrl\":\"https:\/\/aivlisoft.net\/shop\/wp-content\/uploads\/2025\/01\/GVVGVD0094_800.jpg\",\"width\":800,\"height\":800},{\"@type\":\"BreadcrumbList\",\"@id\":\"https:\/\/aivlisoft.net\/shop\/producto\/vigi-nvr1008h-8p-grabador-ip-rack-01-hdd-08-c\/#breadcrumb\",\"itemListElement\":[{\"@type\":\"ListItem\",\"position\":1,\"name\":\"Portada\",\"item\":\"https:\/\/aivlisoft.net\/shop\/\"},{\"@type\":\"ListItem\",\"position\":2,\"name\":\"Tienda\",\"item\":\"https:\/\/aivlisoft.net\/shop\/tienda\/\"},{\"@type\":\"ListItem\",\"position\":3,\"name\":\"VIGI NVR1008H-8P Grabador IP Rack 01 HDD 08 C\"}]},{\"@type\":\"WebSite\",\"@id\":\"https:\/\/aivlisoft.net\/shop\/#website\",\"url\":\"https:\/\/aivlisoft.net\/shop\/\",\"name\":\"Aivlisoft Inform\u00e1tica\",\"description\":\"En Aivlisoft Inform\u00e1tica ofrecemos soluciones tecnol\u00f3gicas para empresas: venta de ordenadores, consumibles, perif\u00e9ricos y m\u00e1s. Calidad, atenci\u00f3n personalizada y los mejores precios para tu negocio.\",\"publisher\":{\"@id\":\"https:\/\/aivlisoft.net\/shop\/#organization\"},\"potentialAction\":[{\"@type\":\"SearchAction\",\"target\":{\"@type\":\"EntryPoint\",\"urlTemplate\":\"https:\/\/aivlisoft.net\/shop\/?s={search_term_string}\"},\"query-input\":{\"@type\":\"PropertyValueSpecification\",\"valueRequired\":true,\"valueName\":\"search_term_string\"}}],\"inLanguage\":\"es\"},{\"@type\":\"Organization\",\"@id\":\"https:\/\/aivlisoft.net\/shop\/#organization\",\"name\":\"Aivlisoft Inform\u00e1tica\",\"url\":\"https:\/\/aivlisoft.net\/shop\/\",\"logo\":{\"@type\":\"ImageObject\",\"inLanguage\":\"es\",\"@id\":\"https:\/\/aivlisoft.net\/shop\/#\/schema\/logo\/image\/\",\"url\":\"https:\/\/aivlisoft.net\/shop\/wp-content\/uploads\/2024\/12\/removal.ai_5b848c54-0cdf-4140-95c5-c5536bb7573b-logodef.png\",\"contentUrl\":\"https:\/\/aivlisoft.net\/shop\/wp-content\/uploads\/2024\/12\/removal.ai_5b848c54-0cdf-4140-95c5-c5536bb7573b-logodef.png\",\"width\":484,\"height\":182,\"caption\":\"Aivlisoft Inform\u00e1tica\"},\"image\":{\"@id\":\"https:\/\/aivlisoft.net\/shop\/#\/schema\/logo\/image\/\"}}]}<\/script>\n<!-- \/ Yoast SEO plugin. -->","yoast_head_json":{"title":"VIGI NVR1008H-8P Grabador IP Rack 01 HDD 08 C - Aivlisoft Inform\u00e1tica","robots":{"index":"index","follow":"follow","max-snippet":"max-snippet:-1","max-image-preview":"max-image-preview:large","max-video-preview":"max-video-preview:-1"},"canonical":"https:\/\/aivlisoft.net\/shop\/producto\/vigi-nvr1008h-8p-grabador-ip-rack-01-hdd-08-c\/","og_locale":"es_ES","og_type":"article","og_title":"VIGI NVR1008H-8P Grabador IP Rack 01 HDD 08 C - Aivlisoft Inform\u00e1tica","og_description":"Salida de Video HDMI 4K y Capacidad de Decodificaci&oacute;n de 16MP. La definici&oacute;n de imagen de hasta 8MP y una pantalla de 8 canales garantizan capturar cada detalle, desde todos los &aacute;ngulos 2 . F&aacute;cil Instalaci&oacute;n con PoE+. Conecta y enciende f&aacute;cilmente la c&aacute;mara VIGI a trav&eacute;s de cable RJ45 que transmite datos y energ&iacute;a,&hellip;&nbsp;VIGI NVR1008H-8P Grabador IP Rack 01 HDD 08 C","og_url":"https:\/\/aivlisoft.net\/shop\/producto\/vigi-nvr1008h-8p-grabador-ip-rack-01-hdd-08-c\/","og_site_name":"Aivlisoft Inform\u00e1tica","article_modified_time":"2025-01-14T10:58:39+00:00","og_image":[{"width":800,"height":800,"url":"https:\/\/aivlisoft.net\/shop\/wp-content\/uploads\/2025\/01\/GVVGVD0094_800.jpg","type":"image\/jpeg"}],"twitter_card":"summary_large_image","twitter_misc":{"Tiempo de lectura":"3 minutos"},"schema":{"@context":"https:\/\/schema.org","@graph":[{"@type":"WebPage","@id":"https:\/\/aivlisoft.net\/shop\/producto\/vigi-nvr1008h-8p-grabador-ip-rack-01-hdd-08-c\/","url":"https:\/\/aivlisoft.net\/shop\/producto\/vigi-nvr1008h-8p-grabador-ip-rack-01-hdd-08-c\/","name":"VIGI NVR1008H-8P Grabador IP Rack 01 HDD 08 C - Aivlisoft Inform\u00e1tica","isPartOf":{"@id":"https:\/\/aivlisoft.net\/shop\/#website"},"primaryImageOfPage":{"@id":"https:\/\/aivlisoft.net\/shop\/producto\/vigi-nvr1008h-8p-grabador-ip-rack-01-hdd-08-c\/#primaryimage"},"image":{"@id":"https:\/\/aivlisoft.net\/shop\/producto\/vigi-nvr1008h-8p-grabador-ip-rack-01-hdd-08-c\/#primaryimage"},"thumbnailUrl":"https:\/\/aivlisoft.net\/shop\/wp-content\/uploads\/2025\/01\/GVVGVD0094_800.jpg","datePublished":"2025-01-13T14:14:47+00:00","dateModified":"2025-01-14T10:58:39+00:00","breadcrumb":{"@id":"https:\/\/aivlisoft.net\/shop\/producto\/vigi-nvr1008h-8p-grabador-ip-rack-01-hdd-08-c\/#breadcrumb"},"inLanguage":"es","potentialAction":[{"@type":"ReadAction","target":["https:\/\/aivlisoft.net\/shop\/producto\/vigi-nvr1008h-8p-grabador-ip-rack-01-hdd-08-c\/"]}]},{"@type":"ImageObject","inLanguage":"es","@id":"https:\/\/aivlisoft.net\/shop\/producto\/vigi-nvr1008h-8p-grabador-ip-rack-01-hdd-08-c\/#primaryimage","url":"https:\/\/aivlisoft.net\/shop\/wp-content\/uploads\/2025\/01\/GVVGVD0094_800.jpg","contentUrl":"https:\/\/aivlisoft.net\/shop\/wp-content\/uploads\/2025\/01\/GVVGVD0094_800.jpg","width":800,"height":800},{"@type":"BreadcrumbList","@id":"https:\/\/aivlisoft.net\/shop\/producto\/vigi-nvr1008h-8p-grabador-ip-rack-01-hdd-08-c\/#breadcrumb","itemListElement":[{"@type":"ListItem","position":1,"name":"Portada","item":"https:\/\/aivlisoft.net\/shop\/"},{"@type":"ListItem","position":2,"name":"Tienda","item":"https:\/\/aivlisoft.net\/shop\/tienda\/"},{"@type":"ListItem","position":3,"name":"VIGI NVR1008H-8P Grabador IP Rack 01 HDD 08 C"}]},{"@type":"WebSite","@id":"https:\/\/aivlisoft.net\/shop\/#website","url":"https:\/\/aivlisoft.net\/shop\/","name":"Aivlisoft Inform\u00e1tica","description":"En Aivlisoft Inform\u00e1tica ofrecemos soluciones tecnol\u00f3gicas para empresas: venta de ordenadores, consumibles, perif\u00e9ricos y m\u00e1s. Calidad, atenci\u00f3n personalizada y los mejores precios para tu negocio.","publisher":{"@id":"https:\/\/aivlisoft.net\/shop\/#organization"},"potentialAction":[{"@type":"SearchAction","target":{"@type":"EntryPoint","urlTemplate":"https:\/\/aivlisoft.net\/shop\/?s={search_term_string}"},"query-input":{"@type":"PropertyValueSpecification","valueRequired":true,"valueName":"search_term_string"}}],"inLanguage":"es"},{"@type":"Organization","@id":"https:\/\/aivlisoft.net\/shop\/#organization","name":"Aivlisoft Inform\u00e1tica","url":"https:\/\/aivlisoft.net\/shop\/","logo":{"@type":"ImageObject","inLanguage":"es","@id":"https:\/\/aivlisoft.net\/shop\/#\/schema\/logo\/image\/","url":"https:\/\/aivlisoft.net\/shop\/wp-content\/uploads\/2024\/12\/removal.ai_5b848c54-0cdf-4140-95c5-c5536bb7573b-logodef.png","contentUrl":"https:\/\/aivlisoft.net\/shop\/wp-content\/uploads\/2024\/12\/removal.ai_5b848c54-0cdf-4140-95c5-c5536bb7573b-logodef.png","width":484,"height":182,"caption":"Aivlisoft Inform\u00e1tica"},"image":{"@id":"https:\/\/aivlisoft.net\/shop\/#\/schema\/logo\/image\/"}}]}},"_links":{"self":[{"href":"https:\/\/aivlisoft.net\/shop\/wp-json\/wp\/v2\/product\/11442","targetHints":{"allow":["GET"]}}],"collection":[{"href":"https:\/\/aivlisoft.net\/shop\/wp-json\/wp\/v2\/product"}],"about":[{"href":"https:\/\/aivlisoft.net\/shop\/wp-json\/wp\/v2\/types\/product"}],"wp:featuredmedia":[{"embeddable":true,"href":"https:\/\/aivlisoft.net\/shop\/wp-json\/wp\/v2\/media\/11443"}],"wp:attachment":[{"href":"https:\/\/aivlisoft.net\/shop\/wp-json\/wp\/v2\/media?parent=11442"}],"wp:term":[{"taxonomy":"product_brand","embeddable":true,"href":"https:\/\/aivlisoft.net\/shop\/wp-json\/wp\/v2\/product_brand?post=11442"},{"taxonomy":"product_cat","embeddable":true,"href":"https:\/\/aivlisoft.net\/shop\/wp-json\/wp\/v2\/product_cat?post=11442"},{"taxonomy":"product_tag","embeddable":true,"href":"https:\/\/aivlisoft.net\/shop\/wp-json\/wp\/v2\/product_tag?post=11442"}],"curies":[{"name":"wp","href":"https:\/\/api.w.org\/{rel}","templated":true}]}}