{"id":11403,"date":"2025-01-13T14:14:25","date_gmt":"2025-01-13T14:14:25","guid":{"rendered":"https:\/\/aivlisoft.com\/?post_type=product&#038;p=11403"},"modified":"2025-01-15T10:31:45","modified_gmt":"2025-01-15T10:31:45","slug":"vigi-bundle-c540-4g4mmpanel-sp9030","status":"publish","type":"product","link":"https:\/\/aivlisoft.net\/shop\/producto\/vigi-bundle-c540-4g4mmpanel-sp9030\/","title":{"rendered":"VIGI Bundle C540-4G(4mm)+Panel SP9030"},"content":{"rendered":"<p><\/p>\n<table class=\"tabla_caracteristicas\" width=\"100%\">\n<tr>\n<td valign=\"top\"><strong>Marca<\/strong><\/td>\n<td>VIGI<\/td>\n<\/tr>\n<tr>\n<td valign=\"top\"><strong>Modelo<\/strong><\/td>\n<td><strong>VIGI C540-4G(4mm)<\/strong><\/td>\n<\/tr>\n<tr>\n<td valign=\"top\"><strong>C&aacute;mara<\/strong><\/td>\n<td>&#8211; Sensor de Imagen: 1\/3.06&rdquo; Progressive Scan CMOS<br \/>\t\t\t&#8211; Shutter Speed: 1\/3 to 1\/10000 s<br \/>\t\t\t&#8211; Slow Shutter<br \/>\t\t\t&#8211; Iluminaci&oacute;n M&iacute;nima: 0.005 Lux; 0 Lux with IR\/white light<br \/>\t\t\t&#8211; Day\/Night Switch: Unified\/ Scheduled\/ Auto<\/td>\n<\/tr>\n<tr>\n<td valign=\"top\"><strong>Lente<\/strong><\/td>\n<td>&#8211; Tipo Lente focal fija<br \/>\t\t\t&#8211; Longitud focal: 4 mm<br \/>\t\t\t&#8211; Apertura: F1.6<br \/>\t\t\t&#8211; FOV:<br \/>\t\t\t&nbsp; Horizontal FOV: 80&deg;<br \/>\t\t\t&nbsp; Vertical FOV: 43&deg;<br \/>\t\t\t&nbsp; Diagonal FOV: 94&deg;<br \/>\t\t\t&#8211; Montura de lente:&nbsp; M12*P 0,5<br \/>\t\t\t&#8211; DORI Distancia<br \/>\t\t\t&nbsp; Detecci&oacute;n: 80 m<br \/>\t\t\t&nbsp; Observar: 33 m<br \/>\t\t\t&nbsp; Reconocer: 16 m<br \/>\t\t\t&nbsp; Identificar: 8 m<br \/>\t\t\t<strong>Iluminaci&oacute;n<\/strong><br \/>\t\t\t&#8211; Led infrarroja:<br \/>\t\t\t&nbsp; Cantidad: 2<br \/>\t\t\t&nbsp; Alcance: 30m<br \/>\t\t\t&nbsp; Longitud de onda: 850 nm<br \/>\t\t\t&#8211; Cantidad de LED blancos: 2<br \/>\t\t\t&nbsp; Alcance: 30m<br \/>\t\t\t&#8211; Control iluminaci&oacute;n encendido\/apagado: Autom&aacute;tico\/Programado\/Siempre encendido\/Siempre apagado<br \/>\t\t\t<strong>PTZ<\/strong><br \/>\t\t\t&#8211; Rango Horizontal\/Vertical: Pan: 0&deg; a 348&deg;, Inclinaci&oacute;n: 0&deg; a 120&deg;<br \/>\t\t\t&#8211; Velocidad Horizontal\/Vertical<br \/>\t\t\t&nbsp; Velocidad de giro: Configurable de 8&deg; a 44&deg;\/s; Velocidad preestablecida: 44&deg;\/s<br \/>\t\t\t&nbsp; Velocidad de inclinaci&oacute;n: Configurable de 8&deg; a 44&deg;\/s, Velocidad preestablecida 44&deg;\/s<br \/>\t\t\t&#8211; Velocidad de control manual: configurable de 8&deg; a 35&deg;\/s<br \/>\t\t\t&#8211; Preajustes: 300<br \/>\t\t\t&#8211; Patrulla Escanea: 8 patrullas, hasta 8 ajustes preestablecidos para cada patrulla<br \/>\t\t\t&#8211; Memoria de apagado: Restauraci&oacute;n autom&aacute;tica al estado anterior del PT y de la lente despu&eacute;s de un corte de energ&iacute;a<br \/>\t\t\t&#8211; Park Action: Programar; Escaneo de patrulla<br \/>\t\t\t&#8211; Posicionamiento 3D<br \/>\t\t\t<strong>Ajuste de &aacute;ngulo (manual)<\/strong><br \/>\t\t\t&#8211; Rango:<br \/>\t\t\t&nbsp; Panor&aacute;mica: 0&deg; a 348&deg;<br \/>\t\t\t&nbsp; Inclinaci&oacute;n: 0&deg; a 120&deg;<\/td>\n<\/tr>\n<tr>\n<td valign=\"top\"><strong>Imagen y V&iacute;deo<\/strong><\/td>\n<td><strong>Imagen <\/strong><br \/>\t\t\t&#8211; Configuraci&oacute;n de imagen:<br \/>\t\t\t&nbsp; Espejo<br \/>\t\t\t&nbsp; Brillo<br \/>\t\t\t&nbsp; Contraste<br \/>\t\t\t&nbsp; Saturaci&oacute;n<br \/>\t\t\t&nbsp; Nitidez<br \/>\t\t\t&nbsp; Exposici&oacute;n<br \/>\t\t\t&nbsp; WDR<br \/>\t\t\t&nbsp; Balance de blancos<br \/>\t\t\t&nbsp; HLC ajustable por software cliente<br \/>\t\t\t&nbsp; Rotati&oacute;n (90&deg;\/270&deg;)<br \/>\t\t\t&#8211; Mejora de imagen: BLC\/3D DNR\/HLC\/SmartIR<br \/>\t\t\t&#8211; Amplio rango din&aacute;mico: 120 dB<br \/>\t\t\t&#8211; SNR: &ge; 52dB<br \/>\t\t\t&#8211; Interruptor de par&aacute;metros de imagen&nbsp;&nbsp;&nbsp; &nbsp;<br \/>\t\t\t&#8211; M&aacute;scara de privacidad: hasta 4 m&aacute;scaras<br \/>\t\t\t&#8211; ROI: 1 Regi&oacute;n<br \/>\t\t\t&#8211; Configuraci&oacute;n de OSD<br \/>\t\t\t<strong>V&iacute;deo<\/strong><br \/>\t\t\t&#8211; M&aacute;x. Resoluci&oacute;n: 2560 X 1440<br \/>\t\t\t&#8211; Velocidad de fotogramas Main Stream:<br \/>\t\t\t&nbsp; 50 Hz: 1 fps, 5 fps, 10 fps, 15 fps, 20 fps, 25 fps<br \/>\t\t\t&nbsp; 60 Hz: 1 fps, 5 fps, 10 fps, 15 fps, 20 fps, 25 fps, 30 fps<br \/>\t\t\t&#8211; Resoluci&oacute;n Main Stream:<br \/>\t\t\t&nbsp; 2560&#215;1440<br \/>\t\t\t&nbsp; 2304&#215;1296<br \/>\t\t\t&nbsp; 2048&#215;1280<br \/>\t\t\t&nbsp; 1920&#215;1080<br \/>\t\t\t&nbsp; 1280&#215;720<br \/>\t\t\t&#8211; Velocidad de fotogramas Sub-Stream:<br \/>\t\t\t&nbsp; 50 Hz: 1 fps, 5 fps, 10 fps, 15 fps, 20 fps, 25 fps<br \/>\t\t\t&nbsp; 60 Hz: 1 fps, 5 fps, 10 fps, 15 fps, 20 fps, 25 fps, 30 fps<br \/>\t\t\t&#8211; Resoluci&oacute;n Sub-Stream: 848&#215;480, 704&#215;576, 640&#215;480, 640&#215;360, 320&#215;240<br \/>\t\t\t&#8211; Control de velocidad de bits: CBR, VBR<br \/>\t\t\t&#8211; Compresi&oacute;n de v&iacute;deo:<br \/>\t\t\t&nbsp;TMain Stream: H.265+\/H.265\/H.264+\/H.264<br \/>\t\t\t&nbsp;Sub-Stream: H.265\/H.264<br \/>\t\t\t&#8211; Tipo H.264: Perfil alto<br \/>\t\t\t&#8211; H.264+: Compatible con Main Stream<br \/>\t\t\t&#8211; Tipo H.265: Perfil principal<br \/>\t\t\t&#8211; H.265+: Compatible con Main Stream &nbsp;<br \/>\t\t\t&#8211; Velocidad de bits de v&iacute;deo Main Stream:256 Kbps a 3 Mbps<br \/>\t\t\t&#8211; Velocidad de bits de v&iacute;deo Sub-Stream: 64 Kbps a 512 Kbps<\/td>\n<\/tr>\n<tr>\n<td valign=\"top\"><strong>Interfaces<\/strong><\/td>\n<td>&#8211; Interfaz de Red: 1 x Puerto Ethernet RJ45 10\/100M Autoadaptativo, PoE<br \/>\t\t\t&#8211; Bot&oacute;n de reinicio<br \/>\t\t\t&#8211; Alimentaci&oacute;n: Puerto de alimentaci&oacute;n DC<br \/>\t\t\t&#8211; Almacenamiento interno: Ranura para tarjeta de memoria incorporada, compatible con tarjeta MicroSD, hasta 512 GB<br \/>\t\t\t&#8211; Micr&oacute;fono incorporado: graba todo lo que sucede dentro de un radio de 15 pies de la c&aacute;mara<br \/>\t\t\t&#8211; Altavoz incorporado<\/td>\n<\/tr>\n<tr>\n<td valign=\"top\"><strong>Caracter&iacute;sticas<\/strong><\/td>\n<td><strong>Red<\/strong><br \/>\t\t\t&#8211; Protocolo:<br \/>\t\t\t&nbsp; TCP\/IP<br \/>\t\t\t&nbsp; UDP<br \/>\t\t\t&nbsp; ICMP<br \/>\t\t\t&nbsp; HTTP<br \/>\t\t\t&nbsp; HTTPS<br \/>\t\t\t&nbsp; DHCP<br \/>\t\t\t&nbsp; DNS<br \/>\t\t\t&nbsp; RTSP<br \/>\t\t\t&nbsp; NTP<br \/>\t\t\t&nbsp; UPnP UDP<br \/>\t\t\t&nbsp; SSL\/TLS<br \/>\t\t\t&#8211; ONVIF<br \/>\t\t\t&#8211; API: ONVIF<br \/>\t\t\t&#8211; Vista en vivo simult&aacute;nea: 3 transmisiones principales y 3 subtransmisiones<br \/>\t\t\t&#8211; Client: VIGI App, VIGI Security Manager, Web UI<br \/>\t\t\t&#8211; Navegador web:<br \/>\t\t\t&nbsp; Navegador web Google Chrome 57 y superior<br \/>\t\t\t&nbsp; Firefox 52 y superior<br \/>\t\t\t&nbsp; Safari 11 y superior<br \/>\t\t\t&nbsp; Microsoft Edge 91 y superior<br \/>\t\t\t&#8211; Nube<br \/>\t\t\t&#8211; Seguridad: Protecci&oacute;n con contrase&ntilde;a, cifrado HTTPS, filtro de direcci&oacute;n IP, autenticaci&oacute;n impl&iacute;cita<br \/>\t\t\t<strong>4G<\/strong><br \/>\t\t\t&#8211; Est&aacute;ndar: LTE-TDD\/LTE-FDD\/WCDMA<br \/>\t\t\t&#8211; Tipo de tarjeta SIM: Nano SIM<br \/>\t\t\t&#8211; Categor&iacute;a: 4<br \/>\t\t\t&#8211; Frecuencia:<br \/>\t\t\t&nbsp; LTE-FDD: B 1\/3\/5\/7\/8\/20\/28<br \/>\t\t\t&nbsp; LTE-TDD: B 38\/40\/41<br \/>\t\t\t&nbsp; WCDMA: B 1\/5\/8<br \/>\t\t\t<strong>Audio<br \/>\t\t\t&#8211; <\/strong>Comunicaci&oacute;n de Audio: Audio Bidireccional<br \/>\t\t\t&#8211; Entrada de audio<br \/>\t\t\t&#8211; Salida de Audio<br \/>\t\t\t&#8211; Compresi&oacute;n de audio<br \/>\t\t\t&#8211; Frecuencia de muestreo de audio: 8KHz<br \/>\t\t\t&#8211; Filtrado de ruido ambiental<br \/>\t\t\t&#8211; Velocidad de bits de audio: 64 Kbps (ley G.711)<br \/>\t\t\t<strong>Alarma<\/strong><br \/>\t\t\t&#8211; Evento inteligente<br \/>\t\t\t&nbsp; Clasificaci&oacute;n de personas y veh&iacute;culos<br \/>\t\t\t&nbsp; Detecci&oacute;n de intrusiones<br \/>\t\t\t&nbsp; Detecci&oacute;n de cruce de l&iacute;neas<br \/>\t\t\t&nbsp; Regi&oacute;n que ingresa a la detecci&oacute;n<br \/>\t\t\t&nbsp; Detecci&oacute;n de salida de regi&oacute;n<br \/>\t\t\t&nbsp; Detecci&oacute;n de objetos abandonados<br \/>\t\t\t&nbsp; Detecci&oacute;n de eliminaci&oacute;n de objetos<br \/>\t\t\t&nbsp; Detecci&oacute;n de personas<br \/>\t\t\t&nbsp; Detecci&oacute;n de veh&iacute;culos<br \/>\t\t\t&#8211; Detecci&oacute;n b&aacute;sica:<br \/>\t\t\t&nbsp; Detecci&oacute;n de movimiento (mejorada con clasificaci&oacute;n de personas y veh&iacute;culos para alertas m&aacute;s precisas)<br \/>\t\t\t&nbsp; Detecci&oacute;n de manipulaci&oacute;n de v&iacute;deo<br \/>\t\t\t&nbsp; Excepci&oacute;n (inicio de sesi&oacute;n ilegal)<br \/>\t\t\t&#8211; Notificaci&oacute;n de salida: Mensaje push<br \/>\t\t\t<strong>Alimentaci&oacute;n<\/strong><br \/>\t\t\t&#8211; Fuente de alimentaci&oacute;n:<br \/>\t\t\t&nbsp; 12V DC \/1A<br \/>\t\t\t&nbsp; Enchufe de alimentaci&oacute;n coaxial<br \/>\t\t\t<strong>Dimensiones <\/strong><br \/>\t\t\t&#8211; 120 &times; 182 &times; 201 mm (excluding antennas)<br \/>\t\t\t&#8211; 0,69 Kg<br \/>\t\t\t<strong>Contiene<\/strong><br \/>\t\t\t&#8211; C&aacute;mara de red VIGI<br \/>\t\t\t&#8211; Gu&iacute;a de inicio r&aacute;pido<br \/>\t\t\t&#8211; Accesorios para cables impermeables<br \/>\t\t\t&#8211; Accesorios de montaje<\/td>\n<\/tr>\n<tr>\n<td valign=\"top\">&nbsp;<\/td>\n<td><strong>+<\/strong><\/td>\n<\/tr>\n<tr>\n<td valign=\"top\"><strong>Marca<\/strong><\/td>\n<td>VIGI<\/td>\n<\/tr>\n<tr>\n<td valign=\"top\"><strong>Modelo<\/strong><\/td>\n<td><strong>VIGI SP9030 <\/strong><\/td>\n<\/tr>\n<tr>\n<td valign=\"top\"><strong>Panel Solar<\/strong> (Panel Fotovoltaico)<\/td>\n<td>&#8211; Potencia: 90 W<br \/>\t\t\t&#8211; Voltaje: 18 V<br \/>\t\t\t&#8211; Dimensiones (L x W x H): 998 &times; 516 &times; 30 mm<\/td>\n<\/tr>\n<tr>\n<td valign=\"top\"><strong>Bater&iacute;a<\/strong><\/td>\n<td>&#8211; Tipo: Litio<br \/>\t\t\t&#8211; Calor auxiliar inteligente: S&iacute;<br \/>\t\t\t&#8211; Capacidad de Bater&iacute;a: 31.2 Ah<br \/>\t\t\t&#8211; Voltaje: 10.8 V<br \/>\t\t\t&#8211; M&aacute;x. Tensi&oacute;n de salida: 12.6 V<br \/>\t\t\t&#8211; Vida: M&aacute;s de 500 ciclos<br \/>\t\t\t&#8211; Dimensi&oacute;n: 242 &times; 70 &times; 55 mm<br \/>\t\t\t&#8211; Condiciones de Carga:<br \/>\t\t\t&nbsp; 0&deg;C~45&deg;C<br \/>\t\t\t&nbsp; -30&deg;C~45&deg;C (Con calefacci&oacute;n auxiliar inteligente)<br \/>\t\t\t&#8211; Condiciones de Descarga:<br \/>\t\t\t&nbsp; -20&deg;C~60&deg;C<br \/>\t\t\t&nbsp; -30&deg;C~60&deg;C (Con calefacci&oacute;n auxiliar inteligente)<\/td>\n<\/tr>\n<tr>\n<td valign=\"top\"><strong>Ajuste de &aacute;ngulo<\/strong> (manual)<\/td>\n<td>&#8211; Rango: 5&deg;\/15&deg;\/25&deg;\/35&deg;\/45&deg;\/55&deg;<\/td>\n<\/tr>\n<tr>\n<td valign=\"top\"><strong>Hardware<\/strong><\/td>\n<td>&#8211; Interface&nbsp;&nbsp;&nbsp; &nbsp;<br \/>\t\t\t&nbsp; 1&times; 10\/100 Mbps RJ45<br \/>\t\t\t&nbsp; 1&times; Fotovoltaico Panel Conector<br \/>\t\t\t&nbsp; 3&times; 5.5mm DC Power Plugs (#1, #2: 9V-12.6 VDC\/2A, #3: 12 VDC\/2A)<br \/>\t\t\t&#8211; LED Indicador<br \/>\t\t\t&nbsp; Cantidad: 4 (1&times; indicador SYS, 1&times; indicador LAN, 1&times; indicador PV, 1&times; indicador BAT)<br \/>\t\t\t&nbsp; Color: Azul<\/td>\n<\/tr>\n<tr>\n<td valign=\"top\"><strong>Caracter&iacute;sticas de Software<\/strong><\/td>\n<td>&#8211; Control de carga<br \/>\t\t\t&#8211; Protecci&oacute;n contra altas y bajas temperaturas<br \/>\t\t\t&#8211; Protecci&oacute;n contra sobredescarga<br \/>\t\t\t&#8211; Estad&iacute;sticas de consumo de energ&iacute;a<br \/>\t\t\t&#8211; Muestra el estado de carga en tiempo real<br \/>\t\t\t&#8211; Visualizaci&oacute;n del nivel de bater&iacute;a<br \/>\t\t\t&#8211; Selecci&oacute;n de zona horaria<br \/>\t\t\t&#8211; Selecci&oacute;n de regi&oacute;n<br \/>\t\t\t&#8211; Programar guardar<br \/>\t\t\t&#8211; Actualizaci&oacute;n remota de firmware<br \/>\t\t\t&#8211; Reinicio remoto S<br \/>\t\t\t&#8211; Gesti&oacute;n de LAN local<br \/>\t\t\t&#8211; Control de carga inteligente: -30&deg;C~5&deg;C<br \/>\t\t\t&#8211; Gesti&oacute;n de cuentas<br \/>\t\t\t&#8211; Gesti&oacute;n web<br \/>\t\t\t&#8211; Restablecimiento remoto<br \/>\t\t\t&#8211; Env&iacute;o de mensaje remoto<\/td>\n<\/tr>\n<tr>\n<td valign=\"top\"><strong>Otros<\/strong><\/td>\n<td>&#8211; Certificaci&oacute;n<br \/>\t\t\t&nbsp; CB, PSE (Bater&iacute;a)<br \/>\t\t\t&nbsp; CE, FCC, VCCI, IC, IP66<br \/>\t\t\t&#8211; Contenido del paquete<br \/>\t\t\t&nbsp; VIGI SP9030<br \/>\t\t\t&nbsp; Gu&iacute;a de inicio r&aacute;pido<br \/>\t\t\t&nbsp; Accesorios para cables impermeables<br \/>\t\t\t&nbsp; Accesorios de montaje<br \/>\t\t\t&#8211; Peso<br \/>\t\t\t&nbsp; Peso del producto: 15 kg<br \/>\t\t\t&nbsp; Peso del paquete: 17,5 kg<br \/>\t\t\t&#8211; Ambiente<br \/>\t\t\t&nbsp; Temperatura de funcionamiento: -30&deg;C-60&deg;C (Con calefacci&oacute;n auxiliar inteligente)<br \/>\t\t\t&nbsp; Humedad de funcionamiento: 10%~90%RH, sin condensaci&oacute;n<\/td>\n<\/tr>\n<tr>\n<td valign=\"top\"><strong>Fecha de revisi&oacute;n<\/strong><\/td>\n<td>22-10-2024 por RTY<\/td>\n<\/tr>\n<\/table>\n","protected":false},"excerpt":{"rendered":"<p>Marca VIGI Modelo VIGI C540-4G(4mm) C&aacute;mara &#8211; Sensor de Imagen: 1\/3.06&rdquo; Progressive Scan CMOS &#8211; Shutter Speed: 1\/3 to 1\/10000 s &#8211; Slow Shutter &#8211; Iluminaci&oacute;n M&iacute;nima: 0.005 Lux; 0 Lux with IR\/white light &#8211; Day\/Night Switch: Unified\/ Scheduled\/ Auto Lente &#8211; Tipo Lente focal fija &#8211; Longitud focal: 4 mm &#8211; Apertura: F1.6 &#8211;&hellip;&nbsp;<a href=\"https:\/\/aivlisoft.net\/shop\/producto\/vigi-bundle-c540-4g4mmpanel-sp9030\/\" rel=\"bookmark\"><span class=\"screen-reader-text\">VIGI Bundle C540-4G(4mm)+Panel SP9030<\/span><\/a><\/p>\n","protected":false},"featured_media":0,"template":"","meta":{"neve_meta_sidebar":"","neve_meta_container":"","neve_meta_enable_content_width":"","neve_meta_content_width":0,"neve_meta_title_alignment":"","neve_meta_author_avatar":"","neve_post_elements_order":"","neve_meta_disable_header":"","neve_meta_disable_footer":"","neve_meta_disable_title":""},"product_brand":[],"product_cat":[15,8690,711,4432],"product_tag":[4531],"class_list":{"0":"post-11403","1":"product","2":"type-product","3":"status-publish","5":"product_cat-sin-categorizar","6":"product_cat-accesorios-videovigilancia-accesorios-videovigilancia","7":"product_cat-accesorios-videovigilancia","8":"product_cat-videovigilancia","9":"product_tag-b-c540sp9030","11":"first","12":"instock","13":"taxable","14":"shipping-taxable","15":"purchasable","16":"product-type-simple"},"yoast_head":"<!-- This site is optimized with the Yoast SEO plugin v26.0 - https:\/\/yoast.com\/wordpress\/plugins\/seo\/ -->\n<title>VIGI Bundle C540-4G(4mm)+Panel SP9030 - Aivlisoft Inform\u00e1tica<\/title>\n<meta name=\"robots\" content=\"index, follow, max-snippet:-1, max-image-preview:large, max-video-preview:-1\" \/>\n<link rel=\"canonical\" href=\"https:\/\/aivlisoft.net\/shop\/producto\/vigi-bundle-c540-4g4mmpanel-sp9030\/\" \/>\n<meta property=\"og:locale\" content=\"es_ES\" \/>\n<meta property=\"og:type\" content=\"article\" \/>\n<meta property=\"og:title\" content=\"VIGI Bundle C540-4G(4mm)+Panel SP9030 - Aivlisoft Inform\u00e1tica\" \/>\n<meta property=\"og:description\" content=\"Marca VIGI Modelo VIGI C540-4G(4mm) C&aacute;mara &#8211; Sensor de Imagen: 1\/3.06&rdquo; Progressive Scan CMOS &#8211; Shutter Speed: 1\/3 to 1\/10000 s &#8211; Slow Shutter &#8211; Iluminaci&oacute;n M&iacute;nima: 0.005 Lux; 0 Lux with IR\/white light &#8211; Day\/Night Switch: Unified\/ Scheduled\/ Auto Lente &#8211; Tipo Lente focal fija &#8211; Longitud focal: 4 mm &#8211; Apertura: F1.6 &#8211;&hellip;&nbsp;VIGI Bundle C540-4G(4mm)+Panel SP9030\" \/>\n<meta property=\"og:url\" content=\"https:\/\/aivlisoft.net\/shop\/producto\/vigi-bundle-c540-4g4mmpanel-sp9030\/\" \/>\n<meta property=\"og:site_name\" content=\"Aivlisoft Inform\u00e1tica\" \/>\n<meta property=\"article:modified_time\" content=\"2025-01-15T10:31:45+00:00\" \/>\n<meta name=\"twitter:card\" content=\"summary_large_image\" \/>\n<meta name=\"twitter:label1\" content=\"Tiempo de lectura\" \/>\n\t<meta name=\"twitter:data1\" content=\"7 minutos\" \/>\n<script type=\"application\/ld+json\" class=\"yoast-schema-graph\">{\"@context\":\"https:\/\/schema.org\",\"@graph\":[{\"@type\":\"WebPage\",\"@id\":\"https:\/\/aivlisoft.net\/shop\/producto\/vigi-bundle-c540-4g4mmpanel-sp9030\/\",\"url\":\"https:\/\/aivlisoft.net\/shop\/producto\/vigi-bundle-c540-4g4mmpanel-sp9030\/\",\"name\":\"VIGI Bundle C540-4G(4mm)+Panel SP9030 - Aivlisoft Inform\u00e1tica\",\"isPartOf\":{\"@id\":\"https:\/\/aivlisoft.net\/shop\/#website\"},\"datePublished\":\"2025-01-13T14:14:25+00:00\",\"dateModified\":\"2025-01-15T10:31:45+00:00\",\"breadcrumb\":{\"@id\":\"https:\/\/aivlisoft.net\/shop\/producto\/vigi-bundle-c540-4g4mmpanel-sp9030\/#breadcrumb\"},\"inLanguage\":\"es\",\"potentialAction\":[{\"@type\":\"ReadAction\",\"target\":[\"https:\/\/aivlisoft.net\/shop\/producto\/vigi-bundle-c540-4g4mmpanel-sp9030\/\"]}]},{\"@type\":\"BreadcrumbList\",\"@id\":\"https:\/\/aivlisoft.net\/shop\/producto\/vigi-bundle-c540-4g4mmpanel-sp9030\/#breadcrumb\",\"itemListElement\":[{\"@type\":\"ListItem\",\"position\":1,\"name\":\"Portada\",\"item\":\"https:\/\/aivlisoft.net\/shop\/\"},{\"@type\":\"ListItem\",\"position\":2,\"name\":\"Tienda\",\"item\":\"https:\/\/aivlisoft.net\/shop\/tienda\/\"},{\"@type\":\"ListItem\",\"position\":3,\"name\":\"VIGI Bundle C540-4G(4mm)+Panel SP9030\"}]},{\"@type\":\"WebSite\",\"@id\":\"https:\/\/aivlisoft.net\/shop\/#website\",\"url\":\"https:\/\/aivlisoft.net\/shop\/\",\"name\":\"Aivlisoft Inform\u00e1tica\",\"description\":\"En Aivlisoft Inform\u00e1tica ofrecemos soluciones tecnol\u00f3gicas para empresas: venta de ordenadores, consumibles, perif\u00e9ricos y m\u00e1s. Calidad, atenci\u00f3n personalizada y los mejores precios para tu negocio.\",\"publisher\":{\"@id\":\"https:\/\/aivlisoft.net\/shop\/#organization\"},\"potentialAction\":[{\"@type\":\"SearchAction\",\"target\":{\"@type\":\"EntryPoint\",\"urlTemplate\":\"https:\/\/aivlisoft.net\/shop\/?s={search_term_string}\"},\"query-input\":{\"@type\":\"PropertyValueSpecification\",\"valueRequired\":true,\"valueName\":\"search_term_string\"}}],\"inLanguage\":\"es\"},{\"@type\":\"Organization\",\"@id\":\"https:\/\/aivlisoft.net\/shop\/#organization\",\"name\":\"Aivlisoft Inform\u00e1tica\",\"url\":\"https:\/\/aivlisoft.net\/shop\/\",\"logo\":{\"@type\":\"ImageObject\",\"inLanguage\":\"es\",\"@id\":\"https:\/\/aivlisoft.net\/shop\/#\/schema\/logo\/image\/\",\"url\":\"https:\/\/aivlisoft.net\/shop\/wp-content\/uploads\/2024\/12\/removal.ai_5b848c54-0cdf-4140-95c5-c5536bb7573b-logodef.png\",\"contentUrl\":\"https:\/\/aivlisoft.net\/shop\/wp-content\/uploads\/2024\/12\/removal.ai_5b848c54-0cdf-4140-95c5-c5536bb7573b-logodef.png\",\"width\":484,\"height\":182,\"caption\":\"Aivlisoft Inform\u00e1tica\"},\"image\":{\"@id\":\"https:\/\/aivlisoft.net\/shop\/#\/schema\/logo\/image\/\"}}]}<\/script>\n<!-- \/ Yoast SEO plugin. -->","yoast_head_json":{"title":"VIGI Bundle C540-4G(4mm)+Panel SP9030 - Aivlisoft Inform\u00e1tica","robots":{"index":"index","follow":"follow","max-snippet":"max-snippet:-1","max-image-preview":"max-image-preview:large","max-video-preview":"max-video-preview:-1"},"canonical":"https:\/\/aivlisoft.net\/shop\/producto\/vigi-bundle-c540-4g4mmpanel-sp9030\/","og_locale":"es_ES","og_type":"article","og_title":"VIGI Bundle C540-4G(4mm)+Panel SP9030 - Aivlisoft Inform\u00e1tica","og_description":"Marca VIGI Modelo VIGI C540-4G(4mm) C&aacute;mara &#8211; Sensor de Imagen: 1\/3.06&rdquo; Progressive Scan CMOS &#8211; Shutter Speed: 1\/3 to 1\/10000 s &#8211; Slow Shutter &#8211; Iluminaci&oacute;n M&iacute;nima: 0.005 Lux; 0 Lux with IR\/white light &#8211; Day\/Night Switch: Unified\/ Scheduled\/ Auto Lente &#8211; Tipo Lente focal fija &#8211; Longitud focal: 4 mm &#8211; Apertura: F1.6 &#8211;&hellip;&nbsp;VIGI Bundle C540-4G(4mm)+Panel SP9030","og_url":"https:\/\/aivlisoft.net\/shop\/producto\/vigi-bundle-c540-4g4mmpanel-sp9030\/","og_site_name":"Aivlisoft Inform\u00e1tica","article_modified_time":"2025-01-15T10:31:45+00:00","twitter_card":"summary_large_image","twitter_misc":{"Tiempo de lectura":"7 minutos"},"schema":{"@context":"https:\/\/schema.org","@graph":[{"@type":"WebPage","@id":"https:\/\/aivlisoft.net\/shop\/producto\/vigi-bundle-c540-4g4mmpanel-sp9030\/","url":"https:\/\/aivlisoft.net\/shop\/producto\/vigi-bundle-c540-4g4mmpanel-sp9030\/","name":"VIGI Bundle C540-4G(4mm)+Panel SP9030 - Aivlisoft Inform\u00e1tica","isPartOf":{"@id":"https:\/\/aivlisoft.net\/shop\/#website"},"datePublished":"2025-01-13T14:14:25+00:00","dateModified":"2025-01-15T10:31:45+00:00","breadcrumb":{"@id":"https:\/\/aivlisoft.net\/shop\/producto\/vigi-bundle-c540-4g4mmpanel-sp9030\/#breadcrumb"},"inLanguage":"es","potentialAction":[{"@type":"ReadAction","target":["https:\/\/aivlisoft.net\/shop\/producto\/vigi-bundle-c540-4g4mmpanel-sp9030\/"]}]},{"@type":"BreadcrumbList","@id":"https:\/\/aivlisoft.net\/shop\/producto\/vigi-bundle-c540-4g4mmpanel-sp9030\/#breadcrumb","itemListElement":[{"@type":"ListItem","position":1,"name":"Portada","item":"https:\/\/aivlisoft.net\/shop\/"},{"@type":"ListItem","position":2,"name":"Tienda","item":"https:\/\/aivlisoft.net\/shop\/tienda\/"},{"@type":"ListItem","position":3,"name":"VIGI Bundle C540-4G(4mm)+Panel SP9030"}]},{"@type":"WebSite","@id":"https:\/\/aivlisoft.net\/shop\/#website","url":"https:\/\/aivlisoft.net\/shop\/","name":"Aivlisoft Inform\u00e1tica","description":"En Aivlisoft Inform\u00e1tica ofrecemos soluciones tecnol\u00f3gicas para empresas: venta de ordenadores, consumibles, perif\u00e9ricos y m\u00e1s. Calidad, atenci\u00f3n personalizada y los mejores precios para tu negocio.","publisher":{"@id":"https:\/\/aivlisoft.net\/shop\/#organization"},"potentialAction":[{"@type":"SearchAction","target":{"@type":"EntryPoint","urlTemplate":"https:\/\/aivlisoft.net\/shop\/?s={search_term_string}"},"query-input":{"@type":"PropertyValueSpecification","valueRequired":true,"valueName":"search_term_string"}}],"inLanguage":"es"},{"@type":"Organization","@id":"https:\/\/aivlisoft.net\/shop\/#organization","name":"Aivlisoft Inform\u00e1tica","url":"https:\/\/aivlisoft.net\/shop\/","logo":{"@type":"ImageObject","inLanguage":"es","@id":"https:\/\/aivlisoft.net\/shop\/#\/schema\/logo\/image\/","url":"https:\/\/aivlisoft.net\/shop\/wp-content\/uploads\/2024\/12\/removal.ai_5b848c54-0cdf-4140-95c5-c5536bb7573b-logodef.png","contentUrl":"https:\/\/aivlisoft.net\/shop\/wp-content\/uploads\/2024\/12\/removal.ai_5b848c54-0cdf-4140-95c5-c5536bb7573b-logodef.png","width":484,"height":182,"caption":"Aivlisoft Inform\u00e1tica"},"image":{"@id":"https:\/\/aivlisoft.net\/shop\/#\/schema\/logo\/image\/"}}]}},"_links":{"self":[{"href":"https:\/\/aivlisoft.net\/shop\/wp-json\/wp\/v2\/product\/11403","targetHints":{"allow":["GET"]}}],"collection":[{"href":"https:\/\/aivlisoft.net\/shop\/wp-json\/wp\/v2\/product"}],"about":[{"href":"https:\/\/aivlisoft.net\/shop\/wp-json\/wp\/v2\/types\/product"}],"wp:attachment":[{"href":"https:\/\/aivlisoft.net\/shop\/wp-json\/wp\/v2\/media?parent=11403"}],"wp:term":[{"taxonomy":"product_brand","embeddable":true,"href":"https:\/\/aivlisoft.net\/shop\/wp-json\/wp\/v2\/product_brand?post=11403"},{"taxonomy":"product_cat","embeddable":true,"href":"https:\/\/aivlisoft.net\/shop\/wp-json\/wp\/v2\/product_cat?post=11403"},{"taxonomy":"product_tag","embeddable":true,"href":"https:\/\/aivlisoft.net\/shop\/wp-json\/wp\/v2\/product_tag?post=11403"}],"curies":[{"name":"wp","href":"https:\/\/api.w.org\/{rel}","templated":true}]}}