{"id":11331,"date":"2025-01-13T14:13:22","date_gmt":"2025-01-13T14:13:22","guid":{"rendered":"https:\/\/aivlisoft.com\/?post_type=product&#038;p=11331"},"modified":"2025-01-15T10:34:24","modified_gmt":"2025-01-15T10:34:24","slug":"fanvil-sistema-videoconferencia-ca400","status":"publish","type":"product","link":"https:\/\/aivlisoft.net\/shop\/producto\/fanvil-sistema-videoconferencia-ca400\/","title":{"rendered":"Fanvil Sistema Videoconferencia CA400"},"content":{"rendered":"<p><\/p>\n<table class=\"tabla_caracteristicas\" width=\"100%\">\n<tr>\n<td valign=\"top\"><strong>Marca<\/strong><\/td>\n<td>Fanvil<\/td>\n<\/tr>\n<tr>\n<td valign=\"top\"><strong>Modelo<\/strong><\/td>\n<td><strong>CA400<\/strong><\/td>\n<\/tr>\n<tr>\n<td valign=\"top\"><strong>MS10<\/strong><\/td>\n<td>&#8211; M&aacute;x. Resoluci&oacute;n de salida de pantalla compartida: 1920&#215;1080 a 30 fps<br \/>\t\t\t<strong>Micr&oacute;fono<\/strong><br \/>\t\t\t&#8211; Incorporado: 8 micr&oacute;fonos MEMS para captaci&oacute;n de 360&deg;<br \/>\t\t\t&#8211; Rango de recogida: 4M<br \/>\t\t\t&#8211; Relaci&oacute;n se&ntilde;al-ruido (SNR): 64,5 dB(A)<br \/>\t\t\t&#8211; Sensibilidad: -26dBFS@1kHz(0dB=1V\/Pa)<br \/>\t\t\t&#8211; Punto de sobrecarga ac&uacute;stica: 119 dB SPL &lt;10 % a 1 kHz<br \/>\t\t\t&#8211; Frecuencia: 20Hz-10KHz<br \/>\t\t\t&#8211; D&uacute;plex<br \/>\t\t\t&#8211; Beamforming<br \/>\t\t\t&#8211; Supresi&oacute;n autom&aacute;tica de ruido<br \/>\t\t\t&#8211; Cancelaci&oacute;n de eco ac&uacute;stico<br \/>\t\t\t&#8211; Control autom&aacute;tico de ganancia<br \/>\t\t\t<strong>Altavoz<\/strong><br \/>\t\t\t&#8211; Altavoz: 4&Omega; 3W<br \/>\t\t\t&#8211; Tama&ntilde;o del altavoz: 50 mm<br \/>\t\t\t&#8211; Sensibilidad: 1KHz 85 dB &plusmn; 3dB @ 1m, 3W<br \/>\t\t\t&#8211; Relaci&oacute;n se&ntilde;al-ruido (SNR): 50 dB<br \/>\t\t\t&#8211; Rango de frecuencia: 200Hz- 10KHz MAX 5%<br \/>\t\t\t&#8211; M&aacute;x. Nivel de presi&oacute;n sonora: 85 dB SPL @ 1 m @ 3 W<br \/>\t\t\t&#8211; Ruido de fondo: &lt;30 dB<br \/>\t\t\t&#8211; Distorsi&oacute;n arm&oacute;nica total: 200Hz-10KHz MAX 5%<\/td>\n<\/tr>\n<tr>\n<td valign=\"top\"><strong>RC10<\/strong><\/td>\n<td><strong>WIFI<\/strong><br \/>\t\t\t&#8211; Protocolo: 802.11 a\/n\/ac<br \/>\t\t\t&#8211; Protocolo de transmisi&oacute;n inal&aacute;mbrica: Internet UDP r&aacute;pido<br \/>\t\t\t<strong>Conexiones<\/strong><br \/>\t\t\t&#8211; Distancia de transmisi&oacute;n: hasta 10M<br \/>\t\t\t&#8211; Bandas de frecuencia y potencia m&aacute;xima transmitida (para UE) :<br \/>\t\t\t&nbsp; 5180-5320 MHz (Wi-Fi 5 GHz), m&aacute;x. 20 dBm<br \/>\t\t\t&nbsp; 5500-5700 MHz (Wi-Fi 5 GHz), m&aacute;x. 20 dBm<br \/>\t\t\t<strong>Transmisi&oacute;n de c&aacute;mara<\/strong><br \/>\t\t\t&#8211; M&aacute;x. Resoluci&oacute;n de salida: 1920 x 1080 a 30 fps<br \/>\t\t\t&#8211; Tipo de c&aacute;mara compatible: c&aacute;mara UVC<br \/>\t\t\t&#8211; Formato soportado: H.264<br \/>\t\t\t&#8211; Car&aacute;cter f&iacute;sico: atracci&oacute;n magn&eacute;tica.<br \/>\t\t\t&#8211; Idioma: chino, ingl&eacute;s, japon&eacute;s, franc&eacute;s, alem&aacute;n, italiano, espa&ntilde;ol, ruso, portugu&eacute;s, coreano, turco<\/td>\n<\/tr>\n<tr>\n<td valign=\"top\"><strong>CM70<\/strong><\/td>\n<td><strong>C&aacute;mara USB<\/strong><br \/>\t\t\t&#8211; Tipo de sensor: IMX 415(1\/2,8&#8243;) 3840*2160<br \/>\t\t\t&#8211; Resoluci&oacute;n de salida: MJPEG\/ H264\/ H265 \/YUV \/ NV12<br \/>\t\t\t&nbsp; 30P (YUV y NV12 no admiten 4K y 2K<br \/>\t\t\t&nbsp; resoluciones)<br \/>\t\t\t&nbsp; 3840 x 2160\/ 2560 x 1440\/ 1920 x 1080\/1280 x 720\/ 1024 x 576\/9<br \/>\t\t\t&nbsp; 60 x 540\/ 800 x 448<br \/>\t\t\t&nbsp; 640 x 360\/ 320 x 180\/960 x 720\/ 800 x 600\/ 640 x 480\/ 480 x 270\/<br \/>\t\t\t&nbsp; 3 52 x 288\/ 320 x 240<br \/>\t\t\t&#8211; Campo de visi&oacute;n: DFOV 118,5&deg;\/HFOV 109,9&deg;\/VFOV 74,6&deg;<br \/>\t\t\t&#8211; Encuadre autom&aacute;tico: Autom&aacute;tico<br \/>\t\t\t&#8211; F\/No: F2.5<br \/>\t\t\t&#8211; Zoom: zoom digital 5x<br \/>\t\t\t&#8211; Resoluci&oacute;n m&aacute;xima:<br \/>\t\t\t&nbsp; USB3.0:3840 x 2160 p30\/<br \/>\t\t\t&nbsp; USB2.0:1920 x 1080 p30<br \/>\t\t\t&#8211; Protecci&oacute;n de seguridad: Cubierta manual de la lente de la c&aacute;mara<br \/>\t\t\t<strong>Micr&oacute;fono<\/strong><br \/>\t\t\t&#8211; Tipo de micr&oacute;fono: 2 micr&oacute;fonos electret<br \/>\t\t\t&#8211; Rango de recogida: 4m<br \/>\t\t\t&#8211; Relaci&oacute;n se&ntilde;al-ruido: 94 dB SPL @ 1 KHz 65 dB (A)<br \/>\t\t\t&#8211; Sensibilidad del micr&oacute;fono: 94 dB SPL @ 1 KHz &#8211; 30 &plusmn; 2 dB FS<br \/>\t\t\t&#8211; D&uacute;plex<br \/>\t\t\t&#8211; Supresi&oacute;n autom&aacute;tica de ruido<br \/>\t\t\t&#8211; Control autom&aacute;tico de ganancia<br \/>\t\t\t&#8211; Car&aacute;cter f&iacute;sico: atracci&oacute;n magn&eacute;tica<\/td>\n<\/tr>\n<tr>\n<td valign=\"top\"><strong>Otras caracter&iacute;sticas<\/strong><\/td>\n<td><strong>Interfaces<\/strong><br \/>\t\t\t&#8211; C&aacute;mara USB: Tipo C x1<br \/>\t\t\t&#8211; Altavoz: Tipo-C PD + DP ALT<br \/>\t\t\t&#8211; Receptor: HDMI X1; PD tipo C; USB A 3.0&#215;1<br \/>\t\t\t<strong>Sistema operativo<\/strong><br \/>\t\t\t&#8211; Windows10\/11; Mac 10.8 y posteriores<br \/>\t\t\t<strong>Certificados<\/strong><br \/>\t\t\t&#8211; CE<br \/>\t\t\t&#8211; FC<br \/>\t\t\t&#8211; RoHS compliant<br \/>\t\t\t<strong>Dimensiones y peso<\/strong><br \/>\t\t\t&#8211; C&aacute;mara USB: 80 x 75 x 53 mm<br \/>\t\t\t&#8211; Altavoz: 180 x 81 x 32 mm<br \/>\t\t\t&#8211; Receptor: 102 x 45 x 20mm<br \/>\t\t\t&#8211; 14,92 kg<br \/>\t\t\t<strong>Contenido<\/strong><br \/>\t\t\t&#8211; C&aacute;mara USB:CM70<br \/>\t\t\t&#8211; Altavoz: MS10<br \/>\t\t\t&#8211; Receptor: RC10<br \/>\t\t\t&#8211; Control remoto<br \/>\t\t\t&#8211; Adaptador de corriente: 5V\/2A<br \/>\t\t\t&#8211; Cable HDMI de 1,5 m<br \/>\t\t\t&#8211; Adaptador USB-C a HDMI y USB-A\/C de 20 cm<br \/>\t\t\t&#8211; Cable de extensi&oacute;n USB de 40 cm<br \/>\t\t\t&#8211; Cable USB tipo C-A de 1,8 M<br \/>\t\t\t&#8211; Gu&iacute;a de inicio r&aacute;pido<\/td>\n<\/tr>\n<tr>\n<td valign=\"top\"><strong>Fecha de revisi&oacute;n<\/strong><\/td>\n<td>26-04-2024 por RTY<\/td>\n<\/tr>\n<\/table>\n","protected":false},"excerpt":{"rendered":"<p>Marca Fanvil Modelo CA400 MS10 &#8211; M&aacute;x. Resoluci&oacute;n de salida de pantalla compartida: 1920&#215;1080 a 30 fps Micr&oacute;fono &#8211; Incorporado: 8 micr&oacute;fonos MEMS para captaci&oacute;n de 360&deg; &#8211; Rango de recogida: 4M &#8211; Relaci&oacute;n se&ntilde;al-ruido (SNR): 64,5 dB(A) &#8211; Sensibilidad: -26dBFS@1kHz(0dB=1V\/Pa) &#8211; Punto de sobrecarga ac&uacute;stica: 119 dB SPL &lt;10 % a 1 kHz &#8211;&hellip;&nbsp;<a href=\"https:\/\/aivlisoft.net\/shop\/producto\/fanvil-sistema-videoconferencia-ca400\/\" rel=\"bookmark\"><span class=\"screen-reader-text\">Fanvil Sistema Videoconferencia CA400<\/span><\/a><\/p>\n","protected":false},"featured_media":11332,"template":"","meta":{"neve_meta_sidebar":"","neve_meta_container":"","neve_meta_enable_content_width":"","neve_meta_content_width":0,"neve_meta_title_alignment":"","neve_meta_author_avatar":"","neve_post_elements_order":"","neve_meta_disable_header":"","neve_meta_disable_footer":"","neve_meta_disable_title":""},"product_brand":[],"product_cat":[15,8690,711,8726,4432],"product_tag":[4419],"class_list":{"0":"post-11331","1":"product","2":"type-product","3":"status-publish","4":"has-post-thumbnail","6":"product_cat-sin-categorizar","7":"product_cat-accesorios-videovigilancia-accesorios-videovigilancia","8":"product_cat-accesorios-videovigilancia","9":"product_cat-grabadores-digitales","10":"product_cat-videovigilancia","11":"product_tag-ca400","13":"first","14":"instock","15":"taxable","16":"shipping-taxable","17":"purchasable","18":"product-type-simple"},"yoast_head":"<!-- This site is optimized with the Yoast SEO plugin v26.0 - https:\/\/yoast.com\/wordpress\/plugins\/seo\/ -->\n<title>Fanvil Sistema Videoconferencia CA400 - Aivlisoft Inform\u00e1tica<\/title>\n<meta name=\"robots\" content=\"index, follow, max-snippet:-1, max-image-preview:large, max-video-preview:-1\" \/>\n<link rel=\"canonical\" href=\"https:\/\/aivlisoft.net\/shop\/producto\/fanvil-sistema-videoconferencia-ca400\/\" \/>\n<meta property=\"og:locale\" content=\"es_ES\" \/>\n<meta property=\"og:type\" content=\"article\" \/>\n<meta property=\"og:title\" content=\"Fanvil Sistema Videoconferencia CA400 - Aivlisoft Inform\u00e1tica\" \/>\n<meta property=\"og:description\" content=\"Marca Fanvil Modelo CA400 MS10 &#8211; M&aacute;x. Resoluci&oacute;n de salida de pantalla compartida: 1920&#215;1080 a 30 fps Micr&oacute;fono &#8211; Incorporado: 8 micr&oacute;fonos MEMS para captaci&oacute;n de 360&deg; &#8211; Rango de recogida: 4M &#8211; Relaci&oacute;n se&ntilde;al-ruido (SNR): 64,5 dB(A) &#8211; Sensibilidad: -26dBFS@1kHz(0dB=1V\/Pa) &#8211; Punto de sobrecarga ac&uacute;stica: 119 dB SPL &lt;10 % a 1 kHz &#8211;&hellip;&nbsp;Fanvil Sistema Videoconferencia CA400\" \/>\n<meta property=\"og:url\" content=\"https:\/\/aivlisoft.net\/shop\/producto\/fanvil-sistema-videoconferencia-ca400\/\" \/>\n<meta property=\"og:site_name\" content=\"Aivlisoft Inform\u00e1tica\" \/>\n<meta property=\"article:modified_time\" content=\"2025-01-15T10:34:24+00:00\" \/>\n<meta property=\"og:image\" content=\"https:\/\/aivlisoft.net\/shop\/wp-content\/uploads\/2025\/01\/FVPCWB0148_800.jpg\" \/>\n\t<meta property=\"og:image:width\" content=\"800\" \/>\n\t<meta property=\"og:image:height\" content=\"800\" \/>\n\t<meta property=\"og:image:type\" content=\"image\/jpeg\" \/>\n<meta name=\"twitter:card\" content=\"summary_large_image\" \/>\n<meta name=\"twitter:label1\" content=\"Tiempo de lectura\" \/>\n\t<meta name=\"twitter:data1\" content=\"3 minutos\" \/>\n<script type=\"application\/ld+json\" class=\"yoast-schema-graph\">{\"@context\":\"https:\/\/schema.org\",\"@graph\":[{\"@type\":\"WebPage\",\"@id\":\"https:\/\/aivlisoft.net\/shop\/producto\/fanvil-sistema-videoconferencia-ca400\/\",\"url\":\"https:\/\/aivlisoft.net\/shop\/producto\/fanvil-sistema-videoconferencia-ca400\/\",\"name\":\"Fanvil Sistema Videoconferencia CA400 - Aivlisoft Inform\u00e1tica\",\"isPartOf\":{\"@id\":\"https:\/\/aivlisoft.net\/shop\/#website\"},\"primaryImageOfPage\":{\"@id\":\"https:\/\/aivlisoft.net\/shop\/producto\/fanvil-sistema-videoconferencia-ca400\/#primaryimage\"},\"image\":{\"@id\":\"https:\/\/aivlisoft.net\/shop\/producto\/fanvil-sistema-videoconferencia-ca400\/#primaryimage\"},\"thumbnailUrl\":\"https:\/\/aivlisoft.net\/shop\/wp-content\/uploads\/2025\/01\/FVPCWB0148_800.jpg\",\"datePublished\":\"2025-01-13T14:13:22+00:00\",\"dateModified\":\"2025-01-15T10:34:24+00:00\",\"breadcrumb\":{\"@id\":\"https:\/\/aivlisoft.net\/shop\/producto\/fanvil-sistema-videoconferencia-ca400\/#breadcrumb\"},\"inLanguage\":\"es\",\"potentialAction\":[{\"@type\":\"ReadAction\",\"target\":[\"https:\/\/aivlisoft.net\/shop\/producto\/fanvil-sistema-videoconferencia-ca400\/\"]}]},{\"@type\":\"ImageObject\",\"inLanguage\":\"es\",\"@id\":\"https:\/\/aivlisoft.net\/shop\/producto\/fanvil-sistema-videoconferencia-ca400\/#primaryimage\",\"url\":\"https:\/\/aivlisoft.net\/shop\/wp-content\/uploads\/2025\/01\/FVPCWB0148_800.jpg\",\"contentUrl\":\"https:\/\/aivlisoft.net\/shop\/wp-content\/uploads\/2025\/01\/FVPCWB0148_800.jpg\",\"width\":800,\"height\":800},{\"@type\":\"BreadcrumbList\",\"@id\":\"https:\/\/aivlisoft.net\/shop\/producto\/fanvil-sistema-videoconferencia-ca400\/#breadcrumb\",\"itemListElement\":[{\"@type\":\"ListItem\",\"position\":1,\"name\":\"Portada\",\"item\":\"https:\/\/aivlisoft.net\/shop\/\"},{\"@type\":\"ListItem\",\"position\":2,\"name\":\"Tienda\",\"item\":\"https:\/\/aivlisoft.net\/shop\/tienda\/\"},{\"@type\":\"ListItem\",\"position\":3,\"name\":\"Fanvil Sistema Videoconferencia CA400\"}]},{\"@type\":\"WebSite\",\"@id\":\"https:\/\/aivlisoft.net\/shop\/#website\",\"url\":\"https:\/\/aivlisoft.net\/shop\/\",\"name\":\"Aivlisoft Inform\u00e1tica\",\"description\":\"En Aivlisoft Inform\u00e1tica ofrecemos soluciones tecnol\u00f3gicas para empresas: venta de ordenadores, consumibles, perif\u00e9ricos y m\u00e1s. Calidad, atenci\u00f3n personalizada y los mejores precios para tu negocio.\",\"publisher\":{\"@id\":\"https:\/\/aivlisoft.net\/shop\/#organization\"},\"potentialAction\":[{\"@type\":\"SearchAction\",\"target\":{\"@type\":\"EntryPoint\",\"urlTemplate\":\"https:\/\/aivlisoft.net\/shop\/?s={search_term_string}\"},\"query-input\":{\"@type\":\"PropertyValueSpecification\",\"valueRequired\":true,\"valueName\":\"search_term_string\"}}],\"inLanguage\":\"es\"},{\"@type\":\"Organization\",\"@id\":\"https:\/\/aivlisoft.net\/shop\/#organization\",\"name\":\"Aivlisoft Inform\u00e1tica\",\"url\":\"https:\/\/aivlisoft.net\/shop\/\",\"logo\":{\"@type\":\"ImageObject\",\"inLanguage\":\"es\",\"@id\":\"https:\/\/aivlisoft.net\/shop\/#\/schema\/logo\/image\/\",\"url\":\"https:\/\/aivlisoft.net\/shop\/wp-content\/uploads\/2024\/12\/removal.ai_5b848c54-0cdf-4140-95c5-c5536bb7573b-logodef.png\",\"contentUrl\":\"https:\/\/aivlisoft.net\/shop\/wp-content\/uploads\/2024\/12\/removal.ai_5b848c54-0cdf-4140-95c5-c5536bb7573b-logodef.png\",\"width\":484,\"height\":182,\"caption\":\"Aivlisoft Inform\u00e1tica\"},\"image\":{\"@id\":\"https:\/\/aivlisoft.net\/shop\/#\/schema\/logo\/image\/\"}}]}<\/script>\n<!-- \/ Yoast SEO plugin. -->","yoast_head_json":{"title":"Fanvil Sistema Videoconferencia CA400 - Aivlisoft Inform\u00e1tica","robots":{"index":"index","follow":"follow","max-snippet":"max-snippet:-1","max-image-preview":"max-image-preview:large","max-video-preview":"max-video-preview:-1"},"canonical":"https:\/\/aivlisoft.net\/shop\/producto\/fanvil-sistema-videoconferencia-ca400\/","og_locale":"es_ES","og_type":"article","og_title":"Fanvil Sistema Videoconferencia CA400 - Aivlisoft Inform\u00e1tica","og_description":"Marca Fanvil Modelo CA400 MS10 &#8211; M&aacute;x. Resoluci&oacute;n de salida de pantalla compartida: 1920&#215;1080 a 30 fps Micr&oacute;fono &#8211; Incorporado: 8 micr&oacute;fonos MEMS para captaci&oacute;n de 360&deg; &#8211; Rango de recogida: 4M &#8211; Relaci&oacute;n se&ntilde;al-ruido (SNR): 64,5 dB(A) &#8211; Sensibilidad: -26dBFS@1kHz(0dB=1V\/Pa) &#8211; Punto de sobrecarga ac&uacute;stica: 119 dB SPL &lt;10 % a 1 kHz &#8211;&hellip;&nbsp;Fanvil Sistema Videoconferencia CA400","og_url":"https:\/\/aivlisoft.net\/shop\/producto\/fanvil-sistema-videoconferencia-ca400\/","og_site_name":"Aivlisoft Inform\u00e1tica","article_modified_time":"2025-01-15T10:34:24+00:00","og_image":[{"width":800,"height":800,"url":"https:\/\/aivlisoft.net\/shop\/wp-content\/uploads\/2025\/01\/FVPCWB0148_800.jpg","type":"image\/jpeg"}],"twitter_card":"summary_large_image","twitter_misc":{"Tiempo de lectura":"3 minutos"},"schema":{"@context":"https:\/\/schema.org","@graph":[{"@type":"WebPage","@id":"https:\/\/aivlisoft.net\/shop\/producto\/fanvil-sistema-videoconferencia-ca400\/","url":"https:\/\/aivlisoft.net\/shop\/producto\/fanvil-sistema-videoconferencia-ca400\/","name":"Fanvil Sistema Videoconferencia CA400 - Aivlisoft Inform\u00e1tica","isPartOf":{"@id":"https:\/\/aivlisoft.net\/shop\/#website"},"primaryImageOfPage":{"@id":"https:\/\/aivlisoft.net\/shop\/producto\/fanvil-sistema-videoconferencia-ca400\/#primaryimage"},"image":{"@id":"https:\/\/aivlisoft.net\/shop\/producto\/fanvil-sistema-videoconferencia-ca400\/#primaryimage"},"thumbnailUrl":"https:\/\/aivlisoft.net\/shop\/wp-content\/uploads\/2025\/01\/FVPCWB0148_800.jpg","datePublished":"2025-01-13T14:13:22+00:00","dateModified":"2025-01-15T10:34:24+00:00","breadcrumb":{"@id":"https:\/\/aivlisoft.net\/shop\/producto\/fanvil-sistema-videoconferencia-ca400\/#breadcrumb"},"inLanguage":"es","potentialAction":[{"@type":"ReadAction","target":["https:\/\/aivlisoft.net\/shop\/producto\/fanvil-sistema-videoconferencia-ca400\/"]}]},{"@type":"ImageObject","inLanguage":"es","@id":"https:\/\/aivlisoft.net\/shop\/producto\/fanvil-sistema-videoconferencia-ca400\/#primaryimage","url":"https:\/\/aivlisoft.net\/shop\/wp-content\/uploads\/2025\/01\/FVPCWB0148_800.jpg","contentUrl":"https:\/\/aivlisoft.net\/shop\/wp-content\/uploads\/2025\/01\/FVPCWB0148_800.jpg","width":800,"height":800},{"@type":"BreadcrumbList","@id":"https:\/\/aivlisoft.net\/shop\/producto\/fanvil-sistema-videoconferencia-ca400\/#breadcrumb","itemListElement":[{"@type":"ListItem","position":1,"name":"Portada","item":"https:\/\/aivlisoft.net\/shop\/"},{"@type":"ListItem","position":2,"name":"Tienda","item":"https:\/\/aivlisoft.net\/shop\/tienda\/"},{"@type":"ListItem","position":3,"name":"Fanvil Sistema Videoconferencia CA400"}]},{"@type":"WebSite","@id":"https:\/\/aivlisoft.net\/shop\/#website","url":"https:\/\/aivlisoft.net\/shop\/","name":"Aivlisoft Inform\u00e1tica","description":"En Aivlisoft Inform\u00e1tica ofrecemos soluciones tecnol\u00f3gicas para empresas: venta de ordenadores, consumibles, perif\u00e9ricos y m\u00e1s. Calidad, atenci\u00f3n personalizada y los mejores precios para tu negocio.","publisher":{"@id":"https:\/\/aivlisoft.net\/shop\/#organization"},"potentialAction":[{"@type":"SearchAction","target":{"@type":"EntryPoint","urlTemplate":"https:\/\/aivlisoft.net\/shop\/?s={search_term_string}"},"query-input":{"@type":"PropertyValueSpecification","valueRequired":true,"valueName":"search_term_string"}}],"inLanguage":"es"},{"@type":"Organization","@id":"https:\/\/aivlisoft.net\/shop\/#organization","name":"Aivlisoft Inform\u00e1tica","url":"https:\/\/aivlisoft.net\/shop\/","logo":{"@type":"ImageObject","inLanguage":"es","@id":"https:\/\/aivlisoft.net\/shop\/#\/schema\/logo\/image\/","url":"https:\/\/aivlisoft.net\/shop\/wp-content\/uploads\/2024\/12\/removal.ai_5b848c54-0cdf-4140-95c5-c5536bb7573b-logodef.png","contentUrl":"https:\/\/aivlisoft.net\/shop\/wp-content\/uploads\/2024\/12\/removal.ai_5b848c54-0cdf-4140-95c5-c5536bb7573b-logodef.png","width":484,"height":182,"caption":"Aivlisoft Inform\u00e1tica"},"image":{"@id":"https:\/\/aivlisoft.net\/shop\/#\/schema\/logo\/image\/"}}]}},"_links":{"self":[{"href":"https:\/\/aivlisoft.net\/shop\/wp-json\/wp\/v2\/product\/11331","targetHints":{"allow":["GET"]}}],"collection":[{"href":"https:\/\/aivlisoft.net\/shop\/wp-json\/wp\/v2\/product"}],"about":[{"href":"https:\/\/aivlisoft.net\/shop\/wp-json\/wp\/v2\/types\/product"}],"wp:featuredmedia":[{"embeddable":true,"href":"https:\/\/aivlisoft.net\/shop\/wp-json\/wp\/v2\/media\/11332"}],"wp:attachment":[{"href":"https:\/\/aivlisoft.net\/shop\/wp-json\/wp\/v2\/media?parent=11331"}],"wp:term":[{"taxonomy":"product_brand","embeddable":true,"href":"https:\/\/aivlisoft.net\/shop\/wp-json\/wp\/v2\/product_brand?post=11331"},{"taxonomy":"product_cat","embeddable":true,"href":"https:\/\/aivlisoft.net\/shop\/wp-json\/wp\/v2\/product_cat?post=11331"},{"taxonomy":"product_tag","embeddable":true,"href":"https:\/\/aivlisoft.net\/shop\/wp-json\/wp\/v2\/product_tag?post=11331"}],"curies":[{"name":"wp","href":"https:\/\/api.w.org\/{rel}","templated":true}]}}