{"id":11286,"date":"2025-01-13T14:13:00","date_gmt":"2025-01-13T14:13:00","guid":{"rendered":"https:\/\/aivlisoft.com\/?post_type=product&#038;p=11286"},"modified":"2025-01-15T10:34:31","modified_gmt":"2025-01-15T10:34:31","slug":"logitech-webcam-c920-hd-pro-1080p-full-hd","status":"publish","type":"product","link":"https:\/\/aivlisoft.net\/shop\/producto\/logitech-webcam-c920-hd-pro-1080p-full-hd\/","title":{"rendered":"Logitech Webcam  C920 HD Pro 1080P FULL HD"},"content":{"rendered":"<p><strong>LLAMADAS DE V&Iacute;DEO HD PULIDAS Y COMPLETAS EN CLARIDAD REMARKABLE<\/strong><br \/>Si desea causar una buena impresi&oacute;n en una llamada importante de Skype, grabar demostraciones pulidas o mostrar sus habilidades y pasiones en YouTube, el C920 entregar&aacute; los productos, con video Full HD notablemente n&iacute;tido y detallado (1080p a 30 fps) y claro , sonido est&eacute;reo<\/p>\n<p><strong>LLAMADAS COMPLETAS DE VIDEO DE ALTA DEFINICI&Oacute;N 1080P<\/strong><br \/>Deje una fuerte impresi&oacute;n cuando cuenta con la calidad superior del C920. Ya sea que est&eacute; haciendo videollamadas o grabando, aparecer&aacute; con detalles claros y colores vibrantes, con video fluido gracias al Full HD 1030p a 30 cuadros por segundo.<\/p>\n<p><strong>LENTE DE CRISTAL HD COMPLETO<\/strong><br \/>Sea visto con sorprendente claridad y detalle gracias a la lente de cristal Full HD y al enfoque autom&aacute;tico premium. La lente de cristal de cinco elementos captura im&aacute;genes n&iacute;tidas y n&iacute;tidas, mientras que el enfoque autom&aacute;tico premium se ajusta de manera suave y precisa para proporcionar una alta definici&oacute;n constante.<\/p>\n<p><strong>IM&Aacute;GENES M&Aacute;S BRILLANTES<\/strong><br \/>Equipado con correcci&oacute;n autom&aacute;tica de luz HD, el C920 se ajusta a las condiciones de iluminaci&oacute;n para producir im&aacute;genes brillantes y contrastadas incluso si est&aacute; en una configuraci&oacute;n tenue.<\/p>\n<p><strong>ESTEREOF&Oacute;NICA COMPLETA<\/strong><br \/>Equipada con dos micr&oacute;fonos, uno a cada lado de la c&aacute;mara, la c&aacute;mara web C920 Pro puede capturar un sonido m&aacute;s realista desde todos los &aacute;ngulos, para que su voz suene natural y clara.<\/p>\n<p><strong>FLEXIBILIDAD QUE VA M&Aacute;S ALL&Aacute; DE LA EMPOTRADA<\/strong><br \/>Peque&ntilde;a, &aacute;gil y ajustable, la c&aacute;mara web C920 ofrece un &aacute;ngulo completamente nuevo para las videollamadas, haci&eacute;ndote ver y sonar como un profesional.<\/p>\n<table class=\"tabla_caracteristicas k-table\" width=\"100%\">\n<tbody>\n<tr>\n<td><strong>Marca<\/strong><\/td>\n<td>Logitech<\/td>\n<\/tr>\n<tr>\n<td><strong>Modelo<\/strong><\/td>\n<td><strong>960-001055<\/strong><\/td>\n<\/tr>\n<tr>\n<td valign=\"top\"><strong>Caracter&iacute;sticas<\/strong><\/td>\n<td>&#8211; Resoluci&oacute;n m&aacute;xima: 1080 p \/ 30 fps &#8211; 720 p \/ 30 fps<br \/>&#8211; Tipo de enfoque: enfoque autom&aacute;tico<br \/>&#8211; Micr&oacute;fono incorporado: est&eacute;reo<br \/>&#8211; El clip universal listo para tr&iacute;pode se adapta a computadoras port&aacute;tiles, LCD o monitores<br \/>&#8211; Longitud del cable: 1,5 m.<br \/><strong>Requisitos del sistema<\/strong><br \/>&#8211; Compatible con: Windows&reg; 10 o posterior, Windows 8, Windows 7<br \/>&#8211; Funciona en modo USB Video Device Class (UVC) con clientes de videollamadas compatibles:<br \/>&nbsp; macOS 10.10 o posterior<br \/>&nbsp; Chrome OS &trade;<br \/>&nbsp; Android &trade; v 5.0 o superior<br \/>&nbsp; Puerto USB<br \/>&nbsp; conexi&oacute;n a Internet<br \/>&#8211; Compatibilidad de plataforma: funciona con Skype &trade; &#8211; Google Hangouts &trade; &#8211; FaceTime para Mac<br \/><strong>Contenido<\/strong><br \/>&#8211; Webcam con cable<br \/>&#8211; Documentaci&oacute;n del usuario<\/td>\n<\/tr>\n<tr>\n<td><strong>Fecha Revisi&oacute;n<\/strong><\/td>\n<td>08-06-2020 por MSB<\/td>\n<\/tr>\n<\/tbody>\n<\/table>\n","protected":false},"excerpt":{"rendered":"<p>LLAMADAS DE V&Iacute;DEO HD PULIDAS Y COMPLETAS EN CLARIDAD REMARKABLESi desea causar una buena impresi&oacute;n en una llamada importante de Skype, grabar demostraciones pulidas o mostrar sus habilidades y pasiones en YouTube, el C920 entregar&aacute; los productos, con video Full HD notablemente n&iacute;tido y detallado (1080p a 30 fps) y claro , sonido est&eacute;reo LLAMADAS&hellip;&nbsp;<a href=\"https:\/\/aivlisoft.net\/shop\/producto\/logitech-webcam-c920-hd-pro-1080p-full-hd\/\" rel=\"bookmark\"><span class=\"screen-reader-text\">Logitech Webcam  C920 HD Pro 1080P FULL HD<\/span><\/a><\/p>\n","protected":false},"featured_media":11287,"template":"","meta":{"neve_meta_sidebar":"","neve_meta_container":"","neve_meta_enable_content_width":"","neve_meta_content_width":0,"neve_meta_title_alignment":"","neve_meta_author_avatar":"","neve_post_elements_order":"","neve_meta_disable_header":"","neve_meta_disable_footer":"","neve_meta_disable_title":""},"product_brand":[],"product_cat":[15,711,8690,8726,4432],"product_tag":[4407],"class_list":{"0":"post-11286","1":"product","2":"type-product","3":"status-publish","4":"has-post-thumbnail","6":"product_cat-sin-categorizar","7":"product_cat-accesorios-videovigilancia","8":"product_cat-accesorios-videovigilancia-accesorios-videovigilancia","9":"product_cat-grabadores-digitales","10":"product_cat-videovigilancia","11":"product_tag-960-001055","13":"first","14":"instock","15":"taxable","16":"shipping-taxable","17":"purchasable","18":"product-type-simple"},"yoast_head":"<!-- This site is optimized with the Yoast SEO plugin v26.0 - https:\/\/yoast.com\/wordpress\/plugins\/seo\/ -->\n<title>Logitech Webcam C920 HD Pro 1080P FULL HD - Aivlisoft Inform\u00e1tica<\/title>\n<meta name=\"robots\" content=\"index, follow, max-snippet:-1, max-image-preview:large, max-video-preview:-1\" \/>\n<link rel=\"canonical\" href=\"https:\/\/aivlisoft.net\/shop\/producto\/logitech-webcam-c920-hd-pro-1080p-full-hd\/\" \/>\n<meta property=\"og:locale\" content=\"es_ES\" \/>\n<meta property=\"og:type\" content=\"article\" \/>\n<meta property=\"og:title\" content=\"Logitech Webcam C920 HD Pro 1080P FULL HD - Aivlisoft Inform\u00e1tica\" \/>\n<meta property=\"og:description\" content=\"LLAMADAS DE V&Iacute;DEO HD PULIDAS Y COMPLETAS EN CLARIDAD REMARKABLESi desea causar una buena impresi&oacute;n en una llamada importante de Skype, grabar demostraciones pulidas o mostrar sus habilidades y pasiones en YouTube, el C920 entregar&aacute; los productos, con video Full HD notablemente n&iacute;tido y detallado (1080p a 30 fps) y claro , sonido est&eacute;reo LLAMADAS&hellip;&nbsp;Logitech Webcam C920 HD Pro 1080P FULL HD\" \/>\n<meta property=\"og:url\" content=\"https:\/\/aivlisoft.net\/shop\/producto\/logitech-webcam-c920-hd-pro-1080p-full-hd\/\" \/>\n<meta property=\"og:site_name\" content=\"Aivlisoft Inform\u00e1tica\" \/>\n<meta property=\"article:modified_time\" content=\"2025-01-15T10:34:31+00:00\" \/>\n<meta property=\"og:image\" content=\"https:\/\/aivlisoft.net\/shop\/wp-content\/uploads\/2025\/01\/FVPCWB0124_800.jpg\" \/>\n\t<meta property=\"og:image:width\" content=\"800\" \/>\n\t<meta property=\"og:image:height\" content=\"800\" \/>\n\t<meta property=\"og:image:type\" content=\"image\/jpeg\" \/>\n<meta name=\"twitter:card\" content=\"summary_large_image\" \/>\n<meta name=\"twitter:label1\" content=\"Tiempo de lectura\" \/>\n\t<meta name=\"twitter:data1\" content=\"2 minutos\" \/>\n<script type=\"application\/ld+json\" class=\"yoast-schema-graph\">{\"@context\":\"https:\/\/schema.org\",\"@graph\":[{\"@type\":\"WebPage\",\"@id\":\"https:\/\/aivlisoft.net\/shop\/producto\/logitech-webcam-c920-hd-pro-1080p-full-hd\/\",\"url\":\"https:\/\/aivlisoft.net\/shop\/producto\/logitech-webcam-c920-hd-pro-1080p-full-hd\/\",\"name\":\"Logitech Webcam C920 HD Pro 1080P FULL HD - Aivlisoft Inform\u00e1tica\",\"isPartOf\":{\"@id\":\"https:\/\/aivlisoft.net\/shop\/#website\"},\"primaryImageOfPage\":{\"@id\":\"https:\/\/aivlisoft.net\/shop\/producto\/logitech-webcam-c920-hd-pro-1080p-full-hd\/#primaryimage\"},\"image\":{\"@id\":\"https:\/\/aivlisoft.net\/shop\/producto\/logitech-webcam-c920-hd-pro-1080p-full-hd\/#primaryimage\"},\"thumbnailUrl\":\"https:\/\/aivlisoft.net\/shop\/wp-content\/uploads\/2025\/01\/FVPCWB0124_800.jpg\",\"datePublished\":\"2025-01-13T14:13:00+00:00\",\"dateModified\":\"2025-01-15T10:34:31+00:00\",\"breadcrumb\":{\"@id\":\"https:\/\/aivlisoft.net\/shop\/producto\/logitech-webcam-c920-hd-pro-1080p-full-hd\/#breadcrumb\"},\"inLanguage\":\"es\",\"potentialAction\":[{\"@type\":\"ReadAction\",\"target\":[\"https:\/\/aivlisoft.net\/shop\/producto\/logitech-webcam-c920-hd-pro-1080p-full-hd\/\"]}]},{\"@type\":\"ImageObject\",\"inLanguage\":\"es\",\"@id\":\"https:\/\/aivlisoft.net\/shop\/producto\/logitech-webcam-c920-hd-pro-1080p-full-hd\/#primaryimage\",\"url\":\"https:\/\/aivlisoft.net\/shop\/wp-content\/uploads\/2025\/01\/FVPCWB0124_800.jpg\",\"contentUrl\":\"https:\/\/aivlisoft.net\/shop\/wp-content\/uploads\/2025\/01\/FVPCWB0124_800.jpg\",\"width\":800,\"height\":800},{\"@type\":\"BreadcrumbList\",\"@id\":\"https:\/\/aivlisoft.net\/shop\/producto\/logitech-webcam-c920-hd-pro-1080p-full-hd\/#breadcrumb\",\"itemListElement\":[{\"@type\":\"ListItem\",\"position\":1,\"name\":\"Portada\",\"item\":\"https:\/\/aivlisoft.net\/shop\/\"},{\"@type\":\"ListItem\",\"position\":2,\"name\":\"Tienda\",\"item\":\"https:\/\/aivlisoft.net\/shop\/tienda\/\"},{\"@type\":\"ListItem\",\"position\":3,\"name\":\"Logitech Webcam C920 HD Pro 1080P FULL HD\"}]},{\"@type\":\"WebSite\",\"@id\":\"https:\/\/aivlisoft.net\/shop\/#website\",\"url\":\"https:\/\/aivlisoft.net\/shop\/\",\"name\":\"Aivlisoft Inform\u00e1tica\",\"description\":\"En Aivlisoft Inform\u00e1tica ofrecemos soluciones tecnol\u00f3gicas para empresas: venta de ordenadores, consumibles, perif\u00e9ricos y m\u00e1s. Calidad, atenci\u00f3n personalizada y los mejores precios para tu negocio.\",\"publisher\":{\"@id\":\"https:\/\/aivlisoft.net\/shop\/#organization\"},\"potentialAction\":[{\"@type\":\"SearchAction\",\"target\":{\"@type\":\"EntryPoint\",\"urlTemplate\":\"https:\/\/aivlisoft.net\/shop\/?s={search_term_string}\"},\"query-input\":{\"@type\":\"PropertyValueSpecification\",\"valueRequired\":true,\"valueName\":\"search_term_string\"}}],\"inLanguage\":\"es\"},{\"@type\":\"Organization\",\"@id\":\"https:\/\/aivlisoft.net\/shop\/#organization\",\"name\":\"Aivlisoft Inform\u00e1tica\",\"url\":\"https:\/\/aivlisoft.net\/shop\/\",\"logo\":{\"@type\":\"ImageObject\",\"inLanguage\":\"es\",\"@id\":\"https:\/\/aivlisoft.net\/shop\/#\/schema\/logo\/image\/\",\"url\":\"https:\/\/aivlisoft.net\/shop\/wp-content\/uploads\/2024\/12\/removal.ai_5b848c54-0cdf-4140-95c5-c5536bb7573b-logodef.png\",\"contentUrl\":\"https:\/\/aivlisoft.net\/shop\/wp-content\/uploads\/2024\/12\/removal.ai_5b848c54-0cdf-4140-95c5-c5536bb7573b-logodef.png\",\"width\":484,\"height\":182,\"caption\":\"Aivlisoft Inform\u00e1tica\"},\"image\":{\"@id\":\"https:\/\/aivlisoft.net\/shop\/#\/schema\/logo\/image\/\"}}]}<\/script>\n<!-- \/ Yoast SEO plugin. -->","yoast_head_json":{"title":"Logitech Webcam C920 HD Pro 1080P FULL HD - Aivlisoft Inform\u00e1tica","robots":{"index":"index","follow":"follow","max-snippet":"max-snippet:-1","max-image-preview":"max-image-preview:large","max-video-preview":"max-video-preview:-1"},"canonical":"https:\/\/aivlisoft.net\/shop\/producto\/logitech-webcam-c920-hd-pro-1080p-full-hd\/","og_locale":"es_ES","og_type":"article","og_title":"Logitech Webcam C920 HD Pro 1080P FULL HD - Aivlisoft Inform\u00e1tica","og_description":"LLAMADAS DE V&Iacute;DEO HD PULIDAS Y COMPLETAS EN CLARIDAD REMARKABLESi desea causar una buena impresi&oacute;n en una llamada importante de Skype, grabar demostraciones pulidas o mostrar sus habilidades y pasiones en YouTube, el C920 entregar&aacute; los productos, con video Full HD notablemente n&iacute;tido y detallado (1080p a 30 fps) y claro , sonido est&eacute;reo LLAMADAS&hellip;&nbsp;Logitech Webcam C920 HD Pro 1080P FULL HD","og_url":"https:\/\/aivlisoft.net\/shop\/producto\/logitech-webcam-c920-hd-pro-1080p-full-hd\/","og_site_name":"Aivlisoft Inform\u00e1tica","article_modified_time":"2025-01-15T10:34:31+00:00","og_image":[{"width":800,"height":800,"url":"https:\/\/aivlisoft.net\/shop\/wp-content\/uploads\/2025\/01\/FVPCWB0124_800.jpg","type":"image\/jpeg"}],"twitter_card":"summary_large_image","twitter_misc":{"Tiempo de lectura":"2 minutos"},"schema":{"@context":"https:\/\/schema.org","@graph":[{"@type":"WebPage","@id":"https:\/\/aivlisoft.net\/shop\/producto\/logitech-webcam-c920-hd-pro-1080p-full-hd\/","url":"https:\/\/aivlisoft.net\/shop\/producto\/logitech-webcam-c920-hd-pro-1080p-full-hd\/","name":"Logitech Webcam C920 HD Pro 1080P FULL HD - Aivlisoft Inform\u00e1tica","isPartOf":{"@id":"https:\/\/aivlisoft.net\/shop\/#website"},"primaryImageOfPage":{"@id":"https:\/\/aivlisoft.net\/shop\/producto\/logitech-webcam-c920-hd-pro-1080p-full-hd\/#primaryimage"},"image":{"@id":"https:\/\/aivlisoft.net\/shop\/producto\/logitech-webcam-c920-hd-pro-1080p-full-hd\/#primaryimage"},"thumbnailUrl":"https:\/\/aivlisoft.net\/shop\/wp-content\/uploads\/2025\/01\/FVPCWB0124_800.jpg","datePublished":"2025-01-13T14:13:00+00:00","dateModified":"2025-01-15T10:34:31+00:00","breadcrumb":{"@id":"https:\/\/aivlisoft.net\/shop\/producto\/logitech-webcam-c920-hd-pro-1080p-full-hd\/#breadcrumb"},"inLanguage":"es","potentialAction":[{"@type":"ReadAction","target":["https:\/\/aivlisoft.net\/shop\/producto\/logitech-webcam-c920-hd-pro-1080p-full-hd\/"]}]},{"@type":"ImageObject","inLanguage":"es","@id":"https:\/\/aivlisoft.net\/shop\/producto\/logitech-webcam-c920-hd-pro-1080p-full-hd\/#primaryimage","url":"https:\/\/aivlisoft.net\/shop\/wp-content\/uploads\/2025\/01\/FVPCWB0124_800.jpg","contentUrl":"https:\/\/aivlisoft.net\/shop\/wp-content\/uploads\/2025\/01\/FVPCWB0124_800.jpg","width":800,"height":800},{"@type":"BreadcrumbList","@id":"https:\/\/aivlisoft.net\/shop\/producto\/logitech-webcam-c920-hd-pro-1080p-full-hd\/#breadcrumb","itemListElement":[{"@type":"ListItem","position":1,"name":"Portada","item":"https:\/\/aivlisoft.net\/shop\/"},{"@type":"ListItem","position":2,"name":"Tienda","item":"https:\/\/aivlisoft.net\/shop\/tienda\/"},{"@type":"ListItem","position":3,"name":"Logitech Webcam C920 HD Pro 1080P FULL HD"}]},{"@type":"WebSite","@id":"https:\/\/aivlisoft.net\/shop\/#website","url":"https:\/\/aivlisoft.net\/shop\/","name":"Aivlisoft Inform\u00e1tica","description":"En Aivlisoft Inform\u00e1tica ofrecemos soluciones tecnol\u00f3gicas para empresas: venta de ordenadores, consumibles, perif\u00e9ricos y m\u00e1s. Calidad, atenci\u00f3n personalizada y los mejores precios para tu negocio.","publisher":{"@id":"https:\/\/aivlisoft.net\/shop\/#organization"},"potentialAction":[{"@type":"SearchAction","target":{"@type":"EntryPoint","urlTemplate":"https:\/\/aivlisoft.net\/shop\/?s={search_term_string}"},"query-input":{"@type":"PropertyValueSpecification","valueRequired":true,"valueName":"search_term_string"}}],"inLanguage":"es"},{"@type":"Organization","@id":"https:\/\/aivlisoft.net\/shop\/#organization","name":"Aivlisoft Inform\u00e1tica","url":"https:\/\/aivlisoft.net\/shop\/","logo":{"@type":"ImageObject","inLanguage":"es","@id":"https:\/\/aivlisoft.net\/shop\/#\/schema\/logo\/image\/","url":"https:\/\/aivlisoft.net\/shop\/wp-content\/uploads\/2024\/12\/removal.ai_5b848c54-0cdf-4140-95c5-c5536bb7573b-logodef.png","contentUrl":"https:\/\/aivlisoft.net\/shop\/wp-content\/uploads\/2024\/12\/removal.ai_5b848c54-0cdf-4140-95c5-c5536bb7573b-logodef.png","width":484,"height":182,"caption":"Aivlisoft Inform\u00e1tica"},"image":{"@id":"https:\/\/aivlisoft.net\/shop\/#\/schema\/logo\/image\/"}}]}},"_links":{"self":[{"href":"https:\/\/aivlisoft.net\/shop\/wp-json\/wp\/v2\/product\/11286","targetHints":{"allow":["GET"]}}],"collection":[{"href":"https:\/\/aivlisoft.net\/shop\/wp-json\/wp\/v2\/product"}],"about":[{"href":"https:\/\/aivlisoft.net\/shop\/wp-json\/wp\/v2\/types\/product"}],"wp:featuredmedia":[{"embeddable":true,"href":"https:\/\/aivlisoft.net\/shop\/wp-json\/wp\/v2\/media\/11287"}],"wp:attachment":[{"href":"https:\/\/aivlisoft.net\/shop\/wp-json\/wp\/v2\/media?parent=11286"}],"wp:term":[{"taxonomy":"product_brand","embeddable":true,"href":"https:\/\/aivlisoft.net\/shop\/wp-json\/wp\/v2\/product_brand?post=11286"},{"taxonomy":"product_cat","embeddable":true,"href":"https:\/\/aivlisoft.net\/shop\/wp-json\/wp\/v2\/product_cat?post=11286"},{"taxonomy":"product_tag","embeddable":true,"href":"https:\/\/aivlisoft.net\/shop\/wp-json\/wp\/v2\/product_tag?post=11286"}],"curies":[{"name":"wp","href":"https:\/\/api.w.org\/{rel}","templated":true}]}}