{"id":11231,"date":"2025-01-13T14:12:32","date_gmt":"2025-01-13T14:12:32","guid":{"rendered":"https:\/\/aivlisoft.com\/?post_type=product&#038;p=11231"},"modified":"2025-01-14T10:57:00","modified_gmt":"2025-01-14T10:57:00","slug":"iggual-teclado-con-lector-dni-ck-id-dni-smartcard","status":"publish","type":"product","link":"https:\/\/aivlisoft.net\/shop\/producto\/iggual-teclado-con-lector-dni-ck-id-dni-smartcard\/","title":{"rendered":"iggual Teclado con lector DNI CK-ID-DNI SMARTcard"},"content":{"rendered":"<p><\/p>\n<table class=\"tabla_caracteristicas\" width=\"100%\">\n<tr>\n<td valign=\"top\"><strong>Marca<\/strong><\/td>\n<td>iggual<\/td>\n<\/tr>\n<tr>\n<td valign=\"top\"><strong>Modelo<\/strong><\/td>\n<td><strong>IGG319000<\/strong><\/td>\n<\/tr>\n<tr>\n<td valign=\"top\"><strong>Caracter&iacute;sticas<\/strong><\/td>\n<td>&#8211; Conexi&oacute;n USB<br \/>\t\t\t&#8211; 105 teclas<br \/>\t\t\t&#8211; Lector de tarjetas ID inteligentes integrado<br \/>\t\t\t&#8211; Tarjetas soportadas:<br \/>\t\t\t&nbsp;&nbsp; &nbsp;Con microprocesador con protocolos T=0, T=1 (lectura y escritura)<br \/>\t\t\t&nbsp;&nbsp; &nbsp;Con protocolo I2C<br \/>\t\t\t&nbsp;&nbsp; &nbsp;Atmel: AT24C01 \/ 02 \/ 04 \/ 08 \/ 16 \/ 32 \/ 64 \/ 128 \/ 256 \/ 512 \/ 1024<br \/>\t\t\t&nbsp;&nbsp; &nbsp;SGS-Thomson: ST14C02C, ST14C04C<br \/>\t\t\t&nbsp;&nbsp; &nbsp;Gemplus: GFM1K, GFM2K, GFM4K, GFM8K<br \/>\t\t\t&nbsp;&nbsp; &nbsp;EEPROM 256 bytes, 1 kilobytes, 104: SLE4432, SLE4442, SLE5532, SLE5542, SLE4418, SLE4428, SLE5518, SLE5528, SLE4406, SLE4436, SLE5536, SLE6636<br \/>\t\t\t&nbsp;&nbsp; &nbsp;Seguridad tipo AT88SC153, AT88SC1608<br \/>\t\t\t&nbsp;&nbsp; &nbsp;Est&aacute;ndares ISO-7816 clase A, B y C (5V, 3V, 1.8V)<br \/>\t\t\t&#8211; Soporta PPS (Protocol and Parameters Selection) 1.743 &#8211; 250.000 bps (lectura y escritura)<br \/>\t\t\t&#8211; Certificados de conformidad: EN 60950\/IEC 60950, ISO-7816, PC\/SC, CE, FCC, Microsoft WHQL<br \/>\t\t\t&#8211; Indicadores LED de bloqueo: num&eacute;rico, may&uacute;sculas, desplazamiento<br \/>\t\t\t&#8211; Compatible con Windows, Linux<br \/>\t\t\t&#8211; Protecci&oacute;n SCP (cortocircuito)<br \/>\t\t\t&#8211; Certificado RoHS<br \/>\t\t\t&#8211; Longitud del cable: 1,5 m<br \/>\t\t\t&#8211; Tama&ntilde;o: 433 x 148 x 47 mm<br \/>\t\t\t&#8211; Peso: 465 g<br \/>\t\t\t&#8211; Color: negro<\/td>\n<\/tr>\n<tr>\n<td valign=\"top\"><strong>Fecha de revisi&oacute;n<\/strong><\/td>\n<td>24-04-2024 por RTY<\/td>\n<\/tr>\n<\/table>\n","protected":false},"excerpt":{"rendered":"<p>Marca iggual Modelo IGG319000 Caracter&iacute;sticas &#8211; Conexi&oacute;n USB &#8211; 105 teclas &#8211; Lector de tarjetas ID inteligentes integrado &#8211; Tarjetas soportadas: &nbsp;&nbsp; &nbsp;Con microprocesador con protocolos T=0, T=1 (lectura y escritura) &nbsp;&nbsp; &nbsp;Con protocolo I2C &nbsp;&nbsp; &nbsp;Atmel: AT24C01 \/ 02 \/ 04 \/ 08 \/ 16 \/ 32 \/ 64 \/ 128 \/ 256 \/&hellip;&nbsp;<a href=\"https:\/\/aivlisoft.net\/shop\/producto\/iggual-teclado-con-lector-dni-ck-id-dni-smartcard\/\" rel=\"bookmark\"><span class=\"screen-reader-text\">iggual Teclado con lector DNI CK-ID-DNI SMARTcard<\/span><\/a><\/p>\n","protected":false},"featured_media":11232,"template":"","meta":{"neve_meta_sidebar":"","neve_meta_container":"","neve_meta_enable_content_width":"","neve_meta_content_width":0,"neve_meta_title_alignment":"","neve_meta_author_avatar":"","neve_post_elements_order":"","neve_meta_disable_header":"","neve_meta_disable_footer":"","neve_meta_disable_title":""},"product_brand":[],"product_cat":[8723],"product_tag":[4388],"class_list":{"0":"post-11231","1":"product","2":"type-product","3":"status-publish","4":"has-post-thumbnail","6":"product_cat-teclados-usb","7":"product_tag-igg319000","9":"first","10":"instock","11":"taxable","12":"shipping-taxable","13":"purchasable","14":"product-type-simple"},"yoast_head":"<!-- This site is optimized with the Yoast SEO plugin v26.0 - https:\/\/yoast.com\/wordpress\/plugins\/seo\/ -->\n<title>iggual Teclado con lector DNI CK-ID-DNI SMARTcard - Aivlisoft Inform\u00e1tica<\/title>\n<meta name=\"robots\" content=\"index, follow, max-snippet:-1, max-image-preview:large, max-video-preview:-1\" \/>\n<link rel=\"canonical\" href=\"https:\/\/aivlisoft.net\/shop\/producto\/iggual-teclado-con-lector-dni-ck-id-dni-smartcard\/\" \/>\n<meta property=\"og:locale\" content=\"es_ES\" \/>\n<meta property=\"og:type\" content=\"article\" \/>\n<meta property=\"og:title\" content=\"iggual Teclado con lector DNI CK-ID-DNI SMARTcard - Aivlisoft Inform\u00e1tica\" \/>\n<meta property=\"og:description\" content=\"Marca iggual Modelo IGG319000 Caracter&iacute;sticas &#8211; Conexi&oacute;n USB &#8211; 105 teclas &#8211; Lector de tarjetas ID inteligentes integrado &#8211; Tarjetas soportadas: &nbsp;&nbsp; &nbsp;Con microprocesador con protocolos T=0, T=1 (lectura y escritura) &nbsp;&nbsp; &nbsp;Con protocolo I2C &nbsp;&nbsp; &nbsp;Atmel: AT24C01 \/ 02 \/ 04 \/ 08 \/ 16 \/ 32 \/ 64 \/ 128 \/ 256 \/&hellip;&nbsp;iggual Teclado con lector DNI CK-ID-DNI SMARTcard\" \/>\n<meta property=\"og:url\" content=\"https:\/\/aivlisoft.net\/shop\/producto\/iggual-teclado-con-lector-dni-ck-id-dni-smartcard\/\" \/>\n<meta property=\"og:site_name\" content=\"Aivlisoft Inform\u00e1tica\" \/>\n<meta property=\"article:modified_time\" content=\"2025-01-14T10:57:00+00:00\" \/>\n<meta property=\"og:image\" content=\"https:\/\/aivlisoft.net\/shop\/wp-content\/uploads\/2025\/01\/FTRTUS0556_800.jpg\" \/>\n\t<meta property=\"og:image:width\" content=\"800\" \/>\n\t<meta property=\"og:image:height\" content=\"800\" \/>\n\t<meta property=\"og:image:type\" content=\"image\/jpeg\" \/>\n<meta name=\"twitter:card\" content=\"summary_large_image\" \/>\n<meta name=\"twitter:label1\" content=\"Tiempo de lectura\" \/>\n\t<meta name=\"twitter:data1\" content=\"1 minuto\" \/>\n<script type=\"application\/ld+json\" class=\"yoast-schema-graph\">{\"@context\":\"https:\/\/schema.org\",\"@graph\":[{\"@type\":\"WebPage\",\"@id\":\"https:\/\/aivlisoft.net\/shop\/producto\/iggual-teclado-con-lector-dni-ck-id-dni-smartcard\/\",\"url\":\"https:\/\/aivlisoft.net\/shop\/producto\/iggual-teclado-con-lector-dni-ck-id-dni-smartcard\/\",\"name\":\"iggual Teclado con lector DNI CK-ID-DNI SMARTcard - Aivlisoft Inform\u00e1tica\",\"isPartOf\":{\"@id\":\"https:\/\/aivlisoft.net\/shop\/#website\"},\"primaryImageOfPage\":{\"@id\":\"https:\/\/aivlisoft.net\/shop\/producto\/iggual-teclado-con-lector-dni-ck-id-dni-smartcard\/#primaryimage\"},\"image\":{\"@id\":\"https:\/\/aivlisoft.net\/shop\/producto\/iggual-teclado-con-lector-dni-ck-id-dni-smartcard\/#primaryimage\"},\"thumbnailUrl\":\"https:\/\/aivlisoft.net\/shop\/wp-content\/uploads\/2025\/01\/FTRTUS0556_800.jpg\",\"datePublished\":\"2025-01-13T14:12:32+00:00\",\"dateModified\":\"2025-01-14T10:57:00+00:00\",\"breadcrumb\":{\"@id\":\"https:\/\/aivlisoft.net\/shop\/producto\/iggual-teclado-con-lector-dni-ck-id-dni-smartcard\/#breadcrumb\"},\"inLanguage\":\"es\",\"potentialAction\":[{\"@type\":\"ReadAction\",\"target\":[\"https:\/\/aivlisoft.net\/shop\/producto\/iggual-teclado-con-lector-dni-ck-id-dni-smartcard\/\"]}]},{\"@type\":\"ImageObject\",\"inLanguage\":\"es\",\"@id\":\"https:\/\/aivlisoft.net\/shop\/producto\/iggual-teclado-con-lector-dni-ck-id-dni-smartcard\/#primaryimage\",\"url\":\"https:\/\/aivlisoft.net\/shop\/wp-content\/uploads\/2025\/01\/FTRTUS0556_800.jpg\",\"contentUrl\":\"https:\/\/aivlisoft.net\/shop\/wp-content\/uploads\/2025\/01\/FTRTUS0556_800.jpg\",\"width\":800,\"height\":800},{\"@type\":\"BreadcrumbList\",\"@id\":\"https:\/\/aivlisoft.net\/shop\/producto\/iggual-teclado-con-lector-dni-ck-id-dni-smartcard\/#breadcrumb\",\"itemListElement\":[{\"@type\":\"ListItem\",\"position\":1,\"name\":\"Portada\",\"item\":\"https:\/\/aivlisoft.net\/shop\/\"},{\"@type\":\"ListItem\",\"position\":2,\"name\":\"Tienda\",\"item\":\"https:\/\/aivlisoft.net\/shop\/tienda\/\"},{\"@type\":\"ListItem\",\"position\":3,\"name\":\"iggual Teclado con lector DNI CK-ID-DNI SMARTcard\"}]},{\"@type\":\"WebSite\",\"@id\":\"https:\/\/aivlisoft.net\/shop\/#website\",\"url\":\"https:\/\/aivlisoft.net\/shop\/\",\"name\":\"Aivlisoft Inform\u00e1tica\",\"description\":\"En Aivlisoft Inform\u00e1tica ofrecemos soluciones tecnol\u00f3gicas para empresas: venta de ordenadores, consumibles, perif\u00e9ricos y m\u00e1s. Calidad, atenci\u00f3n personalizada y los mejores precios para tu negocio.\",\"publisher\":{\"@id\":\"https:\/\/aivlisoft.net\/shop\/#organization\"},\"potentialAction\":[{\"@type\":\"SearchAction\",\"target\":{\"@type\":\"EntryPoint\",\"urlTemplate\":\"https:\/\/aivlisoft.net\/shop\/?s={search_term_string}\"},\"query-input\":{\"@type\":\"PropertyValueSpecification\",\"valueRequired\":true,\"valueName\":\"search_term_string\"}}],\"inLanguage\":\"es\"},{\"@type\":\"Organization\",\"@id\":\"https:\/\/aivlisoft.net\/shop\/#organization\",\"name\":\"Aivlisoft Inform\u00e1tica\",\"url\":\"https:\/\/aivlisoft.net\/shop\/\",\"logo\":{\"@type\":\"ImageObject\",\"inLanguage\":\"es\",\"@id\":\"https:\/\/aivlisoft.net\/shop\/#\/schema\/logo\/image\/\",\"url\":\"https:\/\/aivlisoft.net\/shop\/wp-content\/uploads\/2024\/12\/removal.ai_5b848c54-0cdf-4140-95c5-c5536bb7573b-logodef.png\",\"contentUrl\":\"https:\/\/aivlisoft.net\/shop\/wp-content\/uploads\/2024\/12\/removal.ai_5b848c54-0cdf-4140-95c5-c5536bb7573b-logodef.png\",\"width\":484,\"height\":182,\"caption\":\"Aivlisoft Inform\u00e1tica\"},\"image\":{\"@id\":\"https:\/\/aivlisoft.net\/shop\/#\/schema\/logo\/image\/\"}}]}<\/script>\n<!-- \/ Yoast SEO plugin. -->","yoast_head_json":{"title":"iggual Teclado con lector DNI CK-ID-DNI SMARTcard - Aivlisoft Inform\u00e1tica","robots":{"index":"index","follow":"follow","max-snippet":"max-snippet:-1","max-image-preview":"max-image-preview:large","max-video-preview":"max-video-preview:-1"},"canonical":"https:\/\/aivlisoft.net\/shop\/producto\/iggual-teclado-con-lector-dni-ck-id-dni-smartcard\/","og_locale":"es_ES","og_type":"article","og_title":"iggual Teclado con lector DNI CK-ID-DNI SMARTcard - Aivlisoft Inform\u00e1tica","og_description":"Marca iggual Modelo IGG319000 Caracter&iacute;sticas &#8211; Conexi&oacute;n USB &#8211; 105 teclas &#8211; Lector de tarjetas ID inteligentes integrado &#8211; Tarjetas soportadas: &nbsp;&nbsp; &nbsp;Con microprocesador con protocolos T=0, T=1 (lectura y escritura) &nbsp;&nbsp; &nbsp;Con protocolo I2C &nbsp;&nbsp; &nbsp;Atmel: AT24C01 \/ 02 \/ 04 \/ 08 \/ 16 \/ 32 \/ 64 \/ 128 \/ 256 \/&hellip;&nbsp;iggual Teclado con lector DNI CK-ID-DNI SMARTcard","og_url":"https:\/\/aivlisoft.net\/shop\/producto\/iggual-teclado-con-lector-dni-ck-id-dni-smartcard\/","og_site_name":"Aivlisoft Inform\u00e1tica","article_modified_time":"2025-01-14T10:57:00+00:00","og_image":[{"width":800,"height":800,"url":"https:\/\/aivlisoft.net\/shop\/wp-content\/uploads\/2025\/01\/FTRTUS0556_800.jpg","type":"image\/jpeg"}],"twitter_card":"summary_large_image","twitter_misc":{"Tiempo de lectura":"1 minuto"},"schema":{"@context":"https:\/\/schema.org","@graph":[{"@type":"WebPage","@id":"https:\/\/aivlisoft.net\/shop\/producto\/iggual-teclado-con-lector-dni-ck-id-dni-smartcard\/","url":"https:\/\/aivlisoft.net\/shop\/producto\/iggual-teclado-con-lector-dni-ck-id-dni-smartcard\/","name":"iggual Teclado con lector DNI CK-ID-DNI SMARTcard - Aivlisoft Inform\u00e1tica","isPartOf":{"@id":"https:\/\/aivlisoft.net\/shop\/#website"},"primaryImageOfPage":{"@id":"https:\/\/aivlisoft.net\/shop\/producto\/iggual-teclado-con-lector-dni-ck-id-dni-smartcard\/#primaryimage"},"image":{"@id":"https:\/\/aivlisoft.net\/shop\/producto\/iggual-teclado-con-lector-dni-ck-id-dni-smartcard\/#primaryimage"},"thumbnailUrl":"https:\/\/aivlisoft.net\/shop\/wp-content\/uploads\/2025\/01\/FTRTUS0556_800.jpg","datePublished":"2025-01-13T14:12:32+00:00","dateModified":"2025-01-14T10:57:00+00:00","breadcrumb":{"@id":"https:\/\/aivlisoft.net\/shop\/producto\/iggual-teclado-con-lector-dni-ck-id-dni-smartcard\/#breadcrumb"},"inLanguage":"es","potentialAction":[{"@type":"ReadAction","target":["https:\/\/aivlisoft.net\/shop\/producto\/iggual-teclado-con-lector-dni-ck-id-dni-smartcard\/"]}]},{"@type":"ImageObject","inLanguage":"es","@id":"https:\/\/aivlisoft.net\/shop\/producto\/iggual-teclado-con-lector-dni-ck-id-dni-smartcard\/#primaryimage","url":"https:\/\/aivlisoft.net\/shop\/wp-content\/uploads\/2025\/01\/FTRTUS0556_800.jpg","contentUrl":"https:\/\/aivlisoft.net\/shop\/wp-content\/uploads\/2025\/01\/FTRTUS0556_800.jpg","width":800,"height":800},{"@type":"BreadcrumbList","@id":"https:\/\/aivlisoft.net\/shop\/producto\/iggual-teclado-con-lector-dni-ck-id-dni-smartcard\/#breadcrumb","itemListElement":[{"@type":"ListItem","position":1,"name":"Portada","item":"https:\/\/aivlisoft.net\/shop\/"},{"@type":"ListItem","position":2,"name":"Tienda","item":"https:\/\/aivlisoft.net\/shop\/tienda\/"},{"@type":"ListItem","position":3,"name":"iggual Teclado con lector DNI CK-ID-DNI SMARTcard"}]},{"@type":"WebSite","@id":"https:\/\/aivlisoft.net\/shop\/#website","url":"https:\/\/aivlisoft.net\/shop\/","name":"Aivlisoft Inform\u00e1tica","description":"En Aivlisoft Inform\u00e1tica ofrecemos soluciones tecnol\u00f3gicas para empresas: venta de ordenadores, consumibles, perif\u00e9ricos y m\u00e1s. Calidad, atenci\u00f3n personalizada y los mejores precios para tu negocio.","publisher":{"@id":"https:\/\/aivlisoft.net\/shop\/#organization"},"potentialAction":[{"@type":"SearchAction","target":{"@type":"EntryPoint","urlTemplate":"https:\/\/aivlisoft.net\/shop\/?s={search_term_string}"},"query-input":{"@type":"PropertyValueSpecification","valueRequired":true,"valueName":"search_term_string"}}],"inLanguage":"es"},{"@type":"Organization","@id":"https:\/\/aivlisoft.net\/shop\/#organization","name":"Aivlisoft Inform\u00e1tica","url":"https:\/\/aivlisoft.net\/shop\/","logo":{"@type":"ImageObject","inLanguage":"es","@id":"https:\/\/aivlisoft.net\/shop\/#\/schema\/logo\/image\/","url":"https:\/\/aivlisoft.net\/shop\/wp-content\/uploads\/2024\/12\/removal.ai_5b848c54-0cdf-4140-95c5-c5536bb7573b-logodef.png","contentUrl":"https:\/\/aivlisoft.net\/shop\/wp-content\/uploads\/2024\/12\/removal.ai_5b848c54-0cdf-4140-95c5-c5536bb7573b-logodef.png","width":484,"height":182,"caption":"Aivlisoft Inform\u00e1tica"},"image":{"@id":"https:\/\/aivlisoft.net\/shop\/#\/schema\/logo\/image\/"}}]}},"_links":{"self":[{"href":"https:\/\/aivlisoft.net\/shop\/wp-json\/wp\/v2\/product\/11231","targetHints":{"allow":["GET"]}}],"collection":[{"href":"https:\/\/aivlisoft.net\/shop\/wp-json\/wp\/v2\/product"}],"about":[{"href":"https:\/\/aivlisoft.net\/shop\/wp-json\/wp\/v2\/types\/product"}],"wp:featuredmedia":[{"embeddable":true,"href":"https:\/\/aivlisoft.net\/shop\/wp-json\/wp\/v2\/media\/11232"}],"wp:attachment":[{"href":"https:\/\/aivlisoft.net\/shop\/wp-json\/wp\/v2\/media?parent=11231"}],"wp:term":[{"taxonomy":"product_brand","embeddable":true,"href":"https:\/\/aivlisoft.net\/shop\/wp-json\/wp\/v2\/product_brand?post=11231"},{"taxonomy":"product_cat","embeddable":true,"href":"https:\/\/aivlisoft.net\/shop\/wp-json\/wp\/v2\/product_cat?post=11231"},{"taxonomy":"product_tag","embeddable":true,"href":"https:\/\/aivlisoft.net\/shop\/wp-json\/wp\/v2\/product_tag?post=11231"}],"curies":[{"name":"wp","href":"https:\/\/api.w.org\/{rel}","templated":true}]}}